[INFO] cloning repository https://github.com/IndianBoy42/triangle-checkers
[INFO] running `Command { std: "git" "-c" "credential.helper=" "-c" "credential.helper=/workspace/cargo-home/bin/git-credential-null" "clone" "--bare" "https://github.com/IndianBoy42/triangle-checkers" "/workspace/cache/git-repos/https%3A%2F%2Fgithub.com%2FIndianBoy42%2Ftriangle-checkers", kill_on_drop: false }`
[INFO] [stderr] Cloning into bare repository '/workspace/cache/git-repos/https%3A%2F%2Fgithub.com%2FIndianBoy42%2Ftriangle-checkers'...
[INFO] running `Command { std: "git" "rev-parse" "HEAD", kill_on_drop: false }`
[INFO] [stdout] e9db25d4196ae9f315107265d913ac545002591c
[INFO] checking IndianBoy42/triangle-checkers against beta-2021-10-15 for beta-1.56-3
[INFO] running `Command { std: "git" "clone" "/workspace/cache/git-repos/https%3A%2F%2Fgithub.com%2FIndianBoy42%2Ftriangle-checkers" "/workspace/builds/worker-11/source", kill_on_drop: false }`
[INFO] [stderr] Cloning into '/workspace/builds/worker-11/source'...
[INFO] [stderr] done.
[INFO] validating manifest of git repo https://github.com/IndianBoy42/triangle-checkers on toolchain beta-2021-10-15
[INFO] running `Command { std: "/workspace/cargo-home/bin/cargo" "+beta-2021-10-15" "metadata" "--manifest-path" "Cargo.toml" "--no-deps", kill_on_drop: false }`
[INFO] started tweaking git repo https://github.com/IndianBoy42/triangle-checkers
[INFO] finished tweaking git repo https://github.com/IndianBoy42/triangle-checkers
[INFO] tweaked toml for git repo https://github.com/IndianBoy42/triangle-checkers written to /workspace/builds/worker-11/source/Cargo.toml
[INFO] crate git repo https://github.com/IndianBoy42/triangle-checkers already has a lockfile, it will not be regenerated
[INFO] running `Command { std: "/workspace/cargo-home/bin/cargo" "+beta-2021-10-15" "fetch" "--manifest-path" "Cargo.toml", kill_on_drop: false }`
[INFO] [stderr]  Downloading crates ...
[INFO] [stderr]   Downloaded speedy2d v1.1.0
[INFO] running `Command { std: "docker" "create" "-v" "/var/lib/crater-agent-workspace/builds/worker-11/target:/opt/rustwide/target:rw,Z" "-v" "/var/lib/crater-agent-workspace/builds/worker-11/source:/opt/rustwide/workdir:ro,Z" "-v" "/var/lib/crater-agent-workspace/cargo-home:/opt/rustwide/cargo-home:ro,Z" "-v" "/var/lib/crater-agent-workspace/rustup-home:/opt/rustwide/rustup-home:ro,Z" "-e" "SOURCE_DIR=/opt/rustwide/workdir" "-e" "CARGO_TARGET_DIR=/opt/rustwide/target" "-e" "CARGO_HOME=/opt/rustwide/cargo-home" "-e" "RUSTUP_HOME=/opt/rustwide/rustup-home" "-w" "/opt/rustwide/workdir" "-m" "1610612736" "--user" "0:0" "--network" "none" "ghcr.io/rust-lang/crates-build-env/linux@sha256:a89201d6b5b9fd45c15d5952ece0a0129e7e80cb26ec023fd59cf09bc26f1604" "/opt/rustwide/cargo-home/bin/cargo" "+beta-2021-10-15" "metadata" "--no-deps" "--format-version=1", kill_on_drop: false }`
[INFO] [stdout] a92df6de06e1422ba807f886904e3d795991d7ee4ca54d2176b2bd463f703197
[INFO] [stderr] WARNING: Your kernel does not support swap limit capabilities or the cgroup is not mounted. Memory limited without swap.
[INFO] running `Command { std: "docker" "start" "-a" "a92df6de06e1422ba807f886904e3d795991d7ee4ca54d2176b2bd463f703197", kill_on_drop: false }`
[INFO] running `Command { std: "docker" "inspect" "a92df6de06e1422ba807f886904e3d795991d7ee4ca54d2176b2bd463f703197", kill_on_drop: false }`
[INFO] running `Command { std: "docker" "rm" "-f" "a92df6de06e1422ba807f886904e3d795991d7ee4ca54d2176b2bd463f703197", kill_on_drop: false }`
[INFO] [stdout] a92df6de06e1422ba807f886904e3d795991d7ee4ca54d2176b2bd463f703197
[INFO] running `Command { std: "docker" "create" "-v" "/var/lib/crater-agent-workspace/builds/worker-11/target:/opt/rustwide/target:rw,Z" "-v" "/var/lib/crater-agent-workspace/builds/worker-11/source:/opt/rustwide/workdir:ro,Z" "-v" "/var/lib/crater-agent-workspace/cargo-home:/opt/rustwide/cargo-home:ro,Z" "-v" "/var/lib/crater-agent-workspace/rustup-home:/opt/rustwide/rustup-home:ro,Z" "-e" "SOURCE_DIR=/opt/rustwide/workdir" "-e" "CARGO_TARGET_DIR=/opt/rustwide/target" "-e" "CARGO_INCREMENTAL=0" "-e" "RUST_BACKTRACE=full" "-e" "RUSTFLAGS=--cap-lints=warn" "-e" "CARGO_HOME=/opt/rustwide/cargo-home" "-e" "RUSTUP_HOME=/opt/rustwide/rustup-home" "-w" "/opt/rustwide/workdir" "-m" "1610612736" "--user" "0:0" "--network" "none" "ghcr.io/rust-lang/crates-build-env/linux@sha256:a89201d6b5b9fd45c15d5952ece0a0129e7e80cb26ec023fd59cf09bc26f1604" "/opt/rustwide/cargo-home/bin/cargo" "+beta-2021-10-15" "check" "--frozen" "--all" "--all-targets" "--message-format=json", kill_on_drop: false }`
[INFO] [stderr] WARNING: Your kernel does not support swap limit capabilities or the cgroup is not mounted. Memory limited without swap.
[INFO] [stdout] 26a61b9182dedc192a797d04bc754b0d9b63898f58df02e05bfb6361da008515
[INFO] running `Command { std: "docker" "start" "-a" "26a61b9182dedc192a797d04bc754b0d9b63898f58df02e05bfb6361da008515", kill_on_drop: false }`
[INFO] [stderr]    Compiling libc v0.2.98
[INFO] [stderr]     Checking slab v0.4.3
[INFO] [stderr]    Compiling cc v1.0.69
[INFO] [stderr]     Checking gimli v0.24.0
[INFO] [stderr]     Checking object v0.24.0
[INFO] [stderr]     Checking rustc-demangle v0.1.20
[INFO] [stderr]     Checking glow v0.7.2
[INFO] [stderr]     Checking boolinator v2.4.0
[INFO] [stderr]     Checking arrayvec v0.7.1
[INFO] [stderr]    Compiling num-iter v0.1.42
[INFO] [stderr]    Compiling nom v6.2.1
[INFO] [stderr]     Checking tinyvec v1.3.1
[INFO] [stderr]     Checking andrew v0.3.1
[INFO] [stderr]    Compiling wayland-scanner v0.28.6
[INFO] [stderr]    Compiling glutin_egl_sys v0.1.5
[INFO] [stderr]    Compiling glutin_glx_sys v0.1.7
[INFO] [stderr]     Checking png v0.16.8
[INFO] [stderr]     Checking num-complex v0.4.0
[INFO] [stderr]     Checking num-bigint v0.4.0
[INFO] [stderr]     Checking unicode-normalization v0.1.19
[INFO] [stderr]    Compiling backtrace v0.3.59
[INFO] [stderr]    Compiling wayland-client v0.28.6
[INFO] [stderr]    Compiling wayland-protocols v0.28.6
[INFO] [stderr]     Checking num-rational v0.4.0
[INFO] [stderr]     Checking xcursor v0.3.3
[INFO] [stderr]     Checking num v0.4.0
[INFO] [stderr]     Checking nix v0.20.0
[INFO] [stderr]     Checking num_cpus v1.13.0
[INFO] [stderr]     Checking net2 v0.2.37
[INFO] [stderr]     Checking nix v0.18.0
[INFO] [stderr]     Checking parking_lot_core v0.8.3
[INFO] [stderr]     Checking iovec v0.1.4
[INFO] [stderr]     Checking memmap2 v0.1.0
[INFO] [stderr]     Checking x11-dl v2.18.5
[INFO] [stderr]     Checking getrandom v0.2.3
[INFO] [stderr]     Checking raw-window-handle v0.3.3
[INFO] [stderr]     Checking shared_library v0.1.9
[INFO] [stderr]     Checking signal-hook-registry v1.4.0
[INFO] [stderr]     Checking mio v0.7.13
[INFO] [stderr]     Checking rayon-core v1.9.1
[INFO] [stderr]     Checking addr2line v0.15.2
[INFO] [stderr]     Checking rand_core v0.6.3
[INFO] [stderr]     Checking osmesa-sys v0.1.2
[INFO] [stderr]     Checking signal-hook v0.3.9
[INFO] [stderr]     Checking parking_lot v0.11.1
[INFO] [stderr]     Checking mio v0.6.23
[INFO] [stderr]     Checking rand_chacha v0.3.1
[INFO] [stderr]     Checking signal-hook-mio v0.2.1
[INFO] [stderr]     Checking crossterm v0.20.0
[INFO] [stderr]     Checking rand v0.8.4
[INFO] [stderr]     Checking rayon v1.5.1
[INFO] [stderr]     Checking mio-extras v2.0.6
[INFO] [stderr]     Checking jpeg-decoder v0.1.22
[INFO] [stderr]     Checking calloop v0.6.5
[INFO] [stderr]     Checking tiff v0.6.1
[INFO] [stderr]     Checking wayland-commons v0.28.6
[INFO] [stderr]     Checking image v0.23.14
[INFO] [stderr]     Checking wayland-cursor v0.28.6
[INFO] [stderr]     Checking wayland-egl v0.28.6
[INFO] [stderr]     Checking smithay-client-toolkit v0.12.3
[INFO] [stderr]     Checking winit v0.24.0
[INFO] [stderr]     Checking glutin v0.26.0
[INFO] [stderr]     Checking speedy2d v1.1.0
[INFO] [stderr]     Checking triangle-checkers v0.1.0 (/opt/rustwide/workdir)
[INFO] [stdout] error[E0554]: `#![feature]` may not be used on the beta release channel
[INFO] [stdout]  --> src/main.rs:1:1
[INFO] [stdout]   |
[INFO] [stdout] 1 | #![feature(default_free_fn)]
[INFO] [stdout]   | ^^^^^^^^^^^^^^^^^^^^^^^^^^^^
[INFO] [stdout] 
[INFO] [stdout] 
[INFO] [stdout] error[E0554]: `#![feature]` may not be used on the beta release channel
[INFO] [stdout]  --> src/main.rs:2:1
[INFO] [stdout]   |
[INFO] [stdout] 2 | #![feature(const_size_of_val)]
[INFO] [stdout]   | ^^^^^^^^^^^^^^^^^^^^^^^^^^^^^^
[INFO] [stdout] 
[INFO] [stdout] 
[INFO] [stdout] error[E0554]: `#![feature]` may not be used on the beta release channel
[INFO] [stdout]  --> src/main.rs:1:1
[INFO] [stdout]   |
[INFO] [stdout] 1 | #![feature(default_free_fn)]
[INFO] [stdout]   | ^^^^^^^^^^^^^^^^^^^^^^^^^^^^
[INFO] [stdout] 
[INFO] [stdout] 
[INFO] [stdout] error[E0554]: `#![feature]` may not be used on the beta release channel
[INFO] [stdout]  --> src/main.rs:2:1
[INFO] [stdout]   |
[INFO] [stdout] 2 | #![feature(const_size_of_val)]
[INFO] [stdout]   | ^^^^^^^^^^^^^^^^^^^^^^^^^^^^^^
[INFO] [stdout] 
[INFO] [stdout] 
[INFO] [stdout] error: aborting due to 2 previous errors
[INFO] [stdout] 
[INFO] [stdout] 
[INFO] [stdout] For more information about this error, try `rustc --explain E0554`.
[INFO] [stdout] 
[INFO] [stderr] error: could not compile `triangle-checkers` due to 3 previous errors
[INFO] [stderr] warning: build failed, waiting for other jobs to finish...
[INFO] [stdout] error: aborting due to 2 previous errors
[INFO] [stdout] 
[INFO] [stdout] 
[INFO] [stdout] For more information about this error, try `rustc --explain E0554`.
[INFO] [stdout] 
[INFO] [stderr] error: build failed
[INFO] running `Command { std: "docker" "inspect" "26a61b9182dedc192a797d04bc754b0d9b63898f58df02e05bfb6361da008515", kill_on_drop: false }`
[INFO] running `Command { std: "docker" "rm" "-f" "26a61b9182dedc192a797d04bc754b0d9b63898f58df02e05bfb6361da008515", kill_on_drop: false }`
[INFO] [stdout] 26a61b9182dedc192a797d04bc754b0d9b63898f58df02e05bfb6361da008515
