[INFO] cloning repository https://github.com/IndianBoy42/AdventOfCode2020
[INFO] running `Command { std: "git" "-c" "credential.helper=" "-c" "credential.helper=/workspace/cargo-home/bin/git-credential-null" "clone" "--bare" "https://github.com/IndianBoy42/AdventOfCode2020" "/workspace/cache/git-repos/https%3A%2F%2Fgithub.com%2FIndianBoy42%2FAdventOfCode2020", kill_on_drop: false }`
[INFO] [stderr] Cloning into bare repository '/workspace/cache/git-repos/https%3A%2F%2Fgithub.com%2FIndianBoy42%2FAdventOfCode2020'...
[INFO] running `Command { std: "git" "rev-parse" "HEAD", kill_on_drop: false }`
[INFO] [stdout] 6182df6a857835d465ca4aa06fa89ee295763c14
[INFO] checking IndianBoy42/AdventOfCode2020 against beta-2021-10-15 for beta-1.56-3
[INFO] running `Command { std: "git" "clone" "/workspace/cache/git-repos/https%3A%2F%2Fgithub.com%2FIndianBoy42%2FAdventOfCode2020" "/workspace/builds/worker-0/source", kill_on_drop: false }`
[INFO] [stderr] Cloning into '/workspace/builds/worker-0/source'...
[INFO] [stderr] done.
[INFO] validating manifest of git repo https://github.com/IndianBoy42/AdventOfCode2020 on toolchain beta-2021-10-15
[INFO] running `Command { std: "/workspace/cargo-home/bin/cargo" "+beta-2021-10-15" "metadata" "--manifest-path" "Cargo.toml" "--no-deps", kill_on_drop: false }`
[INFO] started tweaking git repo https://github.com/IndianBoy42/AdventOfCode2020
[INFO] finished tweaking git repo https://github.com/IndianBoy42/AdventOfCode2020
[INFO] tweaked toml for git repo https://github.com/IndianBoy42/AdventOfCode2020 written to /workspace/builds/worker-0/source/Cargo.toml
[INFO] crate git repo https://github.com/IndianBoy42/AdventOfCode2020 already has a lockfile, it will not be regenerated
[INFO] running `Command { std: "/workspace/cargo-home/bin/cargo" "+beta-2021-10-15" "fetch" "--manifest-path" "Cargo.toml", kill_on_drop: false }`
[INFO] [stderr]     Blocking waiting for file lock on package cache
[INFO] running `Command { std: "docker" "create" "-v" "/var/lib/crater-agent-workspace/builds/worker-0/target:/opt/rustwide/target:rw,Z" "-v" "/var/lib/crater-agent-workspace/builds/worker-0/source:/opt/rustwide/workdir:ro,Z" "-v" "/var/lib/crater-agent-workspace/cargo-home:/opt/rustwide/cargo-home:ro,Z" "-v" "/var/lib/crater-agent-workspace/rustup-home:/opt/rustwide/rustup-home:ro,Z" "-e" "SOURCE_DIR=/opt/rustwide/workdir" "-e" "CARGO_TARGET_DIR=/opt/rustwide/target" "-e" "CARGO_HOME=/opt/rustwide/cargo-home" "-e" "RUSTUP_HOME=/opt/rustwide/rustup-home" "-w" "/opt/rustwide/workdir" "-m" "1610612736" "--user" "0:0" "--network" "none" "ghcr.io/rust-lang/crates-build-env/linux@sha256:a89201d6b5b9fd45c15d5952ece0a0129e7e80cb26ec023fd59cf09bc26f1604" "/opt/rustwide/cargo-home/bin/cargo" "+beta-2021-10-15" "metadata" "--no-deps" "--format-version=1", kill_on_drop: false }`
[INFO] [stdout] 1ba5a3666c29c1e550dde509e9f51f2f27447120ed1ac12dbe7daed0a5568e23
[INFO] [stderr] WARNING: Your kernel does not support swap limit capabilities or the cgroup is not mounted. Memory limited without swap.
[INFO] running `Command { std: "docker" "start" "-a" "1ba5a3666c29c1e550dde509e9f51f2f27447120ed1ac12dbe7daed0a5568e23", kill_on_drop: false }`
[INFO] running `Command { std: "docker" "inspect" "1ba5a3666c29c1e550dde509e9f51f2f27447120ed1ac12dbe7daed0a5568e23", kill_on_drop: false }`
[INFO] running `Command { std: "docker" "rm" "-f" "1ba5a3666c29c1e550dde509e9f51f2f27447120ed1ac12dbe7daed0a5568e23", kill_on_drop: false }`
[INFO] [stdout] 1ba5a3666c29c1e550dde509e9f51f2f27447120ed1ac12dbe7daed0a5568e23
[INFO] running `Command { std: "docker" "create" "-v" "/var/lib/crater-agent-workspace/builds/worker-0/target:/opt/rustwide/target:rw,Z" "-v" "/var/lib/crater-agent-workspace/builds/worker-0/source:/opt/rustwide/workdir:ro,Z" "-v" "/var/lib/crater-agent-workspace/cargo-home:/opt/rustwide/cargo-home:ro,Z" "-v" "/var/lib/crater-agent-workspace/rustup-home:/opt/rustwide/rustup-home:ro,Z" "-e" "SOURCE_DIR=/opt/rustwide/workdir" "-e" "CARGO_TARGET_DIR=/opt/rustwide/target" "-e" "CARGO_INCREMENTAL=0" "-e" "RUST_BACKTRACE=full" "-e" "RUSTFLAGS=--cap-lints=warn" "-e" "CARGO_HOME=/opt/rustwide/cargo-home" "-e" "RUSTUP_HOME=/opt/rustwide/rustup-home" "-w" "/opt/rustwide/workdir" "-m" "1610612736" "--user" "0:0" "--network" "none" "ghcr.io/rust-lang/crates-build-env/linux@sha256:a89201d6b5b9fd45c15d5952ece0a0129e7e80cb26ec023fd59cf09bc26f1604" "/opt/rustwide/cargo-home/bin/cargo" "+beta-2021-10-15" "check" "--frozen" "--all" "--all-targets" "--message-format=json", kill_on_drop: false }`
[INFO] [stdout] a78bc9540b33f3df25cef9e7f5233b9e3d8bb3a702953835db3b8f9b61afcaf0
[INFO] [stderr] WARNING: Your kernel does not support swap limit capabilities or the cgroup is not mounted. Memory limited without swap.
[INFO] running `Command { std: "docker" "start" "-a" "a78bc9540b33f3df25cef9e7f5233b9e3d8bb3a702953835db3b8f9b61afcaf0", kill_on_drop: false }`
[INFO] [stderr]    Compiling libc v0.2.91
[INFO] [stderr]    Compiling serde v1.0.125
[INFO] [stderr]    Compiling serde_json v1.0.64
[INFO] [stderr]    Compiling syn v1.0.64
[INFO] [stderr]    Compiling ndarray v0.14.0
[INFO] [stderr]     Checking plotters-backend v0.3.0
[INFO] [stderr]     Checking boolinator v2.4.0
[INFO] [stderr]     Checking nohash-hasher v0.2.0
[INFO] [stderr]    Compiling num-integer v0.1.44
[INFO] [stderr]    Compiling crossbeam-utils v0.8.3
[INFO] [stderr]    Compiling memoffset v0.6.2
[INFO] [stderr]    Compiling num-bigint v0.4.0
[INFO] [stderr]    Compiling num-iter v0.1.42
[INFO] [stderr]    Compiling num-rational v0.4.0
[INFO] [stderr]     Checking matrixmultiply v0.3.0
[INFO] [stderr]     Checking matrixmultiply v0.2.4
[INFO] [stderr]     Checking regex-automata v0.1.9
[INFO] [stderr]     Checking itertools v0.9.0
[INFO] [stderr]     Checking csv-core v0.1.10
[INFO] [stderr]    Compiling cast v0.2.3
[INFO] [stderr]     Checking generic-array v0.14.4
[INFO] [stderr]    Compiling quote v1.0.9
[INFO] [stderr]     Checking clap v2.33.3
[INFO] [stderr]     Checking num-complex v0.3.1
[INFO] [stderr]     Checking approx v0.4.0
[INFO] [stderr]     Checking num-complex v0.4.0
[INFO] [stderr]     Checking regex v1.4.5
[INFO] [stderr]     Checking plotters-svg v0.3.0
[INFO] [stderr]     Checking plotters v0.3.0
[INFO] [stderr]     Checking simba v0.4.0
[INFO] [stderr]     Checking num-rational v0.3.2
[INFO] [stderr]     Checking criterion-plot v0.4.3
[INFO] [stderr]     Checking crossbeam-epoch v0.9.3
[INFO] [stderr]     Checking crossbeam-channel v0.5.0
[INFO] [stderr]     Checking num_cpus v1.13.0
[INFO] [stderr]     Checking atty v0.2.14
[INFO] [stderr]     Checking crossbeam-deque v0.8.0
[INFO] [stderr]     Checking rayon-core v1.9.0
[INFO] [stderr]     Checking rayon v1.5.0
[INFO] [stderr]     Checking num v0.4.0
[INFO] [stderr]     Checking bstr v0.2.15
[INFO] [stderr]     Checking serde_cbor v0.11.1
[INFO] [stderr]     Checking csv v1.1.6
[INFO] [stderr]     Checking tinytemplate v1.2.1
[INFO] [stderr]    Compiling serde_derive v1.0.125
[INFO] [stderr]     Checking nalgebra v0.25.3
[INFO] [stderr]     Checking criterion v0.3.4
[INFO] [stderr]     Checking aoc20 v0.1.0 (/opt/rustwide/workdir)
[INFO] [stdout] error[E0554]: `#![feature]` may not be used on the beta release channel
[INFO] [stdout]  --> src/lib.rs:8:1
[INFO] [stdout]   |
[INFO] [stdout] 8 | #![feature(try_blocks)]
[INFO] [stdout]   | ^^^^^^^^^^^^^^^^^^^^^^^
[INFO] [stdout] 
[INFO] [stdout] 
[INFO] [stdout] error[E0554]: `#![feature]` may not be used on the beta release channel
[INFO] [stdout]  --> src/lib.rs:9:1
[INFO] [stdout]   |
[INFO] [stdout] 9 | #![feature(associated_type_bounds)]
[INFO] [stdout]   | ^^^^^^^^^^^^^^^^^^^^^^^^^^^^^^^^^^^
[INFO] [stdout] 
[INFO] [stdout] 
[INFO] [stdout] error[E0554]: `#![feature]` may not be used on the beta release channel
[INFO] [stdout]   --> src/lib.rs:11:1
[INFO] [stdout]    |
[INFO] [stdout] 11 | #![feature(iter_partition_in_place)]
[INFO] [stdout]    | ^^^^^^^^^^^^^^^^^^^^^^^^^^^^^^^^^^^^
[INFO] [stdout] 
[INFO] [stdout] 
[INFO] [stdout] error[E0554]: `#![feature]` may not be used on the beta release channel
[INFO] [stdout]   --> src/lib.rs:12:1
[INFO] [stdout]    |
[INFO] [stdout] 12 | #![feature(map_entry_replace)]
[INFO] [stdout]    | ^^^^^^^^^^^^^^^^^^^^^^^^^^^^^^
[INFO] [stdout] 
[INFO] [stdout] 
[INFO] [stdout] error[E0554]: `#![feature]` may not be used on the beta release channel
[INFO] [stdout]   --> src/lib.rs:13:1
[INFO] [stdout]    |
[INFO] [stdout] 13 | #![feature(specialization)]
[INFO] [stdout]    | ^^^^^^^^^^^^^^^^^^^^^^^^^^^
[INFO] [stdout] 
[INFO] [stdout] 
[INFO] [stdout] error[E0554]: `#![feature]` may not be used on the beta release channel
[INFO] [stdout]   --> src/lib.rs:14:1
[INFO] [stdout]    |
[INFO] [stdout] 14 | #![feature(maybe_uninit_extra)]
[INFO] [stdout]    | ^^^^^^^^^^^^^^^^^^^^^^^^^^^^^^^
[INFO] [stdout] 
[INFO] [stdout] 
[INFO] [stdout] error[E0554]: `#![feature]` may not be used on the beta release channel
[INFO] [stdout]   --> src/lib.rs:15:1
[INFO] [stdout]    |
[INFO] [stdout] 15 | #![feature(maybe_uninit_uninit_array)]
[INFO] [stdout]    | ^^^^^^^^^^^^^^^^^^^^^^^^^^^^^^^^^^^^^^
[INFO] [stdout] 
[INFO] [stdout] 
[INFO] [stdout] error[E0554]: `#![feature]` may not be used on the beta release channel
[INFO] [stdout]   --> src/lib.rs:16:1
[INFO] [stdout]    |
[INFO] [stdout] 16 | #![feature(array_chunks)]
[INFO] [stdout]    | ^^^^^^^^^^^^^^^^^^^^^^^^^
[INFO] [stdout] 
[INFO] [stdout] 
[INFO] [stdout] error[E0554]: `#![feature]` may not be used on the beta release channel
[INFO] [stdout]   --> src/lib.rs:17:1
[INFO] [stdout]    |
[INFO] [stdout] 17 | #![feature(array_windows)]
[INFO] [stdout]    | ^^^^^^^^^^^^^^^^^^^^^^^^^^
[INFO] [stdout] 
[INFO] [stdout] 
[INFO] [stdout] error[E0554]: `#![feature]` may not be used on the beta release channel
[INFO] [stdout]   --> src/lib.rs:18:1
[INFO] [stdout]    |
[INFO] [stdout] 18 | #![feature(test)]
[INFO] [stdout]    | ^^^^^^^^^^^^^^^^^
[INFO] [stdout] 
[INFO] [stdout] 
[INFO] [stdout] error[E0554]: `#![feature]` may not be used on the beta release channel
[INFO] [stdout]   --> src/lib.rs:19:1
[INFO] [stdout]    |
[INFO] [stdout] 19 | #![feature(const_panic)]
[INFO] [stdout]    | ^^^^^^^^^^^^^^^^^^^^^^^^
[INFO] [stdout] 
[INFO] [stdout] 
[INFO] [stdout] error[E0554]: `#![feature]` may not be used on the beta release channel
[INFO] [stdout]  --> src/lib.rs:8:1
[INFO] [stdout]   |
[INFO] [stdout] 8 | #![feature(try_blocks)]
[INFO] [stdout]   | ^^^^^^^^^^^^^^^^^^^^^^^
[INFO] [stdout] 
[INFO] [stdout] 
[INFO] [stdout] error[E0554]: `#![feature]` may not be used on the beta release channel
[INFO] [stdout]  --> src/lib.rs:9:1
[INFO] [stdout]   |
[INFO] [stdout] 9 | #![feature(associated_type_bounds)]
[INFO] [stdout]   | ^^^^^^^^^^^^^^^^^^^^^^^^^^^^^^^^^^^
[INFO] [stdout] 
[INFO] [stdout] 
[INFO] [stdout] error[E0554]: `#![feature]` may not be used on the beta release channel
[INFO] [stdout]   --> src/lib.rs:11:1
[INFO] [stdout]    |
[INFO] [stdout] 11 | #![feature(iter_partition_in_place)]
[INFO] [stdout]    | ^^^^^^^^^^^^^^^^^^^^^^^^^^^^^^^^^^^^
[INFO] [stdout] 
[INFO] [stdout] 
[INFO] [stdout] error[E0554]: `#![feature]` may not be used on the beta release channel
[INFO] [stdout]   --> src/lib.rs:12:1
[INFO] [stdout]    |
[INFO] [stdout] 12 | #![feature(map_entry_replace)]
[INFO] [stdout]    | ^^^^^^^^^^^^^^^^^^^^^^^^^^^^^^
[INFO] [stdout] 
[INFO] [stdout] 
[INFO] [stdout] error[E0554]: `#![feature]` may not be used on the beta release channel
[INFO] [stdout]   --> src/lib.rs:13:1
[INFO] [stdout]    |
[INFO] [stdout] 13 | #![feature(specialization)]
[INFO] [stdout]    | ^^^^^^^^^^^^^^^^^^^^^^^^^^^
[INFO] [stdout] 
[INFO] [stdout] 
[INFO] [stdout] error[E0554]: `#![feature]` may not be used on the beta release channel
[INFO] [stdout]   --> src/lib.rs:14:1
[INFO] [stdout]    |
[INFO] [stdout] 14 | #![feature(maybe_uninit_extra)]
[INFO] [stdout]    | ^^^^^^^^^^^^^^^^^^^^^^^^^^^^^^^
[INFO] [stdout] 
[INFO] [stdout] 
[INFO] [stdout] error[E0554]: `#![feature]` may not be used on the beta release channel
[INFO] [stdout]   --> src/lib.rs:15:1
[INFO] [stdout]    |
[INFO] [stdout] 15 | #![feature(maybe_uninit_uninit_array)]
[INFO] [stdout]    | ^^^^^^^^^^^^^^^^^^^^^^^^^^^^^^^^^^^^^^
[INFO] [stdout] 
[INFO] [stdout] 
[INFO] [stdout] error[E0554]: `#![feature]` may not be used on the beta release channel
[INFO] [stdout]   --> src/lib.rs:16:1
[INFO] [stdout]    |
[INFO] [stdout] 16 | #![feature(array_chunks)]
[INFO] [stdout]    | ^^^^^^^^^^^^^^^^^^^^^^^^^
[INFO] [stdout] 
[INFO] [stdout] 
[INFO] [stdout] error[E0554]: `#![feature]` may not be used on the beta release channel
[INFO] [stdout]   --> src/lib.rs:17:1
[INFO] [stdout]    |
[INFO] [stdout] 17 | #![feature(array_windows)]
[INFO] [stdout]    | ^^^^^^^^^^^^^^^^^^^^^^^^^^
[INFO] [stdout] 
[INFO] [stdout] 
[INFO] [stdout] error[E0554]: `#![feature]` may not be used on the beta release channel
[INFO] [stdout]   --> src/lib.rs:18:1
[INFO] [stdout]    |
[INFO] [stdout] 18 | #![feature(test)]
[INFO] [stdout]    | ^^^^^^^^^^^^^^^^^
[INFO] [stdout] 
[INFO] [stdout] 
[INFO] [stdout] error[E0554]: `#![feature]` may not be used on the beta release channel
[INFO] [stdout]   --> src/lib.rs:19:1
[INFO] [stdout]    |
[INFO] [stdout] 19 | #![feature(const_panic)]
[INFO] [stdout]    | ^^^^^^^^^^^^^^^^^^^^^^^^
[INFO] [stdout] 
[INFO] [stdout] 
[INFO] [stdout] error: aborting due to 11 previous errors
[INFO] [stdout] 
[INFO] [stdout] 
[INFO] [stdout] For more information about this error, try `rustc --explain E0554`.
[INFO] [stdout] 
[INFO] [stdout] error: aborting due to 11 previous errors
[INFO] [stdout] 
[INFO] [stdout] 
[INFO] [stderr] error: could not compile `aoc20` due to 12 previous errors
[INFO] [stderr] warning: build failed, waiting for other jobs to finish...
[INFO] [stdout] For more information about this error, try `rustc --explain E0554`.
[INFO] [stdout] 
[INFO] [stderr] error: build failed
[INFO] running `Command { std: "docker" "inspect" "a78bc9540b33f3df25cef9e7f5233b9e3d8bb3a702953835db3b8f9b61afcaf0", kill_on_drop: false }`
[INFO] running `Command { std: "docker" "rm" "-f" "a78bc9540b33f3df25cef9e7f5233b9e3d8bb3a702953835db3b8f9b61afcaf0", kill_on_drop: false }`
[INFO] [stdout] a78bc9540b33f3df25cef9e7f5233b9e3d8bb3a702953835db3b8f9b61afcaf0
