[INFO] cloning repository https://github.com/IAmTomahawkx/idevision-cdn
[INFO] running `Command { std: "git" "-c" "credential.helper=" "-c" "credential.helper=/workspace/cargo-home/bin/git-credential-null" "clone" "--bare" "https://github.com/IAmTomahawkx/idevision-cdn" "/workspace/cache/git-repos/https%3A%2F%2Fgithub.com%2FIAmTomahawkx%2Fidevision-cdn", kill_on_drop: false }`
[INFO] [stderr] Cloning into bare repository '/workspace/cache/git-repos/https%3A%2F%2Fgithub.com%2FIAmTomahawkx%2Fidevision-cdn'...
[INFO] running `Command { std: "git" "rev-parse" "HEAD", kill_on_drop: false }`
[INFO] [stdout] 74ee2833da5f530fc3227ce279a61229fc60d34f
[INFO] checking IAmTomahawkx/idevision-cdn against beta-2021-10-15 for beta-1.56-3
[INFO] running `Command { std: "git" "clone" "/workspace/cache/git-repos/https%3A%2F%2Fgithub.com%2FIAmTomahawkx%2Fidevision-cdn" "/workspace/builds/worker-10/source", kill_on_drop: false }`
[INFO] [stderr] Cloning into '/workspace/builds/worker-10/source'...
[INFO] [stderr] done.
[INFO] validating manifest of git repo https://github.com/IAmTomahawkx/idevision-cdn on toolchain beta-2021-10-15
[INFO] running `Command { std: "/workspace/cargo-home/bin/cargo" "+beta-2021-10-15" "metadata" "--manifest-path" "Cargo.toml" "--no-deps", kill_on_drop: false }`
[INFO] started tweaking git repo https://github.com/IAmTomahawkx/idevision-cdn
[INFO] finished tweaking git repo https://github.com/IAmTomahawkx/idevision-cdn
[INFO] tweaked toml for git repo https://github.com/IAmTomahawkx/idevision-cdn written to /workspace/builds/worker-10/source/Cargo.toml
[INFO] crate git repo https://github.com/IAmTomahawkx/idevision-cdn already has a lockfile, it will not be regenerated
[INFO] running `Command { std: "/workspace/cargo-home/bin/cargo" "+beta-2021-10-15" "fetch" "--manifest-path" "Cargo.toml", kill_on_drop: false }`
[INFO] [stderr]  Downloading crates ...
[INFO] [stderr]   Downloaded vcpkg v0.2.14
[INFO] running `Command { std: "docker" "create" "-v" "/var/lib/crater-agent-workspace/builds/worker-10/target:/opt/rustwide/target:rw,Z" "-v" "/var/lib/crater-agent-workspace/builds/worker-10/source:/opt/rustwide/workdir:ro,Z" "-v" "/var/lib/crater-agent-workspace/cargo-home:/opt/rustwide/cargo-home:ro,Z" "-v" "/var/lib/crater-agent-workspace/rustup-home:/opt/rustwide/rustup-home:ro,Z" "-e" "SOURCE_DIR=/opt/rustwide/workdir" "-e" "CARGO_TARGET_DIR=/opt/rustwide/target" "-e" "CARGO_HOME=/opt/rustwide/cargo-home" "-e" "RUSTUP_HOME=/opt/rustwide/rustup-home" "-w" "/opt/rustwide/workdir" "-m" "1610612736" "--user" "0:0" "--network" "none" "ghcr.io/rust-lang/crates-build-env/linux@sha256:a89201d6b5b9fd45c15d5952ece0a0129e7e80cb26ec023fd59cf09bc26f1604" "/opt/rustwide/cargo-home/bin/cargo" "+beta-2021-10-15" "metadata" "--no-deps" "--format-version=1", kill_on_drop: false }`
[INFO] [stderr] WARNING: Your kernel does not support swap limit capabilities or the cgroup is not mounted. Memory limited without swap.
[INFO] [stdout] 0d0831efc658cae7d2b76e708afc582358500a0a1cc84a2d9875699a9d89b4d6
[INFO] running `Command { std: "docker" "start" "-a" "0d0831efc658cae7d2b76e708afc582358500a0a1cc84a2d9875699a9d89b4d6", kill_on_drop: false }`
[INFO] running `Command { std: "docker" "inspect" "0d0831efc658cae7d2b76e708afc582358500a0a1cc84a2d9875699a9d89b4d6", kill_on_drop: false }`
[INFO] running `Command { std: "docker" "rm" "-f" "0d0831efc658cae7d2b76e708afc582358500a0a1cc84a2d9875699a9d89b4d6", kill_on_drop: false }`
[INFO] [stdout] 0d0831efc658cae7d2b76e708afc582358500a0a1cc84a2d9875699a9d89b4d6
[INFO] running `Command { std: "docker" "create" "-v" "/var/lib/crater-agent-workspace/builds/worker-10/target:/opt/rustwide/target:rw,Z" "-v" "/var/lib/crater-agent-workspace/builds/worker-10/source:/opt/rustwide/workdir:ro,Z" "-v" "/var/lib/crater-agent-workspace/cargo-home:/opt/rustwide/cargo-home:ro,Z" "-v" "/var/lib/crater-agent-workspace/rustup-home:/opt/rustwide/rustup-home:ro,Z" "-e" "SOURCE_DIR=/opt/rustwide/workdir" "-e" "CARGO_TARGET_DIR=/opt/rustwide/target" "-e" "CARGO_INCREMENTAL=0" "-e" "RUST_BACKTRACE=full" "-e" "RUSTFLAGS=--cap-lints=warn" "-e" "CARGO_HOME=/opt/rustwide/cargo-home" "-e" "RUSTUP_HOME=/opt/rustwide/rustup-home" "-w" "/opt/rustwide/workdir" "-m" "1610612736" "--user" "0:0" "--network" "none" "ghcr.io/rust-lang/crates-build-env/linux@sha256:a89201d6b5b9fd45c15d5952ece0a0129e7e80cb26ec023fd59cf09bc26f1604" "/opt/rustwide/cargo-home/bin/cargo" "+beta-2021-10-15" "check" "--frozen" "--all" "--all-targets" "--message-format=json", kill_on_drop: false }`
[INFO] [stderr] WARNING: Your kernel does not support swap limit capabilities or the cgroup is not mounted. Memory limited without swap.
[INFO] [stdout] 1d219c3b30d0e18831c91e0b16aa713482478d9dc0c0594b7870fbcd3b5521dd
[INFO] running `Command { std: "docker" "start" "-a" "1d219c3b30d0e18831c91e0b16aa713482478d9dc0c0594b7870fbcd3b5521dd", kill_on_drop: false }`
[INFO] [stderr]    Compiling libc v0.2.97
[INFO] [stderr]    Compiling syn v1.0.71
[INFO] [stderr]    Compiling memchr v2.4.0
[INFO] [stderr]     Checking futures-core v0.3.14
[INFO] [stderr]     Checking futures-sink v0.3.14
[INFO] [stderr]     Checking futures-io v0.3.14
[INFO] [stderr]     Checking futures-task v0.3.14
[INFO] [stderr]     Checking pin-project-lite v0.1.12
[INFO] [stderr]    Compiling pin-project-internal v0.4.28
[INFO] [stderr]     Checking either v1.6.1
[INFO] [stderr]    Compiling convert_case v0.4.0
[INFO] [stderr]     Checking cpuid-bool v0.1.2
[INFO] [stderr]    Compiling httparse v1.4.0
[INFO] [stderr]    Compiling const_fn v0.4.7
[INFO] [stderr]    Compiling getrandom v0.2.2
[INFO] [stderr]    Compiling rayon-core v1.9.0
[INFO] [stderr]    Compiling openssl v0.10.34
[INFO] [stderr]     Checking regex-syntax v0.6.25
[INFO] [stderr]     Checking once_cell v1.8.0
[INFO] [stderr]    Compiling native-tls v0.2.7
[INFO] [stderr]     Checking subtle v2.4.0
[INFO] [stderr]     Checking openssl-probe v0.1.4
[INFO] [stderr]    Compiling v_escape v0.15.0
[INFO] [stderr]     Checking siphasher v0.3.5
[INFO] [stderr]     Checking httpdate v1.0.1
[INFO] [stderr]    Compiling v_htmlescape v0.12.0
[INFO] [stderr]     Checking ipnet v2.3.1
[INFO] [stderr]     Checking bytemuck v1.5.1
[INFO] [stderr]    Compiling crossbeam-utils v0.8.4
[INFO] [stderr]    Compiling tokio v1.6.0
[INFO] [stderr]    Compiling memoffset v0.6.3
[INFO] [stderr]    Compiling time v0.2.26
[INFO] [stderr]    Compiling cookie v0.14.4
[INFO] [stderr]    Compiling rayon v1.5.0
[INFO] [stderr]    Compiling brotli-sys v0.3.2
[INFO] [stderr]     Checking buf-min v0.4.0
[INFO] [stderr]     Checking bytestring v1.0.0
[INFO] [stderr]     Checking qstring v0.7.2
[INFO] [stderr]    Compiling openssl-sys v0.9.63
[INFO] [stderr]     Checking fxhash v0.2.1
[INFO] [stderr]    Compiling nom v4.2.3
[INFO] [stderr]     Checking lru-cache v0.1.2
[INFO] [stderr]     Checking futures-channel v0.3.14
[INFO] [stderr]     Checking actix-service v2.0.0
[INFO] [stderr]     Checking phf_shared v0.8.0
[INFO] [stderr]     Checking tracing v0.1.26
[INFO] [stderr]     Checking stringprep v0.1.2
[INFO] [stderr]     Checking crypto-mac v0.10.0
[INFO] [stderr]     Checking url v2.2.1
[INFO] [stderr]     Checking phf v0.8.0
[INFO] [stderr]     Checking sha-1 v0.9.4
[INFO] [stderr]     Checking sha2 v0.9.3
[INFO] [stderr]     Checking md-5 v0.9.1
[INFO] [stderr]     Checking hmac v0.10.1
[INFO] [stderr]     Checking aho-corasick v0.7.18
[INFO] [stderr]     Checking num_cpus v1.13.0
[INFO] [stderr]     Checking iovec v0.1.4
[INFO] [stderr]     Checking net2 v0.2.37
[INFO] [stderr]     Checking signal-hook-registry v1.3.0
[INFO] [stderr]     Checking parking_lot_core v0.8.3
[INFO] [stderr]     Checking getrandom v0.1.16
[INFO] [stderr]     Checking mio v0.7.11
[INFO] [stderr]     Checking hostname v0.3.1
[INFO] [stderr]     Checking socket2 v0.4.0
[INFO] [stderr]     Checking flate2 v1.0.20
[INFO] [stderr]     Checking socket2 v0.3.19
[INFO] [stderr]     Checking crossbeam-epoch v0.9.4
[INFO] [stderr]     Checking crossbeam-channel v0.5.1
[INFO] [stderr]     Checking resolv-conf v0.7.0
[INFO] [stderr]     Checking threadpool v1.8.1
[INFO] [stderr]     Checking rand_core v0.6.2
[INFO] [stderr]     Checking rand_core v0.5.1
[INFO] [stderr]     Checking parking_lot v0.11.1
[INFO] [stderr]     Checking mio v0.6.23
[INFO] [stderr]     Checking rand_chacha v0.3.0
[INFO] [stderr]     Checking rand_chacha v0.2.2
[INFO] [stderr]     Checking crossbeam-deque v0.8.0
[INFO] [stderr]     Checking regex v1.5.3
[INFO] [stderr]     Checking rand v0.8.3
[INFO] [stderr]     Checking rand v0.7.3
[INFO] [stderr]     Checking mio-uds v0.6.8
[INFO] [stderr]     Checking postgres-protocol v0.6.1
[INFO] [stderr]     Checking postgres-types v0.2.1
[INFO] [stderr]     Checking brotli2 v0.3.2
[INFO] [stderr]     Checking tokio-util v0.6.6
[INFO] [stderr]     Checking jpeg-decoder v0.1.22
[INFO] [stderr]     Checking tokio-native-tls v0.3.0
[INFO] [stderr]     Checking tiff v0.6.1
[INFO] [stderr]     Checking image v0.23.14
[INFO] [stderr]    Compiling futures-macro v0.3.14
[INFO] [stderr]    Compiling tokio-macros v0.2.6
[INFO] [stderr]    Compiling derive_more v0.99.13
[INFO] [stderr]    Compiling actix-macros v0.1.3
[INFO] [stderr]    Compiling serde_derive v1.0.126
[INFO] [stderr]    Compiling thiserror-impl v1.0.24
[INFO] [stderr]    Compiling async-trait v0.1.50
[INFO] [stderr]    Compiling pin-project-internal v1.0.7
[INFO] [stderr]    Compiling enum-as-inner v0.3.3
[INFO] [stderr]    Compiling time-macros-impl v0.1.1
[INFO] [stderr]    Compiling v_escape_derive v0.8.4
[INFO] [stderr]    Compiling actix-web-codegen v0.4.0
[INFO] [stderr]     Checking tokio v0.2.25
[INFO] [stderr]     Checking time-macros v0.1.1
[INFO] [stderr]     Checking futures-util v0.3.14
[INFO] [stderr]     Checking thiserror v1.0.24
[INFO] [stderr]     Checking pin-project v1.0.7
[INFO] [stderr]     Checking pin-project v0.4.28
[INFO] [stderr]     Checking tracing-futures v0.2.5
[INFO] [stderr]     Checking actix-threadpool v0.3.3
[INFO] [stderr]     Checking tokio-util v0.3.1
[INFO] [stderr]     Checking futures-executor v0.3.14
[INFO] [stderr]     Checking actix-rt v1.1.1
[INFO] [stderr]     Checking actix-service v1.0.6
[INFO] [stderr]     Checking h2 v0.3.3
[INFO] [stderr]     Checking actix-codec v0.3.0
[INFO] [stderr]     Checking h2 v0.2.7
[INFO] [stderr]     Checking serde v1.0.126
[INFO] [stderr]     Checking futures v0.3.14
[INFO] [stderr]     Checking trust-dns-proto v0.19.7
[INFO] [stderr]     Checking tokio-postgres v0.7.2
[INFO] [stderr]     Checking actix-utils v2.0.0
[INFO] [stderr]     Checking actix-server v1.0.4
[INFO] [stderr]     Checking actix-tls v2.0.0
[INFO] [stderr]     Checking actix-testing v1.0.1
[INFO] [stderr]     Checking trust-dns-resolver v0.19.7
[INFO] [stderr]     Checking actix-connect v2.0.0
[INFO] [stderr]     Checking serde_urlencoded v0.7.0
[INFO] [stderr]     Checking serde_json v1.0.64
[INFO] [stderr]     Checking actix-router v0.2.7
[INFO] [stderr]     Checking hyper v0.14.9
[INFO] [stderr]     Checking actix-http v2.2.0
[INFO] [stderr]     Checking hyper-tls v0.5.0
[INFO] [stderr]     Checking awc v2.0.3
[INFO] [stderr]     Checking reqwest v0.11.3
[INFO] [stderr]     Checking actix-web v3.3.2
[INFO] [stderr]     Checking actix-files v0.5.0
[INFO] [stderr]     Checking site-slave v0.1.0 (/opt/rustwide/workdir)
[INFO] [stdout] error[E0599]: no method named `to_str` found for struct `std::string::String` in the current scope
[INFO] [stdout]   --> src/image.rs:46:61
[INFO] [stdout]    |
[INFO] [stdout] 46 |         if self.filetype.eq(stored_extension(&self.filetype.to_str())) && self.exists() {
[INFO] [stdout]    |                                                             ^^^^^^ help: there is an associated function with a similar name: `as_str`
[INFO] [stdout] 
[INFO] [stdout] 
[INFO] [stdout] error[E0308]: mismatched types
[INFO] [stdout]   --> src/image.rs:51:47
[INFO] [stdout]    |
[INFO] [stdout] 51 |             let pth = imaging::convert_output(self.filetype, self.name, size);
[INFO] [stdout]    |                                               ^^^^^^^^^^^^^
[INFO] [stdout]    |                                               |
[INFO] [stdout]    |                                               expected `&str`, found struct `std::string::String`
[INFO] [stdout]    |                                               help: consider borrowing here: `&self.filetype`
[INFO] [stdout] 
[INFO] [stdout] 
[INFO] [stdout] error[E0308]: mismatched types
[INFO] [stdout]   --> src/image.rs:51:62
[INFO] [stdout]    |
[INFO] [stdout] 51 |             let pth = imaging::convert_output(self.filetype, self.name, size);
[INFO] [stdout]    |                                                              ^^^^^^^^^
[INFO] [stdout]    |                                                              |
[INFO] [stdout]    |                                                              expected `&str`, found struct `std::string::String`
[INFO] [stdout]    |                                                              help: consider borrowing here: `&self.name`
[INFO] [stdout] 
[INFO] [stdout] 
[INFO] [stdout] error[E0277]: the trait bound `impl std::future::Future: AsRef<std::path::Path>` is not satisfied
[INFO] [stdout]    --> src/image.rs:52:29
[INFO] [stdout]     |
[INFO] [stdout] 52  |             NamedFile::open(pth)
[INFO] [stdout]     |                             ^^^ the trait `AsRef<std::path::Path>` is not implemented for `impl std::future::Future`
[INFO] [stdout]     |
[INFO] [stdout] note: required by a bound in `NamedFile::open`
[INFO] [stdout]    --> /opt/rustwide/cargo-home/registry/src/github.com-1ecc6299db9ec823/actix-files-0.5.0/src/named.rs:147:20
[INFO] [stdout]     |
[INFO] [stdout] 147 |     pub fn open<P: AsRef<Path>>(path: P) -> io::Result<NamedFile> {
[INFO] [stdout]     |                    ^^^^^^^^^^^ required by this bound in `NamedFile::open`
[INFO] [stdout] 
[INFO] [stdout] 
[INFO] [stdout] error[E0599]: no method named `to_str` found for struct `std::string::String` in the current scope
[INFO] [stdout]   --> src/image.rs:57:61
[INFO] [stdout]    |
[INFO] [stdout] 57 |         if self.filetype.eq(stored_extension(&self.filetype.to_str())) && self.exists() {
[INFO] [stdout]    |                                                             ^^^^^^ help: there is an associated function with a similar name: `as_str`
[INFO] [stdout] 
[INFO] [stdout] 
[INFO] [stdout] error[E0308]: mismatched types
[INFO] [stdout]   --> src/image.rs:62:47
[INFO] [stdout]    |
[INFO] [stdout] 62 |             let pth = imaging::convert_output(self.filetype, self.name, (-1, -1));
[INFO] [stdout]    |                                               ^^^^^^^^^^^^^
[INFO] [stdout]    |                                               |
[INFO] [stdout]    |                                               expected `&str`, found struct `std::string::String`
[INFO] [stdout]    |                                               help: consider borrowing here: `&self.filetype`
[INFO] [stdout] 
[INFO] [stdout] 
[INFO] [stdout] error[E0308]: mismatched types
[INFO] [stdout]   --> src/image.rs:62:62
[INFO] [stdout]    |
[INFO] [stdout] 62 |             let pth = imaging::convert_output(self.filetype, self.name, (-1, -1));
[INFO] [stdout]    |                                                              ^^^^^^^^^
[INFO] [stdout]    |                                                              |
[INFO] [stdout]    |                                                              expected `&str`, found struct `std::string::String`
[INFO] [stdout]    |                                                              help: consider borrowing here: `&self.name`
[INFO] [stdout] 
[INFO] [stdout] 
[INFO] [stdout] error[E0277]: the trait bound `impl std::future::Future: AsRef<std::path::Path>` is not satisfied
[INFO] [stdout]    --> src/image.rs:63:29
[INFO] [stdout]     |
[INFO] [stdout] 63  |             NamedFile::open(pth)
[INFO] [stdout]     |                             ^^^ the trait `AsRef<std::path::Path>` is not implemented for `impl std::future::Future`
[INFO] [stdout]     |
[INFO] [stdout] note: required by a bound in `NamedFile::open`
[INFO] [stdout]    --> /opt/rustwide/cargo-home/registry/src/github.com-1ecc6299db9ec823/actix-files-0.5.0/src/named.rs:147:20
[INFO] [stdout]     |
[INFO] [stdout] 147 |     pub fn open<P: AsRef<Path>>(path: P) -> io::Result<NamedFile> {
[INFO] [stdout]     |                    ^^^^^^^^^^^ required by this bound in `NamedFile::open`
[INFO] [stdout] 
[INFO] [stdout] 
[INFO] [stdout] error[E0599]: no method named `to_str` found for struct `std::string::String` in the current scope
[INFO] [stdout]   --> src/image.rs:46:61
[INFO] [stdout]    |
[INFO] [stdout] 46 |         if self.filetype.eq(stored_extension(&self.filetype.to_str())) && self.exists() {
[INFO] [stdout]    |                                                             ^^^^^^ help: there is an associated function with a similar name: `as_str`
[INFO] [stdout] 
[INFO] [stdout] 
[INFO] [stdout] error[E0308]: mismatched types
[INFO] [stdout]   --> src/image.rs:51:47
[INFO] [stdout]    |
[INFO] [stdout] 51 |             let pth = imaging::convert_output(self.filetype, self.name, size);
[INFO] [stdout]    |                                               ^^^^^^^^^^^^^
[INFO] [stdout]    |                                               |
[INFO] [stdout]    |                                               expected `&str`, found struct `std::string::String`
[INFO] [stdout]    |                                               help: consider borrowing here: `&self.filetype`
[INFO] [stdout] 
[INFO] [stdout] 
[INFO] [stdout] error[E0308]: mismatched types
[INFO] [stdout]   --> src/image.rs:51:62
[INFO] [stdout]    |
[INFO] [stdout] 51 |             let pth = imaging::convert_output(self.filetype, self.name, size);
[INFO] [stdout]    |                                                              ^^^^^^^^^
[INFO] [stdout]    |                                                              |
[INFO] [stdout]    |                                                              expected `&str`, found struct `std::string::String`
[INFO] [stdout]    |                                                              help: consider borrowing here: `&self.name`
[INFO] [stdout] 
[INFO] [stdout] 
[INFO] [stdout] error[E0277]: the trait bound `impl std::future::Future: AsRef<std::path::Path>` is not satisfied
[INFO] [stdout]    --> src/image.rs:52:29
[INFO] [stdout]     |
[INFO] [stdout] 52  |             NamedFile::open(pth)
[INFO] [stdout]     |                             ^^^ the trait `AsRef<std::path::Path>` is not implemented for `impl std::future::Future`
[INFO] [stdout]     |
[INFO] [stdout] note: required by a bound in `NamedFile::open`
[INFO] [stdout]    --> /opt/rustwide/cargo-home/registry/src/github.com-1ecc6299db9ec823/actix-files-0.5.0/src/named.rs:147:20
[INFO] [stdout]     |
[INFO] [stdout] 147 |     pub fn open<P: AsRef<Path>>(path: P) -> io::Result<NamedFile> {
[INFO] [stdout]     |                    ^^^^^^^^^^^ required by this bound in `NamedFile::open`
[INFO] [stdout] 
[INFO] [stdout] 
[INFO] [stdout] error[E0599]: no method named `to_str` found for struct `std::string::String` in the current scope
[INFO] [stdout]   --> src/image.rs:57:61
[INFO] [stdout]    |
[INFO] [stdout] 57 |         if self.filetype.eq(stored_extension(&self.filetype.to_str())) && self.exists() {
[INFO] [stdout]    |                                                             ^^^^^^ help: there is an associated function with a similar name: `as_str`
[INFO] [stdout] 
[INFO] [stdout] 
[INFO] [stdout] error[E0308]: mismatched types
[INFO] [stdout]   --> src/image.rs:62:47
[INFO] [stdout]    |
[INFO] [stdout] 62 |             let pth = imaging::convert_output(self.filetype, self.name, (-1, -1));
[INFO] [stdout]    |                                               ^^^^^^^^^^^^^
[INFO] [stdout]    |                                               |
[INFO] [stdout]    |                                               expected `&str`, found struct `std::string::String`
[INFO] [stdout]    |                                               help: consider borrowing here: `&self.filetype`
[INFO] [stdout] 
[INFO] [stdout] 
[INFO] [stdout] error[E0308]: mismatched types
[INFO] [stdout]   --> src/image.rs:62:62
[INFO] [stdout]    |
[INFO] [stdout] 62 |             let pth = imaging::convert_output(self.filetype, self.name, (-1, -1));
[INFO] [stdout]    |                                                              ^^^^^^^^^
[INFO] [stdout]    |                                                              |
[INFO] [stdout]    |                                                              expected `&str`, found struct `std::string::String`
[INFO] [stdout]    |                                                              help: consider borrowing here: `&self.name`
[INFO] [stdout] 
[INFO] [stdout] 
[INFO] [stdout] error[E0277]: the trait bound `impl std::future::Future: AsRef<std::path::Path>` is not satisfied
[INFO] [stdout]    --> src/image.rs:63:29
[INFO] [stdout]     |
[INFO] [stdout] 63  |             NamedFile::open(pth)
[INFO] [stdout]     |                             ^^^ the trait `AsRef<std::path::Path>` is not implemented for `impl std::future::Future`
[INFO] [stdout]     |
[INFO] [stdout] note: required by a bound in `NamedFile::open`
[INFO] [stdout]    --> /opt/rustwide/cargo-home/registry/src/github.com-1ecc6299db9ec823/actix-files-0.5.0/src/named.rs:147:20
[INFO] [stdout]     |
[INFO] [stdout] 147 |     pub fn open<P: AsRef<Path>>(path: P) -> io::Result<NamedFile> {
[INFO] [stdout]     |                    ^^^^^^^^^^^ required by this bound in `NamedFile::open`
[INFO] [stdout] 
[INFO] [stdout] 
[INFO] [stdout] error: aborting due to 8 previous errors
[INFO] [stdout] 
[INFO] [stdout] 
[INFO] [stdout] Some errors have detailed explanations: E0277, E0308, E0599.
[INFO] [stdout] 
[INFO] [stdout] For more information about an error, try `rustc --explain E0277`.
[INFO] [stdout] 
[INFO] [stderr] error: could not compile `site-slave` due to 9 previous errors
[INFO] [stderr] warning: build failed, waiting for other jobs to finish...
[INFO] [stdout] error: aborting due to 8 previous errors
[INFO] [stdout] 
[INFO] [stdout] 
[INFO] [stdout] Some errors have detailed explanations: E0277, E0308, E0599.
[INFO] [stdout] 
[INFO] [stdout] For more information about an error, try `rustc --explain E0277`.
[INFO] [stdout] 
[INFO] [stderr] error: build failed
[INFO] running `Command { std: "docker" "inspect" "1d219c3b30d0e18831c91e0b16aa713482478d9dc0c0594b7870fbcd3b5521dd", kill_on_drop: false }`
[INFO] running `Command { std: "docker" "rm" "-f" "1d219c3b30d0e18831c91e0b16aa713482478d9dc0c0594b7870fbcd3b5521dd", kill_on_drop: false }`
[INFO] [stdout] 1d219c3b30d0e18831c91e0b16aa713482478d9dc0c0594b7870fbcd3b5521dd
