[INFO] cloning repository https://github.com/Holo-Host/holo-update-conductor-config
[INFO] running `Command { std: "git" "-c" "credential.helper=" "-c" "credential.helper=/workspace/cargo-home/bin/git-credential-null" "clone" "--bare" "https://github.com/Holo-Host/holo-update-conductor-config" "/workspace/cache/git-repos/https%3A%2F%2Fgithub.com%2FHolo-Host%2Fholo-update-conductor-config", kill_on_drop: false }`
[INFO] [stderr] Cloning into bare repository '/workspace/cache/git-repos/https%3A%2F%2Fgithub.com%2FHolo-Host%2Fholo-update-conductor-config'...
[INFO] running `Command { std: "git" "rev-parse" "HEAD", kill_on_drop: false }`
[INFO] [stdout] d9fb26c17cede561b926fef17b354876066a9a3f
[INFO] checking Holo-Host/holo-update-conductor-config against beta-2021-10-15 for beta-1.56-3
[INFO] running `Command { std: "git" "clone" "/workspace/cache/git-repos/https%3A%2F%2Fgithub.com%2FHolo-Host%2Fholo-update-conductor-config" "/workspace/builds/worker-6/source", kill_on_drop: false }`
[INFO] [stderr] Cloning into '/workspace/builds/worker-6/source'...
[INFO] [stderr] done.
[INFO] validating manifest of git repo https://github.com/Holo-Host/holo-update-conductor-config on toolchain beta-2021-10-15
[INFO] running `Command { std: "/workspace/cargo-home/bin/cargo" "+beta-2021-10-15" "metadata" "--manifest-path" "Cargo.toml" "--no-deps", kill_on_drop: false }`
[INFO] removed /workspace/builds/worker-6/source/rust-toolchain
[INFO] started tweaking git repo https://github.com/Holo-Host/holo-update-conductor-config
[INFO] finished tweaking git repo https://github.com/Holo-Host/holo-update-conductor-config
[INFO] tweaked toml for git repo https://github.com/Holo-Host/holo-update-conductor-config written to /workspace/builds/worker-6/source/Cargo.toml
[INFO] crate git repo https://github.com/Holo-Host/holo-update-conductor-config already has a lockfile, it will not be regenerated
[INFO] running `Command { std: "/workspace/cargo-home/bin/cargo" "+beta-2021-10-15" "fetch" "--manifest-path" "Cargo.toml", kill_on_drop: false }`
[INFO] [stderr]     Blocking waiting for file lock on package cache
[INFO] [stderr]     Blocking waiting for file lock on package cache
[INFO] [stderr]  Downloading crates ...
[INFO] [stderr]   Downloaded addr2line v0.12.0
[INFO] [stderr]   Downloaded chunked_transfer v1.2.0
[INFO] [stderr]   Downloaded once_cell v1.5.1
[INFO] running `Command { std: "docker" "create" "-v" "/var/lib/crater-agent-workspace/builds/worker-6/target:/opt/rustwide/target:rw,Z" "-v" "/var/lib/crater-agent-workspace/builds/worker-6/source:/opt/rustwide/workdir:ro,Z" "-v" "/var/lib/crater-agent-workspace/cargo-home:/opt/rustwide/cargo-home:ro,Z" "-v" "/var/lib/crater-agent-workspace/rustup-home:/opt/rustwide/rustup-home:ro,Z" "-e" "SOURCE_DIR=/opt/rustwide/workdir" "-e" "CARGO_TARGET_DIR=/opt/rustwide/target" "-e" "CARGO_HOME=/opt/rustwide/cargo-home" "-e" "RUSTUP_HOME=/opt/rustwide/rustup-home" "-w" "/opt/rustwide/workdir" "-m" "1610612736" "--user" "0:0" "--network" "none" "ghcr.io/rust-lang/crates-build-env/linux@sha256:a89201d6b5b9fd45c15d5952ece0a0129e7e80cb26ec023fd59cf09bc26f1604" "/opt/rustwide/cargo-home/bin/cargo" "+beta-2021-10-15" "metadata" "--no-deps" "--format-version=1", kill_on_drop: false }`
[INFO] [stdout] d7ee4a1d681adede8b21a66abd1ce61b46546a7d755db8a75252547974d319e9
[INFO] [stderr] WARNING: Your kernel does not support swap limit capabilities or the cgroup is not mounted. Memory limited without swap.
[INFO] running `Command { std: "docker" "start" "-a" "d7ee4a1d681adede8b21a66abd1ce61b46546a7d755db8a75252547974d319e9", kill_on_drop: false }`
[INFO] running `Command { std: "docker" "inspect" "d7ee4a1d681adede8b21a66abd1ce61b46546a7d755db8a75252547974d319e9", kill_on_drop: false }`
[INFO] running `Command { std: "docker" "rm" "-f" "d7ee4a1d681adede8b21a66abd1ce61b46546a7d755db8a75252547974d319e9", kill_on_drop: false }`
[INFO] [stdout] d7ee4a1d681adede8b21a66abd1ce61b46546a7d755db8a75252547974d319e9
[INFO] running `Command { std: "docker" "create" "-v" "/var/lib/crater-agent-workspace/builds/worker-6/target:/opt/rustwide/target:rw,Z" "-v" "/var/lib/crater-agent-workspace/builds/worker-6/source:/opt/rustwide/workdir:ro,Z" "-v" "/var/lib/crater-agent-workspace/cargo-home:/opt/rustwide/cargo-home:ro,Z" "-v" "/var/lib/crater-agent-workspace/rustup-home:/opt/rustwide/rustup-home:ro,Z" "-e" "SOURCE_DIR=/opt/rustwide/workdir" "-e" "CARGO_TARGET_DIR=/opt/rustwide/target" "-e" "CARGO_INCREMENTAL=0" "-e" "RUST_BACKTRACE=full" "-e" "RUSTFLAGS=--cap-lints=warn" "-e" "CARGO_HOME=/opt/rustwide/cargo-home" "-e" "RUSTUP_HOME=/opt/rustwide/rustup-home" "-w" "/opt/rustwide/workdir" "-m" "1610612736" "--user" "0:0" "--network" "none" "ghcr.io/rust-lang/crates-build-env/linux@sha256:a89201d6b5b9fd45c15d5952ece0a0129e7e80cb26ec023fd59cf09bc26f1604" "/opt/rustwide/cargo-home/bin/cargo" "+beta-2021-10-15" "check" "--frozen" "--all" "--all-targets" "--message-format=json", kill_on_drop: false }`
[INFO] [stdout] faa15c68374ecc819981f8f11d164cb3f5d8c7c9ffa93fe523d1b681840c7e57
[INFO] [stderr] WARNING: Your kernel does not support swap limit capabilities or the cgroup is not mounted. Memory limited without swap.
[INFO] running `Command { std: "docker" "start" "-a" "faa15c68374ecc819981f8f11d164cb3f5d8c7c9ffa93fe523d1b681840c7e57", kill_on_drop: false }`
[INFO] [stderr]    Compiling proc-macro2 v1.0.18
[INFO] [stderr]    Compiling syn v1.0.33
[INFO] [stderr]    Compiling version_check v0.9.1
[INFO] [stderr]    Compiling cc v1.0.50
[INFO] [stderr]     Checking smallvec v1.3.0
[INFO] [stderr]    Compiling proc-macro-hack v0.5.15
[INFO] [stderr]    Compiling standback v0.2.8
[INFO] [stderr]     Checking untrusted v0.7.0
[INFO] [stderr]    Compiling ryu v1.0.3
[INFO] [stderr]     Checking gimli v0.21.0
[INFO] [stderr]     Checking regex-syntax v0.6.17
[INFO] [stderr]     Checking object v0.19.0
[INFO] [stderr]     Checking subtle v2.2.2
[INFO] [stderr]     Checking base-x v0.2.6
[INFO] [stderr]    Compiling anyhow v1.0.35
[INFO] [stderr]     Checking humantime v2.0.1
[INFO] [stderr]     Checking once_cell v1.5.1
[INFO] [stdout] error[E0557]: feature has been removed
[INFO] [stdout]   --> /opt/rustwide/cargo-home/registry/src/github.com-1ecc6299db9ec823/subtle-2.2.2/src/lib.rs:13:42
[INFO] [stdout]    |
[INFO] [stdout] 13 | #![cfg_attr(feature = "nightly", feature(external_doc))]
[INFO] [stdout]    |                                          ^^^^^^^^^^^^ feature has been removed
[INFO] [stdout]    |
[INFO] [stdout]    = note: use #[doc = include_str!("filename")] instead, which handles macro invocations
[INFO] [stdout] 
[INFO] [stdout] 
[INFO] [stdout] error: the legacy LLVM-style asm! syntax is no longer supported
[INFO] [stdout]    --> /opt/rustwide/cargo-home/registry/src/github.com-1ecc6299db9ec823/subtle-2.2.2/src/lib.rs:150:14
[INFO] [stdout]     |
[INFO] [stdout] 150 |     unsafe { asm!("" : "=r"(input) : "0"(input) ) }
[INFO] [stdout]     |              ----^^^^^^^^^^^^^^^^^^^^^^^^^^^^^^^^
[INFO] [stdout]     |              |
[INFO] [stdout]     |              help: replace with: `llvm_asm!`
[INFO] [stdout]     |
[INFO] [stdout]     = note: consider migrating to the new asm! syntax specified in RFC 2873
[INFO] [stdout]     = note: alternatively, switch to llvm_asm! to keep your code working as it is
[INFO] [stdout] 
[INFO] [stdout] 
[INFO] [stdout] error[E0554]: `#![feature]` may not be used on the beta release channel
[INFO] [stdout]   --> /opt/rustwide/cargo-home/registry/src/github.com-1ecc6299db9ec823/subtle-2.2.2/src/lib.rs:12:34
[INFO] [stdout]    |
[INFO] [stdout] 12 | #![cfg_attr(feature = "nightly", feature(asm))]
[INFO] [stdout]    |                                  ^^^^^^^^^^^^
[INFO] [stdout] 
[INFO] [stdout] 
[INFO] [stdout] error[E0554]: `#![feature]` may not be used on the beta release channel
[INFO] [stdout]   --> /opt/rustwide/cargo-home/registry/src/github.com-1ecc6299db9ec823/subtle-2.2.2/src/lib.rs:13:34
[INFO] [stdout]    |
[INFO] [stdout] 13 | #![cfg_attr(feature = "nightly", feature(external_doc))]
[INFO] [stdout]    |                                  ^^^^^^^^^^^^^^^^^^^^^
[INFO] [stdout] 
[INFO] [stdout] 
[INFO] [stderr]     Checking chunked_transfer v1.2.0
[INFO] [stdout] error: aborting due to 4 previous errors
[INFO] [stdout] 
[INFO] [stdout] 
[INFO] [stdout] Some errors have detailed explanations: E0554, E0557.
[INFO] [stdout] 
[INFO] [stdout] For more information about an error, try `rustc --explain E0554`.
[INFO] [stdout] 
[INFO] [stderr] error: could not compile `subtle` due to 5 previous errors
[INFO] [stderr] warning: build failed, waiting for other jobs to finish...
[INFO] [stderr] error: build failed
[INFO] running `Command { std: "docker" "inspect" "faa15c68374ecc819981f8f11d164cb3f5d8c7c9ffa93fe523d1b681840c7e57", kill_on_drop: false }`
[INFO] running `Command { std: "docker" "rm" "-f" "faa15c68374ecc819981f8f11d164cb3f5d8c7c9ffa93fe523d1b681840c7e57", kill_on_drop: false }`
[INFO] [stdout] faa15c68374ecc819981f8f11d164cb3f5d8c7c9ffa93fe523d1b681840c7e57
