[INFO] cloning repository https://github.com/Haizza1/trust
[INFO] running `Command { std: "git" "-c" "credential.helper=" "-c" "credential.helper=/workspace/cargo-home/bin/git-credential-null" "clone" "--bare" "https://github.com/Haizza1/trust" "/workspace/cache/git-repos/https%3A%2F%2Fgithub.com%2FHaizza1%2Ftrust", kill_on_drop: false }`
[INFO] [stderr] Cloning into bare repository '/workspace/cache/git-repos/https%3A%2F%2Fgithub.com%2FHaizza1%2Ftrust'...
[INFO] running `Command { std: "git" "rev-parse" "HEAD", kill_on_drop: false }`
[INFO] [stdout] d6d41eb1cd3b72063d02bb8a5b9a2e03cc5a0af0
[INFO] checking Haizza1/trust against 1.55.0 for beta-1.56-3
[INFO] running `Command { std: "git" "clone" "/workspace/cache/git-repos/https%3A%2F%2Fgithub.com%2FHaizza1%2Ftrust" "/workspace/builds/worker-99/source", kill_on_drop: false }`
[INFO] [stderr] Cloning into '/workspace/builds/worker-99/source'...
[INFO] [stderr] done.
[INFO] validating manifest of git repo https://github.com/Haizza1/trust on toolchain 1.55.0
[INFO] running `Command { std: "/workspace/cargo-home/bin/cargo" "+1.55.0" "metadata" "--manifest-path" "Cargo.toml" "--no-deps", kill_on_drop: false }`
[INFO] started tweaking git repo https://github.com/Haizza1/trust
[INFO] finished tweaking git repo https://github.com/Haizza1/trust
[INFO] tweaked toml for git repo https://github.com/Haizza1/trust written to /workspace/builds/worker-99/source/Cargo.toml
[INFO] crate git repo https://github.com/Haizza1/trust already has a lockfile, it will not be regenerated
[INFO] running `Command { std: "/workspace/cargo-home/bin/cargo" "+1.55.0" "fetch" "--manifest-path" "Cargo.toml", kill_on_drop: false }`
[INFO] [stderr]  Downloading crates ...
[INFO] [stderr]   Downloaded tokio-fs v0.1.7
[INFO] [stderr]   Downloaded tokio-codec v0.1.2
[INFO] [stderr]   Downloaded tokio-uds v0.2.7
[INFO] [stderr]   Downloaded tokio-udp v0.1.6
[INFO] [stderr]   Downloaded tun-tap v0.1.2
[INFO] [stderr]   Downloaded etherparse v0.9.0
[INFO] [stderr]   Downloaded tokio-core v0.1.18
[INFO] running `Command { std: "docker" "create" "-v" "/var/lib/crater-agent-workspace/builds/worker-99/target:/opt/rustwide/target:rw,Z" "-v" "/var/lib/crater-agent-workspace/builds/worker-99/source:/opt/rustwide/workdir:ro,Z" "-v" "/var/lib/crater-agent-workspace/cargo-home:/opt/rustwide/cargo-home:ro,Z" "-v" "/var/lib/crater-agent-workspace/rustup-home:/opt/rustwide/rustup-home:ro,Z" "-e" "SOURCE_DIR=/opt/rustwide/workdir" "-e" "CARGO_TARGET_DIR=/opt/rustwide/target" "-e" "CARGO_HOME=/opt/rustwide/cargo-home" "-e" "RUSTUP_HOME=/opt/rustwide/rustup-home" "-w" "/opt/rustwide/workdir" "-m" "1610612736" "--user" "0:0" "--network" "none" "ghcr.io/rust-lang/crates-build-env/linux@sha256:a89201d6b5b9fd45c15d5952ece0a0129e7e80cb26ec023fd59cf09bc26f1604" "/opt/rustwide/cargo-home/bin/cargo" "+1.55.0" "metadata" "--no-deps" "--format-version=1", kill_on_drop: false }`
[INFO] [stdout] 8631111445c3cb5afaa0c4b44c8023f76e9406accd8a6f1a813f0082c69acbaf
[INFO] running `Command { std: "docker" "start" "-a" "8631111445c3cb5afaa0c4b44c8023f76e9406accd8a6f1a813f0082c69acbaf", kill_on_drop: false }`
[INFO] running `Command { std: "docker" "inspect" "8631111445c3cb5afaa0c4b44c8023f76e9406accd8a6f1a813f0082c69acbaf", kill_on_drop: false }`
[INFO] running `Command { std: "docker" "rm" "-f" "8631111445c3cb5afaa0c4b44c8023f76e9406accd8a6f1a813f0082c69acbaf", kill_on_drop: false }`
[INFO] [stdout] 8631111445c3cb5afaa0c4b44c8023f76e9406accd8a6f1a813f0082c69acbaf
[INFO] running `Command { std: "docker" "create" "-v" "/var/lib/crater-agent-workspace/builds/worker-99/target:/opt/rustwide/target:rw,Z" "-v" "/var/lib/crater-agent-workspace/builds/worker-99/source:/opt/rustwide/workdir:ro,Z" "-v" "/var/lib/crater-agent-workspace/cargo-home:/opt/rustwide/cargo-home:ro,Z" "-v" "/var/lib/crater-agent-workspace/rustup-home:/opt/rustwide/rustup-home:ro,Z" "-e" "SOURCE_DIR=/opt/rustwide/workdir" "-e" "CARGO_TARGET_DIR=/opt/rustwide/target" "-e" "CARGO_INCREMENTAL=0" "-e" "RUST_BACKTRACE=full" "-e" "RUSTFLAGS=--cap-lints=warn" "-e" "CARGO_HOME=/opt/rustwide/cargo-home" "-e" "RUSTUP_HOME=/opt/rustwide/rustup-home" "-w" "/opt/rustwide/workdir" "-m" "1610612736" "--user" "0:0" "--network" "none" "ghcr.io/rust-lang/crates-build-env/linux@sha256:a89201d6b5b9fd45c15d5952ece0a0129e7e80cb26ec023fd59cf09bc26f1604" "/opt/rustwide/cargo-home/bin/cargo" "+1.55.0" "check" "--frozen" "--all" "--all-targets" "--message-format=json", kill_on_drop: false }`
[INFO] [stdout] ffe512d4806b4ef461e88398def7e289890c69ca3193cf2115fdb554a9a78a66
[INFO] running `Command { std: "docker" "start" "-a" "ffe512d4806b4ef461e88398def7e289890c69ca3193cf2115fdb554a9a78a66", kill_on_drop: false }`
[INFO] [stderr]     Blocking waiting for file lock on package cache
[INFO] [stderr]    Compiling autocfg v1.0.1
[INFO] [stderr]     Checking cfg-if v0.1.10
[INFO] [stderr]    Compiling libc v0.2.94
[INFO] [stderr]    Compiling maybe-uninit v2.0.0
[INFO] [stderr]     Checking lazy_static v1.4.0
[INFO] [stderr]    Compiling log v0.4.14
[INFO] [stderr]     Checking futures v0.1.31
[INFO] [stderr]    Compiling semver-parser v0.7.0
[INFO] [stderr]     Checking cfg-if v1.0.0
[INFO] [stderr]     Checking scopeguard v1.1.0
[INFO] [stderr]     Checking slab v0.4.3
[INFO] [stderr]     Checking byteorder v1.4.3
[INFO] [stderr]     Checking fnv v1.0.7
[INFO] [stderr]    Compiling cc v1.0.67
[INFO] [stderr]     Checking scoped-tls v0.1.2
[INFO] [stderr]     Checking lock_api v0.3.4
[INFO] [stderr]    Compiling semver v0.9.0
[INFO] [stderr]     Checking etherparse v0.9.0
[INFO] [stderr]    Compiling crossbeam-utils v0.7.2
[INFO] [stderr]    Compiling memoffset v0.5.6
[INFO] [stderr]    Compiling crossbeam-epoch v0.8.2
[INFO] [stderr]    Compiling rustc_version v0.2.3
[INFO] [stderr]     Checking smallvec v0.6.14
[INFO] [stderr]    Compiling parking_lot_core v0.6.2
[INFO] [stderr]    Compiling parking_lot v0.9.0
[INFO] [stderr]    Compiling tun-tap v0.1.2
[INFO] [stderr]     Checking tokio-sync v0.1.8
[INFO] [stderr]     Checking iovec v0.1.4
[INFO] [stderr]     Checking net2 v0.2.37
[INFO] [stderr]     Checking num_cpus v1.13.0
[INFO] [stderr]     Checking bytes v0.4.12
[INFO] [stderr]     Checking mio v0.6.23
[INFO] [stderr]     Checking tokio-io v0.1.13
[INFO] [stderr]     Checking tokio-executor v0.1.10
[INFO] [stderr]     Checking crossbeam-queue v0.2.3
[INFO] [stderr]     Checking tokio-timer v0.2.13
[INFO] [stderr]     Checking tokio-current-thread v0.1.7
[INFO] [stderr]     Checking mio-uds v0.6.8
[INFO] [stderr]     Checking crossbeam-deque v0.7.3
[INFO] [stderr]     Checking tokio-reactor v0.1.12
[INFO] [stderr]     Checking tokio-codec v0.1.2
[INFO] [stderr]     Checking tokio-threadpool v0.1.18
[INFO] [stderr]     Checking tokio-tcp v0.1.4
[INFO] [stderr]     Checking tokio-udp v0.1.6
[INFO] [stderr]     Checking tokio-uds v0.2.7
[INFO] [stderr]     Checking tokio-fs v0.1.7
[INFO] [stderr]     Checking tokio v0.1.22
[INFO] [stderr]     Checking tokio-core v0.1.18
[INFO] [stderr]     Checking trust v0.1.0 (/opt/rustwide/workdir)
[INFO] [stdout] error: expected `;`, found `}`
[INFO] [stdout]   --> src/lib.rs:38:32
[INFO] [stdout]    |
[INFO] [stdout] 38 |                 let datai = iph
[INFO] [stdout]    |                                ^ help: add `;` here
[INFO] [stdout] 39 |             },
[INFO] [stdout]    |             - unexpected token
[INFO] [stdout] 
[INFO] [stdout] 
[INFO] [stdout] error: expected `;`, found `}`
[INFO] [stdout]   --> src/lib.rs:38:32
[INFO] [stdout]    |
[INFO] [stdout] 38 |                 let datai = iph
[INFO] [stdout]    |                                ^ help: add `;` here
[INFO] [stdout] 39 |             },
[INFO] [stdout]    |             - unexpected token
[INFO] [stdout] 
[INFO] [stdout] 
[INFO] [stdout] error[E0425]: cannot find value `iph` in this scope
[INFO] [stdout]   --> src/lib.rs:38:29
[INFO] [stdout]    |
[INFO] [stdout] 38 |                 let datai = iph
[INFO] [stdout]    |                             ^^^ help: a local variable with a similar name exists: `ih`
[INFO] [stdout] 
[INFO] [stdout] 
[INFO] [stdout] warning: unused import: `std::collections::hash_map::Entry`
[INFO] [stdout]   --> src/lib.rs:37:21
[INFO] [stdout]    |
[INFO] [stdout] 37 |                 use std::collections::hash_map::Entry;
[INFO] [stdout]    |                     ^^^^^^^^^^^^^^^^^^^^^^^^^^^^^^^^^
[INFO] [stdout]    |
[INFO] [stdout]    = note: `#[warn(unused_imports)]` on by default
[INFO] [stdout] 
[INFO] [stdout] 
[INFO] [stdout] error[E0425]: cannot find value `iph` in this scope
[INFO] [stdout]   --> src/lib.rs:38:29
[INFO] [stdout]    |
[INFO] [stdout] 38 |                 let datai = iph
[INFO] [stdout]    |                             ^^^ help: a local variable with a similar name exists: `ih`
[INFO] [stdout] 
[INFO] [stdout] 
[INFO] [stdout] warning: unused import: `std::collections::hash_map::Entry`
[INFO] [stdout]   --> src/lib.rs:37:21
[INFO] [stdout]    |
[INFO] [stdout] 37 |                 use std::collections::hash_map::Entry;
[INFO] [stdout]    |                     ^^^^^^^^^^^^^^^^^^^^^^^^^^^^^^^^^
[INFO] [stdout]    |
[INFO] [stdout]    = note: `#[warn(unused_imports)]` on by default
[INFO] [stdout] 
[INFO] [stdout] 
[INFO] [stdout] error[E0277]: the `?` operator can only be used in a function that returns `Result` or `Option` (or another type that implements `FromResidual`)
[INFO] [stdout]    --> src/lib.rs:33:44
[INFO] [stdout]     |
[INFO] [stdout] 30  | / fn packet_loop(mut nic: tun_tap::Iface, ih: InterfaceHandle) {
[INFO] [stdout] 31  | |     let mut buf = [0u8; 1504];
[INFO] [stdout] 32  | |     loop {
[INFO] [stdout] 33  | |         let nbytes = nic.recv(&mut buf[..])?;
[INFO] [stdout]     | |                                            ^ cannot use the `?` operator in a function that returns `()`
[INFO] [stdout] ...   |
[INFO] [stdout] 42  | |     }
[INFO] [stdout] 43  | | }
[INFO] [stdout]     | |_- this function should return `Result` or `Option` to accept `?`
[INFO] [stdout]     |
[INFO] [stdout]     = help: the trait `FromResidual<Result<Infallible, std::io::Error>>` is not implemented for `()`
[INFO] [stdout] note: required by `from_residual`
[INFO] [stdout] 
[INFO] [stdout] 
[INFO] [stdout] error[E0277]: the `?` operator can only be used in a function that returns `Result` or `Option` (or another type that implements `FromResidual`)
[INFO] [stdout]    --> src/lib.rs:33:44
[INFO] [stdout]     |
[INFO] [stdout] 30  | / fn packet_loop(mut nic: tun_tap::Iface, ih: InterfaceHandle) {
[INFO] [stdout] 31  | |     let mut buf = [0u8; 1504];
[INFO] [stdout] 32  | |     loop {
[INFO] [stdout] 33  | |         let nbytes = nic.recv(&mut buf[..])?;
[INFO] [stdout]     | |                                            ^ cannot use the `?` operator in a function that returns `()`
[INFO] [stdout] ...   |
[INFO] [stdout] 42  | |     }
[INFO] [stdout] 43  | | }
[INFO] [stdout]     | |_- this function should return `Result` or `Option` to accept `?`
[INFO] [stdout]     |
[INFO] [stdout]     = help: the trait `FromResidual<Result<Infallible, std::io::Error>>` is not implemented for `()`
[INFO] [stdout] note: required by `from_residual`
[INFO] [stdout] 
[INFO] [stdout] 
[INFO] [stdout] error[E0308]: mismatched types
[INFO] [stdout]   --> src/lib.rs:55:28
[INFO] [stdout]    |
[INFO] [stdout] 55 |         Ok(Interface { ih, jh })
[INFO] [stdout]    |                            ^^ expected struct `JoinHandle`, found `()`
[INFO] [stdout]    |
[INFO] [stdout]    = note: expected struct `JoinHandle<()>`
[INFO] [stdout]            found unit type `()`
[INFO] [stdout] 
[INFO] [stdout] 
[INFO] [stdout] error[E0308]: mismatched types
[INFO] [stdout]   --> src/lib.rs:55:28
[INFO] [stdout]    |
[INFO] [stdout] 55 |         Ok(Interface { ih, jh })
[INFO] [stdout]    |                            ^^ expected struct `JoinHandle`, found `()`
[INFO] [stdout]    |
[INFO] [stdout]    = note: expected struct `JoinHandle<()>`
[INFO] [stdout]            found unit type `()`
[INFO] [stdout] 
[INFO] [stdout] 
[INFO] [stdout] error: aborting due to 4 previous errors; 1 warning emitted
[INFO] [stdout] 
[INFO] [stdout] 
[INFO] [stdout] Some errors have detailed explanations: E0277, E0308, E0425.
[INFO] [stdout] 
[INFO] [stdout] For more information about an error, try `rustc --explain E0277`.
[INFO] [stdout] 
[INFO] [stdout] error: aborting due to 4 previous errors; 1 warning emitted
[INFO] [stdout] 
[INFO] [stdout] 
[INFO] [stdout] Some errors have detailed explanations: E0277, E0308, E0425.
[INFO] [stdout] 
[INFO] [stdout] For more information about an error, try `rustc --explain E0277`.
[INFO] [stdout] 
[INFO] [stderr] error: could not compile `trust` due to 5 previous errors; 1 warning emitted
[INFO] [stderr] warning: build failed, waiting for other jobs to finish...
[INFO] [stderr] error: build failed
[INFO] running `Command { std: "docker" "inspect" "ffe512d4806b4ef461e88398def7e289890c69ca3193cf2115fdb554a9a78a66", kill_on_drop: false }`
[INFO] running `Command { std: "docker" "rm" "-f" "ffe512d4806b4ef461e88398def7e289890c69ca3193cf2115fdb554a9a78a66", kill_on_drop: false }`
[INFO] [stdout] ffe512d4806b4ef461e88398def7e289890c69ca3193cf2115fdb554a9a78a66
