[INFO] cloning repository https://github.com/HackerSpaceMaringa/camera_bot
[INFO] running `Command { std: "git" "-c" "credential.helper=" "-c" "credential.helper=/workspace/cargo-home/bin/git-credential-null" "clone" "--bare" "https://github.com/HackerSpaceMaringa/camera_bot" "/workspace/cache/git-repos/https%3A%2F%2Fgithub.com%2FHackerSpaceMaringa%2Fcamera_bot", kill_on_drop: false }`
[INFO] [stderr] Cloning into bare repository '/workspace/cache/git-repos/https%3A%2F%2Fgithub.com%2FHackerSpaceMaringa%2Fcamera_bot'...
[INFO] running `Command { std: "git" "rev-parse" "HEAD", kill_on_drop: false }`
[INFO] [stdout] 0d1652a8896c1d0f37fef919797363a967053b3a
[INFO] checking HackerSpaceMaringa/camera_bot against beta-2021-10-15 for beta-1.56-3
[INFO] running `Command { std: "git" "clone" "/workspace/cache/git-repos/https%3A%2F%2Fgithub.com%2FHackerSpaceMaringa%2Fcamera_bot" "/workspace/builds/worker-45/source", kill_on_drop: false }`
[INFO] [stderr] Cloning into '/workspace/builds/worker-45/source'...
[INFO] [stderr] done.
[INFO] validating manifest of git repo https://github.com/HackerSpaceMaringa/camera_bot on toolchain beta-2021-10-15
[INFO] running `Command { std: "/workspace/cargo-home/bin/cargo" "+beta-2021-10-15" "metadata" "--manifest-path" "Cargo.toml" "--no-deps", kill_on_drop: false }`
[INFO] started tweaking git repo https://github.com/HackerSpaceMaringa/camera_bot
[INFO] finished tweaking git repo https://github.com/HackerSpaceMaringa/camera_bot
[INFO] tweaked toml for git repo https://github.com/HackerSpaceMaringa/camera_bot written to /workspace/builds/worker-45/source/Cargo.toml
[INFO] crate git repo https://github.com/HackerSpaceMaringa/camera_bot already has a lockfile, it will not be regenerated
[INFO] running `Command { std: "/workspace/cargo-home/bin/cargo" "+beta-2021-10-15" "fetch" "--manifest-path" "Cargo.toml", kill_on_drop: false }`
[INFO] [stderr]     Blocking waiting for file lock on package cache
[INFO] [stderr]     Blocking waiting for file lock on package cache
[INFO] running `Command { std: "docker" "create" "-v" "/var/lib/crater-agent-workspace/builds/worker-45/target:/opt/rustwide/target:rw,Z" "-v" "/var/lib/crater-agent-workspace/builds/worker-45/source:/opt/rustwide/workdir:ro,Z" "-v" "/var/lib/crater-agent-workspace/cargo-home:/opt/rustwide/cargo-home:ro,Z" "-v" "/var/lib/crater-agent-workspace/rustup-home:/opt/rustwide/rustup-home:ro,Z" "-e" "SOURCE_DIR=/opt/rustwide/workdir" "-e" "CARGO_TARGET_DIR=/opt/rustwide/target" "-e" "CARGO_HOME=/opt/rustwide/cargo-home" "-e" "RUSTUP_HOME=/opt/rustwide/rustup-home" "-w" "/opt/rustwide/workdir" "-m" "1610612736" "--user" "0:0" "--network" "none" "ghcr.io/rust-lang/crates-build-env/linux@sha256:a89201d6b5b9fd45c15d5952ece0a0129e7e80cb26ec023fd59cf09bc26f1604" "/opt/rustwide/cargo-home/bin/cargo" "+beta-2021-10-15" "metadata" "--no-deps" "--format-version=1", kill_on_drop: false }`
[INFO] [stdout] 4df4cece531163d1f8bfc31e7d9441140b59e18d34cd9f24b0c31c48b7ad27f5
[INFO] running `Command { std: "docker" "start" "-a" "4df4cece531163d1f8bfc31e7d9441140b59e18d34cd9f24b0c31c48b7ad27f5", kill_on_drop: false }`
[INFO] running `Command { std: "docker" "inspect" "4df4cece531163d1f8bfc31e7d9441140b59e18d34cd9f24b0c31c48b7ad27f5", kill_on_drop: false }`
[INFO] running `Command { std: "docker" "rm" "-f" "4df4cece531163d1f8bfc31e7d9441140b59e18d34cd9f24b0c31c48b7ad27f5", kill_on_drop: false }`
[INFO] [stdout] 4df4cece531163d1f8bfc31e7d9441140b59e18d34cd9f24b0c31c48b7ad27f5
[INFO] running `Command { std: "docker" "create" "-v" "/var/lib/crater-agent-workspace/builds/worker-45/target:/opt/rustwide/target:rw,Z" "-v" "/var/lib/crater-agent-workspace/builds/worker-45/source:/opt/rustwide/workdir:ro,Z" "-v" "/var/lib/crater-agent-workspace/cargo-home:/opt/rustwide/cargo-home:ro,Z" "-v" "/var/lib/crater-agent-workspace/rustup-home:/opt/rustwide/rustup-home:ro,Z" "-e" "SOURCE_DIR=/opt/rustwide/workdir" "-e" "CARGO_TARGET_DIR=/opt/rustwide/target" "-e" "CARGO_INCREMENTAL=0" "-e" "RUST_BACKTRACE=full" "-e" "RUSTFLAGS=--cap-lints=warn" "-e" "CARGO_HOME=/opt/rustwide/cargo-home" "-e" "RUSTUP_HOME=/opt/rustwide/rustup-home" "-w" "/opt/rustwide/workdir" "-m" "1610612736" "--user" "0:0" "--network" "none" "ghcr.io/rust-lang/crates-build-env/linux@sha256:a89201d6b5b9fd45c15d5952ece0a0129e7e80cb26ec023fd59cf09bc26f1604" "/opt/rustwide/cargo-home/bin/cargo" "+beta-2021-10-15" "check" "--frozen" "--all" "--all-targets" "--message-format=json", kill_on_drop: false }`
[INFO] [stdout] 1739a2ce7c83971f1d55f823bb2165a79a16827408af9f9c84d179357747e721
[INFO] running `Command { std: "docker" "start" "-a" "1739a2ce7c83971f1d55f823bb2165a79a16827408af9f9c84d179357747e721", kill_on_drop: false }`
[INFO] [stderr]     Blocking waiting for file lock on package cache
[INFO] [stderr]    Compiling proc-macro2 v1.0.26
[INFO] [stderr]    Compiling unicode-xid v0.2.1
[INFO] [stderr]    Compiling syn v1.0.70
[INFO] [stderr]    Compiling libc v0.2.93
[INFO] [stderr]     Checking cfg-if v1.0.0
[INFO] [stderr]    Compiling autocfg v1.0.1
[INFO] [stderr]    Compiling memchr v2.3.4
[INFO] [stderr]    Compiling cc v1.0.67
[INFO] [stderr]    Compiling log v0.4.14
[INFO] [stderr]     Checking once_cell v1.7.2
[INFO] [stderr]     Checking pin-project-lite v0.2.6
[INFO] [stderr]     Checking smallvec v1.6.1
[INFO] [stderr]     Checking bytes v1.0.1
[INFO] [stderr]     Checking scopeguard v1.1.0
[INFO] [stderr]     Checking futures-core v0.3.14
[INFO] [stderr]    Compiling proc-macro-hack v0.5.19
[INFO] [stderr]     Checking futures-sink v0.3.14
[INFO] [stderr]    Compiling proc-macro-nested v0.1.7
[INFO] [stderr]    Compiling pkg-config v0.3.19
[INFO] [stderr]     Checking itoa v0.4.7
[INFO] [stderr]     Checking slab v0.4.3
[INFO] [stderr]    Compiling version_check v0.9.3
[INFO] [stderr]     Checking futures-task v0.3.14
[INFO] [stderr]     Checking spin v0.5.2
[INFO] [stderr]     Checking untrusted v0.7.1
[INFO] [stderr]     Checking pin-utils v0.1.0
[INFO] [stderr]     Checking futures-io v0.3.14
[INFO] [stderr]     Checking lazy_static v1.4.0
[INFO] [stderr]     Checking fnv v1.0.7
[INFO] [stderr]    Compiling bitflags v1.2.1
[INFO] [stderr]    Compiling openssl v0.10.33
[INFO] [stderr]     Checking foreign-types-shared v0.1.1
[INFO] [stderr]    Compiling serde_derive v1.0.125
[INFO] [stderr]     Checking hashbrown v0.9.1
[INFO] [stderr]    Compiling httparse v1.4.0
[INFO] [stderr]     Checking matches v0.1.8
[INFO] [stderr]    Compiling ryu v1.0.5
[INFO] [stderr]     Checking try-lock v0.2.3
[INFO] [stderr]     Checking tinyvec_macros v0.1.0
[INFO] [stderr]    Compiling serde v1.0.125
[INFO] [stderr]    Compiling native-tls v0.2.7
[INFO] [stderr]     Checking percent-encoding v2.1.0
[INFO] [stderr]    Compiling strsim v0.10.0
[INFO] [stderr]     Checking openssl-probe v0.1.2
[INFO] [stderr]     Checking tower-service v0.3.1
[INFO] [stderr]     Checking httpdate v1.0.0
[INFO] [stderr]     Checking base64 v0.13.0
[INFO] [stderr]    Compiling ident_case v1.0.1
[INFO] [stderr]    Compiling getrandom v0.2.2
[INFO] [stderr]    Compiling encoding_rs v0.8.28
[INFO] [stderr]    Compiling serde_json v1.0.64
[INFO] [stderr]     Checking mime v0.3.16
[INFO] [stderr]     Checking ipnet v2.3.0
[INFO] [stderr]    Compiling convert_case v0.4.0
[INFO] [stderr]     Checking quick-error v1.2.3
[INFO] [stderr]     Checking regex-syntax v0.6.23
[INFO] [stderr]    Compiling async-trait v0.1.50
[INFO] [stderr]     Checking never v0.1.0
[INFO] [stderr]     Checking owned-alloc v0.2.0
[INFO] [stderr]     Checking termcolor v1.1.2
[INFO] [stderr]    Compiling anyhow v1.0.40
[INFO] [stderr]     Checking lock_api v0.4.3
[INFO] [stderr]     Checking humantime v1.3.0
[INFO] [stderr]     Checking futures-channel v0.3.14
[INFO] [stderr]     Checking foreign-types v0.3.2
[INFO] [stderr]     Checking lockfree v0.5.1
[INFO] [stderr]     Checking unicode-bidi v0.3.5
[INFO] [stderr]    Compiling tokio v1.5.0
[INFO] [stderr]    Compiling indexmap v1.6.2
[INFO] [stderr]     Checking tinyvec v1.2.0
[INFO] [stderr]     Checking form_urlencoded v1.0.1
[INFO] [stderr]     Checking instant v0.1.9
[INFO] [stderr]     Checking http v0.2.4
[INFO] [stderr]     Checking tracing-core v0.1.17
[INFO] [stderr]    Compiling unicase v2.6.0
[INFO] [stderr]     Checking unicode-normalization v0.1.17
[INFO] [stderr]     Checking aho-corasick v0.7.15
[INFO] [stderr]    Compiling quote v1.0.9
[INFO] [stderr]    Compiling ring v0.16.20
[INFO] [stderr]    Compiling openssl-sys v0.9.61
[INFO] [stderr]     Checking parking_lot_core v0.8.3
[INFO] [stderr]     Checking signal-hook-registry v1.3.0
[INFO] [stderr]     Checking num_cpus v1.13.0
[INFO] [stderr]     Checking socket2 v0.4.0
[INFO] [stderr]     Checking atty v0.2.14
[INFO] [stderr]     Checking mio v0.7.11
[INFO] [stderr]     Checking want v0.3.0
[INFO] [stderr]     Checking tracing v0.1.25
[INFO] [stderr]     Checking uuid v0.8.2
[INFO] [stderr]     Checking parking_lot v0.11.1
[INFO] [stderr]    Compiling mime_guess v2.0.3
[INFO] [stderr]     Checking regex v1.4.6
[INFO] [stderr]     Checking idna v0.2.3
[INFO] [stderr]     Checking http-body v0.4.1
[INFO] [stderr]     Checking url v2.2.1
[INFO] [stderr]     Checking env_logger v0.7.1
[INFO] [stderr]     Checking pretty_env_logger v0.4.0
[INFO] [stderr]     Checking webpki v0.21.4
[INFO] [stderr]     Checking sct v0.6.1
[INFO] [stderr]     Checking rustls v0.19.1
[INFO] [stderr]     Checking webpki-roots v0.21.1
[INFO] [stderr]    Compiling darling_core v0.12.4
[INFO] [stderr]    Compiling tokio-macros v1.2.0
[INFO] [stderr]    Compiling futures-macro v0.3.14
[INFO] [stderr]    Compiling pin-project-internal v1.0.7
[INFO] [stderr]    Compiling thiserror-impl v1.0.25
[INFO] [stderr]    Compiling derive_more v0.99.13
[INFO] [stderr]    Compiling teloxide-macros v0.4.0
[INFO] [stderr]    Compiling darling_macro v0.12.4
[INFO] [stderr]     Checking futures-util v0.3.14
[INFO] [stderr]    Compiling darling v0.12.4
[INFO] [stderr]    Compiling serde_with_macros v1.4.1
[INFO] [stderr]     Checking futures-executor v0.3.14
[INFO] [stderr]     Checking tokio-util v0.6.6
[INFO] [stderr]     Checking tokio-native-tls v0.3.0
[INFO] [stderr]     Checking tokio-rustls v0.22.0
[INFO] [stderr]     Checking tokio-stream v0.1.6
[INFO] [stderr]     Checking futures v0.3.14
[INFO] [stderr]     Checking thiserror v1.0.25
[INFO] [stderr]     Checking h2 v0.3.2
[INFO] [stderr]     Checking pin-project v1.0.7
[INFO] [stderr]     Checking hyper v0.14.7
[INFO] [stderr]     Checking serde_urlencoded v0.7.0
[INFO] [stderr]     Checking hyper-tls v0.5.0
[INFO] [stderr]     Checking hyper-rustls v0.22.1
[INFO] [stderr]     Checking reqwest v0.11.3
[INFO] [stderr]     Checking teloxide-core v0.2.2
[INFO] [stderr]     Checking teloxide v0.4.0
[INFO] [stderr]     Checking camera_bot v0.4.2 (/opt/rustwide/workdir)
[INFO] [stdout] error[E0554]: `#![feature]` may not be used on the beta release channel
[INFO] [stdout]  --> src/main.rs:1:1
[INFO] [stdout]   |
[INFO] [stdout] 1 | #![feature(once_cell)]
[INFO] [stdout]   | ^^^^^^^^^^^^^^^^^^^^^^
[INFO] [stdout] 
[INFO] [stdout] 
[INFO] [stdout] error[E0554]: `#![feature]` may not be used on the beta release channel
[INFO] [stdout]  --> src/main.rs:2:1
[INFO] [stdout]   |
[INFO] [stdout] 2 | #![feature(async_closure)]
[INFO] [stdout]   | ^^^^^^^^^^^^^^^^^^^^^^^^^^
[INFO] [stdout] 
[INFO] [stdout] 
[INFO] [stdout] error[E0554]: `#![feature]` may not be used on the beta release channel
[INFO] [stdout]  --> src/main.rs:1:1
[INFO] [stdout]   |
[INFO] [stdout] 1 | #![feature(once_cell)]
[INFO] [stdout]   | ^^^^^^^^^^^^^^^^^^^^^^
[INFO] [stdout] 
[INFO] [stdout] 
[INFO] [stdout] error[E0554]: `#![feature]` may not be used on the beta release channel
[INFO] [stdout]  --> src/main.rs:2:1
[INFO] [stdout]   |
[INFO] [stdout] 2 | #![feature(async_closure)]
[INFO] [stdout]   | ^^^^^^^^^^^^^^^^^^^^^^^^^^
[INFO] [stdout] 
[INFO] [stdout] 
[INFO] [stdout] error: aborting due to 2 previous errors
[INFO] [stdout] 
[INFO] [stdout] 
[INFO] [stdout] For more information about this error, try `rustc --explain E0554`.
[INFO] [stdout] 
[INFO] [stderr] error: could not compile `camera_bot` due to 3 previous errors
[INFO] [stderr] warning: build failed, waiting for other jobs to finish...
[INFO] [stdout] error: aborting due to 2 previous errors
[INFO] [stdout] 
[INFO] [stdout] 
[INFO] [stdout] For more information about this error, try `rustc --explain E0554`.
[INFO] [stdout] 
[INFO] [stderr] error: build failed
[INFO] running `Command { std: "docker" "inspect" "1739a2ce7c83971f1d55f823bb2165a79a16827408af9f9c84d179357747e721", kill_on_drop: false }`
[INFO] running `Command { std: "docker" "rm" "-f" "1739a2ce7c83971f1d55f823bb2165a79a16827408af9f9c84d179357747e721", kill_on_drop: false }`
[INFO] [stdout] 1739a2ce7c83971f1d55f823bb2165a79a16827408af9f9c84d179357747e721
