[INFO] cloning repository https://github.com/Gelbpunkt/resvg-raqote
[INFO] running `Command { std: "git" "-c" "credential.helper=" "-c" "credential.helper=/workspace/cargo-home/bin/git-credential-null" "clone" "--bare" "https://github.com/Gelbpunkt/resvg-raqote" "/workspace/cache/git-repos/https%3A%2F%2Fgithub.com%2FGelbpunkt%2Fresvg-raqote", kill_on_drop: false }`
[INFO] [stderr] Cloning into bare repository '/workspace/cache/git-repos/https%3A%2F%2Fgithub.com%2FGelbpunkt%2Fresvg-raqote'...
[INFO] running `Command { std: "git" "rev-parse" "HEAD", kill_on_drop: false }`
[INFO] [stdout] 2e1f45c0157e4e6872074b5ec1929006cb45607b
[INFO] checking Gelbpunkt/resvg-raqote against beta-2021-10-15 for beta-1.56-3
[INFO] running `Command { std: "git" "clone" "/workspace/cache/git-repos/https%3A%2F%2Fgithub.com%2FGelbpunkt%2Fresvg-raqote" "/workspace/builds/worker-0/source", kill_on_drop: false }`
[INFO] [stderr] Cloning into '/workspace/builds/worker-0/source'...
[INFO] [stderr] done.
[INFO] validating manifest of git repo https://github.com/Gelbpunkt/resvg-raqote on toolchain beta-2021-10-15
[INFO] running `Command { std: "/workspace/cargo-home/bin/cargo" "+beta-2021-10-15" "metadata" "--manifest-path" "Cargo.toml" "--no-deps", kill_on_drop: false }`
[INFO] started tweaking git repo https://github.com/Gelbpunkt/resvg-raqote
[INFO] finished tweaking git repo https://github.com/Gelbpunkt/resvg-raqote
[INFO] tweaked toml for git repo https://github.com/Gelbpunkt/resvg-raqote written to /workspace/builds/worker-0/source/Cargo.toml
[INFO] crate git repo https://github.com/Gelbpunkt/resvg-raqote already has a lockfile, it will not be regenerated
[INFO] running `Command { std: "/workspace/cargo-home/bin/cargo" "+beta-2021-10-15" "fetch" "--manifest-path" "Cargo.toml", kill_on_drop: false }`
[INFO] [stderr]     Updating git repository `https://github.com/jrmuizel/raqote.git`
[INFO] [stderr]  Downloading crates ...
[INFO] [stderr]   Downloaded unicode-vo v0.1.0
[INFO] [stderr]   Downloaded simplecss v0.2.0
[INFO] [stderr]   Downloaded pico-args v0.3.4
[INFO] [stderr]   Downloaded kurbo v0.6.3
[INFO] [stderr]   Downloaded float-cmp v0.5.3
[INFO] [stderr]   Downloaded data-url v0.1.0
[INFO] [stderr]   Downloaded freetype v0.5.1
[INFO] [stderr]   Downloaded rgb v0.8.25
[INFO] [stderr]   Downloaded harfbuzz_rs v1.2.0
[INFO] [stderr]   Downloaded roxmltree v0.11.0
[INFO] [stderr]   Downloaded sw-composite v0.7.13
[INFO] [stderr]   Downloaded svgfilters v0.1.0
[INFO] [stderr]   Downloaded xmlwriter v0.1.0
[INFO] [stderr]   Downloaded svgtypes v0.5.0
[INFO] [stderr]   Downloaded rctree v0.3.3
[INFO] [stderr]   Downloaded unicode-script v0.5.2
[INFO] [stderr]   Downloaded usvg v0.10.0
[INFO] [stderr]   Downloaded freetype-sys v0.11.0
[INFO] [stderr]   Downloaded harfbuzz-sys v0.4.1
[INFO] running `Command { std: "docker" "create" "-v" "/var/lib/crater-agent-workspace/builds/worker-0/target:/opt/rustwide/target:rw,Z" "-v" "/var/lib/crater-agent-workspace/builds/worker-0/source:/opt/rustwide/workdir:ro,Z" "-v" "/var/lib/crater-agent-workspace/cargo-home:/opt/rustwide/cargo-home:ro,Z" "-v" "/var/lib/crater-agent-workspace/rustup-home:/opt/rustwide/rustup-home:ro,Z" "-e" "SOURCE_DIR=/opt/rustwide/workdir" "-e" "CARGO_TARGET_DIR=/opt/rustwide/target" "-e" "CARGO_HOME=/opt/rustwide/cargo-home" "-e" "RUSTUP_HOME=/opt/rustwide/rustup-home" "-w" "/opt/rustwide/workdir" "-m" "1610612736" "--user" "0:0" "--network" "none" "ghcr.io/rust-lang/crates-build-env/linux@sha256:a89201d6b5b9fd45c15d5952ece0a0129e7e80cb26ec023fd59cf09bc26f1604" "/opt/rustwide/cargo-home/bin/cargo" "+beta-2021-10-15" "metadata" "--no-deps" "--format-version=1", kill_on_drop: false }`
[INFO] [stdout] 7d0f58811aea5fa91f20e00edb3b6b7558061e0248fdc98fcbf3527a592b535a
[INFO] [stderr] WARNING: Your kernel does not support swap limit capabilities or the cgroup is not mounted. Memory limited without swap.
[INFO] running `Command { std: "docker" "start" "-a" "7d0f58811aea5fa91f20e00edb3b6b7558061e0248fdc98fcbf3527a592b535a", kill_on_drop: false }`
[INFO] running `Command { std: "docker" "inspect" "7d0f58811aea5fa91f20e00edb3b6b7558061e0248fdc98fcbf3527a592b535a", kill_on_drop: false }`
[INFO] running `Command { std: "docker" "rm" "-f" "7d0f58811aea5fa91f20e00edb3b6b7558061e0248fdc98fcbf3527a592b535a", kill_on_drop: false }`
[INFO] [stdout] 7d0f58811aea5fa91f20e00edb3b6b7558061e0248fdc98fcbf3527a592b535a
[INFO] running `Command { std: "docker" "create" "-v" "/var/lib/crater-agent-workspace/builds/worker-0/target:/opt/rustwide/target:rw,Z" "-v" "/var/lib/crater-agent-workspace/builds/worker-0/source:/opt/rustwide/workdir:ro,Z" "-v" "/var/lib/crater-agent-workspace/cargo-home:/opt/rustwide/cargo-home:ro,Z" "-v" "/var/lib/crater-agent-workspace/rustup-home:/opt/rustwide/rustup-home:ro,Z" "-e" "SOURCE_DIR=/opt/rustwide/workdir" "-e" "CARGO_TARGET_DIR=/opt/rustwide/target" "-e" "CARGO_INCREMENTAL=0" "-e" "RUST_BACKTRACE=full" "-e" "RUSTFLAGS=--cap-lints=warn" "-e" "CARGO_HOME=/opt/rustwide/cargo-home" "-e" "RUSTUP_HOME=/opt/rustwide/rustup-home" "-w" "/opt/rustwide/workdir" "-m" "1610612736" "--user" "0:0" "--network" "none" "ghcr.io/rust-lang/crates-build-env/linux@sha256:a89201d6b5b9fd45c15d5952ece0a0129e7e80cb26ec023fd59cf09bc26f1604" "/opt/rustwide/cargo-home/bin/cargo" "+beta-2021-10-15" "check" "--frozen" "--all" "--all-targets" "--message-format=json", kill_on_drop: false }`
[INFO] [stderr] WARNING: Your kernel does not support swap limit capabilities or the cgroup is not mounted. Memory limited without swap.
[INFO] [stdout] d0263ddcea682a3411a79e8e56cb0c2aaaf1b31657efece286d21795d5ba45e7
[INFO] running `Command { std: "docker" "start" "-a" "d0263ddcea682a3411a79e8e56cb0c2aaaf1b31657efece286d21795d5ba45e7", kill_on_drop: false }`
[INFO] [stderr]    Compiling cc v1.0.61
[INFO] [stderr]    Compiling libc v0.2.79
[INFO] [stderr]    Compiling crc32fast v1.2.0
[INFO] [stderr]     Checking arrayvec v0.5.1
[INFO] [stderr]    Compiling log v0.4.11
[INFO] [stderr]     Checking float-cmp v0.5.3
[INFO] [stderr]     Checking bytemuck v1.4.1
[INFO] [stderr]     Checking xmlparser v0.13.3
[INFO] [stderr]     Checking xmlwriter v0.1.0
[INFO] [stderr]     Checking sw-composite v0.7.13
[INFO] [stderr]     Checking unicode-vo v0.1.0
[INFO] [stderr]     Checking typed-arena v2.0.1
[INFO] [stderr]     Checking pico-args v0.3.4
[INFO] [stderr]     Checking unicode-script v0.5.2
[INFO] [stderr]     Checking rctree v0.3.3
[INFO] [stderr]    Compiling num-traits v0.2.12
[INFO] [stderr]    Compiling miniz_oxide v0.4.3
[INFO] [stderr]     Checking data-url v0.1.0
[INFO] [stderr]     Checking svgtypes v0.5.0
[INFO] [stderr]     Checking jpeg-decoder v0.1.20
[INFO] [stderr]     Checking rgb v0.8.25
[INFO] [stderr]     Checking roxmltree v0.11.0
[INFO] [stderr]     Checking kurbo v0.6.3
[INFO] [stderr]    Compiling cmake v0.1.44
[INFO] [stderr]     Checking svgfilters v0.1.0
[INFO] [stderr]     Checking simplecss v0.2.0
[INFO] [stderr]    Compiling freetype-sys v0.11.0
[INFO] [stderr]    Compiling harfbuzz-sys v0.4.1
[INFO] [stderr]     Checking memmap2 v0.1.0
[INFO] [stderr]     Checking flate2 v1.0.18
[INFO] [stderr]     Checking euclid v0.20.14
[INFO] [stderr]     Checking freetype v0.5.1
[INFO] [stderr]     Checking harfbuzz_rs v1.2.0
[INFO] [stderr]     Checking lyon_geom v0.15.3
[INFO] [stderr]     Checking usvg v0.10.0
[INFO] [stderr]     Checking raqote v0.8.1-alpha.0 (https://github.com/jrmuizel/raqote.git#d21bcdaa)
[INFO] [stderr]     Checking resvg-raqote v0.10.1 (/opt/rustwide/workdir)
[INFO] [stdout] warning: unused import: `log::warn`
[INFO] [stdout]  --> src/image.rs:5:5
[INFO] [stdout]   |
[INFO] [stdout] 5 | use log::warn;
[INFO] [stdout]   |     ^^^^^^^^^
[INFO] [stdout]   |
[INFO] [stdout]   = note: `#[warn(unused_imports)]` on by default
[INFO] [stdout] 
[INFO] [stdout] 
[INFO] [stdout] warning: unused import: `log::warn`
[INFO] [stdout]  --> src/image.rs:5:5
[INFO] [stdout]   |
[INFO] [stdout] 5 | use log::warn;
[INFO] [stdout]   |     ^^^^^^^^^
[INFO] [stdout]   |
[INFO] [stdout]   = note: `#[warn(unused_imports)]` on by default
[INFO] [stdout] 
[INFO] [stdout] 
[INFO] [stdout] warning: function is never used: `image_to_surface`
[INFO] [stdout]   --> src/image.rs:26:4
[INFO] [stdout]    |
[INFO] [stdout] 26 | fn image_to_surface(image: &Image, surface: &mut [u8]) {
[INFO] [stdout]    |    ^^^^^^^^^^^^^^^^
[INFO] [stdout]    |
[INFO] [stdout]    = note: `#[warn(dead_code)]` on by default
[INFO] [stdout] 
[INFO] [stdout] 
[INFO] [stdout] warning: struct is never constructed: `Image`
[INFO] [stdout]   --> src/image.rs:94:12
[INFO] [stdout]    |
[INFO] [stdout] 94 | pub struct Image {
[INFO] [stdout]    |            ^^^^^
[INFO] [stdout] 
[INFO] [stdout] 
[INFO] [stdout] warning: enum is never used: `ImageData`
[INFO] [stdout]    --> src/image.rs:102:10
[INFO] [stdout]     |
[INFO] [stdout] 102 | pub enum ImageData {
[INFO] [stdout]     |          ^^^^^^^^^
[INFO] [stdout] 
[INFO] [stdout] 
[INFO] [stdout] warning: function is never used: `image_rect`
[INFO] [stdout]    --> src/image.rs:108:8
[INFO] [stdout]     |
[INFO] [stdout] 108 | pub fn image_rect(
[INFO] [stdout]     |        ^^^^^^^^^^
[INFO] [stdout] 
[INFO] [stdout] 
[INFO] [stdout] warning: 5 warnings emitted
[INFO] [stdout] 
[INFO] [stdout] 
[INFO] [stdout] warning: function is never used: `image_to_surface`
[INFO] [stdout]   --> src/image.rs:26:4
[INFO] [stdout]    |
[INFO] [stdout] 26 | fn image_to_surface(image: &Image, surface: &mut [u8]) {
[INFO] [stdout]    |    ^^^^^^^^^^^^^^^^
[INFO] [stdout]    |
[INFO] [stdout]    = note: `#[warn(dead_code)]` on by default
[INFO] [stdout] 
[INFO] [stdout] 
[INFO] [stdout] warning: struct is never constructed: `Image`
[INFO] [stdout]   --> src/image.rs:94:12
[INFO] [stdout]    |
[INFO] [stdout] 94 | pub struct Image {
[INFO] [stdout]    |            ^^^^^
[INFO] [stdout] 
[INFO] [stdout] 
[INFO] [stdout] warning: enum is never used: `ImageData`
[INFO] [stdout]    --> src/image.rs:102:10
[INFO] [stdout]     |
[INFO] [stdout] 102 | pub enum ImageData {
[INFO] [stdout]     |          ^^^^^^^^^
[INFO] [stdout] 
[INFO] [stdout] 
[INFO] [stdout] warning: function is never used: `image_rect`
[INFO] [stdout]    --> src/image.rs:108:8
[INFO] [stdout]     |
[INFO] [stdout] 108 | pub fn image_rect(
[INFO] [stdout]     |        ^^^^^^^^^^
[INFO] [stdout] 
[INFO] [stdout] 
[INFO] [stdout] warning: 5 warnings emitted
[INFO] [stdout] 
[INFO] [stdout] 
[INFO] [stdout] error[E0599]: no method named `write_png` found for struct `raqote::draw_target::DrawTarget` in the current scope
[INFO] [stdout]   --> examples/custom_rtree.rs:56:9
[INFO] [stdout]    |
[INFO] [stdout] 56 |     img.write_png("out.png").unwrap();
[INFO] [stdout]    |         ^^^^^^^^^ method not found in `raqote::draw_target::DrawTarget`
[INFO] [stdout] 
[INFO] [stdout] 
[INFO] [stdout] error: aborting due to previous error
[INFO] [stdout] 
[INFO] [stdout] 
[INFO] [stdout] For more information about this error, try `rustc --explain E0599`.
[INFO] [stdout] 
[INFO] [stderr] error: could not compile `resvg-raqote` due to 2 previous errors
[INFO] [stderr] warning: build failed, waiting for other jobs to finish...
[INFO] [stdout] error[E0599]: no method named `write_png` found for struct `raqote::draw_target::DrawTarget` in the current scope
[INFO] [stdout]   --> examples/minimal.rs:13:9
[INFO] [stdout]    |
[INFO] [stdout] 13 |     img.write_png(&args[2]).unwrap();
[INFO] [stdout]    |         ^^^^^^^^^ method not found in `raqote::draw_target::DrawTarget`
[INFO] [stdout] 
[INFO] [stdout] 
[INFO] [stdout] error: aborting due to previous error
[INFO] [stdout] 
[INFO] [stdout] 
[INFO] [stdout] For more information about this error, try `rustc --explain E0599`.
[INFO] [stdout] 
[INFO] [stdout] error[E0599]: no method named `write_png` found for struct `raqote::draw_target::DrawTarget` in the current scope
[INFO] [stdout]   --> examples/draw_bboxes.rs:53:9
[INFO] [stdout]    |
[INFO] [stdout] 53 |     img.write_png(&args[2]).unwrap();
[INFO] [stdout]    |         ^^^^^^^^^ method not found in `raqote::draw_target::DrawTarget`
[INFO] [stdout] 
[INFO] [stdout] 
[INFO] [stdout] error: aborting due to previous error
[INFO] [stdout] 
[INFO] [stdout] 
[INFO] [stdout] For more information about this error, try `rustc --explain E0599`.
[INFO] [stdout] 
[INFO] [stderr] error: build failed
[INFO] running `Command { std: "docker" "inspect" "d0263ddcea682a3411a79e8e56cb0c2aaaf1b31657efece286d21795d5ba45e7", kill_on_drop: false }`
[INFO] running `Command { std: "docker" "rm" "-f" "d0263ddcea682a3411a79e8e56cb0c2aaaf1b31657efece286d21795d5ba45e7", kill_on_drop: false }`
[INFO] [stdout] d0263ddcea682a3411a79e8e56cb0c2aaaf1b31657efece286d21795d5ba45e7
