[INFO] cloning repository https://github.com/GatoImorrivel/Rust_Sim_OpenGL
[INFO] running `Command { std: "git" "-c" "credential.helper=" "-c" "credential.helper=/workspace/cargo-home/bin/git-credential-null" "clone" "--bare" "https://github.com/GatoImorrivel/Rust_Sim_OpenGL" "/workspace/cache/git-repos/https%3A%2F%2Fgithub.com%2FGatoImorrivel%2FRust_Sim_OpenGL", kill_on_drop: false }`
[INFO] [stderr] Cloning into bare repository '/workspace/cache/git-repos/https%3A%2F%2Fgithub.com%2FGatoImorrivel%2FRust_Sim_OpenGL'...
[INFO] running `Command { std: "git" "rev-parse" "HEAD", kill_on_drop: false }`
[INFO] [stdout] 9e7a52dc3646a3158f8d04ffbd9dc10bd4144300
[INFO] checking GatoImorrivel/Rust_Sim_OpenGL against beta-2021-10-15 for beta-1.56-3
[INFO] running `Command { std: "git" "clone" "/workspace/cache/git-repos/https%3A%2F%2Fgithub.com%2FGatoImorrivel%2FRust_Sim_OpenGL" "/workspace/builds/worker-2/source", kill_on_drop: false }`
[INFO] [stderr] Cloning into '/workspace/builds/worker-2/source'...
[INFO] [stderr] done.
[INFO] validating manifest of git repo https://github.com/GatoImorrivel/Rust_Sim_OpenGL on toolchain beta-2021-10-15
[INFO] running `Command { std: "/workspace/cargo-home/bin/cargo" "+beta-2021-10-15" "metadata" "--manifest-path" "Cargo.toml" "--no-deps", kill_on_drop: false }`
[INFO] started tweaking git repo https://github.com/GatoImorrivel/Rust_Sim_OpenGL
[INFO] finished tweaking git repo https://github.com/GatoImorrivel/Rust_Sim_OpenGL
[INFO] tweaked toml for git repo https://github.com/GatoImorrivel/Rust_Sim_OpenGL written to /workspace/builds/worker-2/source/Cargo.toml
[INFO] crate git repo https://github.com/GatoImorrivel/Rust_Sim_OpenGL already has a lockfile, it will not be regenerated
[INFO] running `Command { std: "/workspace/cargo-home/bin/cargo" "+beta-2021-10-15" "fetch" "--manifest-path" "Cargo.toml", kill_on_drop: false }`
[INFO] [stderr]  Downloading crates ...
[INFO] [stderr]   Downloaded glutin v0.27.0
[INFO] [stderr]   Downloaded num_enum_derive v0.5.3
[INFO] [stderr]   Downloaded num_enum v0.5.3
[INFO] running `Command { std: "docker" "create" "-v" "/var/lib/crater-agent-workspace/builds/worker-2/target:/opt/rustwide/target:rw,Z" "-v" "/var/lib/crater-agent-workspace/builds/worker-2/source:/opt/rustwide/workdir:ro,Z" "-v" "/var/lib/crater-agent-workspace/cargo-home:/opt/rustwide/cargo-home:ro,Z" "-v" "/var/lib/crater-agent-workspace/rustup-home:/opt/rustwide/rustup-home:ro,Z" "-e" "SOURCE_DIR=/opt/rustwide/workdir" "-e" "CARGO_TARGET_DIR=/opt/rustwide/target" "-e" "CARGO_HOME=/opt/rustwide/cargo-home" "-e" "RUSTUP_HOME=/opt/rustwide/rustup-home" "-w" "/opt/rustwide/workdir" "-m" "1610612736" "--user" "0:0" "--network" "none" "ghcr.io/rust-lang/crates-build-env/linux@sha256:a89201d6b5b9fd45c15d5952ece0a0129e7e80cb26ec023fd59cf09bc26f1604" "/opt/rustwide/cargo-home/bin/cargo" "+beta-2021-10-15" "metadata" "--no-deps" "--format-version=1", kill_on_drop: false }`
[INFO] [stdout] cf42d2855c1d176a5daad73758fed698439e0c4034828496837347dab9f4a4d8
[INFO] [stderr] WARNING: Your kernel does not support swap limit capabilities or the cgroup is not mounted. Memory limited without swap.
[INFO] running `Command { std: "docker" "start" "-a" "cf42d2855c1d176a5daad73758fed698439e0c4034828496837347dab9f4a4d8", kill_on_drop: false }`
[INFO] running `Command { std: "docker" "inspect" "cf42d2855c1d176a5daad73758fed698439e0c4034828496837347dab9f4a4d8", kill_on_drop: false }`
[INFO] running `Command { std: "docker" "rm" "-f" "cf42d2855c1d176a5daad73758fed698439e0c4034828496837347dab9f4a4d8", kill_on_drop: false }`
[INFO] [stdout] cf42d2855c1d176a5daad73758fed698439e0c4034828496837347dab9f4a4d8
[INFO] running `Command { std: "docker" "create" "-v" "/var/lib/crater-agent-workspace/builds/worker-2/target:/opt/rustwide/target:rw,Z" "-v" "/var/lib/crater-agent-workspace/builds/worker-2/source:/opt/rustwide/workdir:ro,Z" "-v" "/var/lib/crater-agent-workspace/cargo-home:/opt/rustwide/cargo-home:ro,Z" "-v" "/var/lib/crater-agent-workspace/rustup-home:/opt/rustwide/rustup-home:ro,Z" "-e" "SOURCE_DIR=/opt/rustwide/workdir" "-e" "CARGO_TARGET_DIR=/opt/rustwide/target" "-e" "CARGO_INCREMENTAL=0" "-e" "RUST_BACKTRACE=full" "-e" "RUSTFLAGS=--cap-lints=warn" "-e" "CARGO_HOME=/opt/rustwide/cargo-home" "-e" "RUSTUP_HOME=/opt/rustwide/rustup-home" "-w" "/opt/rustwide/workdir" "-m" "1610612736" "--user" "0:0" "--network" "none" "ghcr.io/rust-lang/crates-build-env/linux@sha256:a89201d6b5b9fd45c15d5952ece0a0129e7e80cb26ec023fd59cf09bc26f1604" "/opt/rustwide/cargo-home/bin/cargo" "+beta-2021-10-15" "check" "--frozen" "--all" "--all-targets" "--message-format=json", kill_on_drop: false }`
[INFO] [stdout] 3c8d4af4cbbe3c55e1e3b0d8a1240d0444e9e0c3d0ce592efa46af0188d026a8
[INFO] [stderr] WARNING: Your kernel does not support swap limit capabilities or the cgroup is not mounted. Memory limited without swap.
[INFO] running `Command { std: "docker" "start" "-a" "3c8d4af4cbbe3c55e1e3b0d8a1240d0444e9e0c3d0ce592efa46af0188d026a8", kill_on_drop: false }`
[INFO] [stderr]    Compiling libc v0.2.99
[INFO] [stderr]    Compiling xml-rs v0.8.4
[INFO] [stderr]    Compiling khronos_api v3.1.0
[INFO] [stderr]     Checking bitflags v1.3.1
[INFO] [stderr]    Compiling crossbeam-utils v0.8.5
[INFO] [stderr]    Compiling memchr v2.3.4
[INFO] [stderr]     Checking scopeguard v1.1.0
[INFO] [stderr]    Compiling nix v0.18.0
[INFO] [stderr]     Checking ttf-parser v0.6.2
[INFO] [stderr]     Checking xdg v2.2.0
[INFO] [stderr]    Compiling winit v0.25.0
[INFO] [stderr]    Compiling wayland-sys v0.28.6
[INFO] [stderr]    Compiling nom v6.2.1
[INFO] [stderr]    Compiling log v0.4.14
[INFO] [stderr]     Checking dlib v0.5.0
[INFO] [stderr]     Checking dlib v0.4.2
[INFO] [stderr]     Checking lock_api v0.4.4
[INFO] [stderr]    Compiling gl_generator v0.14.0
[INFO] [stderr]    Compiling wayland-scanner v0.28.6
[INFO] [stderr]     Checking crossbeam-epoch v0.9.5
[INFO] [stderr]     Checking crossbeam-queue v0.3.2
[INFO] [stderr]     Checking crossbeam-channel v0.5.1
[INFO] [stderr]     Checking crossbeam-deque v0.8.1
[INFO] [stderr]     Checking crossbeam v0.8.1
[INFO] [stderr]     Checking owned_ttf_parser v0.6.0
[INFO] [stderr]     Checking rusttype v0.9.2
[INFO] [stderr]    Compiling glutin_glx_sys v0.1.7
[INFO] [stderr]    Compiling glutin_egl_sys v0.1.5
[INFO] [stderr]    Compiling gl v0.14.0
[INFO] [stderr]    Compiling particle_sim_gl v0.1.0 (/opt/rustwide/workdir)
[INFO] [stderr]     Checking andrew v0.3.1
[INFO] [stderr]    Compiling wayland-client v0.28.6
[INFO] [stderr]    Compiling wayland-protocols v0.28.6
[INFO] [stderr]     Checking nix v0.20.0
[INFO] [stderr]     Checking mio v0.7.13
[INFO] [stderr]     Checking getrandom v0.2.3
[INFO] [stderr]     Checking memmap2 v0.1.0
[INFO] [stderr]     Checking parking_lot_core v0.8.3
[INFO] [stderr]     Checking x11-dl v2.18.5
[INFO] [stderr]     Checking shared_library v0.1.9
[INFO] [stderr]     Checking raw-window-handle v0.3.3
[INFO] [stderr]     Checking xcursor v0.3.3
[INFO] [stderr]     Checking rand_core v0.6.3
[INFO] [stderr]     Checking osmesa-sys v0.1.2
[INFO] [stderr]     Checking parking_lot v0.11.1
[INFO] [stderr]     Checking rand_chacha v0.3.1
[INFO] [stderr]     Checking mio-misc v1.2.1
[INFO] [stderr]     Checking rand v0.8.4
[INFO] [stderr]     Checking wayland-commons v0.28.6
[INFO] [stderr]     Checking calloop v0.6.5
[INFO] [stderr]     Checking wayland-cursor v0.28.6
[INFO] [stderr]     Checking wayland-egl v0.28.6
[INFO] [stderr]     Checking smithay-client-toolkit v0.12.3
[INFO] [stderr]     Checking glutin v0.27.0
[INFO] [stdout] error[E0432]: unresolved import `glutin::platform::windows`
[INFO] [stdout]  --> src/renderer/render_utils.rs:4:15
[INFO] [stdout]   |
[INFO] [stdout] 4 |     platform::windows::{RawContextExt, WindowExtWindows},
[INFO] [stdout]   |               ^^^^^^^ could not find `windows` in `platform`
[INFO] [stdout] 
[INFO] [stdout] 
[INFO] [stdout] error[E0432]: unresolved import `glutin::platform::windows`
[INFO] [stdout]  --> src/renderer/render_utils.rs:4:15
[INFO] [stdout]   |
[INFO] [stdout] 4 |     platform::windows::{RawContextExt, WindowExtWindows},
[INFO] [stdout]   |               ^^^^^^^ could not find `windows` in `platform`
[INFO] [stdout] 
[INFO] [stdout] 
[INFO] [stdout] error[E0599]: no method named `build_raw_context` found for struct `ContextBuilder` in the current scope
[INFO] [stdout]   --> src/renderer/render_utils.rs:26:14
[INFO] [stdout]    |
[INFO] [stdout] 26 |             .build_raw_context(window_builder.hwnd())
[INFO] [stdout]    |              ^^^^^^^^^^^^^^^^^ method not found in `ContextBuilder<'_, NotCurrent>`
[INFO] [stdout] 
[INFO] [stdout] 
[INFO] [stdout] error[E0599]: no method named `hwnd` found for struct `glutin::window::Window` in the current scope
[INFO] [stdout]   --> src/renderer/render_utils.rs:26:47
[INFO] [stdout]    |
[INFO] [stdout] 26 |             .build_raw_context(window_builder.hwnd())
[INFO] [stdout]    |                                               ^^^^ method not found in `glutin::window::Window`
[INFO] [stdout] 
[INFO] [stdout] 
[INFO] [stdout] error: aborting due to 3 previous errors
[INFO] [stdout] 
[INFO] [stdout] 
[INFO] [stdout] Some errors have detailed explanations: E0432, E0599.
[INFO] [stdout] 
[INFO] [stdout] For more information about an error, try `rustc --explain E0432`.
[INFO] [stdout] 
[INFO] [stderr] error: could not compile `particle_sim_gl` due to 4 previous errors
[INFO] [stderr] warning: build failed, waiting for other jobs to finish...
[INFO] [stdout] error[E0599]: no method named `build_raw_context` found for struct `ContextBuilder` in the current scope
[INFO] [stdout]   --> src/renderer/render_utils.rs:26:14
[INFO] [stdout]    |
[INFO] [stdout] 26 |             .build_raw_context(window_builder.hwnd())
[INFO] [stdout]    |              ^^^^^^^^^^^^^^^^^ method not found in `ContextBuilder<'_, NotCurrent>`
[INFO] [stdout] 
[INFO] [stdout] 
[INFO] [stdout] error[E0599]: no method named `hwnd` found for struct `glutin::window::Window` in the current scope
[INFO] [stdout]   --> src/renderer/render_utils.rs:26:47
[INFO] [stdout]    |
[INFO] [stdout] 26 |             .build_raw_context(window_builder.hwnd())
[INFO] [stdout]    |                                               ^^^^ method not found in `glutin::window::Window`
[INFO] [stdout] 
[INFO] [stdout] 
[INFO] [stdout] error: aborting due to 3 previous errors
[INFO] [stdout] 
[INFO] [stdout] 
[INFO] [stdout] Some errors have detailed explanations: E0432, E0599.
[INFO] [stdout] 
[INFO] [stdout] For more information about an error, try `rustc --explain E0432`.
[INFO] [stdout] 
[INFO] [stderr] error: build failed
[INFO] running `Command { std: "docker" "inspect" "3c8d4af4cbbe3c55e1e3b0d8a1240d0444e9e0c3d0ce592efa46af0188d026a8", kill_on_drop: false }`
[INFO] running `Command { std: "docker" "rm" "-f" "3c8d4af4cbbe3c55e1e3b0d8a1240d0444e9e0c3d0ce592efa46af0188d026a8", kill_on_drop: false }`
[INFO] [stdout] 3c8d4af4cbbe3c55e1e3b0d8a1240d0444e9e0c3d0ce592efa46af0188d026a8
