[INFO] cloning repository https://github.com/GannonCombs/graph-node
[INFO] running `Command { std: "git" "-c" "credential.helper=" "-c" "credential.helper=/workspace/cargo-home/bin/git-credential-null" "clone" "--bare" "https://github.com/GannonCombs/graph-node" "/workspace/cache/git-repos/https%3A%2F%2Fgithub.com%2FGannonCombs%2Fgraph-node", kill_on_drop: false }`
[INFO] [stderr] Cloning into bare repository '/workspace/cache/git-repos/https%3A%2F%2Fgithub.com%2FGannonCombs%2Fgraph-node'...
[INFO] running `Command { std: "git" "rev-parse" "HEAD", kill_on_drop: false }`
[INFO] [stdout] a7e30cb5825a177870b98cf7443dd73c766cdd62
[INFO] checking GannonCombs/graph-node against beta-2021-10-15 for beta-1.56-3
[INFO] running `Command { std: "git" "clone" "/workspace/cache/git-repos/https%3A%2F%2Fgithub.com%2FGannonCombs%2Fgraph-node" "/workspace/builds/worker-1/source", kill_on_drop: false }`
[INFO] [stderr] Cloning into '/workspace/builds/worker-1/source'...
[INFO] [stderr] done.
[INFO] validating manifest of git repo https://github.com/GannonCombs/graph-node on toolchain beta-2021-10-15
[INFO] running `Command { std: "/workspace/cargo-home/bin/cargo" "+beta-2021-10-15" "metadata" "--manifest-path" "Cargo.toml" "--no-deps", kill_on_drop: false }`
[INFO] started tweaking git repo https://github.com/GannonCombs/graph-node
[INFO] finished tweaking git repo https://github.com/GannonCombs/graph-node
[INFO] tweaked toml for git repo https://github.com/GannonCombs/graph-node written to /workspace/builds/worker-1/source/Cargo.toml
[INFO] crate git repo https://github.com/GannonCombs/graph-node already has a lockfile, it will not be regenerated
[INFO] running `Command { std: "/workspace/cargo-home/bin/cargo" "+beta-2021-10-15" "fetch" "--manifest-path" "Cargo.toml", kill_on_drop: false }`
[INFO] [stderr]     Updating git repository `https://github.com/graphql-rust/graphql-parser`
[INFO] [stderr]     Updating git repository `https://github.com/graphprotocol/ethabi.git`
[INFO] [stderr]     Updating git repository `https://github.com/graphprotocol/stable-hash`
[INFO] [stderr]     Updating git repository `https://github.com/graphprotocol/rust-tokio-retry`
[INFO] [stderr]     Updating git repository `https://github.com/graphprotocol/rust-web3`
[INFO] [stderr]     Updating git repository `https://github.com/diesel-rs/diesel-dynamic-schema`
[INFO] [stderr]     Updating git repository `https://github.com/rust-bitcoin/rust-secp256k1`
[INFO] [stderr]  Downloading crates ...
[INFO] [stderr]   Downloaded mockall_derive v0.8.3
[INFO] [stderr]   Downloaded git-testament-derive v0.1.12
[INFO] [stderr]   Downloaded wasmtime-profiling v0.26.0
[INFO] [stderr]   Downloaded assert_cli v0.6.3
[INFO] [stderr]   Downloaded git-testament v0.2.0
[INFO] [stderr]   Downloaded wasmtime-cache v0.26.0
[INFO] [stderr]   Downloaded cranelift-native v0.73.0
[INFO] [stderr]   Downloaded priority-queue v0.7.0
[INFO] [stderr]   Downloaded wasmtime-cranelift v0.26.0
[INFO] [stderr]   Downloaded mockall v0.9.1
[INFO] [stderr]   Downloaded dirs-sys-next v0.1.1
[INFO] [stderr]   Downloaded blake3 v0.3.7
[INFO] [stderr]   Downloaded mockall_derive v0.9.1
[INFO] [stderr]   Downloaded lru_time_cache v0.11.10
[INFO] [stderr]   Downloaded tokio-postgres v0.7.1
[INFO] [stderr]   Downloaded diesel-derive-enum v1.1.1
[INFO] [stderr]   Downloaded wasmtime-fiber v0.26.0
[INFO] [stderr]   Downloaded websocket v0.21.1
[INFO] [stderr]   Downloaded cranelift-frontend v0.73.0
[INFO] [stderr]   Downloaded serde_with v1.6.4
[INFO] [stderr]   Downloaded derive_state_machine_future v0.2.0
[INFO] [stderr]   Downloaded maybe-owned v0.3.4
[INFO] [stderr]   Downloaded wasmtime-environ v0.26.0
[INFO] [stderr]   Downloaded wasmtime v0.26.0
[INFO] [stderr]   Downloaded postgres v0.19.1
[INFO] [stderr]   Downloaded const_fn_assert v0.1.2
[INFO] [stderr]   Downloaded hyper-unix-connector v0.2.2
[INFO] [stderr]   Downloaded h2 v0.3.1
[INFO] [stderr]   Downloaded wasmparser v0.77.0
[INFO] [stderr]   Downloaded port_check v0.1.5
[INFO] [stderr]   Downloaded protobuf v2.18.0
[INFO] [stderr]   Downloaded defer v0.1.0
[INFO] [stderr]   Downloaded wasmtime-jit v0.26.0
[INFO] [stderr]   Downloaded wasmtime-obj v0.26.0
[INFO] [stderr]   Downloaded cranelift-bforest v0.73.0
[INFO] [stderr]   Downloaded cranelift-codegen-shared v0.73.0
[INFO] [stderr]   Downloaded wast v35.0.1
[INFO] [stderr]   Downloaded wasmtime-debug v0.26.0
[INFO] [stderr]   Downloaded fallible-iterator v0.1.6
[INFO] [stderr]   Downloaded psm v0.1.11
[INFO] [stderr]   Downloaded cranelift-entity v0.73.0
[INFO] [stderr]   Downloaded cranelift-wasm v0.73.0
[INFO] [stderr]   Downloaded crossbeam-queue v0.3.0
[INFO] [stderr]   Downloaded cranelift-codegen-meta v0.73.0
[INFO] [stderr]   Downloaded bollard v0.10.1
[INFO] [stderr]   Downloaded mockall v0.8.3
[INFO] [stderr]   Downloaded ibig v0.3.1
[INFO] [stderr]   Downloaded wasmtime-runtime v0.26.0
[INFO] [stderr]   Downloaded cranelift-codegen v0.73.0
[INFO] [stderr]   Downloaded state_machine_future v0.2.0
[INFO] [stderr]   Downloaded rent_to_own v0.1.0
[INFO] running `Command { std: "docker" "create" "-v" "/var/lib/crater-agent-workspace/builds/worker-1/target:/opt/rustwide/target:rw,Z" "-v" "/var/lib/crater-agent-workspace/builds/worker-1/source:/opt/rustwide/workdir:ro,Z" "-v" "/var/lib/crater-agent-workspace/cargo-home:/opt/rustwide/cargo-home:ro,Z" "-v" "/var/lib/crater-agent-workspace/rustup-home:/opt/rustwide/rustup-home:ro,Z" "-e" "SOURCE_DIR=/opt/rustwide/workdir" "-e" "CARGO_TARGET_DIR=/opt/rustwide/target" "-e" "CARGO_HOME=/opt/rustwide/cargo-home" "-e" "RUSTUP_HOME=/opt/rustwide/rustup-home" "-w" "/opt/rustwide/workdir" "-m" "1610612736" "--user" "0:0" "--network" "none" "ghcr.io/rust-lang/crates-build-env/linux@sha256:a89201d6b5b9fd45c15d5952ece0a0129e7e80cb26ec023fd59cf09bc26f1604" "/opt/rustwide/cargo-home/bin/cargo" "+beta-2021-10-15" "metadata" "--no-deps" "--format-version=1", kill_on_drop: false }`
[INFO] [stdout] 96f88ba521d693fd100330771d935503bf87032cc15a92f7a6a0d03cd2bda071
[INFO] [stderr] WARNING: Your kernel does not support swap limit capabilities or the cgroup is not mounted. Memory limited without swap.
[INFO] running `Command { std: "docker" "start" "-a" "96f88ba521d693fd100330771d935503bf87032cc15a92f7a6a0d03cd2bda071", kill_on_drop: false }`
[INFO] running `Command { std: "docker" "inspect" "96f88ba521d693fd100330771d935503bf87032cc15a92f7a6a0d03cd2bda071", kill_on_drop: false }`
[INFO] running `Command { std: "docker" "rm" "-f" "96f88ba521d693fd100330771d935503bf87032cc15a92f7a6a0d03cd2bda071", kill_on_drop: false }`
[INFO] [stdout] 96f88ba521d693fd100330771d935503bf87032cc15a92f7a6a0d03cd2bda071
[INFO] running `Command { std: "docker" "create" "-v" "/var/lib/crater-agent-workspace/builds/worker-1/target:/opt/rustwide/target:rw,Z" "-v" "/var/lib/crater-agent-workspace/builds/worker-1/source:/opt/rustwide/workdir:ro,Z" "-v" "/var/lib/crater-agent-workspace/cargo-home:/opt/rustwide/cargo-home:ro,Z" "-v" "/var/lib/crater-agent-workspace/rustup-home:/opt/rustwide/rustup-home:ro,Z" "-e" "SOURCE_DIR=/opt/rustwide/workdir" "-e" "CARGO_TARGET_DIR=/opt/rustwide/target" "-e" "CARGO_INCREMENTAL=0" "-e" "RUST_BACKTRACE=full" "-e" "RUSTFLAGS=--cap-lints=warn" "-e" "CARGO_HOME=/opt/rustwide/cargo-home" "-e" "RUSTUP_HOME=/opt/rustwide/rustup-home" "-w" "/opt/rustwide/workdir" "-m" "1610612736" "--user" "0:0" "--network" "none" "ghcr.io/rust-lang/crates-build-env/linux@sha256:a89201d6b5b9fd45c15d5952ece0a0129e7e80cb26ec023fd59cf09bc26f1604" "/opt/rustwide/cargo-home/bin/cargo" "+beta-2021-10-15" "check" "--frozen" "--all" "--all-targets" "--message-format=json", kill_on_drop: false }`
[INFO] [stdout] 5fe5d7174570d5d472ceff1df0ca78993f727ebed2f42ddb4e4569cf210c6f97
[INFO] [stderr] WARNING: Your kernel does not support swap limit capabilities or the cgroup is not mounted. Memory limited without swap.
[INFO] running `Command { std: "docker" "start" "-a" "5fe5d7174570d5d472ceff1df0ca78993f727ebed2f42ddb4e4569cf210c6f97", kill_on_drop: false }`
[INFO] [stderr]    Compiling libc v0.2.88
[INFO] [stderr]    Compiling syn v1.0.62
[INFO] [stderr]    Compiling serde v1.0.126
[INFO] [stderr]    Compiling memchr v2.4.0
[INFO] [stderr]     Checking itoa v0.4.6
[INFO] [stderr]     Checking futures-sink v0.3.13
[INFO] [stderr]    Compiling serde_json v1.0.59
[INFO] [stderr]    Compiling proc-macro-nested v0.1.6
[INFO] [stderr]     Checking futures-task v0.3.13
[INFO] [stderr]     Checking futures-io v0.3.13
[INFO] [stderr]     Checking pin-project-lite v0.1.11
[INFO] [stderr]    Compiling anyhow v1.0.40
[INFO] [stderr]     Checking once_cell v1.7.2
[INFO] [stderr]     Checking arrayvec v0.5.2
[INFO] [stderr]    Compiling crunchy v0.2.2
[INFO] [stderr]     Checking rustc-hex v2.1.0
[INFO] [stderr]    Compiling openssl v0.10.30
[INFO] [stderr]    Compiling pq-sys v0.4.6
[INFO] [stderr]     Checking subtle v2.3.0
[INFO] [stderr]     Checking wasmparser v0.77.0
[INFO] [stderr]     Checking radium v0.3.0
[INFO] [stderr]     Checking byte-slice-cast v0.3.5
[INFO] [stderr]    Compiling slog v2.5.2
[INFO] [stderr]    Compiling tiny-keccak v2.0.2
[INFO] [stderr]     Checking tower-service v0.3.0
[INFO] [stderr]     Checking predicates-core v1.0.0
[INFO] [stderr]     Checking leb128 v0.2.4
[INFO] [stderr]     Checking difference v2.0.0
[INFO] [stderr]     Checking treeline v0.1.0
[INFO] [stderr]    Compiling protobuf v2.18.0
[INFO] [stderr]     Checking take_mut v0.2.2
[INFO] [stderr]     Checking arc-swap v0.4.7
[INFO] [stderr]     Checking normalize-line-endings v0.3.0
[INFO] [stderr]    Compiling encoding_rs v0.8.26
[INFO] [stderr]     Checking hex v0.4.3
[INFO] [stderr]     Checking fragile v1.0.0
[INFO] [stderr]    Compiling prometheus v0.12.0
[INFO] [stderr]     Checking arrayref v0.3.6
[INFO] [stderr]     Checking const_fn_assert v0.1.2
[INFO] [stderr]     Checking sha1 v0.6.0
[INFO] [stderr]     Checking slab v0.3.0
[INFO] [stderr]     Checking constant_time_eq v0.1.5
[INFO] [stderr]     Checking downcast v0.10.0
[INFO] [stderr]     Checking linked-hash-map v0.5.3
[INFO] [stderr]     Checking ascii v0.9.3
[INFO] [stderr]     Checking ipnet v2.3.0
[INFO] [stderr]     Checking base64 v0.12.3
[INFO] [stderr]     Checking semver-parser v0.7.0
[INFO] [stderr]     Checking firestorm v0.4.6
[INFO] [stderr]     Checking fallible-iterator v0.2.0
[INFO] [stderr]    Compiling const_fn v0.4.3
[INFO] [stderr]     Checking dtoa v0.4.6
[INFO] [stderr]     Checking zeroize v1.1.1
[INFO] [stderr]     Checking strum v0.20.0
[INFO] [stderr]     Checking atomic_refcell v0.1.7
[INFO] [stderr]     Checking stable_deref_trait v1.2.0
[INFO] [stderr]    Compiling target-lexicon v0.12.0
[INFO] [stderr]     Checking defer v0.1.0
[INFO] [stderr]     Checking more-asserts v0.2.1
[INFO] [stderr]     Checking rustc-demangle v0.1.18
[INFO] [stderr]    Compiling scopeguard v1.1.0
[INFO] [stderr]     Checking object v0.22.0
[INFO] [stderr]    Compiling lexical-core v0.7.4
[INFO] [stderr]    Compiling rayon-core v1.9.0
[INFO] [stderr]    Compiling ordermap v0.3.5
[INFO] [stderr]    Compiling fixedbitset v0.1.9
[INFO] [stderr]    Compiling zstd-safe v3.0.1+zstd.1.4.9
[INFO] [stderr]     Checking siphasher v0.3.3
[INFO] [stderr]     Checking rent_to_own v0.1.0
[INFO] [stderr]    Compiling wasmtime-cache v0.26.0
[INFO] [stderr]    Compiling paste v1.0.5
[INFO] [stderr]     Checking lru_time_cache v0.11.10
[INFO] [stderr]     Checking fallible-iterator v0.1.6
[INFO] [stderr]     Checking maybe-owned v0.3.4
[INFO] [stderr]     Checking no-std-compat v0.4.1
[INFO] [stderr]     Checking never v0.1.0
[INFO] [stderr]     Checking bs58 v0.4.0
[INFO] [stderr]     Checking humantime v2.0.1
[INFO] [stderr]    Compiling hex-literal v0.3.1
[INFO] [stderr]     Checking diff v0.1.12
[INFO] [stderr]    Compiling failure_derive v0.1.8
[INFO] [stderr]     Checking unicode-xid v0.2.1
[INFO] [stderr]     Checking untrusted v0.7.1
[INFO] [stderr]     Checking environment v0.1.1
[INFO] [stderr]     Checking port_check v0.1.5
[INFO] [stderr]    Compiling indexmap v1.6.2
[INFO] [stderr]    Compiling num-integer v0.1.44
[INFO] [stderr]    Compiling generic-array v0.14.4
[INFO] [stderr]    Compiling num-bigint v0.2.6
[INFO] [stderr]    Compiling tokio v1.4.0
[INFO] [stderr]     Checking instant v0.1.8
[INFO] [stderr]    Compiling unicase v2.6.0
[INFO] [stderr]    Compiling crossbeam-utils v0.8.0
[INFO] [stderr]    Compiling miniz_oxide v0.4.3
[INFO] [stderr]     Checking itertools v0.10.0
[INFO] [stderr]    Compiling nom v5.1.2
[INFO] [stderr]    Compiling memoffset v0.6.3
[INFO] [stderr]    Compiling rayon v1.5.0
[INFO] [stderr]     Checking tokio-sync v0.1.8
[INFO] [stderr]     Checking lock_api v0.4.1
[INFO] [stderr]     Checking tinyvec v1.0.1
[INFO] [stderr]     Checking input_buffer v0.3.1
[INFO] [stderr]     Checking futures-channel v0.3.13
[INFO] [stderr]     Checking http v0.2.3
[INFO] [stderr]     Checking rlp v0.4.6
[INFO] [stderr]     Checking bitvec v0.17.4
[INFO] [stderr]     Checking predicates-tree v1.0.0
[INFO] [stderr]     Checking wast v35.0.1
[INFO] [stderr]     Checking tokio-timer v0.1.2
[INFO] [stderr]     Checking yaml-rust v0.4.5
[INFO] [stderr]     Checking semver v0.10.0
[INFO] [stderr]    Compiling cpp_demangle v0.3.2
[INFO] [stderr]     Checking phf_shared v0.8.0
[INFO] [stderr]    Compiling petgraph v0.4.13
[INFO] [stderr]    Compiling log v0.4.11
[INFO] [stderr]     Checking pretty_assertions v0.7.2
[INFO] [stderr]     Checking proc-macro2 v1.0.24
[INFO] [stderr]     Checking rand_hc v0.1.0
[INFO] [stderr]     Checking rand_isaac v0.1.1
[INFO] [stderr]     Checking rand_xorshift v0.1.1
[INFO] [stderr]     Checking impl-rlp v0.2.1
[INFO] [stderr]     Checking tracing v0.1.21
[INFO] [stderr]     Checking want v0.3.0
[INFO] [stderr]     Checking log v0.3.9
[INFO] [stderr]     Checking want v0.2.0
[INFO] [stderr]    Compiling num-traits v0.2.14
[INFO] [stderr]     Checking phf v0.8.0
[INFO] [stderr]     Checking generic-array v0.12.4
[INFO] [stderr]     Checking rand_chacha v0.1.1
[INFO] [stderr]     Checking quote v1.0.9
[INFO] [stderr]     Checking unicode-normalization v0.1.14
[INFO] [stderr]     Checking uint v0.8.5
[INFO] [stderr]     Checking tiny-keccak v1.5.0
[INFO] [stderr]    Compiling proc-macro-error-attr v1.0.4
[INFO] [stderr]     Checking aho-corasick v0.7.18
[INFO] [stderr]     Checking combine v3.8.1
[INFO] [stderr]     Checking bstr v0.2.14
[INFO] [stderr]     Checking float-cmp v0.8.0
[INFO] [stderr]     Checking slog-scope v4.3.0
[INFO] [stderr]     Checking tokio-executor v0.1.10
[INFO] [stderr]     Checking num_cpus v1.13.0
[INFO] [stderr]     Checking iovec v0.1.4
[INFO] [stderr]     Checking net2 v0.2.37
[INFO] [stderr]     Checking time v0.1.44
[INFO] [stderr]     Checking getrandom v0.1.15
[INFO] [stderr]     Checking getrandom v0.2.2
[INFO] [stderr]     Checking atty v0.2.14
[INFO] [stderr]     Checking mio v0.7.9
[INFO] [stderr]     Checking parking_lot_core v0.8.0
[INFO] [stderr]     Checking signal-hook-registry v1.3.0
[INFO] [stdout] error[E0308]: mismatched types
[INFO] [stdout]   --> /opt/rustwide/cargo-home/registry/src/github.com-1ecc6299db9ec823/lexical-core-0.7.4/src/atof/algorithm/bhcomp.rs:62:24
[INFO] [stdout]    |
[INFO] [stdout] 62 |     let bytes = bits / Limb::BITS;
[INFO] [stdout]    |                        ^^^^^^^^^^ expected `usize`, found `u32`
[INFO] [stdout] 
[INFO] [stdout] 
[INFO] [stderr]     Checking dirs-sys v0.3.5
[INFO] [stderr]     Checking socket2 v0.3.16
[INFO] [stderr]     Checking parking_lot_core v0.7.2
[INFO] [stdout] error[E0277]: cannot divide `usize` by `u32`
[INFO] [stdout]   --> /opt/rustwide/cargo-home/registry/src/github.com-1ecc6299db9ec823/lexical-core-0.7.4/src/atof/algorithm/bhcomp.rs:62:22
[INFO] [stdout]    |
[INFO] [stdout] 62 |     let bytes = bits / Limb::BITS;
[INFO] [stdout]    |                      ^ no implementation for `usize / u32`
[INFO] [stdout]    |
[INFO] [stdout]    = help: the trait `Div<u32>` is not implemented for `usize`
[INFO] [stdout] 
[INFO] [stdout] 
[INFO] [stdout] error[E0308]: mismatched types
[INFO] [stdout]    --> /opt/rustwide/cargo-home/registry/src/github.com-1ecc6299db9ec823/lexical-core-0.7.4/src/atof/algorithm/bigcomp.rs:157:55
[INFO] [stdout]     |
[INFO] [stdout] 157 |     let nlz = den.leading_zeros().wrapping_sub(wlz) & (u32::BITS - 1);
[INFO] [stdout]     |                                                       ^^^^^^^^^^^^^^^ expected `usize`, found `u32`
[INFO] [stdout] 
[INFO] [stdout] 
[INFO] [stdout] error[E0277]: no implementation for `usize & u32`
[INFO] [stdout]    --> /opt/rustwide/cargo-home/registry/src/github.com-1ecc6299db9ec823/lexical-core-0.7.4/src/atof/algorithm/bigcomp.rs:157:53
[INFO] [stdout]     |
[INFO] [stdout] 157 |     let nlz = den.leading_zeros().wrapping_sub(wlz) & (u32::BITS - 1);
[INFO] [stdout]     |                                                     ^ no implementation for `usize & u32`
[INFO] [stdout]     |
[INFO] [stdout]     = help: the trait `BitAnd<u32>` is not implemented for `usize`
[INFO] [stdout] 
[INFO] [stdout] 
[INFO] [stdout] error[E0308]: mismatched types
[INFO] [stdout]    --> /opt/rustwide/cargo-home/registry/src/github.com-1ecc6299db9ec823/lexical-core-0.7.4/src/atof/algorithm/bigcomp.rs:175:40
[INFO] [stdout]     |
[INFO] [stdout] 175 |         let (q, r) = shift.ceil_divmod(Limb::BITS);
[INFO] [stdout]     |                                        ^^^^^^^^^^ expected `usize`, found `u32`
[INFO] [stdout]     |
[INFO] [stdout] help: you can convert a `u32` to a `usize` and panic if the converted value doesn't fit
[INFO] [stdout]     |
[INFO] [stdout] 175 |         let (q, r) = shift.ceil_divmod(Limb::BITS.try_into().unwrap());
[INFO] [stdout]     |                                        ~~~~~~~~~~~~~~~~~~~~~~~~~~~~~~
[INFO] [stdout] 
[INFO] [stdout] 
[INFO] [stderr]     Checking rand v0.5.6
[INFO] [stderr]     Checking rand_os v0.1.3
[INFO] [stderr]     Checking rand v0.4.6
[INFO] [stdout] error[E0308]: mismatched types
[INFO] [stdout]     --> /opt/rustwide/cargo-home/registry/src/github.com-1ecc6299db9ec823/lexical-core-0.7.4/src/atof/algorithm/math.rs:2065:27
[INFO] [stdout]      |
[INFO] [stdout] 2065 |     let rs = Limb::BITS - s;
[INFO] [stdout]      |                           ^ expected `u32`, found `usize`
[INFO] [stdout] 
[INFO] [stdout] 
[INFO] [stdout] error[E0277]: cannot subtract `usize` from `u32`
[INFO] [stdout]     --> /opt/rustwide/cargo-home/registry/src/github.com-1ecc6299db9ec823/lexical-core-0.7.4/src/atof/algorithm/math.rs:2065:25
[INFO] [stdout]      |
[INFO] [stdout] 2065 |     let rs = Limb::BITS - s;
[INFO] [stdout]      |                         ^ no implementation for `u32 - usize`
[INFO] [stdout]      |
[INFO] [stdout]      = help: the trait `Sub<usize>` is not implemented for `u32`
[INFO] [stdout] 
[INFO] [stdout] 
[INFO] [stdout] error[E0308]: mismatched types
[INFO] [stdout]     --> /opt/rustwide/cargo-home/registry/src/github.com-1ecc6299db9ec823/lexical-core-0.7.4/src/atof/algorithm/math.rs:1043:42
[INFO] [stdout]      |
[INFO] [stdout] 1043 |     let mut count = index.saturating_mul(Limb::BITS);
[INFO] [stdout]      |                                          ^^^^^^^^^^ expected `usize`, found `u32`
[INFO] [stdout]      |
[INFO] [stdout] help: you can convert a `u32` to a `usize` and panic if the converted value doesn't fit
[INFO] [stdout]      |
[INFO] [stdout] 1043 |     let mut count = index.saturating_mul(Limb::BITS.try_into().unwrap());
[INFO] [stdout]      |                                          ~~~~~~~~~~~~~~~~~~~~~~~~~~~~~~
[INFO] [stdout] 
[INFO] [stdout] 
[INFO] [stdout] error[E0308]: mismatched types
[INFO] [stdout]     --> /opt/rustwide/cargo-home/registry/src/github.com-1ecc6299db9ec823/lexical-core-0.7.4/src/atof/algorithm/math.rs:1058:28
[INFO] [stdout]      |
[INFO] [stdout] 1058 |     Limb::BITS.checked_mul(x.len())
[INFO] [stdout]      |                            ^^^^^^^ expected `u32`, found `usize`
[INFO] [stdout]      |
[INFO] [stdout] help: you can convert a `usize` to a `u32` and panic if the converted value doesn't fit
[INFO] [stdout]      |
[INFO] [stdout] 1058 |     Limb::BITS.checked_mul(x.len().try_into().unwrap())
[INFO] [stdout]      |                            ~~~~~~~~~~~~~~~~~~~~~~~~~~~
[INFO] [stdout] 
[INFO] [stdout] 
[INFO] [stdout] error[E0308]: mismatched types
[INFO] [stdout]     --> /opt/rustwide/cargo-home/registry/src/github.com-1ecc6299db9ec823/lexical-core-0.7.4/src/atof/algorithm/math.rs:1059:22
[INFO] [stdout]      |
[INFO] [stdout] 1059 |         .map(|v| v - nlz)
[INFO] [stdout]      |                      ^^^ expected `u32`, found `usize`
[INFO] [stdout] 
[INFO] [stdout] 
[INFO] [stdout] error[E0277]: cannot subtract `usize` from `u32`
[INFO] [stdout]     --> /opt/rustwide/cargo-home/registry/src/github.com-1ecc6299db9ec823/lexical-core-0.7.4/src/atof/algorithm/math.rs:1059:20
[INFO] [stdout]      |
[INFO] [stdout] 1059 |         .map(|v| v - nlz)
[INFO] [stdout]      |                    ^ no implementation for `u32 - usize`
[INFO] [stdout]      |
[INFO] [stdout]      = help: the trait `Sub<usize>` is not implemented for `u32`
[INFO] [stdout] 
[INFO] [stdout] 
[INFO] [stdout] error[E0308]: mismatched types
[INFO] [stdout]     --> /opt/rustwide/cargo-home/registry/src/github.com-1ecc6299db9ec823/lexical-core-0.7.4/src/atof/algorithm/math.rs:1060:20
[INFO] [stdout]      |
[INFO] [stdout] 1060 |         .unwrap_or(usize::max_value())
[INFO] [stdout]      |                    ^^^^^^^^^^^^^^^^^^ expected `u32`, found `usize`
[INFO] [stdout]      |
[INFO] [stdout] help: you can convert a `usize` to a `u32` and panic if the converted value doesn't fit
[INFO] [stdout]      |
[INFO] [stdout] 1060 |         .unwrap_or(usize::max_value().try_into().unwrap())
[INFO] [stdout]      |                    ~~~~~~~~~~~~~~~~~~~~~~~~~~~~~~~~~~~~~~
[INFO] [stdout] 
[INFO] [stdout] 
[INFO] [stdout] error[E0308]: mismatched types
[INFO] [stdout]     --> /opt/rustwide/cargo-home/registry/src/github.com-1ecc6299db9ec823/lexical-core-0.7.4/src/atof/algorithm/math.rs:1058:5
[INFO] [stdout]      |
[INFO] [stdout] 1054 |   pub fn bit_length(x: &[Limb]) -> usize {
[INFO] [stdout]      |                                    ----- expected `usize` because of return type
[INFO] [stdout] ...
[INFO] [stdout] 1058 | /     Limb::BITS.checked_mul(x.len())
[INFO] [stdout] 1059 | |         .map(|v| v - nlz)
[INFO] [stdout] 1060 | |         .unwrap_or(usize::max_value())
[INFO] [stdout]      | |______________________________________^ expected `usize`, found `u32`
[INFO] [stdout]      |
[INFO] [stdout] help: you can convert a `u32` to a `usize` and panic if the converted value doesn't fit
[INFO] [stdout]      |
[INFO] [stdout] 1058 ~     Limb::BITS.checked_mul(x.len())
[INFO] [stdout] 1059 +         .map(|v| v - nlz)
[INFO] [stdout] 1060 +         .unwrap_or(usize::max_value()).try_into().unwrap()
[INFO] [stdout]      |
[INFO] [stdout] 
[INFO] [stdout] 
[INFO] [stdout] error[E0308]: mismatched types
[INFO] [stdout]     --> /opt/rustwide/cargo-home/registry/src/github.com-1ecc6299db9ec823/lexical-core-0.7.4/src/atof/algorithm/math.rs:1085:23
[INFO] [stdout]      |
[INFO] [stdout] 1085 |     debug_assert!(n < bits && n != 0);
[INFO] [stdout]      |                       ^^^^ expected `usize`, found `u32`
[INFO] [stdout]      |
[INFO] [stdout] help: you can convert a `u32` to a `usize` and panic if the converted value doesn't fit
[INFO] [stdout]      |
[INFO] [stdout] 1085 |     debug_assert!(n < bits.try_into().unwrap() && n != 0);
[INFO] [stdout]      |                       ~~~~~~~~~~~~~~~~~~~~~~~~
[INFO] [stdout] 
[INFO] [stdout] 
[INFO] [stdout] error[E0308]: mismatched types
[INFO] [stdout]     --> /opt/rustwide/cargo-home/registry/src/github.com-1ecc6299db9ec823/lexical-core-0.7.4/src/atof/algorithm/math.rs:1092:25
[INFO] [stdout]      |
[INFO] [stdout] 1092 |     let lshift = bits - n;
[INFO] [stdout]      |                         ^ expected `u32`, found `usize`
[INFO] [stdout] 
[INFO] [stdout] 
[INFO] [stdout] error[E0277]: cannot subtract `usize` from `u32`
[INFO] [stdout]     --> /opt/rustwide/cargo-home/registry/src/github.com-1ecc6299db9ec823/lexical-core-0.7.4/src/atof/algorithm/math.rs:1092:23
[INFO] [stdout]      |
[INFO] [stdout] 1092 |     let lshift = bits - n;
[INFO] [stdout]      |                       ^ no implementation for `u32 - usize`
[INFO] [stdout]      |
[INFO] [stdout]      = help: the trait `Sub<usize>` is not implemented for `u32`
[INFO] [stdout] 
[INFO] [stdout] 
[INFO] [stdout] error[E0308]: mismatched types
[INFO] [stdout]     --> /opt/rustwide/cargo-home/registry/src/github.com-1ecc6299db9ec823/lexical-core-0.7.4/src/atof/algorithm/math.rs:1134:19
[INFO] [stdout]      |
[INFO] [stdout] 1134 |     let rem = n % bits;
[INFO] [stdout]      |                   ^^^^ expected `usize`, found `u32`
[INFO] [stdout] 
[INFO] [stdout] 
[INFO] [stdout] error[E0277]: cannot mod `usize` by `u32`
[INFO] [stdout]     --> /opt/rustwide/cargo-home/registry/src/github.com-1ecc6299db9ec823/lexical-core-0.7.4/src/atof/algorithm/math.rs:1134:17
[INFO] [stdout]      |
[INFO] [stdout] 1134 |     let rem = n % bits;
[INFO] [stdout]      |                 ^ no implementation for `usize % u32`
[INFO] [stdout]      |
[INFO] [stdout]      = help: the trait `Rem<u32>` is not implemented for `usize`
[INFO] [stdout] 
[INFO] [stdout] 
[INFO] [stdout] error[E0308]: mismatched types
[INFO] [stdout]     --> /opt/rustwide/cargo-home/registry/src/github.com-1ecc6299db9ec823/lexical-core-0.7.4/src/atof/algorithm/math.rs:1135:19
[INFO] [stdout]      |
[INFO] [stdout] 1135 |     let div = n / bits;
[INFO] [stdout]      |                   ^^^^ expected `usize`, found `u32`
[INFO] [stdout] 
[INFO] [stdout] 
[INFO] [stdout] error[E0277]: cannot divide `usize` by `u32`
[INFO] [stdout]     --> /opt/rustwide/cargo-home/registry/src/github.com-1ecc6299db9ec823/lexical-core-0.7.4/src/atof/algorithm/math.rs:1135:17
[INFO] [stdout]      |
[INFO] [stdout] 1135 |     let div = n / bits;
[INFO] [stdout]      |                 ^ no implementation for `usize / u32`
[INFO] [stdout]      |
[INFO] [stdout]      = help: the trait `Div<u32>` is not implemented for `usize`
[INFO] [stdout] 
[INFO] [stdout] 
[INFO] [stdout] error[E0308]: mismatched types
[INFO] [stdout]     --> /opt/rustwide/cargo-home/registry/src/github.com-1ecc6299db9ec823/lexical-core-0.7.4/src/atof/algorithm/math.rs:1191:23
[INFO] [stdout]      |
[INFO] [stdout] 1191 |     debug_assert!(n < bits);
[INFO] [stdout]      |                       ^^^^ expected `usize`, found `u32`
[INFO] [stdout]      |
[INFO] [stdout] help: you can convert a `u32` to a `usize` and panic if the converted value doesn't fit
[INFO] [stdout]      |
[INFO] [stdout] 1191 |     debug_assert!(n < bits.try_into().unwrap());
[INFO] [stdout]      |                       ~~~~~~~~~~~~~~~~~~~~~~~~
[INFO] [stdout] 
[INFO] [stdout] 
[INFO] [stdout] error[E0308]: mismatched types
[INFO] [stdout]     --> /opt/rustwide/cargo-home/registry/src/github.com-1ecc6299db9ec823/lexical-core-0.7.4/src/atof/algorithm/math.rs:1201:25
[INFO] [stdout]      |
[INFO] [stdout] 1201 |     let rshift = bits - n;
[INFO] [stdout]      |                         ^ expected `u32`, found `usize`
[INFO] [stdout] 
[INFO] [stdout] 
[INFO] [stdout] error[E0277]: cannot subtract `usize` from `u32`
[INFO] [stdout]     --> /opt/rustwide/cargo-home/registry/src/github.com-1ecc6299db9ec823/lexical-core-0.7.4/src/atof/algorithm/math.rs:1201:23
[INFO] [stdout]      |
[INFO] [stdout] 1201 |     let rshift = bits - n;
[INFO] [stdout]      |                       ^ no implementation for `u32 - usize`
[INFO] [stdout]      |
[INFO] [stdout]      = help: the trait `Sub<usize>` is not implemented for `u32`
[INFO] [stdout] 
[INFO] [stdout] 
[INFO] [stdout] error[E0308]: mismatched types
[INFO] [stdout]     --> /opt/rustwide/cargo-home/registry/src/github.com-1ecc6299db9ec823/lexical-core-0.7.4/src/atof/algorithm/math.rs:1253:19
[INFO] [stdout]      |
[INFO] [stdout] 1253 |     let rem = n % bits;
[INFO] [stdout]      |                   ^^^^ expected `usize`, found `u32`
[INFO] [stdout] 
[INFO] [stdout] 
[INFO] [stdout] error[E0277]: cannot mod `usize` by `u32`
[INFO] [stdout]     --> /opt/rustwide/cargo-home/registry/src/github.com-1ecc6299db9ec823/lexical-core-0.7.4/src/atof/algorithm/math.rs:1253:17
[INFO] [stdout]      |
[INFO] [stdout] 1253 |     let rem = n % bits;
[INFO] [stdout]      |                 ^ no implementation for `usize % u32`
[INFO] [stdout]      |
[INFO] [stdout]      = help: the trait `Rem<u32>` is not implemented for `usize`
[INFO] [stdout] 
[INFO] [stdout] 
[INFO] [stdout] error[E0308]: mismatched types
[INFO] [stdout]     --> /opt/rustwide/cargo-home/registry/src/github.com-1ecc6299db9ec823/lexical-core-0.7.4/src/atof/algorithm/math.rs:1254:19
[INFO] [stdout]      |
[INFO] [stdout] 1254 |     let div = n / bits;
[INFO] [stdout]      |                   ^^^^ expected `usize`, found `u32`
[INFO] [stdout] 
[INFO] [stdout] 
[INFO] [stdout] error[E0277]: cannot divide `usize` by `u32`
[INFO] [stdout]     --> /opt/rustwide/cargo-home/registry/src/github.com-1ecc6299db9ec823/lexical-core-0.7.4/src/atof/algorithm/math.rs:1254:17
[INFO] [stdout]      |
[INFO] [stdout] 1254 |     let div = n / bits;
[INFO] [stdout]      |                 ^ no implementation for `usize / u32`
[INFO] [stdout]      |
[INFO] [stdout]      = help: the trait `Div<u32>` is not implemented for `usize`
[INFO] [stdout] 
[INFO] [stdout] 
[INFO] [stderr]     Checking isatty v0.1.9
[INFO] [stderr]     Checking dirs-sys-next v0.1.1
[INFO] [stderr]     Checking region v2.2.0
[INFO] [stderr]     Checking socket2 v0.4.0
[INFO] [stderr]     Checking term_size v0.3.2
[INFO] [stderr]     Checking errno v0.2.7
[INFO] [stderr]     Checking mime v0.2.6
[INFO] [stderr]    Compiling jobserver v0.1.21
[INFO] [stdout] error: aborting due to 27 previous errors
[INFO] [stdout] 
[INFO] [stdout] 
[INFO] [stdout] Some errors have detailed explanations: E0277, E0308.
[INFO] [stdout] 
[INFO] [stdout] For more information about an error, try `rustc --explain E0277`.
[INFO] [stdout] 
[INFO] [stderr] error: could not compile `lexical-core` due to 28 previous errors
[INFO] [stderr] warning: build failed, waiting for other jobs to finish...
[INFO] [stderr] error: build failed
[INFO] running `Command { std: "docker" "inspect" "5fe5d7174570d5d472ceff1df0ca78993f727ebed2f42ddb4e4569cf210c6f97", kill_on_drop: false }`
[INFO] running `Command { std: "docker" "rm" "-f" "5fe5d7174570d5d472ceff1df0ca78993f727ebed2f42ddb4e4569cf210c6f97", kill_on_drop: false }`
[INFO] [stdout] 5fe5d7174570d5d472ceff1df0ca78993f727ebed2f42ddb4e4569cf210c6f97
