[INFO] cloning repository https://github.com/FuzzyLitchi/passtally-rs
[INFO] running `Command { std: "git" "-c" "credential.helper=" "-c" "credential.helper=/workspace/cargo-home/bin/git-credential-null" "clone" "--bare" "https://github.com/FuzzyLitchi/passtally-rs" "/workspace/cache/git-repos/https%3A%2F%2Fgithub.com%2FFuzzyLitchi%2Fpasstally-rs", kill_on_drop: false }`
[INFO] [stderr] Cloning into bare repository '/workspace/cache/git-repos/https%3A%2F%2Fgithub.com%2FFuzzyLitchi%2Fpasstally-rs'...
[INFO] running `Command { std: "git" "rev-parse" "HEAD", kill_on_drop: false }`
[INFO] [stdout] 9d46e8e62cfc1687a96739bae4e59b68c351bc1a
[INFO] checking FuzzyLitchi/passtally-rs against beta-2021-10-15 for beta-1.56-3
[INFO] running `Command { std: "git" "clone" "/workspace/cache/git-repos/https%3A%2F%2Fgithub.com%2FFuzzyLitchi%2Fpasstally-rs" "/workspace/builds/worker-0/source", kill_on_drop: false }`
[INFO] [stderr] Cloning into '/workspace/builds/worker-0/source'...
[INFO] [stderr] done.
[INFO] validating manifest of git repo https://github.com/FuzzyLitchi/passtally-rs on toolchain beta-2021-10-15
[INFO] running `Command { std: "/workspace/cargo-home/bin/cargo" "+beta-2021-10-15" "metadata" "--manifest-path" "Cargo.toml" "--no-deps", kill_on_drop: false }`
[INFO] removed /workspace/builds/worker-0/source/.cargo/config.toml
[INFO] started tweaking git repo https://github.com/FuzzyLitchi/passtally-rs
[INFO] finished tweaking git repo https://github.com/FuzzyLitchi/passtally-rs
[INFO] tweaked toml for git repo https://github.com/FuzzyLitchi/passtally-rs written to /workspace/builds/worker-0/source/Cargo.toml
[INFO] crate git repo https://github.com/FuzzyLitchi/passtally-rs already has a lockfile, it will not be regenerated
[INFO] running `Command { std: "/workspace/cargo-home/bin/cargo" "+beta-2021-10-15" "fetch" "--manifest-path" "Cargo.toml", kill_on_drop: false }`
[INFO] [stderr]  Downloading crates ...
[INFO] [stderr]   Downloaded bevy_reflect_derive v0.4.0
[INFO] [stderr]   Downloaded bevy_reflect v0.4.0
[INFO] [stderr]   Downloaded bevy_derive v0.4.0
[INFO] [stderr]   Downloaded bevy_input v0.4.0
[INFO] [stderr]   Downloaded bevy_pbr v0.4.0
[INFO] [stderr]   Downloaded bevy_gltf v0.4.0
[INFO] [stderr]   Downloaded bevy_audio v0.4.0
[INFO] [stderr]   Downloaded combine v4.5.1
[INFO] [stderr]   Downloaded bevy_gilrs v0.4.0
[INFO] [stderr]   Downloaded bevy_transform v0.4.0
[INFO] [stderr]   Downloaded bevy_math v0.4.0
[INFO] [stderr]   Downloaded bevy_winit v0.4.0
[INFO] [stderr]   Downloaded bevy v0.4.0
[INFO] [stderr]   Downloaded bevy_easings v0.3.0
[INFO] [stderr]   Downloaded bevy_internal v0.4.0
[INFO] [stderr]   Downloaded bevy_render v0.4.0
[INFO] [stderr]   Downloaded bevy_dynamic_plugin v0.4.0
[INFO] [stderr]   Downloaded bevy_ui v0.4.0
[INFO] [stderr]   Downloaded bevy_log v0.4.0
[INFO] [stderr]   Downloaded bevy_sprite v0.4.0
[INFO] [stderr]   Downloaded bevy_scene v0.4.0
[INFO] [stderr]   Downloaded bevy_text v0.4.0
[INFO] [stderr]   Downloaded bevy_diagnostic v0.4.0
[INFO] [stderr]   Downloaded bevy_asset v0.4.0
[INFO] [stderr]   Downloaded bevy_core v0.4.0
[INFO] [stderr]   Downloaded bevy_wgpu v0.4.0
[INFO] [stderr]   Downloaded bevy_app v0.4.0
[INFO] [stderr]   Downloaded bevy_ecs v0.4.0
[INFO] [stderr]   Downloaded bevy_ecs_macros v0.4.0
[INFO] [stderr]   Downloaded bevy_tasks v0.4.0
[INFO] [stderr]   Downloaded bevy_utils v0.4.0
[INFO] [stderr]   Downloaded bevy_window v0.4.0
[INFO] running `Command { std: "docker" "create" "-v" "/var/lib/crater-agent-workspace/builds/worker-0/target:/opt/rustwide/target:rw,Z" "-v" "/var/lib/crater-agent-workspace/builds/worker-0/source:/opt/rustwide/workdir:ro,Z" "-v" "/var/lib/crater-agent-workspace/cargo-home:/opt/rustwide/cargo-home:ro,Z" "-v" "/var/lib/crater-agent-workspace/rustup-home:/opt/rustwide/rustup-home:ro,Z" "-e" "SOURCE_DIR=/opt/rustwide/workdir" "-e" "CARGO_TARGET_DIR=/opt/rustwide/target" "-e" "CARGO_HOME=/opt/rustwide/cargo-home" "-e" "RUSTUP_HOME=/opt/rustwide/rustup-home" "-w" "/opt/rustwide/workdir" "-m" "1610612736" "--user" "0:0" "--network" "none" "ghcr.io/rust-lang/crates-build-env/linux@sha256:a89201d6b5b9fd45c15d5952ece0a0129e7e80cb26ec023fd59cf09bc26f1604" "/opt/rustwide/cargo-home/bin/cargo" "+beta-2021-10-15" "metadata" "--no-deps" "--format-version=1", kill_on_drop: false }`
[INFO] [stdout] 9fa4083f6a0e9c39ed6da9034e0cebbc8d837489ede31432dad472cbc84952b1
[INFO] [stderr] WARNING: Your kernel does not support swap limit capabilities or the cgroup is not mounted. Memory limited without swap.
[INFO] running `Command { std: "docker" "start" "-a" "9fa4083f6a0e9c39ed6da9034e0cebbc8d837489ede31432dad472cbc84952b1", kill_on_drop: false }`
[INFO] running `Command { std: "docker" "inspect" "9fa4083f6a0e9c39ed6da9034e0cebbc8d837489ede31432dad472cbc84952b1", kill_on_drop: false }`
[INFO] running `Command { std: "docker" "rm" "-f" "9fa4083f6a0e9c39ed6da9034e0cebbc8d837489ede31432dad472cbc84952b1", kill_on_drop: false }`
[INFO] [stdout] 9fa4083f6a0e9c39ed6da9034e0cebbc8d837489ede31432dad472cbc84952b1
[INFO] running `Command { std: "docker" "create" "-v" "/var/lib/crater-agent-workspace/builds/worker-0/target:/opt/rustwide/target:rw,Z" "-v" "/var/lib/crater-agent-workspace/builds/worker-0/source:/opt/rustwide/workdir:ro,Z" "-v" "/var/lib/crater-agent-workspace/cargo-home:/opt/rustwide/cargo-home:ro,Z" "-v" "/var/lib/crater-agent-workspace/rustup-home:/opt/rustwide/rustup-home:ro,Z" "-e" "SOURCE_DIR=/opt/rustwide/workdir" "-e" "CARGO_TARGET_DIR=/opt/rustwide/target" "-e" "CARGO_INCREMENTAL=0" "-e" "RUST_BACKTRACE=full" "-e" "RUSTFLAGS=--cap-lints=warn" "-e" "CARGO_HOME=/opt/rustwide/cargo-home" "-e" "RUSTUP_HOME=/opt/rustwide/rustup-home" "-w" "/opt/rustwide/workdir" "-m" "1610612736" "--user" "0:0" "--network" "none" "ghcr.io/rust-lang/crates-build-env/linux@sha256:a89201d6b5b9fd45c15d5952ece0a0129e7e80cb26ec023fd59cf09bc26f1604" "/opt/rustwide/cargo-home/bin/cargo" "+beta-2021-10-15" "check" "--frozen" "--all" "--all-targets" "--message-format=json", kill_on_drop: false }`
[INFO] [stderr] WARNING: Your kernel does not support swap limit capabilities or the cgroup is not mounted. Memory limited without swap.
[INFO] [stdout] 2fab1b35cac3150ce1b15ca49d133c219ac63949c2c35c513629ce155c9b6be8
[INFO] running `Command { std: "docker" "start" "-a" "2fab1b35cac3150ce1b15ca49d133c219ac63949c2c35c513629ce155c9b6be8", kill_on_drop: false }`
[INFO] [stderr]     Blocking waiting for file lock on package cache
[INFO] [stderr]    Compiling libc v0.2.81
[INFO] [stderr]    Compiling syn v1.0.56
[INFO] [stderr]    Compiling serde_derive v1.0.115
[INFO] [stderr]    Compiling serde v1.0.115
[INFO] [stderr]    Compiling getrandom v0.1.15
[INFO] [stderr]    Compiling getrandom v0.2.0
[INFO] [stderr]     Checking vec-arena v1.0.0
[INFO] [stderr]     Checking fixedbitset v0.3.1
[INFO] [stderr]    Compiling anyhow v1.0.36
[INFO] [stderr]    Compiling serde_json v1.0.60
[INFO] [stderr]     Checking futures-sink v0.3.8
[INFO] [stderr]     Checking ttf-parser v0.9.0
[INFO] [stderr]     Checking inplace_it v0.3.2
[INFO] [stderr]     Checking rectangle-pack v0.2.0
[INFO] [stderr]     Checking interpolation v0.2.0
[INFO] [stderr]     Checking array-macro v1.0.5
[INFO] [stderr]    Compiling ahash v0.6.2
[INFO] [stderr]    Compiling glam v0.11.2
[INFO] [stderr]     Checking libloading v0.6.6
[INFO] [stderr]     Checking sharded-slab v0.1.0
[INFO] [stderr]     Checking futures-channel v0.3.8
[INFO] [stderr]     Checking async-channel v1.5.1
[INFO] [stderr]     Checking wgpu-types v0.6.1
[INFO] [stderr]     Checking futures-lite v1.11.3
[INFO] [stderr]     Checking tracing-log v0.1.1
[INFO] [stderr]     Checking ash v0.31.0
[INFO] [stderr]     Checking deflate v0.8.6
[INFO] [stderr]     Checking regex-automata v0.1.9
[INFO] [stderr]     Checking euclid v0.22.1
[INFO] [stderr]     Checking approx v0.4.0
[INFO] [stderr]     Checking png v0.16.8
[INFO] [stderr]     Checking matchers v0.0.1
[INFO] [stderr]     Checking owned_ttf_parser v0.9.0
[INFO] [stderr]     Checking async-executor v1.4.0
[INFO] [stderr]     Checking image v0.23.12
[INFO] [stderr]     Checking ab_glyph v0.2.7
[INFO] [stderr]     Checking guillotiere v0.6.0
[INFO] [stderr]     Checking glyph_brush_layout v0.2.1
[INFO] [stderr]    Compiling jobserver v0.1.21
[INFO] [stderr]     Checking num_cpus v1.13.0
[INFO] [stderr]     Checking iovec v0.1.4
[INFO] [stderr]     Checking net2 v0.2.37
[INFO] [stderr]     Checking inotify-sys v0.1.4
[INFO] [stderr]     Checking filetime v0.2.13
[INFO] [stderr]     Checking raw-window-handle v0.3.3
[INFO] [stderr]     Checking alsa-sys v0.3.1
[INFO] [stderr]     Checking x11 v2.18.2
[INFO] [stderr]     Checking nix v0.15.0
[INFO] [stderr]     Checking time v0.1.44
[INFO] [stderr]     Checking libudev-sys v0.1.4
[INFO] [stderr]     Checking nix v0.18.0
[INFO] [stderr]     Checking x11-dl v2.18.5
[INFO] [stderr]     Checking slice-deque v0.3.0
[INFO] [stderr]    Compiling rand_core v0.5.1
[INFO] [stderr]     Checking gfx-hal v0.6.0
[INFO] [stderr]    Compiling cc v1.0.66
[INFO] [stderr]     Checking inotify v0.8.3
[INFO] [stderr]     Checking bevy_tasks v0.4.0
[INFO] [stderr]     Checking rand_core v0.6.0
[INFO] [stderr]     Checking mio v0.6.23
[INFO] [stderr]    Compiling rand_chacha v0.2.2
[INFO] [stderr]     Checking chrono v0.4.19
[INFO] [stderr]     Checking rand_chacha v0.3.0
[INFO] [stderr]    Compiling rand v0.7.3
[INFO] [stderr]     Checking rand v0.8.0
[INFO] [stderr]     Checking mio-extras v2.0.6
[INFO] [stderr]    Compiling spirv-reflect v0.2.3
[INFO] [stderr]    Compiling minimp3-sys v0.3.2
[INFO] [stderr]     Checking notify v5.0.0-pre.4
[INFO] [stderr]     Checking minimp3 v0.5.0
[INFO] [stderr]     Checking gfx-descriptor v0.2.0
[INFO] [stderr]     Checking gfx-backend-empty v0.6.0
[INFO] [stderr]     Checking gfx-memory v0.2.2
[INFO] [stderr]     Checking alsa v0.4.3
[INFO] [stderr]    Compiling thiserror-impl v1.0.23
[INFO] [stderr]    Compiling tracing-attributes v0.1.11
[INFO] [stderr]    Compiling pin-project-internal v1.0.2
[INFO] [stderr]    Compiling futures-macro v0.3.8
[INFO] [stderr]    Compiling gltf-derive v0.15.2
[INFO] [stderr]    Compiling derivative v2.1.1
[INFO] [stderr]     Checking thiserror v1.0.23
[INFO] [stderr]     Checking naga v0.2.0
[INFO] [stderr]     Checking cpal v0.13.1
[INFO] [stderr]     Checking tracing v0.1.22
[INFO] [stderr]     Checking pin-project v1.0.2
[INFO] [stderr]     Checking futures-util v0.3.8
[INFO] [stderr]     Checking rodio v0.13.0
[INFO] [stderr]     Checking futures-executor v0.3.8
[INFO] [stderr]     Checking futures v0.3.8
[INFO] [stderr]     Checking smallvec v1.5.1
[INFO] [stderr]     Checking uuid v0.8.1
[INFO] [stderr]     Checking erased-serde v0.3.13
[INFO] [stderr]     Checking ron v0.6.4
[INFO] [stderr]     Checking tracing-serde v0.1.2
[INFO] [stderr]     Checking parking_lot_core v0.8.2
[INFO] [stderr]     Checking gfx-backend-vulkan v0.6.5
[INFO] [stderr]     Checking bevy_utils v0.4.0
[INFO] [stderr]     Checking gilrs-core v0.3.0
[INFO] [stderr]    Compiling toml v0.5.6
[INFO] [stderr]     Checking parking_lot v0.11.1
[INFO] [stderr]     Checking gilrs v0.8.0
[INFO] [stderr]     Checking winit v0.24.0
[INFO] [stderr]     Checking hexasphere v3.1.0
[INFO] [stderr]     Checking gltf-json v0.15.2
[INFO] [stderr]     Checking tracing-subscriber v0.2.15
[INFO] [stderr]     Checking wgpu-core v0.6.5
[INFO] [stderr]    Compiling find-crate v0.6.1
[INFO] [stderr]    Compiling proc-macro-crate v0.1.5
[INFO] [stderr]    Compiling bevy_ecs_macros v0.4.0
[INFO] [stderr]    Compiling bevy_derive v0.4.0
[INFO] [stderr]    Compiling bevy_reflect_derive v0.4.0
[INFO] [stderr]    Compiling num_enum_derive v0.5.1
[INFO] [stderr]     Checking gltf v0.15.2
[INFO] [stderr]     Checking num_enum v0.5.1
[INFO] [stderr]     Checking bevy_ecs v0.4.0
[INFO] [stderr]     Checking wgpu v0.6.2
[INFO] [stderr]     Checking bevy_app v0.4.0
[INFO] [stderr]     Checking bevy_reflect v0.4.0
[INFO] [stderr]     Checking bevy_log v0.4.0
[INFO] [stderr]     Checking bevy_dynamic_plugin v0.4.0
[INFO] [stderr]     Checking bevy_math v0.4.0
[INFO] [stderr]     Checking bevy_asset v0.4.0
[INFO] [stderr]     Checking bevy_core v0.4.0
[INFO] [stderr]     Checking bevy_transform v0.4.0
[INFO] [stderr]     Checking bevy_window v0.4.0
[INFO] [stderr]     Checking bevy_input v0.4.0
[INFO] [stderr]     Checking bevy_audio v0.4.0
[INFO] [stderr]     Checking bevy_diagnostic v0.4.0
[INFO] [stderr]     Checking bevy_render v0.4.0
[INFO] [stderr]     Checking bevy_scene v0.4.0
[INFO] [stderr]     Checking bevy_winit v0.4.0
[INFO] [stderr]     Checking bevy_gilrs v0.4.0
[INFO] [stderr]     Checking bevy_sprite v0.4.0
[INFO] [stderr]     Checking bevy_pbr v0.4.0
[INFO] [stderr]     Checking bevy_wgpu v0.4.0
[INFO] [stderr]     Checking bevy_gltf v0.4.0
[INFO] [stderr]     Checking bevy_text v0.4.0
[INFO] [stderr]     Checking bevy_ui v0.4.0
[INFO] [stderr]     Checking bevy_internal v0.4.0
[INFO] [stderr]     Checking bevy v0.4.0
[INFO] [stderr]     Checking bevy_easings v0.3.0
[INFO] [stdout] error[E0658]: use of unstable library feature 'float_interpolation'
[INFO] [stdout]    --> /opt/rustwide/cargo-home/registry/src/github.com-1ecc6299db9ec823/bevy_easings-0.3.0/src/implemented.rs:124:49
[INFO] [stdout]     |
[INFO] [stdout] 124 |                 EaseValue(Val::Percent(self_val.lerp(&other_val, scalar)))
[INFO] [stdout]     |                                                 ^^^^
[INFO] [stdout]     |
[INFO] [stdout]     = note: see issue #86269 <https://github.com/rust-lang/rust/issues/86269> for more information
[INFO] [stdout] 
[INFO] [stdout] 
[INFO] [stdout] error[E0308]: mismatched types
[INFO] [stdout]    --> /opt/rustwide/cargo-home/registry/src/github.com-1ecc6299db9ec823/bevy_easings-0.3.0/src/implemented.rs:124:54
[INFO] [stdout]     |
[INFO] [stdout] 124 |                 EaseValue(Val::Percent(self_val.lerp(&other_val, scalar)))
[INFO] [stdout]     |                                                      ^^^^^^^^^^ expected `f32`, found `&f32`
[INFO] [stdout]     |
[INFO] [stdout] help: consider removing the borrow
[INFO] [stdout]     |
[INFO] [stdout] 124 -                 EaseValue(Val::Percent(self_val.lerp(&other_val, scalar)))
[INFO] [stdout] 124 +                 EaseValue(Val::Percent(self_val.lerp(other_val, scalar)))
[INFO] [stdout]     | 
[INFO] [stdout] 
[INFO] [stdout] 
[INFO] [stdout] error[E0308]: mismatched types
[INFO] [stdout]    --> /opt/rustwide/cargo-home/registry/src/github.com-1ecc6299db9ec823/bevy_easings-0.3.0/src/implemented.rs:124:66
[INFO] [stdout]     |
[INFO] [stdout] 124 |                 EaseValue(Val::Percent(self_val.lerp(&other_val, scalar)))
[INFO] [stdout]     |                                                                  ^^^^^^ expected `f32`, found `&f32`
[INFO] [stdout]     |
[INFO] [stdout] help: consider dereferencing the borrow
[INFO] [stdout]     |
[INFO] [stdout] 124 |                 EaseValue(Val::Percent(self_val.lerp(&other_val, *scalar)))
[INFO] [stdout]     |                                                                  +
[INFO] [stdout] 
[INFO] [stdout] 
[INFO] [stdout] error[E0658]: use of unstable library feature 'float_interpolation'
[INFO] [stdout]    --> /opt/rustwide/cargo-home/registry/src/github.com-1ecc6299db9ec823/bevy_easings-0.3.0/src/implemented.rs:127:44
[INFO] [stdout]     |
[INFO] [stdout] 127 |                 EaseValue(Val::Px(self_val.lerp(&other_val, scalar)))
[INFO] [stdout]     |                                            ^^^^
[INFO] [stdout]     |
[INFO] [stdout]     = note: see issue #86269 <https://github.com/rust-lang/rust/issues/86269> for more information
[INFO] [stdout] 
[INFO] [stdout] 
[INFO] [stdout] error[E0308]: mismatched types
[INFO] [stdout]    --> /opt/rustwide/cargo-home/registry/src/github.com-1ecc6299db9ec823/bevy_easings-0.3.0/src/implemented.rs:127:49
[INFO] [stdout]     |
[INFO] [stdout] 127 |                 EaseValue(Val::Px(self_val.lerp(&other_val, scalar)))
[INFO] [stdout]     |                                                 ^^^^^^^^^^ expected `f32`, found `&f32`
[INFO] [stdout]     |
[INFO] [stdout] help: consider removing the borrow
[INFO] [stdout]     |
[INFO] [stdout] 127 -                 EaseValue(Val::Px(self_val.lerp(&other_val, scalar)))
[INFO] [stdout] 127 +                 EaseValue(Val::Px(self_val.lerp(other_val, scalar)))
[INFO] [stdout]     | 
[INFO] [stdout] 
[INFO] [stdout] 
[INFO] [stdout] error[E0308]: mismatched types
[INFO] [stdout]    --> /opt/rustwide/cargo-home/registry/src/github.com-1ecc6299db9ec823/bevy_easings-0.3.0/src/implemented.rs:127:61
[INFO] [stdout]     |
[INFO] [stdout] 127 |                 EaseValue(Val::Px(self_val.lerp(&other_val, scalar)))
[INFO] [stdout]     |                                                             ^^^^^^ expected `f32`, found `&f32`
[INFO] [stdout]     |
[INFO] [stdout] help: consider dereferencing the borrow
[INFO] [stdout]     |
[INFO] [stdout] 127 |                 EaseValue(Val::Px(self_val.lerp(&other_val, *scalar)))
[INFO] [stdout]     |                                                             +
[INFO] [stdout] 
[INFO] [stdout] 
[INFO] [stdout] error: aborting due to 6 previous errors
[INFO] [stdout] 
[INFO] [stdout] 
[INFO] [stdout] Some errors have detailed explanations: E0308, E0658.
[INFO] [stdout] 
[INFO] [stdout] For more information about an error, try `rustc --explain E0308`.
[INFO] [stdout] 
[INFO] [stderr] error: could not compile `bevy_easings` due to 7 previous errors
[INFO] running `Command { std: "docker" "inspect" "2fab1b35cac3150ce1b15ca49d133c219ac63949c2c35c513629ce155c9b6be8", kill_on_drop: false }`
[INFO] running `Command { std: "docker" "rm" "-f" "2fab1b35cac3150ce1b15ca49d133c219ac63949c2c35c513629ce155c9b6be8", kill_on_drop: false }`
[INFO] [stdout] 2fab1b35cac3150ce1b15ca49d133c219ac63949c2c35c513629ce155c9b6be8
