[INFO] cloning repository https://github.com/Furry/Auric
[INFO] running `Command { std: "git" "-c" "credential.helper=" "-c" "credential.helper=/workspace/cargo-home/bin/git-credential-null" "clone" "--bare" "https://github.com/Furry/Auric" "/workspace/cache/git-repos/https%3A%2F%2Fgithub.com%2FFurry%2FAuric", kill_on_drop: false }`
[INFO] [stderr] Cloning into bare repository '/workspace/cache/git-repos/https%3A%2F%2Fgithub.com%2FFurry%2FAuric'...
[INFO] running `Command { std: "git" "rev-parse" "HEAD", kill_on_drop: false }`
[INFO] [stdout] e90684056c409ed5cb68b9341b92c633c02d21b8
[INFO] checking Furry/Auric against beta-2021-10-15 for beta-1.56-3
[INFO] running `Command { std: "git" "clone" "/workspace/cache/git-repos/https%3A%2F%2Fgithub.com%2FFurry%2FAuric" "/workspace/builds/worker-5/source", kill_on_drop: false }`
[INFO] [stderr] Cloning into '/workspace/builds/worker-5/source'...
[INFO] [stderr] done.
[INFO] validating manifest of git repo https://github.com/Furry/Auric on toolchain beta-2021-10-15
[INFO] running `Command { std: "/workspace/cargo-home/bin/cargo" "+beta-2021-10-15" "metadata" "--manifest-path" "Cargo.toml" "--no-deps", kill_on_drop: false }`
[INFO] started tweaking git repo https://github.com/Furry/Auric
[INFO] finished tweaking git repo https://github.com/Furry/Auric
[INFO] tweaked toml for git repo https://github.com/Furry/Auric written to /workspace/builds/worker-5/source/Cargo.toml
[INFO] crate git repo https://github.com/Furry/Auric already has a lockfile, it will not be regenerated
[INFO] running `Command { std: "/workspace/cargo-home/bin/cargo" "+beta-2021-10-15" "fetch" "--manifest-path" "Cargo.toml", kill_on_drop: false }`
[INFO] [stderr]     Blocking waiting for file lock on package cache
[INFO] running `Command { std: "docker" "create" "-v" "/var/lib/crater-agent-workspace/builds/worker-5/target:/opt/rustwide/target:rw,Z" "-v" "/var/lib/crater-agent-workspace/builds/worker-5/source:/opt/rustwide/workdir:ro,Z" "-v" "/var/lib/crater-agent-workspace/cargo-home:/opt/rustwide/cargo-home:ro,Z" "-v" "/var/lib/crater-agent-workspace/rustup-home:/opt/rustwide/rustup-home:ro,Z" "-e" "SOURCE_DIR=/opt/rustwide/workdir" "-e" "CARGO_TARGET_DIR=/opt/rustwide/target" "-e" "CARGO_HOME=/opt/rustwide/cargo-home" "-e" "RUSTUP_HOME=/opt/rustwide/rustup-home" "-w" "/opt/rustwide/workdir" "-m" "1610612736" "--user" "0:0" "--network" "none" "ghcr.io/rust-lang/crates-build-env/linux@sha256:a89201d6b5b9fd45c15d5952ece0a0129e7e80cb26ec023fd59cf09bc26f1604" "/opt/rustwide/cargo-home/bin/cargo" "+beta-2021-10-15" "metadata" "--no-deps" "--format-version=1", kill_on_drop: false }`
[INFO] [stderr] WARNING: Your kernel does not support swap limit capabilities or the cgroup is not mounted. Memory limited without swap.
[INFO] [stdout] 3d11903401ef52891a452666d5acc07f0a6eb95526e406ec91e649c99044efbf
[INFO] running `Command { std: "docker" "start" "-a" "3d11903401ef52891a452666d5acc07f0a6eb95526e406ec91e649c99044efbf", kill_on_drop: false }`
[INFO] running `Command { std: "docker" "inspect" "3d11903401ef52891a452666d5acc07f0a6eb95526e406ec91e649c99044efbf", kill_on_drop: false }`
[INFO] running `Command { std: "docker" "rm" "-f" "3d11903401ef52891a452666d5acc07f0a6eb95526e406ec91e649c99044efbf", kill_on_drop: false }`
[INFO] [stdout] 3d11903401ef52891a452666d5acc07f0a6eb95526e406ec91e649c99044efbf
[INFO] running `Command { std: "docker" "create" "-v" "/var/lib/crater-agent-workspace/builds/worker-5/target:/opt/rustwide/target:rw,Z" "-v" "/var/lib/crater-agent-workspace/builds/worker-5/source:/opt/rustwide/workdir:ro,Z" "-v" "/var/lib/crater-agent-workspace/cargo-home:/opt/rustwide/cargo-home:ro,Z" "-v" "/var/lib/crater-agent-workspace/rustup-home:/opt/rustwide/rustup-home:ro,Z" "-e" "SOURCE_DIR=/opt/rustwide/workdir" "-e" "CARGO_TARGET_DIR=/opt/rustwide/target" "-e" "CARGO_INCREMENTAL=0" "-e" "RUST_BACKTRACE=full" "-e" "RUSTFLAGS=--cap-lints=warn" "-e" "CARGO_HOME=/opt/rustwide/cargo-home" "-e" "RUSTUP_HOME=/opt/rustwide/rustup-home" "-w" "/opt/rustwide/workdir" "-m" "1610612736" "--user" "0:0" "--network" "none" "ghcr.io/rust-lang/crates-build-env/linux@sha256:a89201d6b5b9fd45c15d5952ece0a0129e7e80cb26ec023fd59cf09bc26f1604" "/opt/rustwide/cargo-home/bin/cargo" "+beta-2021-10-15" "check" "--frozen" "--all" "--all-targets" "--message-format=json", kill_on_drop: false }`
[INFO] [stderr] WARNING: Your kernel does not support swap limit capabilities or the cgroup is not mounted. Memory limited without swap.
[INFO] [stdout] 8b625884c2cee16d73ccc84c98d10cf7634dd50e288f959d8065bb23c7225d2b
[INFO] running `Command { std: "docker" "start" "-a" "8b625884c2cee16d73ccc84c98d10cf7634dd50e288f959d8065bb23c7225d2b", kill_on_drop: false }`
[INFO] [stderr]    Compiling syn v1.0.42
[INFO] [stderr]    Compiling libc v0.2.78
[INFO] [stderr]    Compiling log v0.4.11
[INFO] [stderr]     Checking once_cell v1.4.1
[INFO] [stderr]    Compiling proc-macro-hack v0.5.18
[INFO] [stderr]     Checking pin-project-lite v0.1.10
[INFO] [stderr]     Checking futures-io v0.3.5
[INFO] [stderr]    Compiling pin-project-internal v0.4.26
[INFO] [stderr]     Checking smallvec v1.4.2
[INFO] [stderr]    Compiling cc v1.0.60
[INFO] [stderr]    Compiling serde_derive v1.0.116
[INFO] [stderr]     Checking tinyvec v0.3.4
[INFO] [stderr]     Checking ppv-lite86 v0.2.9
[INFO] [stderr]    Compiling serde v1.0.116
[INFO] [stderr]     Checking gimli v0.22.0
[INFO] [stderr]     Checking object v0.20.0
[INFO] [stderr]    Compiling const_fn v0.4.2
[INFO] [stderr]    Compiling serde_json v1.0.58
[INFO] [stderr]    Compiling encoding_rs v0.8.24
[INFO] [stderr]     Checking fastrand v1.4.0
[INFO] [stderr]    Compiling rustversion v1.0.3
[INFO] [stderr]    Compiling strsim v0.9.3
[INFO] [stderr]     Checking vec-arena v1.0.0
[INFO] [stderr]     Checking async-task v4.0.2
[INFO] [stderr]    Compiling v_escape v0.13.1
[INFO] [stderr]     Checking atomic-waker v1.0.0
[INFO] [stderr]     Checking unchecked-index v0.2.2
[INFO] [stderr]    Compiling v_htmlescape v0.10.3
[INFO] [stderr]    Compiling dotenv v0.15.0
[INFO] [stderr]    Compiling anyhow v1.0.32
[INFO] [stderr]     Checking take_mut v0.2.2
[INFO] [stderr]     Checking instant v0.1.7
[INFO] [stderr]    Compiling miniz_oxide v0.4.2
[INFO] [stderr]    Compiling standback v0.2.10
[INFO] [stderr]    Compiling time v0.2.22
[INFO] [stderr]    Compiling cookie v0.14.2
[INFO] [stderr]    Compiling num-traits v0.2.12
[INFO] [stderr]    Compiling num-integer v0.1.43
[INFO] [stderr]     Checking bytestring v0.1.5
[INFO] [stderr]     Checking buf-min v0.1.1
[INFO] [stderr]     Checking lock_api v0.4.1
[INFO] [stderr]     Checking futures-task v0.3.5
[INFO] [stderr]     Checking unicode-normalization v0.1.13
[INFO] [stderr]     Checking async-mutex v1.4.0
[INFO] [stderr]     Checking async-channel v1.4.2
[INFO] [stderr]     Checking futures-lite v1.10.1
[INFO] [stderr]     Checking twoway v0.2.1
[INFO] [stderr]     Checking generic-array v0.14.4
[INFO] [stderr]     Checking kv-log-macro v1.0.7
[INFO] [stderr]     Checking os_info v2.0.8
[INFO] [stderr]     Checking digest v0.9.0
[INFO] [stderr]     Checking block-buffer v0.9.0
[INFO] [stderr]    Compiling brotli-sys v0.3.2
[INFO] [stderr]    Compiling ring v0.16.15
[INFO] [stderr]     Checking iovec v0.1.4
[INFO] [stderr]     Checking net2 v0.2.35
[INFO] [stderr]     Checking signal-hook-registry v1.2.1
[INFO] [stderr]     Checking num_cpus v1.13.0
[INFO] [stderr]     Checking getrandom v0.1.15
[INFO] [stderr]     Checking parking_lot_core v0.8.0
[INFO] [stderr]     Checking hostname v0.3.1
[INFO] [stderr]     Checking socket2 v0.3.15
[INFO] [stderr]     Checking polling v2.0.0
[INFO] [stderr]     Checking nb-connect v1.0.2
[INFO] [stderr]     Checking parking_lot_core v0.7.2
[INFO] [stderr]     Checking time v0.1.44
[INFO] [stderr]     Checking sha-1 v0.9.1
[INFO] [stderr]     Checking idna v0.2.0
[INFO] [stderr]     Checking stringprep v0.1.2
[INFO] [stderr]     Checking flate2 v1.0.18
[INFO] [stderr]     Checking threadpool v1.8.1
[INFO] [stderr]     Checking async-executor v1.3.0
[INFO] [stderr]     Checking blocking v1.0.1
[INFO] [stderr]     Checking rand_core v0.5.1
[INFO] [stderr]     Checking resolv-conf v0.6.3
[INFO] [stderr]     Checking mio v0.6.22
[INFO] [stderr]     Checking parking_lot v0.11.0
[INFO] [stderr]     Checking async-io v1.1.9
[INFO] [stderr]     Checking parking_lot v0.10.2
[INFO] [stderr]     Checking addr2line v0.13.0
[INFO] [stderr]     Checking rand_chacha v0.2.2
[INFO] [stderr]     Checking backtrace v0.3.51
[INFO] [stderr]     Checking url v2.1.1
[INFO] [stderr]     Checking async-global-executor v1.3.0
[INFO] [stderr]     Checking futures-intrusive v0.3.1
[INFO] [stderr]     Checking rand v0.7.3
[INFO] [stderr]     Checking chrono v0.4.19
[INFO] [stderr]     Checking mio-uds v0.6.8
[INFO] [stderr]     Checking tokio v0.2.22
[INFO] [stderr]     Checking uuid v0.8.1
[INFO] [stderr]     Checking webpki v0.21.3
[INFO] [stderr]     Checking sct v0.6.0
[INFO] [stderr]     Checking rustls v0.17.0
[INFO] [stderr]     Checking webpki-roots v0.18.0
[INFO] [stderr]    Compiling darling_core v0.10.2
[INFO] [stderr]    Compiling proc-macro-error v1.0.4
[INFO] [stderr]    Compiling synstructure v0.12.4
[INFO] [stderr]     Checking tokio-util v0.3.1
[INFO] [stderr]     Checking brotli2 v0.3.2
[INFO] [stderr]     Checking tokio-rustls v0.13.1
[INFO] [stderr]    Compiling futures-macro v0.3.5
[INFO] [stderr]    Compiling derive_more v0.99.11
[INFO] [stderr]    Compiling actix-macros v0.1.2
[INFO] [stderr]    Compiling thiserror-impl v1.0.20
[INFO] [stderr]    Compiling async-trait v0.1.41
[INFO] [stderr]    Compiling enum-as-inner v0.3.3
[INFO] [stderr]    Compiling time-macros-impl v0.1.1
[INFO] [stderr]    Compiling tracing-attributes v0.1.11
[INFO] [stderr]    Compiling actix-web-codegen v0.3.0
[INFO] [stderr]    Compiling v_escape_derive v0.8.3
[INFO] [stderr]    Compiling async-attributes v1.1.1
[INFO] [stderr]    Compiling dotenv_codegen_implementation v0.15.0
[INFO] [stderr]    Compiling derivative v2.1.1
[INFO] [stderr]    Compiling darling_macro v0.10.2
[INFO] [stderr]     Checking async-std v1.6.5
[INFO] [stderr]     Checking dotenv_codegen v0.15.0
[INFO] [stderr]     Checking time-macros v0.1.1
[INFO] [stderr]    Compiling err-derive v0.2.4
[INFO] [stderr]    Compiling darling v0.10.2
[INFO] [stderr]     Checking thiserror v1.0.20
[INFO] [stderr]    Compiling serde_with_macros v1.2.1
[INFO] [stderr]     Checking tracing v0.1.21
[INFO] [stderr]     Checking pin-project v0.4.26
[INFO] [stderr]     Checking futures-util v0.3.5
[INFO] [stderr]     Checking actix-codec v0.3.0
[INFO] [stderr]     Checking actix-threadpool v0.3.3
[INFO] [stderr]     Checking actix-service v1.0.6
[INFO] [stderr]     Checking futures-executor v0.3.5
[INFO] [stderr]     Checking actix-rt v1.1.1
[INFO] [stderr]     Checking h2 v0.2.6
[INFO] [stderr]     Checking futures v0.3.5
[INFO] [stderr]     Checking trust-dns-proto v0.19.5
[INFO] [stderr]     Checking actix-utils v2.0.0
[INFO] [stderr]     Checking actix-server v1.0.4
[INFO] [stderr]     Checking actix-tls v2.0.0
[INFO] [stderr]     Checking actix-testing v1.0.1
[INFO] [stderr]     Checking trust-dns-resolver v0.19.5
[INFO] [stderr]     Checking serde_urlencoded v0.6.1
[INFO] [stderr]     Checking actix-router v0.2.5
[INFO] [stderr]     Checking serde_with v1.5.0
[INFO] [stderr]     Checking actix-connect v2.0.0
[INFO] [stderr]     Checking bson v1.1.0
[INFO] [stderr]     Checking actix-http v2.0.0
[INFO] [stderr]     Checking mongodb v1.1.1
[INFO] [stderr]     Checking awc v2.0.0
[INFO] [stderr]     Checking actix-web v3.1.0
[INFO] [stderr]     Checking actix-multipart v0.3.0
[INFO] [stderr]     Checking actix-files v0.3.0
[INFO] [stderr]     Checking actix-form-data v0.5.0
[INFO] [stderr]     Checking auric v0.1.0 (/opt/rustwide/workdir)
[INFO] [stdout] error[E0774]: `derive` may only be applied to `struct`s, `enum`s and `union`s
[INFO] [stdout]   --> src/routes/upload.rs:25:1
[INFO] [stdout]    |
[INFO] [stdout] 25 |   #[derive(Serialize)]
[INFO] [stdout]    |   ^^^^^^^^^^^^^^^^^^^^ not applicable here
[INFO] [stdout] 26 | / impl Serialize for UserEntry {
[INFO] [stdout] 27 | |     fn serialize<S>(&self, serializer: S) -> Result<S::Ok, S::Error>
[INFO] [stdout] 28 | |     where
[INFO] [stdout] 29 | |             S: Serializer {
[INFO] [stdout] ...  |
[INFO] [stdout] 33 | |     }
[INFO] [stdout] 34 | | }
[INFO] [stdout]    | |_- not a `struct`, `enum` or `union`
[INFO] [stdout] 
[INFO] [stdout] 
[INFO] [stdout] error[E0405]: cannot find trait `Serializer` in this scope
[INFO] [stdout]    --> src/routes/upload.rs:29:16
[INFO] [stdout]     |
[INFO] [stdout] 29  |             S: Serializer {
[INFO] [stdout]     |                ^^^^^^^^^^
[INFO] [stdout]     |
[INFO] [stdout]    ::: /opt/rustwide/cargo-home/registry/src/github.com-1ecc6299db9ec823/serde-1.0.116/src/ser/mod.rs:216:1
[INFO] [stdout]     |
[INFO] [stdout] 216 | pub trait Serialize {
[INFO] [stdout]     | ------------------- similarly named trait `Serialize` defined here
[INFO] [stdout]     |
[INFO] [stdout] help: a trait with a similar name exists
[INFO] [stdout]     |
[INFO] [stdout] 29  |             S: Serialize {
[INFO] [stdout]     |                ~~~~~~~~~
[INFO] [stdout] help: consider importing this trait
[INFO] [stdout]     |
[INFO] [stdout] 1   | use serde::Serializer;
[INFO] [stdout]     |
[INFO] [stdout] 
[INFO] [stdout] 
[INFO] [stdout] error[E0425]: cannot find value `serializer` in this scope
[INFO] [stdout]   --> src/routes/upload.rs:83:24
[INFO] [stdout]    |
[INFO] [stdout] 83 |             .serialize(serializer)
[INFO] [stdout]    |                        ^^^^^^^^^^ not found in this scope
[INFO] [stdout] 
[INFO] [stdout] 
[INFO] [stdout] warning: unused import: `Deserialize`
[INFO] [stdout]  --> src/routes/upload.rs:5:24
[INFO] [stdout]   |
[INFO] [stdout] 5 | use serde::{Serialize, Deserialize};
[INFO] [stdout]   |                        ^^^^^^^^^^^
[INFO] [stdout]   |
[INFO] [stdout]   = note: `#[warn(unused_imports)]` on by default
[INFO] [stdout] 
[INFO] [stdout] 
[INFO] [stdout] error: aborting due to 3 previous errors; 1 warning emitted
[INFO] [stdout] 
[INFO] [stdout] 
[INFO] [stdout] Some errors have detailed explanations: E0405, E0425, E0774.
[INFO] [stdout] 
[INFO] [stdout] For more information about an error, try `rustc --explain E0405`.
[INFO] [stdout] 
[INFO] [stderr] error: could not compile `auric` due to 4 previous errors; 1 warning emitted
[INFO] [stderr] warning: build failed, waiting for other jobs to finish...
[INFO] [stdout] error[E0774]: `derive` may only be applied to `struct`s, `enum`s and `union`s
[INFO] [stdout]   --> src/routes/upload.rs:25:1
[INFO] [stdout]    |
[INFO] [stdout] 25 |   #[derive(Serialize)]
[INFO] [stdout]    |   ^^^^^^^^^^^^^^^^^^^^ not applicable here
[INFO] [stdout] 26 | / impl Serialize for UserEntry {
[INFO] [stdout] 27 | |     fn serialize<S>(&self, serializer: S) -> Result<S::Ok, S::Error>
[INFO] [stdout] 28 | |     where
[INFO] [stdout] 29 | |             S: Serializer {
[INFO] [stdout] ...  |
[INFO] [stdout] 33 | |     }
[INFO] [stdout] 34 | | }
[INFO] [stdout]    | |_- not a `struct`, `enum` or `union`
[INFO] [stdout] 
[INFO] [stdout] 
[INFO] [stdout] error[E0405]: cannot find trait `Serializer` in this scope
[INFO] [stdout]    --> src/routes/upload.rs:29:16
[INFO] [stdout]     |
[INFO] [stdout] 29  |             S: Serializer {
[INFO] [stdout]     |                ^^^^^^^^^^
[INFO] [stdout]     |
[INFO] [stdout]    ::: /opt/rustwide/cargo-home/registry/src/github.com-1ecc6299db9ec823/serde-1.0.116/src/ser/mod.rs:216:1
[INFO] [stdout]     |
[INFO] [stdout] 216 | pub trait Serialize {
[INFO] [stdout]     | ------------------- similarly named trait `Serialize` defined here
[INFO] [stdout]     |
[INFO] [stdout] help: a trait with a similar name exists
[INFO] [stdout]     |
[INFO] [stdout] 29  |             S: Serialize {
[INFO] [stdout]     |                ~~~~~~~~~
[INFO] [stdout] help: consider importing this trait
[INFO] [stdout]     |
[INFO] [stdout] 1   | use serde::Serializer;
[INFO] [stdout]     |
[INFO] [stdout] 
[INFO] [stdout] 
[INFO] [stdout] error[E0425]: cannot find value `serializer` in this scope
[INFO] [stdout]   --> src/routes/upload.rs:83:24
[INFO] [stdout]    |
[INFO] [stdout] 83 |             .serialize(serializer)
[INFO] [stdout]    |                        ^^^^^^^^^^ not found in this scope
[INFO] [stdout] 
[INFO] [stdout] 
[INFO] [stdout] warning: unused import: `Deserialize`
[INFO] [stdout]  --> src/routes/upload.rs:5:24
[INFO] [stdout]   |
[INFO] [stdout] 5 | use serde::{Serialize, Deserialize};
[INFO] [stdout]   |                        ^^^^^^^^^^^
[INFO] [stdout]   |
[INFO] [stdout]   = note: `#[warn(unused_imports)]` on by default
[INFO] [stdout] 
[INFO] [stdout] 
[INFO] [stdout] error: aborting due to 3 previous errors; 1 warning emitted
[INFO] [stdout] 
[INFO] [stdout] 
[INFO] [stdout] Some errors have detailed explanations: E0405, E0425, E0774.
[INFO] [stdout] 
[INFO] [stdout] For more information about an error, try `rustc --explain E0405`.
[INFO] [stdout] 
[INFO] [stderr] error: build failed
[INFO] running `Command { std: "docker" "inspect" "8b625884c2cee16d73ccc84c98d10cf7634dd50e288f959d8065bb23c7225d2b", kill_on_drop: false }`
[INFO] running `Command { std: "docker" "rm" "-f" "8b625884c2cee16d73ccc84c98d10cf7634dd50e288f959d8065bb23c7225d2b", kill_on_drop: false }`
[INFO] [stdout] 8b625884c2cee16d73ccc84c98d10cf7634dd50e288f959d8065bb23c7225d2b
