[INFO] cloning repository https://github.com/Freifunk-Potsdam/ffp-ipam
[INFO] running `Command { std: "git" "-c" "credential.helper=" "-c" "credential.helper=/workspace/cargo-home/bin/git-credential-null" "clone" "--bare" "https://github.com/Freifunk-Potsdam/ffp-ipam" "/workspace/cache/git-repos/https%3A%2F%2Fgithub.com%2FFreifunk-Potsdam%2Fffp-ipam", kill_on_drop: false }`
[INFO] [stderr] Cloning into bare repository '/workspace/cache/git-repos/https%3A%2F%2Fgithub.com%2FFreifunk-Potsdam%2Fffp-ipam'...
[INFO] running `Command { std: "git" "rev-parse" "HEAD", kill_on_drop: false }`
[INFO] [stdout] 470430b20700cd572941012fd31eaabf531b2649
[INFO] checking Freifunk-Potsdam/ffp-ipam against 1.55.0 for beta-1.56-3
[INFO] running `Command { std: "git" "clone" "/workspace/cache/git-repos/https%3A%2F%2Fgithub.com%2FFreifunk-Potsdam%2Fffp-ipam" "/workspace/builds/worker-7/source", kill_on_drop: false }`
[INFO] [stderr] Cloning into '/workspace/builds/worker-7/source'...
[INFO] [stderr] done.
[INFO] validating manifest of git repo https://github.com/Freifunk-Potsdam/ffp-ipam on toolchain 1.55.0
[INFO] running `Command { std: "/workspace/cargo-home/bin/cargo" "+1.55.0" "metadata" "--manifest-path" "Cargo.toml" "--no-deps", kill_on_drop: false }`
[INFO] started tweaking git repo https://github.com/Freifunk-Potsdam/ffp-ipam
[INFO] finished tweaking git repo https://github.com/Freifunk-Potsdam/ffp-ipam
[INFO] tweaked toml for git repo https://github.com/Freifunk-Potsdam/ffp-ipam written to /workspace/builds/worker-7/source/Cargo.toml
[INFO] crate git repo https://github.com/Freifunk-Potsdam/ffp-ipam already has a lockfile, it will not be regenerated
[INFO] running `Command { std: "/workspace/cargo-home/bin/cargo" "+1.55.0" "fetch" "--manifest-path" "Cargo.toml", kill_on_drop: false }`
[INFO] [stderr]  Downloading crates ...
[INFO] [stderr]   Downloaded git2 v0.13.22
[INFO] [stderr]   Downloaded libgit2-sys v0.12.23+1.2.0
[INFO] running `Command { std: "docker" "create" "-v" "/var/lib/crater-agent-workspace/builds/worker-7/target:/opt/rustwide/target:rw,Z" "-v" "/var/lib/crater-agent-workspace/builds/worker-7/source:/opt/rustwide/workdir:ro,Z" "-v" "/var/lib/crater-agent-workspace/cargo-home:/opt/rustwide/cargo-home:ro,Z" "-v" "/var/lib/crater-agent-workspace/rustup-home:/opt/rustwide/rustup-home:ro,Z" "-e" "SOURCE_DIR=/opt/rustwide/workdir" "-e" "CARGO_TARGET_DIR=/opt/rustwide/target" "-e" "CARGO_HOME=/opt/rustwide/cargo-home" "-e" "RUSTUP_HOME=/opt/rustwide/rustup-home" "-w" "/opt/rustwide/workdir" "-m" "1610612736" "--user" "0:0" "--network" "none" "ghcr.io/rust-lang/crates-build-env/linux@sha256:a89201d6b5b9fd45c15d5952ece0a0129e7e80cb26ec023fd59cf09bc26f1604" "/opt/rustwide/cargo-home/bin/cargo" "+1.55.0" "metadata" "--no-deps" "--format-version=1", kill_on_drop: false }`
[INFO] [stdout] 18d341fc91c9f94c01ce3010a0212dc2fcb7b90992113bb250dbc375b147954b
[INFO] [stderr] WARNING: Your kernel does not support swap limit capabilities or the cgroup is not mounted. Memory limited without swap.
[INFO] running `Command { std: "docker" "start" "-a" "18d341fc91c9f94c01ce3010a0212dc2fcb7b90992113bb250dbc375b147954b", kill_on_drop: false }`
[INFO] running `Command { std: "docker" "inspect" "18d341fc91c9f94c01ce3010a0212dc2fcb7b90992113bb250dbc375b147954b", kill_on_drop: false }`
[INFO] running `Command { std: "docker" "rm" "-f" "18d341fc91c9f94c01ce3010a0212dc2fcb7b90992113bb250dbc375b147954b", kill_on_drop: false }`
[INFO] [stdout] 18d341fc91c9f94c01ce3010a0212dc2fcb7b90992113bb250dbc375b147954b
[INFO] running `Command { std: "docker" "create" "-v" "/var/lib/crater-agent-workspace/builds/worker-7/target:/opt/rustwide/target:rw,Z" "-v" "/var/lib/crater-agent-workspace/builds/worker-7/source:/opt/rustwide/workdir:ro,Z" "-v" "/var/lib/crater-agent-workspace/cargo-home:/opt/rustwide/cargo-home:ro,Z" "-v" "/var/lib/crater-agent-workspace/rustup-home:/opt/rustwide/rustup-home:ro,Z" "-e" "SOURCE_DIR=/opt/rustwide/workdir" "-e" "CARGO_TARGET_DIR=/opt/rustwide/target" "-e" "CARGO_INCREMENTAL=0" "-e" "RUST_BACKTRACE=full" "-e" "RUSTFLAGS=--cap-lints=warn" "-e" "CARGO_HOME=/opt/rustwide/cargo-home" "-e" "RUSTUP_HOME=/opt/rustwide/rustup-home" "-w" "/opt/rustwide/workdir" "-m" "1610612736" "--user" "0:0" "--network" "none" "ghcr.io/rust-lang/crates-build-env/linux@sha256:a89201d6b5b9fd45c15d5952ece0a0129e7e80cb26ec023fd59cf09bc26f1604" "/opt/rustwide/cargo-home/bin/cargo" "+1.55.0" "check" "--frozen" "--all" "--all-targets" "--message-format=json", kill_on_drop: false }`
[INFO] [stdout] fa36052718620442ea108866e4549d391ce0258ce5c6dd26167e6365e49fe6e6
[INFO] [stderr] WARNING: Your kernel does not support swap limit capabilities or the cgroup is not mounted. Memory limited without swap.
[INFO] running `Command { std: "docker" "start" "-a" "fa36052718620442ea108866e4549d391ce0258ce5c6dd26167e6365e49fe6e6", kill_on_drop: false }`
[INFO] [stderr]    Compiling libc v0.2.102
[INFO] [stderr]    Compiling proc-macro2 v1.0.29
[INFO] [stderr]    Compiling syn v1.0.77
[INFO] [stderr]    Compiling serde v1.0.130
[INFO] [stderr]    Compiling bytes v1.1.0
[INFO] [stderr]     Checking futures-io v0.3.17
[INFO] [stderr]    Compiling futures-sink v0.3.17
[INFO] [stderr]    Compiling bitflags v1.3.2
[INFO] [stderr]     Checking spin v0.9.2
[INFO] [stderr]    Compiling gcc v0.3.55
[INFO] [stderr]     Checking regex-syntax v0.6.25
[INFO] [stderr]    Compiling tokio v1.12.0
[INFO] [stderr]    Compiling futures-macro v0.3.17
[INFO] [stderr]    Compiling futures-util v0.3.17
[INFO] [stderr]    Compiling instant v0.1.11
[INFO] [stderr]    Compiling tracing-core v0.1.20
[INFO] [stderr]    Compiling lock_api v0.4.5
[INFO] [stderr]     Checking tinyvec v1.4.0
[INFO] [stderr]    Compiling futures-core v0.3.17
[INFO] [stderr]    Compiling futures-task v0.3.17
[INFO] [stderr]    Compiling want v0.3.0
[INFO] [stderr]    Compiling futures-channel v0.3.17
[INFO] [stderr]    Compiling http v0.2.5
[INFO] [stderr]    Compiling tracing v0.1.28
[INFO] [stderr]    Compiling rust-crypto v0.2.36
[INFO] [stderr]     Checking unicode-normalization v0.1.19
[INFO] [stderr]    Compiling quote v1.0.9
[INFO] [stderr]     Checking signal-hook-registry v1.4.0
[INFO] [stderr]     Checking mio v0.7.13
[INFO] [stderr]     Checking num_cpus v1.13.0
[INFO] [stderr]     Checking getrandom v0.2.3
[INFO] [stderr]     Checking parking_lot_core v0.8.5
[INFO] [stderr]     Checking socket2 v0.4.2
[INFO] [stderr]     Checking rand v0.4.6
[INFO] [stderr]     Checking atty v0.2.14
[INFO] [stderr]     Checking time v0.1.43
[INFO] [stderr]    Compiling jobserver v0.1.24
[INFO] [stderr]     Checking rand_core v0.6.3
[INFO] [stderr]     Checking parking_lot v0.11.2
[INFO] [stderr]    Compiling cc v1.0.70
[INFO] [stderr]     Checking idna v0.2.3
[INFO] [stderr]     Checking rand_chacha v0.3.1
[INFO] [stderr]     Checking scheduled-thread-pool v0.2.5
[INFO] [stderr]     Checking rand v0.3.23
[INFO] [stderr]     Checking regex v1.5.4
[INFO] [stderr]     Checking rand v0.8.4
[INFO] [stderr]     Checking r2d2 v0.8.9
[INFO] [stderr]    Compiling http-body v0.4.3
[INFO] [stderr]     Checking url v2.2.2
[INFO] [stderr]    Compiling libz-sys v1.1.3
[INFO] [stderr]    Compiling openssl-sys v0.9.67
[INFO] [stderr]    Compiling libssh2-sys v0.2.21
[INFO] [stderr]    Compiling libgit2-sys v0.12.23+1.2.0
[INFO] [stderr]     Checking tempfile v3.2.0
[INFO] [stderr]    Compiling proc-macro2-diagnostics v0.9.1
[INFO] [stderr]    Compiling devise_core v0.3.1
[INFO] [stderr]     Checking git2 v0.13.22
[INFO] [stderr]    Compiling serde_derive v1.0.130
[INFO] [stderr]    Compiling tokio-macros v1.3.0
[INFO] [stderr]    Compiling time-macros-impl v0.1.2
[INFO] [stderr]    Compiling pear_codegen v0.2.3
[INFO] [stderr]    Compiling ref-cast-impl v1.0.6
[INFO] [stderr]    Compiling devise_codegen v0.3.1
[INFO] [stderr]    Compiling async-stream-impl v0.3.2
[INFO] [stderr]    Compiling async-trait v0.1.51
[INFO] [stderr]    Compiling ref-cast v1.0.6
[INFO] [stderr]    Compiling time-macros v0.1.1
[INFO] [stderr]     Checking async-stream v0.3.2
[INFO] [stderr]    Compiling time v0.2.27
[INFO] [stderr]    Compiling devise v0.3.1
[INFO] [stderr]    Compiling pear v0.2.3
[INFO] [stderr]    Compiling rocket_sync_db_pools_codegen v0.1.0-rc.1
[INFO] [stderr]     Checking cookie v0.15.1
[INFO] [stderr]     Checking tokio-util v0.6.8
[INFO] [stderr]     Checking tokio-stream v0.1.7
[INFO] [stderr]     Checking futures-executor v0.3.17
[INFO] [stderr]     Checking futures v0.3.17
[INFO] [stderr]     Checking multer v2.0.1
[INFO] [stderr]     Checking indexmap v1.7.0
[INFO] [stderr]     Checking uncased v0.9.6
[INFO] [stderr]     Checking toml v0.5.8
[INFO] [stderr]     Checking serde_json v1.0.68
[INFO] [stderr]     Checking ubyte v0.10.1
[INFO] [stderr]     Checking ipnet v2.3.1
[INFO] [stderr]     Checking docopt v1.1.1
[INFO] [stderr]     Checking h2 v0.3.4
[INFO] [stderr]     Checking figment v0.10.6
[INFO] [stderr]     Checking hyper v0.14.13
[INFO] [stderr]     Checking rocket_http v0.5.0-rc.1
[INFO] [stderr]    Compiling rocket_codegen v0.5.0-rc.1
[INFO] [stderr]     Checking rocket v0.5.0-rc.1
[INFO] [stderr]     Checking rocket_sync_db_pools v0.1.0-rc.1
[INFO] [stderr]     Checking ffp-ipam v0.1.0 (/opt/rustwide/workdir)
[INFO] [stdout] error[E0432]: unresolved import `rocket::local::Client`
[INFO] [stdout]  --> src/tests.rs:6:5
[INFO] [stdout]   |
[INFO] [stdout] 6 | use rocket::local::Client;
[INFO] [stdout]   |     ^^^^^^^^^^^^^^^------
[INFO] [stdout]   |     |              |
[INFO] [stdout]   |     |              help: a similar name exists in the module (notice the capitalization): `client`
[INFO] [stdout]   |     no `Client` in `local`
[INFO] [stdout] 
[INFO] [stdout] 
[INFO] [stdout] error[E0432]: unresolved import `auth`
[INFO] [stdout]  --> src/tests.rs:3:5
[INFO] [stdout]   |
[INFO] [stdout] 3 | use auth;
[INFO] [stdout]   |     ^^^^ no external crate `auth`
[INFO] [stdout] 
[INFO] [stdout] 
[INFO] [stdout] error[E0425]: cannot find function, tuple struct or tuple variant `Token` in this scope
[INFO] [stdout]   --> src/tests.rs:10:85
[INFO] [stdout]    |
[INFO] [stdout] 10 |     let testing_rocket = super::rocket().attach(auth::auth_fairing_for_testing(vec![Token(
[INFO] [stdout]    |                                                                                     ^^^^^ not found in this scope
[INFO] [stdout]    |
[INFO] [stdout] help: consider importing this tuple struct
[INFO] [stdout]    |
[INFO] [stdout] 3  | use crate::auth::Token;
[INFO] [stdout]    |
[INFO] [stdout] 
[INFO] [stdout] 
[INFO] [stdout] error: aborting due to 3 previous errors
[INFO] [stdout] 
[INFO] [stdout] 
[INFO] [stdout] Some errors have detailed explanations: E0425, E0432.
[INFO] [stdout] 
[INFO] [stdout] For more information about an error, try `rustc --explain E0425`.
[INFO] [stdout] 
[INFO] [stderr] error: could not compile `ffp-ipam` due to 4 previous errors
[INFO] [stderr] warning: build failed, waiting for other jobs to finish...
[INFO] [stderr] error: build failed
[INFO] running `Command { std: "docker" "inspect" "fa36052718620442ea108866e4549d391ce0258ce5c6dd26167e6365e49fe6e6", kill_on_drop: false }`
[INFO] running `Command { std: "docker" "rm" "-f" "fa36052718620442ea108866e4549d391ce0258ce5c6dd26167e6365e49fe6e6", kill_on_drop: false }`
[INFO] [stdout] fa36052718620442ea108866e4549d391ce0258ce5c6dd26167e6365e49fe6e6
