[INFO] cloning repository https://github.com/FreeMasen/rox
[INFO] running `Command { std: "git" "-c" "credential.helper=" "-c" "credential.helper=/workspace/cargo-home/bin/git-credential-null" "clone" "--bare" "https://github.com/FreeMasen/rox" "/workspace/cache/git-repos/https%3A%2F%2Fgithub.com%2FFreeMasen%2Frox", kill_on_drop: false }`
[INFO] [stderr] Cloning into bare repository '/workspace/cache/git-repos/https%3A%2F%2Fgithub.com%2FFreeMasen%2Frox'...
[INFO] running `Command { std: "git" "rev-parse" "HEAD", kill_on_drop: false }`
[INFO] [stdout] eb8602214eb5877c5d9dbef10840cefb874076e9
[INFO] checking FreeMasen/rox against beta-2021-10-15 for beta-1.56-3
[INFO] running `Command { std: "git" "clone" "/workspace/cache/git-repos/https%3A%2F%2Fgithub.com%2FFreeMasen%2Frox" "/workspace/builds/worker-14/source", kill_on_drop: false }`
[INFO] [stderr] Cloning into '/workspace/builds/worker-14/source'...
[INFO] [stderr] done.
[INFO] validating manifest of git repo https://github.com/FreeMasen/rox on toolchain beta-2021-10-15
[INFO] running `Command { std: "/workspace/cargo-home/bin/cargo" "+beta-2021-10-15" "metadata" "--manifest-path" "Cargo.toml" "--no-deps", kill_on_drop: false }`
[INFO] started tweaking git repo https://github.com/FreeMasen/rox
[INFO] finished tweaking git repo https://github.com/FreeMasen/rox
[INFO] tweaked toml for git repo https://github.com/FreeMasen/rox written to /workspace/builds/worker-14/source/Cargo.toml
[INFO] crate git repo https://github.com/FreeMasen/rox already has a lockfile, it will not be regenerated
[INFO] running `Command { std: "/workspace/cargo-home/bin/cargo" "+beta-2021-10-15" "fetch" "--manifest-path" "Cargo.toml", kill_on_drop: false }`
[INFO] [stderr]     Blocking waiting for file lock on package cache
[INFO] [stderr]  Downloading crates ...
[INFO] [stderr]   Downloaded hash-chain v0.3.2
[INFO] [stderr]   Downloaded hashers v1.0.1
[INFO] [stderr]   Downloaded tracing-subscriber v0.2.5
[INFO] running `Command { std: "docker" "create" "-v" "/var/lib/crater-agent-workspace/builds/worker-14/target:/opt/rustwide/target:rw,Z" "-v" "/var/lib/crater-agent-workspace/builds/worker-14/source:/opt/rustwide/workdir:ro,Z" "-v" "/var/lib/crater-agent-workspace/cargo-home:/opt/rustwide/cargo-home:ro,Z" "-v" "/var/lib/crater-agent-workspace/rustup-home:/opt/rustwide/rustup-home:ro,Z" "-e" "SOURCE_DIR=/opt/rustwide/workdir" "-e" "CARGO_TARGET_DIR=/opt/rustwide/target" "-e" "CARGO_HOME=/opt/rustwide/cargo-home" "-e" "RUSTUP_HOME=/opt/rustwide/rustup-home" "-w" "/opt/rustwide/workdir" "-m" "1610612736" "--user" "0:0" "--network" "none" "ghcr.io/rust-lang/crates-build-env/linux@sha256:a89201d6b5b9fd45c15d5952ece0a0129e7e80cb26ec023fd59cf09bc26f1604" "/opt/rustwide/cargo-home/bin/cargo" "+beta-2021-10-15" "metadata" "--no-deps" "--format-version=1", kill_on_drop: false }`
[INFO] [stdout] ddba9323c234d8ae3d510e7dfffeafa444dbd9c243f2494d0ddcac83514c552c
[INFO] [stderr] WARNING: Your kernel does not support swap limit capabilities or the cgroup is not mounted. Memory limited without swap.
[INFO] running `Command { std: "docker" "start" "-a" "ddba9323c234d8ae3d510e7dfffeafa444dbd9c243f2494d0ddcac83514c552c", kill_on_drop: false }`
[INFO] running `Command { std: "docker" "inspect" "ddba9323c234d8ae3d510e7dfffeafa444dbd9c243f2494d0ddcac83514c552c", kill_on_drop: false }`
[INFO] running `Command { std: "docker" "rm" "-f" "ddba9323c234d8ae3d510e7dfffeafa444dbd9c243f2494d0ddcac83514c552c", kill_on_drop: false }`
[INFO] [stdout] ddba9323c234d8ae3d510e7dfffeafa444dbd9c243f2494d0ddcac83514c552c
[INFO] running `Command { std: "docker" "create" "-v" "/var/lib/crater-agent-workspace/builds/worker-14/target:/opt/rustwide/target:rw,Z" "-v" "/var/lib/crater-agent-workspace/builds/worker-14/source:/opt/rustwide/workdir:ro,Z" "-v" "/var/lib/crater-agent-workspace/cargo-home:/opt/rustwide/cargo-home:ro,Z" "-v" "/var/lib/crater-agent-workspace/rustup-home:/opt/rustwide/rustup-home:ro,Z" "-e" "SOURCE_DIR=/opt/rustwide/workdir" "-e" "CARGO_TARGET_DIR=/opt/rustwide/target" "-e" "CARGO_INCREMENTAL=0" "-e" "RUST_BACKTRACE=full" "-e" "RUSTFLAGS=--cap-lints=warn" "-e" "CARGO_HOME=/opt/rustwide/cargo-home" "-e" "RUSTUP_HOME=/opt/rustwide/rustup-home" "-w" "/opt/rustwide/workdir" "-m" "1610612736" "--user" "0:0" "--network" "none" "ghcr.io/rust-lang/crates-build-env/linux@sha256:a89201d6b5b9fd45c15d5952ece0a0129e7e80cb26ec023fd59cf09bc26f1604" "/opt/rustwide/cargo-home/bin/cargo" "+beta-2021-10-15" "check" "--frozen" "--all" "--all-targets" "--message-format=json", kill_on_drop: false }`
[INFO] [stderr] WARNING: Your kernel does not support swap limit capabilities or the cgroup is not mounted. Memory limited without swap.
[INFO] [stdout] 76f254858a98ecf7fb9201b5c426d5d620e33068fa67bbd5ff26ce0d4084dd22
[INFO] running `Command { std: "docker" "start" "-a" "76f254858a98ecf7fb9201b5c426d5d620e33068fa67bbd5ff26ce0d4084dd22", kill_on_drop: false }`
[INFO] [stderr]    Compiling libc v0.2.69
[INFO] [stderr]    Compiling proc-macro2 v1.0.17
[INFO] [stderr]    Compiling serde v1.0.110
[INFO] [stderr]     Checking rox_shared v0.1.0 (/opt/rustwide/workdir/rox_shared)
[INFO] [stderr]     Checking hash-chain v0.3.2
[INFO] [stderr]    Compiling syn v1.0.23
[INFO] [stderr]     Checking smallvec v1.4.0
[INFO] [stderr]     Checking tracing-core v0.1.10
[INFO] [stderr]     Checking sharded-slab v0.0.9
[INFO] [stderr]    Compiling num-traits v0.2.11
[INFO] [stderr]     Checking regex-automata v0.1.9
[INFO] [stderr]     Checking fxhash v0.2.1
[INFO] [stderr]     Checking hashers v1.0.1
[INFO] [stderr]     Checking tracing-log v0.1.1
[INFO] [stderr]     Checking matchers v0.0.1
[INFO] [stderr]    Compiling quote v1.0.6
[INFO] [stderr]     Checking atty v0.2.14
[INFO] [stderr]     Checking time v0.1.43
[INFO] [stderr]     Checking env_logger v0.6.2
[INFO] [stderr]     Checking env_logger v0.7.1
[INFO] [stderr]     Checking num-integer v0.1.42
[INFO] [stderr]     Checking pretty_env_logger v0.4.0
[INFO] [stderr]     Checking chrono v0.4.11
[INFO] [stderr]     Checking roxi v0.1.0 (/opt/rustwide/workdir/roxi)
[INFO] [stdout] error[E0433]: failed to resolve: could not find `scanner` in the crate root
[INFO] [stdout]   --> roxi/src/func.rs:71:56
[INFO] [stdout]    |
[INFO] [stdout] 71 |             crate::parser::Parser::new(crate::scanner::Scanner::new(lox.to_string()).unwrap());
[INFO] [stdout]    |                                                        ^^^^^^^ not found in `crate::scanner`
[INFO] [stdout]    |
[INFO] [stdout] help: consider importing one of these items
[INFO] [stdout]    |
[INFO] [stdout] 49 |     use crate::Scanner;
[INFO] [stdout]    |
[INFO] [stdout] 49 |     use rox_shared::Scanner;
[INFO] [stdout]    |
[INFO] [stdout] 
[INFO] [stdout] 
[INFO] [stdout] error[E0433]: failed to resolve: could not find `scanner` in the crate root
[INFO] [stdout]   --> roxi/src/func.rs:95:56
[INFO] [stdout]    |
[INFO] [stdout] 95 |             crate::parser::Parser::new(crate::scanner::Scanner::new(lox.to_string()).unwrap());
[INFO] [stdout]    |                                                        ^^^^^^^ not found in `crate::scanner`
[INFO] [stdout]    |
[INFO] [stdout] help: consider importing one of these items
[INFO] [stdout]    |
[INFO] [stdout] 49 |     use crate::Scanner;
[INFO] [stdout]    |
[INFO] [stdout] 49 |     use rox_shared::Scanner;
[INFO] [stdout]    |
[INFO] [stdout] 
[INFO] [stdout] 
[INFO] [stdout] error[E0433]: failed to resolve: could not find `scanner` in the crate root
[INFO] [stdout]    --> roxi/src/interpreter.rs:393:56
[INFO] [stdout]     |
[INFO] [stdout] 393 |             crate::parser::Parser::new(crate::scanner::Scanner::new(lox.into()).unwrap());
[INFO] [stdout]     |                                                        ^^^^^^^ not found in `crate::scanner`
[INFO] [stdout]     |
[INFO] [stdout] help: consider importing one of these items
[INFO] [stdout]     |
[INFO] [stdout] 381 |     use crate::Scanner;
[INFO] [stdout]     |
[INFO] [stdout] 381 |     use rox_shared::Scanner;
[INFO] [stdout]     |
[INFO] [stdout] 
[INFO] [stdout] 
[INFO] [stdout] error[E0433]: failed to resolve: could not find `scanner` in the crate root
[INFO] [stdout]    --> roxi/src/interpreter.rs:407:56
[INFO] [stdout]     |
[INFO] [stdout] 407 |             crate::parser::Parser::new(crate::scanner::Scanner::new(lox.into()).unwrap());
[INFO] [stdout]     |                                                        ^^^^^^^ not found in `crate::scanner`
[INFO] [stdout]     |
[INFO] [stdout] help: consider importing one of these items
[INFO] [stdout]     |
[INFO] [stdout] 381 |     use crate::Scanner;
[INFO] [stdout]     |
[INFO] [stdout] 381 |     use rox_shared::Scanner;
[INFO] [stdout]     |
[INFO] [stdout] 
[INFO] [stdout] 
[INFO] [stdout] error[E0433]: failed to resolve: could not find `scanner` in the crate root
[INFO] [stdout]    --> roxi/src/interpreter.rs:431:56
[INFO] [stdout]     |
[INFO] [stdout] 431 |             crate::parser::Parser::new(crate::scanner::Scanner::new(lox.into()).unwrap());
[INFO] [stdout]     |                                                        ^^^^^^^ not found in `crate::scanner`
[INFO] [stdout]     |
[INFO] [stdout] help: consider importing one of these items
[INFO] [stdout]     |
[INFO] [stdout] 381 |     use crate::Scanner;
[INFO] [stdout]     |
[INFO] [stdout] 381 |     use rox_shared::Scanner;
[INFO] [stdout]     |
[INFO] [stdout] 
[INFO] [stdout] 
[INFO] [stdout] error[E0433]: failed to resolve: could not find `scanner` in the crate root
[INFO] [stdout]    --> roxi/src/interpreter.rs:453:56
[INFO] [stdout]     |
[INFO] [stdout] 453 |             crate::parser::Parser::new(crate::scanner::Scanner::new(lox.into()).unwrap());
[INFO] [stdout]     |                                                        ^^^^^^^ not found in `crate::scanner`
[INFO] [stdout]     |
[INFO] [stdout] help: consider importing one of these items
[INFO] [stdout]     |
[INFO] [stdout] 381 |     use crate::Scanner;
[INFO] [stdout]     |
[INFO] [stdout] 381 |     use rox_shared::Scanner;
[INFO] [stdout]     |
[INFO] [stdout] 
[INFO] [stdout] 
[INFO] [stdout] error: aborting due to 6 previous errors
[INFO] [stdout] 
[INFO] [stdout] 
[INFO] [stdout] For more information about this error, try `rustc --explain E0433`.
[INFO] [stdout] 
[INFO] [stderr] error: could not compile `roxi` due to 7 previous errors
[INFO] [stderr] warning: build failed, waiting for other jobs to finish...
[INFO] [stderr] error: build failed
[INFO] running `Command { std: "docker" "inspect" "76f254858a98ecf7fb9201b5c426d5d620e33068fa67bbd5ff26ce0d4084dd22", kill_on_drop: false }`
[INFO] running `Command { std: "docker" "rm" "-f" "76f254858a98ecf7fb9201b5c426d5d620e33068fa67bbd5ff26ce0d4084dd22", kill_on_drop: false }`
[INFO] [stdout] 76f254858a98ecf7fb9201b5c426d5d620e33068fa67bbd5ff26ce0d4084dd22
