[INFO] cloning repository https://github.com/FredericDesgreniers/poe_eventing
[INFO] running `Command { std: "git" "-c" "credential.helper=" "-c" "credential.helper=/workspace/cargo-home/bin/git-credential-null" "clone" "--bare" "https://github.com/FredericDesgreniers/poe_eventing" "/workspace/cache/git-repos/https%3A%2F%2Fgithub.com%2FFredericDesgreniers%2Fpoe_eventing", kill_on_drop: false }`
[INFO] [stderr] Cloning into bare repository '/workspace/cache/git-repos/https%3A%2F%2Fgithub.com%2FFredericDesgreniers%2Fpoe_eventing'...
[INFO] running `Command { std: "git" "rev-parse" "HEAD", kill_on_drop: false }`
[INFO] [stdout] b90747e8d681742ee08c51306882144b46aa6fb8
[INFO] checking FredericDesgreniers/poe_eventing against beta-2021-10-15 for beta-1.56-3
[INFO] running `Command { std: "git" "clone" "/workspace/cache/git-repos/https%3A%2F%2Fgithub.com%2FFredericDesgreniers%2Fpoe_eventing" "/workspace/builds/worker-3/source", kill_on_drop: false }`
[INFO] [stderr] Cloning into '/workspace/builds/worker-3/source'...
[INFO] [stderr] done.
[INFO] validating manifest of git repo https://github.com/FredericDesgreniers/poe_eventing on toolchain beta-2021-10-15
[INFO] running `Command { std: "/workspace/cargo-home/bin/cargo" "+beta-2021-10-15" "metadata" "--manifest-path" "Cargo.toml" "--no-deps", kill_on_drop: false }`
[INFO] started tweaking git repo https://github.com/FredericDesgreniers/poe_eventing
[INFO] finished tweaking git repo https://github.com/FredericDesgreniers/poe_eventing
[INFO] tweaked toml for git repo https://github.com/FredericDesgreniers/poe_eventing written to /workspace/builds/worker-3/source/Cargo.toml
[INFO] crate git repo https://github.com/FredericDesgreniers/poe_eventing already has a lockfile, it will not be regenerated
[INFO] running `Command { std: "/workspace/cargo-home/bin/cargo" "+beta-2021-10-15" "fetch" "--manifest-path" "Cargo.toml", kill_on_drop: false }`
[INFO] [stderr]     Blocking waiting for file lock on package cache
[INFO] running `Command { std: "docker" "create" "-v" "/var/lib/crater-agent-workspace/builds/worker-3/target:/opt/rustwide/target:rw,Z" "-v" "/var/lib/crater-agent-workspace/builds/worker-3/source:/opt/rustwide/workdir:ro,Z" "-v" "/var/lib/crater-agent-workspace/cargo-home:/opt/rustwide/cargo-home:ro,Z" "-v" "/var/lib/crater-agent-workspace/rustup-home:/opt/rustwide/rustup-home:ro,Z" "-e" "SOURCE_DIR=/opt/rustwide/workdir" "-e" "CARGO_TARGET_DIR=/opt/rustwide/target" "-e" "CARGO_HOME=/opt/rustwide/cargo-home" "-e" "RUSTUP_HOME=/opt/rustwide/rustup-home" "-w" "/opt/rustwide/workdir" "-m" "1610612736" "--user" "0:0" "--network" "none" "ghcr.io/rust-lang/crates-build-env/linux@sha256:a89201d6b5b9fd45c15d5952ece0a0129e7e80cb26ec023fd59cf09bc26f1604" "/opt/rustwide/cargo-home/bin/cargo" "+beta-2021-10-15" "metadata" "--no-deps" "--format-version=1", kill_on_drop: false }`
[INFO] [stderr] WARNING: Your kernel does not support swap limit capabilities or the cgroup is not mounted. Memory limited without swap.
[INFO] [stdout] 31177406d11d60d6c06962986d4519e8279373a6b4454236fcd7901613c2b116
[INFO] running `Command { std: "docker" "start" "-a" "31177406d11d60d6c06962986d4519e8279373a6b4454236fcd7901613c2b116", kill_on_drop: false }`
[INFO] running `Command { std: "docker" "inspect" "31177406d11d60d6c06962986d4519e8279373a6b4454236fcd7901613c2b116", kill_on_drop: false }`
[INFO] running `Command { std: "docker" "rm" "-f" "31177406d11d60d6c06962986d4519e8279373a6b4454236fcd7901613c2b116", kill_on_drop: false }`
[INFO] [stdout] 31177406d11d60d6c06962986d4519e8279373a6b4454236fcd7901613c2b116
[INFO] running `Command { std: "docker" "create" "-v" "/var/lib/crater-agent-workspace/builds/worker-3/target:/opt/rustwide/target:rw,Z" "-v" "/var/lib/crater-agent-workspace/builds/worker-3/source:/opt/rustwide/workdir:ro,Z" "-v" "/var/lib/crater-agent-workspace/cargo-home:/opt/rustwide/cargo-home:ro,Z" "-v" "/var/lib/crater-agent-workspace/rustup-home:/opt/rustwide/rustup-home:ro,Z" "-e" "SOURCE_DIR=/opt/rustwide/workdir" "-e" "CARGO_TARGET_DIR=/opt/rustwide/target" "-e" "CARGO_INCREMENTAL=0" "-e" "RUST_BACKTRACE=full" "-e" "RUSTFLAGS=--cap-lints=warn" "-e" "CARGO_HOME=/opt/rustwide/cargo-home" "-e" "RUSTUP_HOME=/opt/rustwide/rustup-home" "-w" "/opt/rustwide/workdir" "-m" "1610612736" "--user" "0:0" "--network" "none" "ghcr.io/rust-lang/crates-build-env/linux@sha256:a89201d6b5b9fd45c15d5952ece0a0129e7e80cb26ec023fd59cf09bc26f1604" "/opt/rustwide/cargo-home/bin/cargo" "+beta-2021-10-15" "check" "--frozen" "--all" "--all-targets" "--message-format=json", kill_on_drop: false }`
[INFO] [stdout] 6a1f1cbef09ab9d4eb970c982c2a8d97e8522f0a0c92c9bf0353ac59b5d395b2
[INFO] [stderr] WARNING: Your kernel does not support swap limit capabilities or the cgroup is not mounted. Memory limited without swap.
[INFO] running `Command { std: "docker" "start" "-a" "6a1f1cbef09ab9d4eb970c982c2a8d97e8522f0a0c92c9bf0353ac59b5d395b2", kill_on_drop: false }`
[INFO] [stderr]     Blocking waiting for file lock on package cache
[INFO] [stderr]    Compiling cc v1.0.17
[INFO] [stderr]    Compiling regex v1.0.1
[INFO] [stderr]     Checking lazy_static v1.0.1
[INFO] [stderr]     Checking poe_data v0.1.0 (/opt/rustwide/workdir/poe_data)
[INFO] [stderr]     Checking aho-corasick v0.6.5
[INFO] [stderr]     Checking regex-syntax v0.6.1
[INFO] [stderr]    Compiling synstructure v0.6.1
[INFO] [stdout] warning: field is never read: `name`
[INFO] [stdout]  --> poe_data/src/locations/mod.rs:2:2
[INFO] [stdout]   |
[INFO] [stdout] 2 |     name: String
[INFO] [stdout]   |     ^^^^^^^^^^^^
[INFO] [stdout]   |
[INFO] [stdout]   = note: `#[warn(dead_code)]` on by default
[INFO] [stdout] 
[INFO] [stdout] 
[INFO] [stdout] warning: 1 warning emitted
[INFO] [stdout] 
[INFO] [stdout] 
[INFO] [stderr]     Checking thread_local v0.3.5
[INFO] [stderr]    Compiling failure_derive v0.1.1
[INFO] [stderr]    Compiling backtrace-sys v0.1.23
[INFO] [stderr]     Checking backtrace v0.3.9
[INFO] [stderr]     Checking failure v0.1.1
[INFO] [stderr]     Checking poe_eventing v0.1.0 (/opt/rustwide/workdir)
[INFO] [stdout] error[E0554]: `#![feature]` may not be used on the beta release channel
[INFO] [stdout]  --> src/main.rs:1:1
[INFO] [stdout]   |
[INFO] [stdout] 1 | #![feature(nll)]
[INFO] [stdout]   | ^^^^^^^^^^^^^^^^
[INFO] [stdout] 
[INFO] [stdout] 
[INFO] [stdout] error[E0554]: `#![feature]` may not be used on the beta release channel
[INFO] [stdout]  --> src/main.rs:2:1
[INFO] [stdout]   |
[INFO] [stdout] 2 | #![feature(never_type)]
[INFO] [stdout]   | ^^^^^^^^^^^^^^^^^^^^^^^
[INFO] [stdout] 
[INFO] [stdout] 
[INFO] [stdout] warning: trait objects without an explicit `dyn` are deprecated
[INFO] [stdout]   --> src/events/manager.rs:12:22
[INFO] [stdout]    |
[INFO] [stdout] 12 |     filters: Vec<Box<Fn(String, &mut F) -> String>>,
[INFO] [stdout]    |                      ^^^^^^^^^^^^^^^^^^^^^^^^^^^^ help: use `dyn`: `dyn Fn(String, &mut F) -> String`
[INFO] [stdout]    |
[INFO] [stdout]    = note: `#[warn(bare_trait_objects)]` on by default
[INFO] [stdout]    = warning: this is accepted in the current edition (Rust 2015) but is a hard error in Rust 2021!
[INFO] [stdout]    = note: for more information, see <https://doc.rust-lang.org/nightly/edition-guide/rust-2021/warnings-promoted-to-error.html>
[INFO] [stdout] 
[INFO] [stdout] 
[INFO] [stdout] warning: trait objects without an explicit `dyn` are deprecated
[INFO] [stdout]   --> src/events/manager.rs:84:19
[INFO] [stdout]    |
[INFO] [stdout] 84 |     callback: Box<Fn(Captures, T)>,
[INFO] [stdout]    |                   ^^^^^^^^^^^^^^^ help: use `dyn`: `dyn Fn(Captures, T)`
[INFO] [stdout]    |
[INFO] [stdout]    = warning: this is accepted in the current edition (Rust 2015) but is a hard error in Rust 2021!
[INFO] [stdout]    = note: for more information, see <https://doc.rust-lang.org/nightly/edition-guide/rust-2021/warnings-promoted-to-error.html>
[INFO] [stdout] 
[INFO] [stdout] 
[INFO] [stdout] warning: use of deprecated constant `std::sync::ONCE_INIT`: the `new` function is now preferred
[INFO] [stdout]   --> src/events/mod.rs:10:1
[INFO] [stdout]    |
[INFO] [stdout] 10 | / lazy_static! {
[INFO] [stdout] 11 | |     static ref REGEX_LINE_INFO: Regex = {
[INFO] [stdout] 12 | |         let regex = Regex::new(r"^(?P<year>\d{4})/(?P<month>\d{2})/(?P<day>\d{2}) (?P<hour>\d{2}):(?P<minute>\d{2}):(?P<second>\d{2}) (?P...
[INFO] [stdout] 13 | |         regex.unwrap()
[INFO] [stdout] 14 | |     };
[INFO] [stdout] 15 | | }
[INFO] [stdout]    | |_^
[INFO] [stdout]    |
[INFO] [stdout]    = note: `#[warn(deprecated)]` on by default
[INFO] [stdout]    = note: this warning originates in the macro `__lazy_static_create` (in Nightly builds, run with -Z macro-backtrace for more info)
[INFO] [stdout] 
[INFO] [stdout] 
[INFO] [stdout] error: aborting due to 2 previous errors; 3 warnings emitted
[INFO] [stdout] 
[INFO] [stdout] 
[INFO] [stdout] For more information about this error, try `rustc --explain E0554`.
[INFO] [stdout] 
[INFO] [stdout] error[E0554]: `#![feature]` may not be used on the beta release channel
[INFO] [stdout]  --> src/main.rs:1:1
[INFO] [stdout]   |
[INFO] [stdout] 1 | #![feature(nll)]
[INFO] [stdout]   | ^^^^^^^^^^^^^^^^
[INFO] [stdout] 
[INFO] [stdout] 
[INFO] [stdout] error[E0554]: `#![feature]` may not be used on the beta release channel
[INFO] [stdout]  --> src/main.rs:2:1
[INFO] [stdout]   |
[INFO] [stdout] 2 | #![feature(never_type)]
[INFO] [stdout]   | ^^^^^^^^^^^^^^^^^^^^^^^
[INFO] [stdout] 
[INFO] [stdout] 
[INFO] [stdout] warning: trait objects without an explicit `dyn` are deprecated
[INFO] [stdout]   --> src/events/manager.rs:12:22
[INFO] [stdout]    |
[INFO] [stdout] 12 |     filters: Vec<Box<Fn(String, &mut F) -> String>>,
[INFO] [stdout]    |                      ^^^^^^^^^^^^^^^^^^^^^^^^^^^^ help: use `dyn`: `dyn Fn(String, &mut F) -> String`
[INFO] [stdout]    |
[INFO] [stdout]    = note: `#[warn(bare_trait_objects)]` on by default
[INFO] [stdout]    = warning: this is accepted in the current edition (Rust 2015) but is a hard error in Rust 2021!
[INFO] [stdout]    = note: for more information, see <https://doc.rust-lang.org/nightly/edition-guide/rust-2021/warnings-promoted-to-error.html>
[INFO] [stdout] 
[INFO] [stdout] 
[INFO] [stdout] warning: trait objects without an explicit `dyn` are deprecated
[INFO] [stdout]   --> src/events/manager.rs:84:19
[INFO] [stdout]    |
[INFO] [stdout] 84 |     callback: Box<Fn(Captures, T)>,
[INFO] [stdout]    |                   ^^^^^^^^^^^^^^^ help: use `dyn`: `dyn Fn(Captures, T)`
[INFO] [stdout]    |
[INFO] [stdout]    = warning: this is accepted in the current edition (Rust 2015) but is a hard error in Rust 2021!
[INFO] [stdout]    = note: for more information, see <https://doc.rust-lang.org/nightly/edition-guide/rust-2021/warnings-promoted-to-error.html>
[INFO] [stdout] 
[INFO] [stdout] 
[INFO] [stderr] error: could not compile `poe_eventing` due to 3 previous errors; 3 warnings emitted
[INFO] [stderr] warning: build failed, waiting for other jobs to finish...
[INFO] [stdout] warning: use of deprecated constant `std::sync::ONCE_INIT`: the `new` function is now preferred
[INFO] [stdout]   --> src/events/mod.rs:10:1
[INFO] [stdout]    |
[INFO] [stdout] 10 | / lazy_static! {
[INFO] [stdout] 11 | |     static ref REGEX_LINE_INFO: Regex = {
[INFO] [stdout] 12 | |         let regex = Regex::new(r"^(?P<year>\d{4})/(?P<month>\d{2})/(?P<day>\d{2}) (?P<hour>\d{2}):(?P<minute>\d{2}):(?P<second>\d{2}) (?P...
[INFO] [stdout] 13 | |         regex.unwrap()
[INFO] [stdout] 14 | |     };
[INFO] [stdout] 15 | | }
[INFO] [stdout]    | |_^
[INFO] [stdout]    |
[INFO] [stdout]    = note: `#[warn(deprecated)]` on by default
[INFO] [stdout]    = note: this warning originates in the macro `__lazy_static_create` (in Nightly builds, run with -Z macro-backtrace for more info)
[INFO] [stdout] 
[INFO] [stdout] 
[INFO] [stdout] error: aborting due to 2 previous errors; 3 warnings emitted
[INFO] [stdout] 
[INFO] [stdout] 
[INFO] [stdout] For more information about this error, try `rustc --explain E0554`.
[INFO] [stdout] 
[INFO] [stderr] error: build failed
[INFO] running `Command { std: "docker" "inspect" "6a1f1cbef09ab9d4eb970c982c2a8d97e8522f0a0c92c9bf0353ac59b5d395b2", kill_on_drop: false }`
[INFO] running `Command { std: "docker" "rm" "-f" "6a1f1cbef09ab9d4eb970c982c2a8d97e8522f0a0c92c9bf0353ac59b5d395b2", kill_on_drop: false }`
[INFO] [stdout] 6a1f1cbef09ab9d4eb970c982c2a8d97e8522f0a0c92c9bf0353ac59b5d395b2
