[INFO] cloning repository https://github.com/Franso/solana-escrow
[INFO] running `Command { std: "git" "-c" "credential.helper=" "-c" "credential.helper=/workspace/cargo-home/bin/git-credential-null" "clone" "--bare" "https://github.com/Franso/solana-escrow" "/workspace/cache/git-repos/https%3A%2F%2Fgithub.com%2FFranso%2Fsolana-escrow", kill_on_drop: false }`
[INFO] [stderr] Cloning into bare repository '/workspace/cache/git-repos/https%3A%2F%2Fgithub.com%2FFranso%2Fsolana-escrow'...
[INFO] running `Command { std: "git" "rev-parse" "HEAD", kill_on_drop: false }`
[INFO] [stdout] 82077131a826f8b1b3e3242eb6d18b112a669b0c
[INFO] checking Franso/solana-escrow against beta-2021-10-15 for beta-1.56-3
[INFO] running `Command { std: "git" "clone" "/workspace/cache/git-repos/https%3A%2F%2Fgithub.com%2FFranso%2Fsolana-escrow" "/workspace/builds/worker-10/source", kill_on_drop: false }`
[INFO] [stderr] Cloning into '/workspace/builds/worker-10/source'...
[INFO] [stderr] done.
[INFO] validating manifest of git repo https://github.com/Franso/solana-escrow on toolchain beta-2021-10-15
[INFO] running `Command { std: "/workspace/cargo-home/bin/cargo" "+beta-2021-10-15" "metadata" "--manifest-path" "Cargo.toml" "--no-deps", kill_on_drop: false }`
[INFO] started tweaking git repo https://github.com/Franso/solana-escrow
[INFO] finished tweaking git repo https://github.com/Franso/solana-escrow
[INFO] tweaked toml for git repo https://github.com/Franso/solana-escrow written to /workspace/builds/worker-10/source/Cargo.toml
[INFO] crate git repo https://github.com/Franso/solana-escrow already has a lockfile, it will not be regenerated
[INFO] running `Command { std: "/workspace/cargo-home/bin/cargo" "+beta-2021-10-15" "fetch" "--manifest-path" "Cargo.toml", kill_on_drop: false }`
[INFO] [stderr]  Downloading crates ...
[INFO] [stderr]   Downloaded solana-frozen-abi v1.7.8
[INFO] [stderr]   Downloaded solana-frozen-abi-macro v1.7.8
[INFO] [stderr]   Downloaded solana-logger v1.7.8
[INFO] [stderr]   Downloaded solana-program v1.7.8
[INFO] [stderr]   Downloaded solana-sdk-macro v1.7.8
[INFO] running `Command { std: "docker" "create" "-v" "/var/lib/crater-agent-workspace/builds/worker-10/target:/opt/rustwide/target:rw,Z" "-v" "/var/lib/crater-agent-workspace/builds/worker-10/source:/opt/rustwide/workdir:ro,Z" "-v" "/var/lib/crater-agent-workspace/cargo-home:/opt/rustwide/cargo-home:ro,Z" "-v" "/var/lib/crater-agent-workspace/rustup-home:/opt/rustwide/rustup-home:ro,Z" "-e" "SOURCE_DIR=/opt/rustwide/workdir" "-e" "CARGO_TARGET_DIR=/opt/rustwide/target" "-e" "CARGO_HOME=/opt/rustwide/cargo-home" "-e" "RUSTUP_HOME=/opt/rustwide/rustup-home" "-w" "/opt/rustwide/workdir" "-m" "1610612736" "--user" "0:0" "--network" "none" "ghcr.io/rust-lang/crates-build-env/linux@sha256:a89201d6b5b9fd45c15d5952ece0a0129e7e80cb26ec023fd59cf09bc26f1604" "/opt/rustwide/cargo-home/bin/cargo" "+beta-2021-10-15" "metadata" "--no-deps" "--format-version=1", kill_on_drop: false }`
[INFO] [stdout] c53d2366b0b541f09fedb9cb98fe2d2ebd255e275b600ef2108a44632deb7eed
[INFO] [stderr] WARNING: Your kernel does not support swap limit capabilities or the cgroup is not mounted. Memory limited without swap.
[INFO] running `Command { std: "docker" "start" "-a" "c53d2366b0b541f09fedb9cb98fe2d2ebd255e275b600ef2108a44632deb7eed", kill_on_drop: false }`
[INFO] running `Command { std: "docker" "inspect" "c53d2366b0b541f09fedb9cb98fe2d2ebd255e275b600ef2108a44632deb7eed", kill_on_drop: false }`
[INFO] running `Command { std: "docker" "rm" "-f" "c53d2366b0b541f09fedb9cb98fe2d2ebd255e275b600ef2108a44632deb7eed", kill_on_drop: false }`
[INFO] [stdout] c53d2366b0b541f09fedb9cb98fe2d2ebd255e275b600ef2108a44632deb7eed
[INFO] running `Command { std: "docker" "create" "-v" "/var/lib/crater-agent-workspace/builds/worker-10/target:/opt/rustwide/target:rw,Z" "-v" "/var/lib/crater-agent-workspace/builds/worker-10/source:/opt/rustwide/workdir:ro,Z" "-v" "/var/lib/crater-agent-workspace/cargo-home:/opt/rustwide/cargo-home:ro,Z" "-v" "/var/lib/crater-agent-workspace/rustup-home:/opt/rustwide/rustup-home:ro,Z" "-e" "SOURCE_DIR=/opt/rustwide/workdir" "-e" "CARGO_TARGET_DIR=/opt/rustwide/target" "-e" "CARGO_INCREMENTAL=0" "-e" "RUST_BACKTRACE=full" "-e" "RUSTFLAGS=--cap-lints=warn" "-e" "CARGO_HOME=/opt/rustwide/cargo-home" "-e" "RUSTUP_HOME=/opt/rustwide/rustup-home" "-w" "/opt/rustwide/workdir" "-m" "1610612736" "--user" "0:0" "--network" "none" "ghcr.io/rust-lang/crates-build-env/linux@sha256:a89201d6b5b9fd45c15d5952ece0a0129e7e80cb26ec023fd59cf09bc26f1604" "/opt/rustwide/cargo-home/bin/cargo" "+beta-2021-10-15" "check" "--frozen" "--all" "--all-targets" "--message-format=json", kill_on_drop: false }`
[INFO] [stdout] eb30ac0ed4d976458d2d27eaba0f679d08216e2e200fec4e5d6f0411909628af
[INFO] [stderr] WARNING: Your kernel does not support swap limit capabilities or the cgroup is not mounted. Memory limited without swap.
[INFO] running `Command { std: "docker" "start" "-a" "eb30ac0ed4d976458d2d27eaba0f679d08216e2e200fec4e5d6f0411909628af", kill_on_drop: false }`
[INFO] [stderr]    Compiling syn v1.0.75
[INFO] [stderr]    Compiling serde_derive v1.0.129
[INFO] [stderr]    Compiling serde v1.0.129
[INFO] [stderr]    Compiling libc v0.2.100
[INFO] [stderr]     Checking regex-syntax v0.6.25
[INFO] [stderr]     Checking zeroize v1.4.1
[INFO] [stderr]     Checking byteorder v1.4.3
[INFO] [stderr]    Compiling blake3 v0.3.8
[INFO] [stderr]     Checking itertools v0.9.0
[INFO] [stderr]     Checking generic-array v0.12.4
[INFO] [stderr]     Checking aho-corasick v0.7.15
[INFO] [stderr]    Compiling solana-frozen-abi-macro v1.7.8
[INFO] [stderr]    Compiling solana-frozen-abi v1.7.8
[INFO] [stderr]    Compiling solana-program v1.7.8
[INFO] [stderr]     Checking digest v0.8.1
[INFO] [stderr]     Checking getrandom v0.1.16
[INFO] [stderr]     Checking atty v0.2.14
[INFO] [stderr]     Checking memmap2 v0.1.0
[INFO] [stderr]     Checking regex v1.4.6
[INFO] [stderr]     Checking rand_core v0.5.1
[INFO] [stderr]     Checking rand_chacha v0.2.2
[INFO] [stderr]     Checking curve25519-dalek v2.1.3
[INFO] [stderr]     Checking rand v0.7.3
[INFO] [stderr]     Checking env_logger v0.8.4
[INFO] [stderr]     Checking solana-logger v1.7.8
[INFO] [stderr]    Compiling borsh-schema-derive-internal v0.9.1
[INFO] [stderr]    Compiling borsh-derive-internal v0.9.1
[INFO] [stderr]    Compiling thiserror-impl v1.0.26
[INFO] [stderr]    Compiling num-derive v0.3.3
[INFO] [stderr]    Compiling derivative v2.2.0
[INFO] [stderr]    Compiling solana-sdk-macro v1.7.8
[INFO] [stderr]    Compiling thiserror v1.0.26
[INFO] [stderr]     Checking generic-array v0.14.4
[INFO] [stderr]     Checking bv v0.11.1
[INFO] [stderr]     Checking bincode v1.3.3
[INFO] [stderr]     Checking serde_bytes v0.11.5
[INFO] [stderr]    Compiling toml v0.5.8
[INFO] [stderr]     Checking digest v0.9.0
[INFO] [stderr]     Checking crypto-mac v0.8.0
[INFO] [stderr]     Checking block-buffer v0.9.0
[INFO] [stderr]     Checking libsecp256k1-core v0.2.2
[INFO] [stderr]     Checking hmac v0.8.1
[INFO] [stderr]     Checking sha2 v0.9.5
[INFO] [stderr]     Checking sha3 v0.9.1
[INFO] [stderr]     Checking hmac-drbg v0.3.0
[INFO] [stderr]    Compiling proc-macro-crate v0.1.5
[INFO] [stderr]    Compiling proc-macro-crate v1.0.0
[INFO] [stderr]    Compiling borsh-derive v0.9.1
[INFO] [stderr]    Compiling num_enum_derive v0.5.4
[INFO] [stderr]    Compiling libsecp256k1-gen-genmult v0.2.1
[INFO] [stderr]    Compiling libsecp256k1-gen-ecmult v0.2.1
[INFO] [stderr]    Compiling libsecp256k1 v0.5.0
[INFO] [stderr]     Checking borsh v0.9.1
[INFO] [stderr]     Checking num_enum v0.5.4
[INFO] [stderr]     Checking spl-token v3.2.0
[INFO] [stderr]     Checking escrow-solana v0.1.0 (/opt/rustwide/workdir)
[INFO] [stdout] warning: unused import: `array_ref`
[INFO] [stdout]   --> src/state.rs:11:31
[INFO] [stdout]    |
[INFO] [stdout] 11 | use arrayref::{array_mut_ref, array_ref, array_refs, mut_array_refs};
[INFO] [stdout]    |                               ^^^^^^^^^
[INFO] [stdout]    |
[INFO] [stdout]    = note: `#[warn(unused_imports)]` on by default
[INFO] [stdout] 
[INFO] [stdout] 
[INFO] [stdout] warning: unused import: `array_ref`
[INFO] [stdout]   --> src/state.rs:11:31
[INFO] [stdout]    |
[INFO] [stdout] 11 | use arrayref::{array_mut_ref, array_ref, array_refs, mut_array_refs};
[INFO] [stdout]    |                               ^^^^^^^^^
[INFO] [stdout]    |
[INFO] [stdout]    = note: `#[warn(unused_imports)]` on by default
[INFO] [stdout] 
[INFO] [stdout] 
[INFO] [stdout] error[E0599]: no method named `is_exempt` found for reference `&Result<Rent, ProgramError>` in the current scope
[INFO] [stdout]   --> src/processor.rs:54:18
[INFO] [stdout]    |
[INFO] [stdout] 54 |         if !rent.is_exempt(escrow_account.lamports(), escrow_account.data_len()) {
[INFO] [stdout]    |                  ^^^^^^^^^ method not found in `&Result<Rent, ProgramError>`
[INFO] [stdout] 
[INFO] [stdout] 
[INFO] [stdout] error[E0599]: no method named `is_exempt` found for reference `&Result<Rent, ProgramError>` in the current scope
[INFO] [stdout]   --> src/processor.rs:54:18
[INFO] [stdout]    |
[INFO] [stdout] 54 |         if !rent.is_exempt(escrow_account.lamports(), escrow_account.data_len()) {
[INFO] [stdout]    |                  ^^^^^^^^^ method not found in `&Result<Rent, ProgramError>`
[INFO] [stdout] 
[INFO] [stdout] 
[INFO] [stdout] error[E0308]: mismatched types
[INFO] [stdout]   --> src/state.rs:32:19
[INFO] [stdout]    |
[INFO] [stdout] 32 |         let src = array_refs![src, 0, Escrow::LEN];
[INFO] [stdout]    |                   ^^^^^^^^^^^^^^^^^^^^^^^^^^^^^^^^ expected array of 105 elements, found slice `[u8]`
[INFO] [stdout]    |
[INFO] [stdout]    = note: expected reference `&[_; 105]`
[INFO] [stdout]               found reference `&[u8]`
[INFO] [stdout]    = note: this error originates in the macro `array_refs` (in Nightly builds, run with -Z macro-backtrace for more info)
[INFO] [stdout] 
[INFO] [stdout] 
[INFO] [stdout] error[E0308]: mismatched types
[INFO] [stdout]   --> src/state.rs:32:19
[INFO] [stdout]    |
[INFO] [stdout] 32 |         let src = array_refs![src, 0, Escrow::LEN];
[INFO] [stdout]    |                   ^^^^^^^^^^^^^^^^^^^^^^^^^^^^^^^^ expected array of 105 elements, found slice `[u8]`
[INFO] [stdout]    |
[INFO] [stdout]    = note: expected reference `&[_; 105]`
[INFO] [stdout]               found reference `&[u8]`
[INFO] [stdout]    = note: this error originates in the macro `array_refs` (in Nightly builds, run with -Z macro-backtrace for more info)
[INFO] [stdout] 
[INFO] [stdout] 
[INFO] [stdout] error[E0308]: mismatched types
[INFO] [stdout]   --> src/state.rs:39:13
[INFO] [stdout]    |
[INFO] [stdout] 39 |         ) = array_refs![src, 1, 32, 32, 32, 8];
[INFO] [stdout]    |             ^^^^^^^^^^^^^^^^^^^^^^^^^^^^^^^^^^ expected `&[_; 105]`, found tuple
[INFO] [stdout]    |
[INFO] [stdout]    = note: expected reference `&[_; 105]`
[INFO] [stdout]                   found tuple `(&[_; 0], &[_; 105])`
[INFO] [stdout]    = note: this error originates in the macro `array_refs` (in Nightly builds, run with -Z macro-backtrace for more info)
[INFO] [stdout] 
[INFO] [stdout] 
[INFO] [stdout] error: aborting due to 3 previous errors; 1 warning emitted
[INFO] [stdout] 
[INFO] [stdout] 
[INFO] [stdout] Some errors have detailed explanations: E0308, E0599.
[INFO] [stdout] 
[INFO] [stdout] For more information about an error, try `rustc --explain E0308`.
[INFO] [stdout] 
[INFO] [stderr] error: could not compile `escrow-solana` due to 4 previous errors; 1 warning emitted
[INFO] [stderr] warning: build failed, waiting for other jobs to finish...
[INFO] [stdout] error[E0308]: mismatched types
[INFO] [stdout]   --> src/state.rs:39:13
[INFO] [stdout]    |
[INFO] [stdout] 39 |         ) = array_refs![src, 1, 32, 32, 32, 8];
[INFO] [stdout]    |             ^^^^^^^^^^^^^^^^^^^^^^^^^^^^^^^^^^ expected `&[_; 105]`, found tuple
[INFO] [stdout]    |
[INFO] [stdout]    = note: expected reference `&[_; 105]`
[INFO] [stdout]                   found tuple `(&[_; 0], &[_; 105])`
[INFO] [stdout]    = note: this error originates in the macro `array_refs` (in Nightly builds, run with -Z macro-backtrace for more info)
[INFO] [stdout] 
[INFO] [stdout] 
[INFO] [stdout] error: aborting due to 3 previous errors; 1 warning emitted
[INFO] [stdout] 
[INFO] [stdout] 
[INFO] [stdout] Some errors have detailed explanations: E0308, E0599.
[INFO] [stdout] 
[INFO] [stdout] For more information about an error, try `rustc --explain E0308`.
[INFO] [stdout] 
[INFO] [stderr] error: build failed
[INFO] running `Command { std: "docker" "inspect" "eb30ac0ed4d976458d2d27eaba0f679d08216e2e200fec4e5d6f0411909628af", kill_on_drop: false }`
[INFO] running `Command { std: "docker" "rm" "-f" "eb30ac0ed4d976458d2d27eaba0f679d08216e2e200fec4e5d6f0411909628af", kill_on_drop: false }`
[INFO] [stdout] eb30ac0ed4d976458d2d27eaba0f679d08216e2e200fec4e5d6f0411909628af
