[INFO] cloning repository https://github.com/FrankenApps/wry_react_webpack_template
[INFO] running `Command { std: "git" "-c" "credential.helper=" "-c" "credential.helper=/workspace/cargo-home/bin/git-credential-null" "clone" "--bare" "https://github.com/FrankenApps/wry_react_webpack_template" "/workspace/cache/git-repos/https%3A%2F%2Fgithub.com%2FFrankenApps%2Fwry_react_webpack_template", kill_on_drop: false }`
[INFO] [stderr] Cloning into bare repository '/workspace/cache/git-repos/https%3A%2F%2Fgithub.com%2FFrankenApps%2Fwry_react_webpack_template'...
[INFO] running `Command { std: "git" "rev-parse" "HEAD", kill_on_drop: false }`
[INFO] [stdout] 7183a8e584a2ae1e3405552e96226b1e9709bf4f
[INFO] checking FrankenApps/wry_react_webpack_template against 1.55.0 for beta-1.56-3
[INFO] running `Command { std: "git" "clone" "/workspace/cache/git-repos/https%3A%2F%2Fgithub.com%2FFrankenApps%2Fwry_react_webpack_template" "/workspace/builds/worker-3/source", kill_on_drop: false }`
[INFO] [stderr] Cloning into '/workspace/builds/worker-3/source'...
[INFO] [stderr] done.
[INFO] validating manifest of git repo https://github.com/FrankenApps/wry_react_webpack_template on toolchain 1.55.0
[INFO] running `Command { std: "/workspace/cargo-home/bin/cargo" "+1.55.0" "metadata" "--manifest-path" "Cargo.toml" "--no-deps", kill_on_drop: false }`
[INFO] started tweaking git repo https://github.com/FrankenApps/wry_react_webpack_template
[INFO] finished tweaking git repo https://github.com/FrankenApps/wry_react_webpack_template
[INFO] tweaked toml for git repo https://github.com/FrankenApps/wry_react_webpack_template written to /workspace/builds/worker-3/source/Cargo.toml
[INFO] crate git repo https://github.com/FrankenApps/wry_react_webpack_template already has a lockfile, it will not be regenerated
[INFO] running `Command { std: "/workspace/cargo-home/bin/cargo" "+1.55.0" "fetch" "--manifest-path" "Cargo.toml", kill_on_drop: false }`
[INFO] [stderr]     Blocking waiting for file lock on package cache
[INFO] running `Command { std: "docker" "create" "-v" "/var/lib/crater-agent-workspace/builds/worker-3/target:/opt/rustwide/target:rw,Z" "-v" "/var/lib/crater-agent-workspace/builds/worker-3/source:/opt/rustwide/workdir:ro,Z" "-v" "/var/lib/crater-agent-workspace/cargo-home:/opt/rustwide/cargo-home:ro,Z" "-v" "/var/lib/crater-agent-workspace/rustup-home:/opt/rustwide/rustup-home:ro,Z" "-e" "SOURCE_DIR=/opt/rustwide/workdir" "-e" "CARGO_TARGET_DIR=/opt/rustwide/target" "-e" "CARGO_HOME=/opt/rustwide/cargo-home" "-e" "RUSTUP_HOME=/opt/rustwide/rustup-home" "-w" "/opt/rustwide/workdir" "-m" "1610612736" "--user" "0:0" "--network" "none" "ghcr.io/rust-lang/crates-build-env/linux@sha256:a89201d6b5b9fd45c15d5952ece0a0129e7e80cb26ec023fd59cf09bc26f1604" "/opt/rustwide/cargo-home/bin/cargo" "+1.55.0" "metadata" "--no-deps" "--format-version=1", kill_on_drop: false }`
[INFO] [stdout] 9ff89eb80b08829c466b85c09756be7ffd215991e0e543cc0b95dd0bd721f8d7
[INFO] [stderr] WARNING: Your kernel does not support swap limit capabilities or the cgroup is not mounted. Memory limited without swap.
[INFO] running `Command { std: "docker" "start" "-a" "9ff89eb80b08829c466b85c09756be7ffd215991e0e543cc0b95dd0bd721f8d7", kill_on_drop: false }`
[INFO] running `Command { std: "docker" "inspect" "9ff89eb80b08829c466b85c09756be7ffd215991e0e543cc0b95dd0bd721f8d7", kill_on_drop: false }`
[INFO] running `Command { std: "docker" "rm" "-f" "9ff89eb80b08829c466b85c09756be7ffd215991e0e543cc0b95dd0bd721f8d7", kill_on_drop: false }`
[INFO] [stdout] 9ff89eb80b08829c466b85c09756be7ffd215991e0e543cc0b95dd0bd721f8d7
[INFO] running `Command { std: "docker" "create" "-v" "/var/lib/crater-agent-workspace/builds/worker-3/target:/opt/rustwide/target:rw,Z" "-v" "/var/lib/crater-agent-workspace/builds/worker-3/source:/opt/rustwide/workdir:ro,Z" "-v" "/var/lib/crater-agent-workspace/cargo-home:/opt/rustwide/cargo-home:ro,Z" "-v" "/var/lib/crater-agent-workspace/rustup-home:/opt/rustwide/rustup-home:ro,Z" "-e" "SOURCE_DIR=/opt/rustwide/workdir" "-e" "CARGO_TARGET_DIR=/opt/rustwide/target" "-e" "CARGO_INCREMENTAL=0" "-e" "RUST_BACKTRACE=full" "-e" "RUSTFLAGS=--cap-lints=warn" "-e" "CARGO_HOME=/opt/rustwide/cargo-home" "-e" "RUSTUP_HOME=/opt/rustwide/rustup-home" "-w" "/opt/rustwide/workdir" "-m" "1610612736" "--user" "0:0" "--network" "none" "ghcr.io/rust-lang/crates-build-env/linux@sha256:a89201d6b5b9fd45c15d5952ece0a0129e7e80cb26ec023fd59cf09bc26f1604" "/opt/rustwide/cargo-home/bin/cargo" "+1.55.0" "check" "--frozen" "--all" "--all-targets" "--message-format=json", kill_on_drop: false }`
[INFO] [stdout] a0562d77cda987408c90e9e4998b0e52c37c350542429c6c3036e6771c486003
[INFO] [stderr] WARNING: Your kernel does not support swap limit capabilities or the cgroup is not mounted. Memory limited without swap.
[INFO] running `Command { std: "docker" "start" "-a" "a0562d77cda987408c90e9e4998b0e52c37c350542429c6c3036e6771c486003", kill_on_drop: false }`
[INFO] [stderr]    Compiling syn v1.0.69
[INFO] [stderr]    Compiling either v1.6.1
[INFO] [stderr]    Compiling version-compare v0.0.11
[INFO] [stderr]    Compiling strum v0.21.0
[INFO] [stderr]     Checking futures-core v0.3.14
[INFO] [stderr]     Checking futures-task v0.3.14
[INFO] [stderr]    Compiling gio v0.14.5
[INFO] [stderr]     Checking futures-io v0.3.14
[INFO] [stderr]    Compiling crossbeam-utils v0.8.5
[INFO] [stderr]    Compiling same-file v1.0.6
[INFO] [stderr]    Compiling tao v0.5.2
[INFO] [stderr]     Checking bytes v1.1.0
[INFO] [stderr]    Compiling wry v0.12.2
[INFO] [stderr]    Compiling rfd v0.4.4
[INFO] [stderr]    Compiling heck v0.3.2
[INFO] [stderr]    Compiling cfg-expr v0.8.1
[INFO] [stderr]    Compiling gtk v0.14.1
[INFO] [stderr]    Compiling tauri-libappindicator-sys v0.1.2
[INFO] [stderr]    Compiling walkdir v2.3.2
[INFO] [stderr]     Checking futures-channel v0.3.14
[INFO] [stderr]    Compiling itertools v0.10.1
[INFO] [stderr]    Compiling semver-parser v0.10.2
[INFO] [stderr]     Checking rust-embed-utils v5.1.0
[INFO] [stderr]     Checking javascriptcore-rs-sys v0.2.0
[INFO] [stderr]     Checking raw-window-handle v0.3.3
[INFO] [stderr]     Checking futures-util v0.3.14
[INFO] [stderr]     Checking idna v0.2.3
[INFO] [stderr]     Checking x11-dl v2.18.5
[INFO] [stderr]     Checking http v0.2.4
[INFO] [stderr]     Checking crossbeam-channel v0.5.1
[INFO] [stderr]    Compiling semver v0.11.0
[INFO] [stderr]     Checking url v2.2.1
[INFO] [stderr]    Compiling rustc_version v0.3.3
[INFO] [stderr]    Compiling field-offset v0.3.4
[INFO] [stderr]     Checking futures-executor v0.3.14
[INFO] [stderr]    Compiling proc-macro-error v1.0.4
[INFO] [stderr]    Compiling serde_derive v1.0.130
[INFO] [stderr]    Compiling thiserror-impl v1.0.24
[INFO] [stderr]    Compiling strum_macros v0.21.1
[INFO] [stderr]    Compiling strum_macros v0.18.0
[INFO] [stderr]    Compiling rust-embed-impl v5.9.0
[INFO] [stderr]     Checking rust-embed v5.9.0
[INFO] [stderr]    Compiling thiserror v1.0.24
[INFO] [stderr]    Compiling serde v1.0.130
[INFO] [stderr]     Checking serde_json v1.0.64
[INFO] [stderr]    Compiling toml v0.5.8
[INFO] [stderr]    Compiling system-deps v3.2.0
[INFO] [stderr]    Compiling system-deps v1.3.2
[INFO] [stderr]    Compiling proc-macro-crate v1.0.0
[INFO] [stderr]    Compiling glib-macros v0.14.1
[INFO] [stderr]    Compiling gtk3-macros v0.14.0
[INFO] [stderr]    Compiling glib-sys v0.10.1
[INFO] [stderr]    Compiling gobject-sys v0.10.0
[INFO] [stderr]    Compiling gio-sys v0.10.1
[INFO] [stderr]    Compiling soup-sys v0.10.0
[INFO] [stderr]    Compiling glib-sys v0.14.0
[INFO] [stderr]    Compiling gobject-sys v0.14.0
[INFO] [stderr]    Compiling gio-sys v0.14.0
[INFO] [stderr]    Compiling cairo-sys-rs v0.14.0
[INFO] [stderr]    Compiling pango-sys v0.14.0
[INFO] [stderr]    Compiling gdk-pixbuf-sys v0.14.0
[INFO] [stderr]    Compiling gdk-sys v0.14.0
[INFO] [stderr]    Compiling atk-sys v0.14.0
[INFO] [stderr]    Compiling gtk-sys v0.14.0
[INFO] [stderr]    Compiling webkit2gtk-sys v0.14.0
[INFO] [stderr]     Checking glib v0.14.5
[INFO] [stderr]     Checking pango v0.14.3
[INFO] [stderr]     Checking cairo-rs v0.14.3
[INFO] [stderr]     Checking atk v0.14.0
[INFO] [stderr]     Checking javascriptcore-rs v0.14.0
[INFO] [stderr]     Checking gdk-pixbuf v0.14.0
[INFO] [stderr]     Checking gdk v0.14.2
[INFO] [stderr]     Checking tauri-libappindicator v0.1.2
[INFO] [stderr]     Checking webkit2gtk v0.14.0
[INFO] [stderr]     Checking wry_react_webpack_template v0.1.0 (/opt/rustwide/workdir)
[INFO] [stdout] error: proc-macro derive panicked
[INFO] [stdout]   --> src/main.rs:22:14
[INFO] [stdout]    |
[INFO] [stdout] 22 |     #[derive(RustEmbed)]
[INFO] [stdout]    |              ^^^^^^^^^
[INFO] [stdout]    |
[INFO] [stdout]    = help: message: #[derive(RustEmbed)] folder '/opt/rustwide/workdir/dist' does not exist. cwd: '/opt/rustwide/workdir'
[INFO] [stdout] 
[INFO] [stdout] 
[INFO] [stdout] error: proc-macro derive panicked
[INFO] [stdout]   --> src/main.rs:22:14
[INFO] [stdout]    |
[INFO] [stdout] 22 |     #[derive(RustEmbed)]
[INFO] [stdout]    |              ^^^^^^^^^
[INFO] [stdout]    |
[INFO] [stdout]    = help: message: #[derive(RustEmbed)] folder '/opt/rustwide/workdir/dist' does not exist. cwd: '/opt/rustwide/workdir'
[INFO] [stdout] 
[INFO] [stdout] 
[INFO] [stdout] error[E0599]: no function or associated item named `get` found for struct `Assets` in the current scope
[INFO] [stdout]   --> src/main.rs:86:27
[INFO] [stdout]    |
[INFO] [stdout] 24 |     struct Assets;
[INFO] [stdout]    |     -------------- function or associated item `get` not found for this
[INFO] [stdout] ...
[INFO] [stdout] 86 |                   Assets::get("index.html")
[INFO] [stdout]    |                           ^^^ function or associated item not found in `Assets`
[INFO] [stdout]    |
[INFO] [stdout]    = help: items from traits can only be used if the trait is implemented and in scope
[INFO] [stdout]    = note: the following traits define an item `get`, perhaps you need to implement one of them:
[INFO] [stdout]            candidate #1: `SliceIndex`
[INFO] [stdout]            candidate #2: `RustEmbed`
[INFO] [stdout]            candidate #3: `gio::settings::SettingsExtManual`
[INFO] [stdout]            candidate #4: `gio::unix_fd_list::UnixFDListExtManual`
[INFO] [stdout]            candidate #5: `gio::auto::dbus_interface::DBusInterfaceExt`
[INFO] [stdout] 
[INFO] [stdout] 
[INFO] [stdout] error[E0599]: no function or associated item named `get` found for struct `Assets` in the current scope
[INFO] [stdout]    --> src/main.rs:101:31
[INFO] [stdout]     |
[INFO] [stdout] 24  |     struct Assets;
[INFO] [stdout]     |     -------------- function or associated item `get` not found for this
[INFO] [stdout] ...
[INFO] [stdout] 101 |                       Assets::get(relative_file.as_str())
[INFO] [stdout]     |                               ^^^ function or associated item not found in `Assets`
[INFO] [stdout]     |
[INFO] [stdout]     = help: items from traits can only be used if the trait is implemented and in scope
[INFO] [stdout]     = note: the following traits define an item `get`, perhaps you need to implement one of them:
[INFO] [stdout]             candidate #1: `SliceIndex`
[INFO] [stdout]             candidate #2: `RustEmbed`
[INFO] [stdout]             candidate #3: `gio::settings::SettingsExtManual`
[INFO] [stdout]             candidate #4: `gio::unix_fd_list::UnixFDListExtManual`
[INFO] [stdout]             candidate #5: `gio::auto::dbus_interface::DBusInterfaceExt`
[INFO] [stdout] 
[INFO] [stdout] 
[INFO] [stdout] error: aborting due to 3 previous errors
[INFO] [stdout] 
[INFO] [stdout] 
[INFO] [stdout] For more information about this error, try `rustc --explain E0599`.
[INFO] [stdout] 
[INFO] [stderr] error: could not compile `wry_react_webpack_template` due to 4 previous errors
[INFO] [stderr] warning: build failed, waiting for other jobs to finish...
[INFO] [stdout] error[E0599]: no function or associated item named `get` found for struct `Assets` in the current scope
[INFO] [stdout]   --> src/main.rs:86:27
[INFO] [stdout]    |
[INFO] [stdout] 24 |     struct Assets;
[INFO] [stdout]    |     -------------- function or associated item `get` not found for this
[INFO] [stdout] ...
[INFO] [stdout] 86 |                   Assets::get("index.html")
[INFO] [stdout]    |                           ^^^ function or associated item not found in `Assets`
[INFO] [stdout]    |
[INFO] [stdout]    = help: items from traits can only be used if the trait is implemented and in scope
[INFO] [stdout]    = note: the following traits define an item `get`, perhaps you need to implement one of them:
[INFO] [stdout]            candidate #1: `SliceIndex`
[INFO] [stdout]            candidate #2: `RustEmbed`
[INFO] [stdout]            candidate #3: `gio::settings::SettingsExtManual`
[INFO] [stdout]            candidate #4: `gio::unix_fd_list::UnixFDListExtManual`
[INFO] [stdout]            candidate #5: `gio::auto::dbus_interface::DBusInterfaceExt`
[INFO] [stdout] 
[INFO] [stdout] 
[INFO] [stdout] error[E0599]: no function or associated item named `get` found for struct `Assets` in the current scope
[INFO] [stdout]    --> src/main.rs:101:31
[INFO] [stdout]     |
[INFO] [stdout] 24  |     struct Assets;
[INFO] [stdout]     |     -------------- function or associated item `get` not found for this
[INFO] [stdout] ...
[INFO] [stdout] 101 |                       Assets::get(relative_file.as_str())
[INFO] [stdout]     |                               ^^^ function or associated item not found in `Assets`
[INFO] [stdout]     |
[INFO] [stdout]     = help: items from traits can only be used if the trait is implemented and in scope
[INFO] [stdout]     = note: the following traits define an item `get`, perhaps you need to implement one of them:
[INFO] [stdout]             candidate #1: `SliceIndex`
[INFO] [stdout]             candidate #2: `RustEmbed`
[INFO] [stdout]             candidate #3: `gio::settings::SettingsExtManual`
[INFO] [stdout]             candidate #4: `gio::unix_fd_list::UnixFDListExtManual`
[INFO] [stdout]             candidate #5: `gio::auto::dbus_interface::DBusInterfaceExt`
[INFO] [stdout] 
[INFO] [stdout] 
[INFO] [stdout] error: aborting due to 3 previous errors
[INFO] [stdout] 
[INFO] [stdout] 
[INFO] [stdout] For more information about this error, try `rustc --explain E0599`.
[INFO] [stdout] 
[INFO] [stderr] error: build failed
[INFO] running `Command { std: "docker" "inspect" "a0562d77cda987408c90e9e4998b0e52c37c350542429c6c3036e6771c486003", kill_on_drop: false }`
[INFO] running `Command { std: "docker" "rm" "-f" "a0562d77cda987408c90e9e4998b0e52c37c350542429c6c3036e6771c486003", kill_on_drop: false }`
[INFO] [stdout] a0562d77cda987408c90e9e4998b0e52c37c350542429c6c3036e6771c486003
