[INFO] cloning repository https://github.com/Forkk/distirc
[INFO] running `Command { std: "git" "-c" "credential.helper=" "-c" "credential.helper=/workspace/cargo-home/bin/git-credential-null" "clone" "--bare" "https://github.com/Forkk/distirc" "/workspace/cache/git-repos/https%3A%2F%2Fgithub.com%2FForkk%2Fdistirc", kill_on_drop: false }`
[INFO] [stderr] Cloning into bare repository '/workspace/cache/git-repos/https%3A%2F%2Fgithub.com%2FForkk%2Fdistirc'...
[INFO] running `Command { std: "git" "rev-parse" "HEAD", kill_on_drop: false }`
[INFO] [stdout] defb33b8acdc5a9ca7266f6e7065c482d8165586
[INFO] checking Forkk/distirc against beta-2021-10-15 for beta-1.56-3
[INFO] running `Command { std: "git" "clone" "/workspace/cache/git-repos/https%3A%2F%2Fgithub.com%2FForkk%2Fdistirc" "/workspace/builds/worker-12/source", kill_on_drop: false }`
[INFO] [stderr] Cloning into '/workspace/builds/worker-12/source'...
[INFO] [stderr] done.
[INFO] validating manifest of git repo https://github.com/Forkk/distirc on toolchain beta-2021-10-15
[INFO] running `Command { std: "/workspace/cargo-home/bin/cargo" "+beta-2021-10-15" "metadata" "--manifest-path" "Cargo.toml" "--no-deps", kill_on_drop: false }`
[INFO] started tweaking git repo https://github.com/Forkk/distirc
[INFO] finished tweaking git repo https://github.com/Forkk/distirc
[INFO] tweaked toml for git repo https://github.com/Forkk/distirc written to /workspace/builds/worker-12/source/Cargo.toml
[INFO] crate git repo https://github.com/Forkk/distirc already has a lockfile, it will not be regenerated
[INFO] running `Command { std: "/workspace/cargo-home/bin/cargo" "+beta-2021-10-15" "fetch" "--manifest-path" "Cargo.toml", kill_on_drop: false }`
[INFO] [stderr]  Downloading crates ...
[INFO] [stderr]   Downloaded syntex v0.31.0
[INFO] [stderr]   Downloaded serde v0.7.0
[INFO] [stderr]   Downloaded aho-corasick v0.5.1
[INFO] [stderr]   Downloaded regex-syntax v0.3.1
[INFO] [stderr]   Downloaded mio v0.5.0
[INFO] [stderr]   Downloaded miow v0.1.2
[INFO] [stderr]   Downloaded nix v0.4.2
[INFO] [stderr]   Downloaded syntex_syntax v0.31.0
[INFO] [stderr]   Downloaded winapi v0.2.6
[INFO] [stderr]   Downloaded net2 v0.2.23
[INFO] [stderr]   Downloaded serde_json v0.7.0
[INFO] [stderr]   Downloaded void v1.0.1
[INFO] [stderr]   Downloaded rotor-stream v0.6.2
[INFO] [stderr]   Downloaded toml v0.1.28
[INFO] [stderr]   Downloaded netbuf v0.3.1
[INFO] [stderr]   Downloaded regex v0.1.65
[INFO] [stderr]   Downloaded rotor-tools v0.3.2
[INFO] [stderr]   Downloaded bincode v0.5.4
[INFO] [stderr]   Downloaded mempool v0.3.1
[INFO] [stderr]   Downloaded aster v0.15.0
[INFO] [stderr]   Downloaded quasi v0.9.0
[INFO] [stderr]   Downloaded quasi_codegen v0.9.0
[INFO] [stderr]   Downloaded serde_codegen v0.7.2
[INFO] running `Command { std: "docker" "create" "-v" "/var/lib/crater-agent-workspace/builds/worker-12/target:/opt/rustwide/target:rw,Z" "-v" "/var/lib/crater-agent-workspace/builds/worker-12/source:/opt/rustwide/workdir:ro,Z" "-v" "/var/lib/crater-agent-workspace/cargo-home:/opt/rustwide/cargo-home:ro,Z" "-v" "/var/lib/crater-agent-workspace/rustup-home:/opt/rustwide/rustup-home:ro,Z" "-e" "SOURCE_DIR=/opt/rustwide/workdir" "-e" "CARGO_TARGET_DIR=/opt/rustwide/target" "-e" "CARGO_HOME=/opt/rustwide/cargo-home" "-e" "RUSTUP_HOME=/opt/rustwide/rustup-home" "-w" "/opt/rustwide/workdir" "-m" "1610612736" "--user" "0:0" "--network" "none" "ghcr.io/rust-lang/crates-build-env/linux@sha256:a89201d6b5b9fd45c15d5952ece0a0129e7e80cb26ec023fd59cf09bc26f1604" "/opt/rustwide/cargo-home/bin/cargo" "+beta-2021-10-15" "metadata" "--no-deps" "--format-version=1", kill_on_drop: false }`
[INFO] [stderr] WARNING: Your kernel does not support swap limit capabilities or the cgroup is not mounted. Memory limited without swap.
[INFO] [stdout] 939fb1502e7e73046fb29dea3f5cf431d67ae4e17d5c605a884ebb63aa2a0284
[INFO] running `Command { std: "docker" "start" "-a" "939fb1502e7e73046fb29dea3f5cf431d67ae4e17d5c605a884ebb63aa2a0284", kill_on_drop: false }`
[INFO] running `Command { std: "docker" "inspect" "939fb1502e7e73046fb29dea3f5cf431d67ae4e17d5c605a884ebb63aa2a0284", kill_on_drop: false }`
[INFO] running `Command { std: "docker" "rm" "-f" "939fb1502e7e73046fb29dea3f5cf431d67ae4e17d5c605a884ebb63aa2a0284", kill_on_drop: false }`
[INFO] [stdout] 939fb1502e7e73046fb29dea3f5cf431d67ae4e17d5c605a884ebb63aa2a0284
[INFO] running `Command { std: "docker" "create" "-v" "/var/lib/crater-agent-workspace/builds/worker-12/target:/opt/rustwide/target:rw,Z" "-v" "/var/lib/crater-agent-workspace/builds/worker-12/source:/opt/rustwide/workdir:ro,Z" "-v" "/var/lib/crater-agent-workspace/cargo-home:/opt/rustwide/cargo-home:ro,Z" "-v" "/var/lib/crater-agent-workspace/rustup-home:/opt/rustwide/rustup-home:ro,Z" "-e" "SOURCE_DIR=/opt/rustwide/workdir" "-e" "CARGO_TARGET_DIR=/opt/rustwide/target" "-e" "CARGO_INCREMENTAL=0" "-e" "RUST_BACKTRACE=full" "-e" "RUSTFLAGS=--cap-lints=warn" "-e" "CARGO_HOME=/opt/rustwide/cargo-home" "-e" "RUSTUP_HOME=/opt/rustwide/rustup-home" "-w" "/opt/rustwide/workdir" "-m" "1610612736" "--user" "0:0" "--network" "none" "ghcr.io/rust-lang/crates-build-env/linux@sha256:a89201d6b5b9fd45c15d5952ece0a0129e7e80cb26ec023fd59cf09bc26f1604" "/opt/rustwide/cargo-home/bin/cargo" "+beta-2021-10-15" "check" "--frozen" "--all" "--all-targets" "--message-format=json", kill_on_drop: false }`
[INFO] [stderr] WARNING: Your kernel does not support swap limit capabilities or the cgroup is not mounted. Memory limited without swap.
[INFO] [stdout] 746715f12554e324f09ef0bc95eca37b75d8e2414a86adba375ec47c6b94fea0
[INFO] running `Command { std: "docker" "start" "-a" "746715f12554e324f09ef0bc95eca37b75d8e2414a86adba375ec47c6b94fea0", kill_on_drop: false }`
[INFO] [stderr]     Checking libc v0.2.9
[INFO] [stderr]    Compiling winapi v0.2.6
[INFO] [stderr]    Compiling bitflags v0.5.0
[INFO] [stderr]    Compiling log v0.3.6
[INFO] [stderr]    Compiling unicode-xid v0.0.3
[INFO] [stderr]    Compiling rustc-serialize v0.3.19
[INFO] [stderr]     Checking num-traits v0.1.32
[INFO] [stderr]     Checking cfg-if v0.1.0
[INFO] [stderr]     Checking bitflags v0.3.3
[INFO] [stderr]     Checking libc v0.1.12
[INFO] [stderr]     Checking slab v0.1.3
[INFO] [stderr]     Checking bytes v0.3.0
[INFO] [stderr]     Checking void v1.0.1
[INFO] [stderr]     Checking quick-error v0.2.2
[INFO] [stderr]     Checking serde v0.7.0
[INFO] [stderr]     Checking netbuf v0.3.1
[INFO] [stderr]     Checking mempool v0.3.1
[INFO] [stderr]     Checking byteorder v0.5.1
[INFO] [stderr]     Checking regex-syntax v0.3.1
[INFO] [stderr]    Compiling kernel32-sys v0.2.1
[INFO] [stderr]    Compiling ws2_32-sys v0.2.1
[INFO] [stderr]     Checking memchr v0.1.11
[INFO] [stdout] error[E0642]: patterns aren't allowed in functions without bodies
[INFO] [stdout]    --> /opt/rustwide/cargo-home/registry/src/github.com-1ecc6299db9ec823/rustc-serialize-0.3.19/src/serialize.rs:147:45
[INFO] [stdout]     |
[INFO] [stdout] 147 | ...                   &f_name: &str,
[INFO] [stdout]     |                       ^^^^^^^ pattern not allowed in function without body
[INFO] [stdout] 
[INFO] [stdout] 
[INFO] [stderr]     Checking rand v0.3.14
[INFO] [stdout] error[E0642]: patterns aren't allowed in functions without bodies
[INFO] [stdout]    --> /opt/rustwide/cargo-home/registry/src/github.com-1ecc6299db9ec823/rustc-serialize-0.3.19/src/serialize.rs:147:45
[INFO] [stdout]     |
[INFO] [stdout] 147 | ...                   &f_name: &str,
[INFO] [stdout]     |                       ^^^^^^^ pattern not allowed in function without body
[INFO] [stdout] 
[INFO] [stdout] 
[INFO] [stderr]     Checking nix v0.4.2
[INFO] [stderr]     Checking aho-corasick v0.5.1
[INFO] [stderr]     Checking num-integer v0.1.32
[INFO] [stderr]     Checking net2 v0.2.23
[INFO] [stderr]     Checking time v0.1.35
[INFO] [stderr]    Compiling term v0.2.14
[INFO] [stderr]     Checking num-iter v0.1.32
[INFO] [stderr]     Checking miow v0.1.2
[INFO] [stdout] error[E0591]: can't transmute zero-sized type
[INFO] [stdout]    --> /opt/rustwide/cargo-home/registry/src/github.com-1ecc6299db9ec823/nix-0.4.2/src/sched.rs:168:20
[INFO] [stdout]     |
[INFO] [stdout] 168 |         ffi::clone(mem::transmute(callback), ptr as *mut c_void, flags, &mut cb)
[INFO] [stdout]     |                    ^^^^^^^^^^^^^^
[INFO] [stdout]     |
[INFO] [stdout]     = note: source type: for<'r> extern "C" fn(*mut Box<(dyn FnMut() -> isize + 'r)>) -> i32 {callback}
[INFO] [stdout]     = note: target type: *const for<'r> extern "C" fn(*const Box<(dyn FnMut() -> isize + 'r)>) -> i32
[INFO] [stdout]     = help: cast with `as` to a pointer instead
[INFO] [stdout] 
[INFO] [stdout] 
[INFO] [stdout] error: aborting due to previous error
[INFO] [stdout] 
[INFO] [stdout] 
[INFO] [stdout] For more information about this error, try `rustc --explain E0642`.
[INFO] [stdout] 
[INFO] [stderr] error: could not compile `rustc-serialize` due to 2 previous errors
[INFO] [stderr] warning: build failed, waiting for other jobs to finish...
[INFO] [stdout] error: aborting due to previous error
[INFO] [stdout] 
[INFO] [stdout] 
[INFO] [stdout] For more information about this error, try `rustc --explain E0642`.
[INFO] [stdout] 
[INFO] [stdout] error: aborting due to previous error
[INFO] [stdout] 
[INFO] [stdout] 
[INFO] [stdout] For more information about this error, try `rustc --explain E0591`.
[INFO] [stdout] 
[INFO] [stderr] error: build failed
[INFO] running `Command { std: "docker" "inspect" "746715f12554e324f09ef0bc95eca37b75d8e2414a86adba375ec47c6b94fea0", kill_on_drop: false }`
[INFO] running `Command { std: "docker" "rm" "-f" "746715f12554e324f09ef0bc95eca37b75d8e2414a86adba375ec47c6b94fea0", kill_on_drop: false }`
[INFO] [stdout] 746715f12554e324f09ef0bc95eca37b75d8e2414a86adba375ec47c6b94fea0
