[INFO] cloning repository https://github.com/Foltik/automaton
[INFO] running `Command { std: "git" "-c" "credential.helper=" "-c" "credential.helper=/workspace/cargo-home/bin/git-credential-null" "clone" "--bare" "https://github.com/Foltik/automaton" "/workspace/cache/git-repos/https%3A%2F%2Fgithub.com%2FFoltik%2Fautomaton", kill_on_drop: false }`
[INFO] [stderr] Cloning into bare repository '/workspace/cache/git-repos/https%3A%2F%2Fgithub.com%2FFoltik%2Fautomaton'...
[INFO] running `Command { std: "git" "rev-parse" "HEAD", kill_on_drop: false }`
[INFO] [stdout] 0459e54e4c0f0809466dec1ac22411a12be41bc8
[INFO] checking Foltik/automaton against beta-2021-10-15 for beta-1.56-3
[INFO] running `Command { std: "git" "clone" "/workspace/cache/git-repos/https%3A%2F%2Fgithub.com%2FFoltik%2Fautomaton" "/workspace/builds/worker-9/source", kill_on_drop: false }`
[INFO] [stderr] Cloning into '/workspace/builds/worker-9/source'...
[INFO] [stderr] done.
[INFO] validating manifest of git repo https://github.com/Foltik/automaton on toolchain beta-2021-10-15
[INFO] running `Command { std: "/workspace/cargo-home/bin/cargo" "+beta-2021-10-15" "metadata" "--manifest-path" "Cargo.toml" "--no-deps", kill_on_drop: false }`
[INFO] started tweaking git repo https://github.com/Foltik/automaton
[INFO] finished tweaking git repo https://github.com/Foltik/automaton
[INFO] tweaked toml for git repo https://github.com/Foltik/automaton written to /workspace/builds/worker-9/source/Cargo.toml
[INFO] crate git repo https://github.com/Foltik/automaton already has a lockfile, it will not be regenerated
[INFO] running `Command { std: "/workspace/cargo-home/bin/cargo" "+beta-2021-10-15" "fetch" "--manifest-path" "Cargo.toml", kill_on_drop: false }`
[INFO] [stderr]  Downloading crates ...
[INFO] [stderr]   Downloaded criterion-plot v0.3.1
[INFO] [stderr]   Downloaded tinytemplate v1.0.1
[INFO] [stderr]   Downloaded criterion v0.2.11
[INFO] [stderr]   Downloaded hashbrown v0.3.0
[INFO] [stderr]   Downloaded rand_xoshiro v0.1.0
[INFO] running `Command { std: "docker" "create" "-v" "/var/lib/crater-agent-workspace/builds/worker-9/target:/opt/rustwide/target:rw,Z" "-v" "/var/lib/crater-agent-workspace/builds/worker-9/source:/opt/rustwide/workdir:ro,Z" "-v" "/var/lib/crater-agent-workspace/cargo-home:/opt/rustwide/cargo-home:ro,Z" "-v" "/var/lib/crater-agent-workspace/rustup-home:/opt/rustwide/rustup-home:ro,Z" "-e" "SOURCE_DIR=/opt/rustwide/workdir" "-e" "CARGO_TARGET_DIR=/opt/rustwide/target" "-e" "CARGO_HOME=/opt/rustwide/cargo-home" "-e" "RUSTUP_HOME=/opt/rustwide/rustup-home" "-w" "/opt/rustwide/workdir" "-m" "1610612736" "--user" "0:0" "--network" "none" "ghcr.io/rust-lang/crates-build-env/linux@sha256:a89201d6b5b9fd45c15d5952ece0a0129e7e80cb26ec023fd59cf09bc26f1604" "/opt/rustwide/cargo-home/bin/cargo" "+beta-2021-10-15" "metadata" "--no-deps" "--format-version=1", kill_on_drop: false }`
[INFO] [stdout] d584afc044f6c2c40fad5b74d14c4bf4cae2995bcbea92cf8437631c45c56d6e
[INFO] [stderr] WARNING: Your kernel does not support swap limit capabilities or the cgroup is not mounted. Memory limited without swap.
[INFO] running `Command { std: "docker" "start" "-a" "d584afc044f6c2c40fad5b74d14c4bf4cae2995bcbea92cf8437631c45c56d6e", kill_on_drop: false }`
[INFO] running `Command { std: "docker" "inspect" "d584afc044f6c2c40fad5b74d14c4bf4cae2995bcbea92cf8437631c45c56d6e", kill_on_drop: false }`
[INFO] running `Command { std: "docker" "rm" "-f" "d584afc044f6c2c40fad5b74d14c4bf4cae2995bcbea92cf8437631c45c56d6e", kill_on_drop: false }`
[INFO] [stdout] d584afc044f6c2c40fad5b74d14c4bf4cae2995bcbea92cf8437631c45c56d6e
[INFO] running `Command { std: "docker" "create" "-v" "/var/lib/crater-agent-workspace/builds/worker-9/target:/opt/rustwide/target:rw,Z" "-v" "/var/lib/crater-agent-workspace/builds/worker-9/source:/opt/rustwide/workdir:ro,Z" "-v" "/var/lib/crater-agent-workspace/cargo-home:/opt/rustwide/cargo-home:ro,Z" "-v" "/var/lib/crater-agent-workspace/rustup-home:/opt/rustwide/rustup-home:ro,Z" "-e" "SOURCE_DIR=/opt/rustwide/workdir" "-e" "CARGO_TARGET_DIR=/opt/rustwide/target" "-e" "CARGO_INCREMENTAL=0" "-e" "RUST_BACKTRACE=full" "-e" "RUSTFLAGS=--cap-lints=warn" "-e" "CARGO_HOME=/opt/rustwide/cargo-home" "-e" "RUSTUP_HOME=/opt/rustwide/rustup-home" "-w" "/opt/rustwide/workdir" "-m" "1610612736" "--user" "0:0" "--network" "none" "ghcr.io/rust-lang/crates-build-env/linux@sha256:a89201d6b5b9fd45c15d5952ece0a0129e7e80cb26ec023fd59cf09bc26f1604" "/opt/rustwide/cargo-home/bin/cargo" "+beta-2021-10-15" "check" "--frozen" "--all" "--all-targets" "--message-format=json", kill_on_drop: false }`
[INFO] [stdout] 14ea9649bb055d126954faa1b24408ce7d2859845f245ce61ed8d7409c8f6d8f
[INFO] [stderr] WARNING: Your kernel does not support swap limit capabilities or the cgroup is not mounted. Memory limited without swap.
[INFO] running `Command { std: "docker" "start" "-a" "14ea9649bb055d126954faa1b24408ce7d2859845f245ce61ed8d7409c8f6d8f", kill_on_drop: false }`
[INFO] [stderr]     Blocking waiting for file lock on package cache
[INFO] [stderr]    Compiling libc v0.2.54
[INFO] [stderr]    Compiling serde v1.0.90
[INFO] [stderr]    Compiling proc-macro2 v0.4.29
[INFO] [stderr]    Compiling bitflags v1.0.5
[INFO] [stderr]     Checking either v1.5.2
[INFO] [stderr]    Compiling syn v0.15.33
[INFO] [stderr]    Compiling rayon v1.0.3
[INFO] [stderr]     Checking cast v0.2.2
[INFO] [stderr]     Checking hashbrown v0.3.0
[INFO] [stderr]     Checking crossbeam-utils v0.2.2
[INFO] [stderr]     Checking walkdir v2.2.7
[INFO] [stderr]     Checking rand_xoshiro v0.1.0
[INFO] [stderr]     Checking itertools v0.8.0
[INFO] [stderr]     Checking crossbeam-epoch v0.3.1
[INFO] [stderr]     Checking crossbeam-deque v0.2.0
[INFO] [stderr]     Checking clap v2.33.0
[INFO] [stderr]     Checking criterion-plot v0.3.1
[INFO] [stderr]    Compiling quote v0.6.12
[INFO] [stderr]     Checking num_cpus v1.10.0
[INFO] [stderr]     Checking memchr v2.2.0
[INFO] [stderr]     Checking rand_os v0.1.3
[INFO] [stderr]     Checking atty v0.2.11
[INFO] [stderr]     Checking rayon-core v1.4.1
[INFO] [stderr]     Checking csv-core v0.1.5
[INFO] [stderr]     Checking serde_json v1.0.39
[INFO] [stderr]     Checking csv v1.0.7
[INFO] [stderr]    Compiling serde_derive v1.0.90
[INFO] [stderr]     Checking tinytemplate v1.0.1
[INFO] [stderr]     Checking criterion v0.2.11
[INFO] [stderr]     Checking automaton v0.1.0 (/opt/rustwide/workdir)
[INFO] [stdout] error[E0557]: feature has been removed
[INFO] [stdout]  --> benches/grid_bench.rs:1:12
[INFO] [stdout]   |
[INFO] [stdout] 1 | #![feature(existential_type)]
[INFO] [stdout]   |            ^^^^^^^^^^^^^^^^ feature has been removed
[INFO] [stdout]   |
[INFO] [stdout]   = note: removed in favor of `#![feature(type_alias_impl_trait)]`
[INFO] [stdout] 
[INFO] [stdout] 
[INFO] [stdout] error[E0557]: feature has been removed
[INFO] [stdout]  --> benches/grid_mem_bench.rs:1:12
[INFO] [stdout]   |
[INFO] [stdout] 1 | #![feature(existential_type)]
[INFO] [stdout]   |            ^^^^^^^^^^^^^^^^ feature has been removed
[INFO] [stdout]   |
[INFO] [stdout]   = note: removed in favor of `#![feature(type_alias_impl_trait)]`
[INFO] [stdout] 
[INFO] [stdout] 
[INFO] [stdout] error[E0554]: `#![feature]` may not be used on the beta release channel
[INFO] [stdout]  --> benches/grid_mem_bench.rs:1:1
[INFO] [stdout]   |
[INFO] [stdout] 1 | #![feature(existential_type)]
[INFO] [stdout]   | ^^^^^^^^^^^^^^^^^^^^^^^^^^^^^
[INFO] [stdout] 
[INFO] [stdout] 
[INFO] [stdout] error[E0554]: `#![feature]` may not be used on the beta release channel
[INFO] [stdout]  --> benches/grid_bench.rs:1:1
[INFO] [stdout]   |
[INFO] [stdout] 1 | #![feature(existential_type)]
[INFO] [stdout]   | ^^^^^^^^^^^^^^^^^^^^^^^^^^^^^
[INFO] [stdout] 
[INFO] [stdout] 
[INFO] [stdout] warning: unused import: `hashbrown::HashMap`
[INFO] [stdout]   --> benches/grid_mem_bench.rs:11:5
[INFO] [stdout]    |
[INFO] [stdout] 11 | use hashbrown::HashMap;
[INFO] [stdout]    |     ^^^^^^^^^^^^^^^^^^
[INFO] [stdout]    |
[INFO] [stdout]    = note: `#[warn(unused_imports)]` on by default
[INFO] [stdout] 
[INFO] [stdout] 
[INFO] [stdout] warning: unused import: `rayon::prelude`
[INFO] [stdout]   --> benches/grid_mem_bench.rs:14:5
[INFO] [stdout]    |
[INFO] [stdout] 14 | use rayon::prelude::*;
[INFO] [stdout]    |     ^^^^^^^^^^^^^^
[INFO] [stdout] 
[INFO] [stdout] 
[INFO] [stdout] error: aborting due to 2 previous errors; 2 warnings emitted
[INFO] [stdout] 
[INFO] [stdout] 
[INFO] [stdout] Some errors have detailed explanations: E0554, E0557.
[INFO] [stdout] 
[INFO] [stdout] For more information about an error, try `rustc --explain E0554`.
[INFO] [stdout] 
[INFO] [stderr] error: could not compile `automaton` due to 3 previous errors; 2 warnings emitted
[INFO] [stderr] warning: build failed, waiting for other jobs to finish...
[INFO] [stdout] error: aborting due to 2 previous errors
[INFO] [stdout] 
[INFO] [stdout] 
[INFO] [stdout] Some errors have detailed explanations: E0554, E0557.
[INFO] [stdout] 
[INFO] [stdout] For more information about an error, try `rustc --explain E0554`.
[INFO] [stdout] 
[INFO] [stderr] error: build failed
[INFO] running `Command { std: "docker" "inspect" "14ea9649bb055d126954faa1b24408ce7d2859845f245ce61ed8d7409c8f6d8f", kill_on_drop: false }`
[INFO] running `Command { std: "docker" "rm" "-f" "14ea9649bb055d126954faa1b24408ce7d2859845f245ce61ed8d7409c8f6d8f", kill_on_drop: false }`
[INFO] [stdout] 14ea9649bb055d126954faa1b24408ce7d2859845f245ce61ed8d7409c8f6d8f
