[INFO] cloning repository https://github.com/FlareFlo/wt_penetration_tool
[INFO] running `Command { std: "git" "-c" "credential.helper=" "-c" "credential.helper=/workspace/cargo-home/bin/git-credential-null" "clone" "--bare" "https://github.com/FlareFlo/wt_penetration_tool" "/workspace/cache/git-repos/https%3A%2F%2Fgithub.com%2FFlareFlo%2Fwt_penetration_tool", kill_on_drop: false }`
[INFO] [stderr] Cloning into bare repository '/workspace/cache/git-repos/https%3A%2F%2Fgithub.com%2FFlareFlo%2Fwt_penetration_tool'...
[INFO] running `Command { std: "git" "rev-parse" "HEAD", kill_on_drop: false }`
[INFO] [stdout] 7f35074b7d75564226893654046bd3af8c74ad0f
[INFO] checking FlareFlo/wt_penetration_tool against beta-2021-10-15 for beta-1.56-3
[INFO] running `Command { std: "git" "clone" "/workspace/cache/git-repos/https%3A%2F%2Fgithub.com%2FFlareFlo%2Fwt_penetration_tool" "/workspace/builds/worker-4/source", kill_on_drop: false }`
[INFO] [stderr] Cloning into '/workspace/builds/worker-4/source'...
[INFO] [stderr] done.
[INFO] validating manifest of git repo https://github.com/FlareFlo/wt_penetration_tool on toolchain beta-2021-10-15
[INFO] running `Command { std: "/workspace/cargo-home/bin/cargo" "+beta-2021-10-15" "metadata" "--manifest-path" "Cargo.toml" "--no-deps", kill_on_drop: false }`
[INFO] started tweaking git repo https://github.com/FlareFlo/wt_penetration_tool
[INFO] finished tweaking git repo https://github.com/FlareFlo/wt_penetration_tool
[INFO] tweaked toml for git repo https://github.com/FlareFlo/wt_penetration_tool written to /workspace/builds/worker-4/source/Cargo.toml
[INFO] running `Command { std: "/workspace/cargo-home/bin/cargo" "+beta-2021-10-15" "generate-lockfile" "--manifest-path" "Cargo.toml" "-Zno-index-update", kill_on_drop: false }`
[INFO] running `Command { std: "/workspace/cargo-home/bin/cargo" "+beta-2021-10-15" "fetch" "--manifest-path" "Cargo.toml", kill_on_drop: false }`
[INFO] [stderr]  Downloading crates ...
[INFO] [stderr]   Downloaded uinput v0.1.3
[INFO] [stderr]   Downloaded udev v0.6.2
[INFO] [stderr]   Downloaded enum_derive v0.1.7
[INFO] [stderr]   Downloaded input v0.6.0
[INFO] [stderr]   Downloaded scrap v0.5.0
[INFO] [stderr]   Downloaded nix v0.22.2
[INFO] [stderr]   Downloaded inputbot v0.5.1
[INFO] [stderr]   Downloaded input-sys v1.16.0
[INFO] [stderr]   Downloaded ioctl-sys v0.5.2
[INFO] [stderr]   Downloaded uinput-sys v0.1.7
[INFO] running `Command { std: "docker" "create" "-v" "/var/lib/crater-agent-workspace/builds/worker-4/target:/opt/rustwide/target:rw,Z" "-v" "/var/lib/crater-agent-workspace/builds/worker-4/source:/opt/rustwide/workdir:ro,Z" "-v" "/var/lib/crater-agent-workspace/cargo-home:/opt/rustwide/cargo-home:ro,Z" "-v" "/var/lib/crater-agent-workspace/rustup-home:/opt/rustwide/rustup-home:ro,Z" "-e" "SOURCE_DIR=/opt/rustwide/workdir" "-e" "CARGO_TARGET_DIR=/opt/rustwide/target" "-e" "CARGO_HOME=/opt/rustwide/cargo-home" "-e" "RUSTUP_HOME=/opt/rustwide/rustup-home" "-w" "/opt/rustwide/workdir" "-m" "1610612736" "--user" "0:0" "--network" "none" "ghcr.io/rust-lang/crates-build-env/linux@sha256:a89201d6b5b9fd45c15d5952ece0a0129e7e80cb26ec023fd59cf09bc26f1604" "/opt/rustwide/cargo-home/bin/cargo" "+beta-2021-10-15" "metadata" "--no-deps" "--format-version=1", kill_on_drop: false }`
[INFO] [stdout] e8341eabeb73450103415b872811eede2d31aa55e6a1a3e63e95b0bdc7a4282f
[INFO] [stderr] WARNING: Your kernel does not support swap limit capabilities or the cgroup is not mounted. Memory limited without swap.
[INFO] running `Command { std: "docker" "start" "-a" "e8341eabeb73450103415b872811eede2d31aa55e6a1a3e63e95b0bdc7a4282f", kill_on_drop: false }`
[INFO] running `Command { std: "docker" "inspect" "e8341eabeb73450103415b872811eede2d31aa55e6a1a3e63e95b0bdc7a4282f", kill_on_drop: false }`
[INFO] running `Command { std: "docker" "rm" "-f" "e8341eabeb73450103415b872811eede2d31aa55e6a1a3e63e95b0bdc7a4282f", kill_on_drop: false }`
[INFO] [stdout] e8341eabeb73450103415b872811eede2d31aa55e6a1a3e63e95b0bdc7a4282f
[INFO] running `Command { std: "docker" "create" "-v" "/var/lib/crater-agent-workspace/builds/worker-4/target:/opt/rustwide/target:rw,Z" "-v" "/var/lib/crater-agent-workspace/builds/worker-4/source:/opt/rustwide/workdir:ro,Z" "-v" "/var/lib/crater-agent-workspace/cargo-home:/opt/rustwide/cargo-home:ro,Z" "-v" "/var/lib/crater-agent-workspace/rustup-home:/opt/rustwide/rustup-home:ro,Z" "-e" "SOURCE_DIR=/opt/rustwide/workdir" "-e" "CARGO_TARGET_DIR=/opt/rustwide/target" "-e" "CARGO_INCREMENTAL=0" "-e" "RUST_BACKTRACE=full" "-e" "RUSTFLAGS=--cap-lints=warn" "-e" "CARGO_HOME=/opt/rustwide/cargo-home" "-e" "RUSTUP_HOME=/opt/rustwide/rustup-home" "-w" "/opt/rustwide/workdir" "-m" "1610612736" "--user" "0:0" "--network" "none" "ghcr.io/rust-lang/crates-build-env/linux@sha256:a89201d6b5b9fd45c15d5952ece0a0129e7e80cb26ec023fd59cf09bc26f1604" "/opt/rustwide/cargo-home/bin/cargo" "+beta-2021-10-15" "check" "--frozen" "--all" "--all-targets" "--message-format=json", kill_on_drop: false }`
[INFO] [stdout] d05b5f769979f565e7c9a92cd035c41c3eb48e7add0d662e862b337f1111a279
[INFO] [stderr] WARNING: Your kernel does not support swap limit capabilities or the cgroup is not mounted. Memory limited without swap.
[INFO] running `Command { std: "docker" "start" "-a" "d05b5f769979f565e7c9a92cd035c41c3eb48e7add0d662e862b337f1111a279", kill_on_drop: false }`
[INFO] [stderr]    Compiling nix v0.10.0
[INFO] [stderr]    Compiling input-sys v1.16.0
[INFO] [stderr]     Checking weezl v0.1.5
[INFO] [stderr]     Checking ioctl-sys v0.5.2
[INFO] [stderr]     Checking enum_derive v0.1.7
[INFO] [stderr]    Compiling scrap v0.5.0
[INFO] [stderr]     Checking bytemuck v1.7.2
[INFO] [stderr]     Checking block v0.1.6
[INFO] [stderr]    Compiling miniz_oxide v0.4.4
[INFO] [stderr]    Compiling libudev-sys v0.1.4
[INFO] [stderr]    Compiling x11 v2.19.1
[INFO] [stderr]     Checking deflate v0.8.6
[INFO] [stderr]     Checking iovec v0.1.4
[INFO] [stderr]     Checking nix v0.22.2
[INFO] [stderr]     Checking rayon-core v1.9.1
[INFO] [stderr]     Checking uinput-sys v0.1.7
[INFO] [stderr]     Checking bytes v0.4.12
[INFO] [stderr]     Checking gif v0.11.3
[INFO] [stderr]     Checking png v0.16.8
[INFO] [stderr]     Checking rayon v1.5.1
[INFO] [stderr]     Checking udev v0.6.2
[INFO] [stderr]     Checking input v0.6.0
[INFO] [stderr]     Checking jpeg-decoder v0.1.22
[INFO] [stderr]     Checking tiff v0.6.1
[INFO] [stderr]     Checking uinput v0.1.3
[INFO] [stderr]     Checking image v0.23.14
[INFO] [stderr]     Checking inputbot v0.5.1
[INFO] [stderr]     Checking wt_penetration_tool v0.0.3 (/opt/rustwide/workdir)
[INFO] [stdout] warning: unused import: `crate::capture_patterns::full_capture::full_capture`
[INFO] [stdout]  --> src/main.rs:1:5
[INFO] [stdout]   |
[INFO] [stdout] 1 | use crate::capture_patterns::full_capture::full_capture;
[INFO] [stdout]   |     ^^^^^^^^^^^^^^^^^^^^^^^^^^^^^^^^^^^^^^^^^^^^^^^^^^^
[INFO] [stdout]   |
[INFO] [stdout]   = note: `#[warn(unused_imports)]` on by default
[INFO] [stdout] 
[INFO] [stdout] 
[INFO] [stdout] warning: unused import: `std::thread::sleep`
[INFO] [stdout]  --> src/resource_functions.rs:1:5
[INFO] [stdout]   |
[INFO] [stdout] 1 | use std::thread::sleep;
[INFO] [stdout]   |     ^^^^^^^^^^^^^^^^^^
[INFO] [stdout] 
[INFO] [stdout] 
[INFO] [stdout] warning: unused import: `std::time::Duration`
[INFO] [stdout]  --> src/resource_functions.rs:2:5
[INFO] [stdout]   |
[INFO] [stdout] 2 | use std::time::Duration;
[INFO] [stdout]   |     ^^^^^^^^^^^^^^^^^^^
[INFO] [stdout] 
[INFO] [stdout] 
[INFO] [stdout] warning: unused import: `crate::capture_patterns::full_capture::full_capture`
[INFO] [stdout]  --> src/main.rs:1:5
[INFO] [stdout]   |
[INFO] [stdout] 1 | use crate::capture_patterns::full_capture::full_capture;
[INFO] [stdout]   |     ^^^^^^^^^^^^^^^^^^^^^^^^^^^^^^^^^^^^^^^^^^^^^^^^^^^
[INFO] [stdout]   |
[INFO] [stdout]   = note: `#[warn(unused_imports)]` on by default
[INFO] [stdout] 
[INFO] [stdout] 
[INFO] [stdout] warning: unused import: `std::thread::sleep`
[INFO] [stdout]  --> src/resource_functions.rs:1:5
[INFO] [stdout]   |
[INFO] [stdout] 1 | use std::thread::sleep;
[INFO] [stdout]   |     ^^^^^^^^^^^^^^^^^^
[INFO] [stdout] 
[INFO] [stdout] 
[INFO] [stdout] warning: unused import: `std::time::Duration`
[INFO] [stdout]  --> src/resource_functions.rs:2:5
[INFO] [stdout]   |
[INFO] [stdout] 2 | use std::time::Duration;
[INFO] [stdout]   |     ^^^^^^^^^^^^^^^^^^^
[INFO] [stdout] 
[INFO] [stdout] 
[INFO] [stdout] error[E0599]: no function or associated item named `pos` found for struct `MouseCursor` in the current scope
[INFO] [stdout]   --> src/capture_patterns/full_capture.rs:19:31
[INFO] [stdout]    |
[INFO] [stdout] 19 |     let offset_x = (MouseCursor::pos().0) as u32; //Left right
[INFO] [stdout]    |                                  ^^^ function or associated item not found in `MouseCursor`
[INFO] [stdout] 
[INFO] [stdout] 
[INFO] [stdout] error[E0599]: no function or associated item named `pos` found for struct `MouseCursor` in the current scope
[INFO] [stdout]   --> src/capture_patterns/full_capture.rs:20:31
[INFO] [stdout]    |
[INFO] [stdout] 20 |     let offset_y = (MouseCursor::pos().1) as u32; //up down
[INFO] [stdout]    |                                  ^^^ function or associated item not found in `MouseCursor`
[INFO] [stdout] 
[INFO] [stdout] 
[INFO] [stdout] error[E0599]: no function or associated item named `pos` found for struct `MouseCursor` in the current scope
[INFO] [stdout]   --> src/resource_functions.rs:27:38
[INFO] [stdout]    |
[INFO] [stdout] 27 |             value.0 =  inputbot::MouseCursor::pos();
[INFO] [stdout]    |                                               ^^^ function or associated item not found in `MouseCursor`
[INFO] [stdout] 
[INFO] [stdout] 
[INFO] [stdout] error[E0599]: no function or associated item named `pos` found for struct `MouseCursor` in the current scope
[INFO] [stdout]   --> src/resource_functions.rs:34:38
[INFO] [stdout]    |
[INFO] [stdout] 34 |             value.1 =  inputbot::MouseCursor::pos();
[INFO] [stdout]    |                                               ^^^ function or associated item not found in `MouseCursor`
[INFO] [stdout] 
[INFO] [stdout] 
[INFO] [stdout] error: aborting due to 4 previous errors; 3 warnings emitted
[INFO] [stdout] 
[INFO] [stdout] 
[INFO] [stdout] For more information about this error, try `rustc --explain E0599`.
[INFO] [stdout] 
[INFO] [stderr] error: could not compile `wt_penetration_tool` due to 5 previous errors; 3 warnings emitted
[INFO] [stderr] warning: build failed, waiting for other jobs to finish...
[INFO] [stdout] error[E0599]: no function or associated item named `pos` found for struct `MouseCursor` in the current scope
[INFO] [stdout]   --> src/capture_patterns/full_capture.rs:19:31
[INFO] [stdout]    |
[INFO] [stdout] 19 |     let offset_x = (MouseCursor::pos().0) as u32; //Left right
[INFO] [stdout]    |                                  ^^^ function or associated item not found in `MouseCursor`
[INFO] [stdout] 
[INFO] [stdout] 
[INFO] [stdout] error[E0599]: no function or associated item named `pos` found for struct `MouseCursor` in the current scope
[INFO] [stdout]   --> src/capture_patterns/full_capture.rs:20:31
[INFO] [stdout]    |
[INFO] [stdout] 20 |     let offset_y = (MouseCursor::pos().1) as u32; //up down
[INFO] [stdout]    |                                  ^^^ function or associated item not found in `MouseCursor`
[INFO] [stdout] 
[INFO] [stdout] 
[INFO] [stdout] error[E0599]: no function or associated item named `pos` found for struct `MouseCursor` in the current scope
[INFO] [stdout]   --> src/resource_functions.rs:27:38
[INFO] [stdout]    |
[INFO] [stdout] 27 |             value.0 =  inputbot::MouseCursor::pos();
[INFO] [stdout]    |                                               ^^^ function or associated item not found in `MouseCursor`
[INFO] [stdout] 
[INFO] [stdout] 
[INFO] [stdout] error[E0599]: no function or associated item named `pos` found for struct `MouseCursor` in the current scope
[INFO] [stdout]   --> src/resource_functions.rs:34:38
[INFO] [stdout]    |
[INFO] [stdout] 34 |             value.1 =  inputbot::MouseCursor::pos();
[INFO] [stdout]    |                                               ^^^ function or associated item not found in `MouseCursor`
[INFO] [stdout] 
[INFO] [stdout] 
[INFO] [stdout] error: aborting due to 4 previous errors; 3 warnings emitted
[INFO] [stdout] 
[INFO] [stdout] 
[INFO] [stdout] For more information about this error, try `rustc --explain E0599`.
[INFO] [stdout] 
[INFO] [stderr] error: build failed
[INFO] running `Command { std: "docker" "inspect" "d05b5f769979f565e7c9a92cd035c41c3eb48e7add0d662e862b337f1111a279", kill_on_drop: false }`
[INFO] running `Command { std: "docker" "rm" "-f" "d05b5f769979f565e7c9a92cd035c41c3eb48e7add0d662e862b337f1111a279", kill_on_drop: false }`
[INFO] [stdout] d05b5f769979f565e7c9a92cd035c41c3eb48e7add0d662e862b337f1111a279
