[INFO] cloning repository https://github.com/FateXii/handmade_hero
[INFO] running `Command { std: "git" "-c" "credential.helper=" "-c" "credential.helper=/workspace/cargo-home/bin/git-credential-null" "clone" "--bare" "https://github.com/FateXii/handmade_hero" "/workspace/cache/git-repos/https%3A%2F%2Fgithub.com%2FFateXii%2Fhandmade_hero", kill_on_drop: false }`
[INFO] [stderr] Cloning into bare repository '/workspace/cache/git-repos/https%3A%2F%2Fgithub.com%2FFateXii%2Fhandmade_hero'...
[INFO] running `Command { std: "git" "rev-parse" "HEAD", kill_on_drop: false }`
[INFO] [stdout] 8b5a238611ec690f5425755a3e107c274a9cca0c
[INFO] checking FateXii/handmade_hero against 1.55.0 for beta-1.56-3
[INFO] running `Command { std: "git" "clone" "/workspace/cache/git-repos/https%3A%2F%2Fgithub.com%2FFateXii%2Fhandmade_hero" "/workspace/builds/worker-81/source", kill_on_drop: false }`
[INFO] [stderr] Cloning into '/workspace/builds/worker-81/source'...
[INFO] [stderr] done.
[INFO] validating manifest of git repo https://github.com/FateXii/handmade_hero on toolchain 1.55.0
[INFO] running `Command { std: "/workspace/cargo-home/bin/cargo" "+1.55.0" "metadata" "--manifest-path" "Cargo.toml" "--no-deps", kill_on_drop: false }`
[INFO] started tweaking git repo https://github.com/FateXii/handmade_hero
[INFO] finished tweaking git repo https://github.com/FateXii/handmade_hero
[INFO] tweaked toml for git repo https://github.com/FateXii/handmade_hero written to /workspace/builds/worker-81/source/Cargo.toml
[INFO] crate git repo https://github.com/FateXii/handmade_hero already has a lockfile, it will not be regenerated
[INFO] running `Command { std: "/workspace/cargo-home/bin/cargo" "+1.55.0" "fetch" "--manifest-path" "Cargo.toml", kill_on_drop: false }`
[INFO] [stderr]     Blocking waiting for file lock on package cache
[INFO] [stderr]     Blocking waiting for file lock on package cache
[INFO] running `Command { std: "docker" "create" "-v" "/var/lib/crater-agent-workspace/builds/worker-81/target:/opt/rustwide/target:rw,Z" "-v" "/var/lib/crater-agent-workspace/builds/worker-81/source:/opt/rustwide/workdir:ro,Z" "-v" "/var/lib/crater-agent-workspace/cargo-home:/opt/rustwide/cargo-home:ro,Z" "-v" "/var/lib/crater-agent-workspace/rustup-home:/opt/rustwide/rustup-home:ro,Z" "-e" "SOURCE_DIR=/opt/rustwide/workdir" "-e" "CARGO_TARGET_DIR=/opt/rustwide/target" "-e" "CARGO_HOME=/opt/rustwide/cargo-home" "-e" "RUSTUP_HOME=/opt/rustwide/rustup-home" "-w" "/opt/rustwide/workdir" "-m" "1610612736" "--user" "0:0" "--network" "none" "ghcr.io/rust-lang/crates-build-env/linux@sha256:a89201d6b5b9fd45c15d5952ece0a0129e7e80cb26ec023fd59cf09bc26f1604" "/opt/rustwide/cargo-home/bin/cargo" "+1.55.0" "metadata" "--no-deps" "--format-version=1", kill_on_drop: false }`
[INFO] [stdout] 53478135f90777d804e5ab34a14aafa6f7346f67b99f433c2488cd1dd522b6ec
[INFO] running `Command { std: "docker" "start" "-a" "53478135f90777d804e5ab34a14aafa6f7346f67b99f433c2488cd1dd522b6ec", kill_on_drop: false }`
[INFO] running `Command { std: "docker" "inspect" "53478135f90777d804e5ab34a14aafa6f7346f67b99f433c2488cd1dd522b6ec", kill_on_drop: false }`
[INFO] running `Command { std: "docker" "rm" "-f" "53478135f90777d804e5ab34a14aafa6f7346f67b99f433c2488cd1dd522b6ec", kill_on_drop: false }`
[INFO] [stdout] 53478135f90777d804e5ab34a14aafa6f7346f67b99f433c2488cd1dd522b6ec
[INFO] running `Command { std: "docker" "create" "-v" "/var/lib/crater-agent-workspace/builds/worker-81/target:/opt/rustwide/target:rw,Z" "-v" "/var/lib/crater-agent-workspace/builds/worker-81/source:/opt/rustwide/workdir:ro,Z" "-v" "/var/lib/crater-agent-workspace/cargo-home:/opt/rustwide/cargo-home:ro,Z" "-v" "/var/lib/crater-agent-workspace/rustup-home:/opt/rustwide/rustup-home:ro,Z" "-e" "SOURCE_DIR=/opt/rustwide/workdir" "-e" "CARGO_TARGET_DIR=/opt/rustwide/target" "-e" "CARGO_INCREMENTAL=0" "-e" "RUST_BACKTRACE=full" "-e" "RUSTFLAGS=--cap-lints=warn" "-e" "CARGO_HOME=/opt/rustwide/cargo-home" "-e" "RUSTUP_HOME=/opt/rustwide/rustup-home" "-w" "/opt/rustwide/workdir" "-m" "1610612736" "--user" "0:0" "--network" "none" "ghcr.io/rust-lang/crates-build-env/linux@sha256:a89201d6b5b9fd45c15d5952ece0a0129e7e80cb26ec023fd59cf09bc26f1604" "/opt/rustwide/cargo-home/bin/cargo" "+1.55.0" "check" "--frozen" "--all" "--all-targets" "--message-format=json", kill_on_drop: false }`
[INFO] [stdout] 34382e2ef9709766f95c901e2d98bb3d9d0ae73b16d4c85a9cb23167217def40
[INFO] running `Command { std: "docker" "start" "-a" "34382e2ef9709766f95c901e2d98bb3d9d0ae73b16d4c85a9cb23167217def40", kill_on_drop: false }`
[INFO] [stderr]     Blocking waiting for file lock on package cache
[INFO] [stderr]     Checking widestring v0.4.3
[INFO] [stderr]     Checking handmade_hero v0.1.0 (/opt/rustwide/workdir)
[INFO] [stdout] error[E0463]: can't find crate for `winapi`
[INFO] [stdout]  --> src/win32/mod.rs:1:1
[INFO] [stdout]   |
[INFO] [stdout] 1 | extern crate winapi;
[INFO] [stdout]   | ^^^^^^^^^^^^^^^^^^^^ can't find crate
[INFO] [stdout] 
[INFO] [stdout] 
[INFO] [stderr] error: could not compile `handmade_hero` due to 2 previous errors
[INFO] [stdout] error: aborting due to previous error
[INFO] [stdout] 
[INFO] [stdout] 
[INFO] [stderr] warning: build failed, waiting for other jobs to finish...
[INFO] [stdout] For more information about this error, try `rustc --explain E0463`.
[INFO] [stdout] 
[INFO] [stdout] error[E0277]: the size for values of type `str` cannot be known at compilation time
[INFO] [stdout]   --> examples/main.rs:38:18
[INFO] [stdout]    |
[INFO] [stdout] 38 | fn print_message(msg: str) -> Result<(), IoError> {
[INFO] [stdout]    |                  ^^^ doesn't have a size known at compile-time
[INFO] [stdout]    |
[INFO] [stdout]    = help: the trait `Sized` is not implemented for `str`
[INFO] [stdout] help: function arguments must have a statically known size, borrowed types always have a known size
[INFO] [stdout]    |
[INFO] [stdout] 38 | fn print_message(msg: &str) -> Result<(), IoError> {
[INFO] [stdout]    |                       ^
[INFO] [stdout] 
[INFO] [stdout] 
[INFO] [stdout] error[E0463]: can't find crate for `winapi`
[INFO] [stdout]  --> src/win32/mod.rs:1:1
[INFO] [stdout]   |
[INFO] [stdout] 1 | extern crate winapi;
[INFO] [stdout]   | ^^^^^^^^^^^^^^^^^^^^ can't find crate
[INFO] [stdout] 
[INFO] [stdout] 
[INFO] [stdout] error: aborting due to previous error
[INFO] [stdout] 
[INFO] [stdout] 
[INFO] [stdout] For more information about this error, try `rustc --explain E0463`.
[INFO] [stdout] 
[INFO] [stdout] error[E0277]: the size for values of type `str` cannot be known at compilation time
[INFO] [stdout]    --> examples/main.rs:39:5
[INFO] [stdout]     |
[INFO] [stdout] 39  |     println!("Not Windows{}", msg);
[INFO] [stdout]     |     ^^^^^^^^^^^^^^^^^^^^^^^^^^^^^^^ doesn't have a size known at compile-time
[INFO] [stdout]     |
[INFO] [stdout]     = help: the trait `Sized` is not implemented for `str`
[INFO] [stdout]     = note: this error originates in the macro `$crate::format_args_nl` (in Nightly builds, run with -Z macro-backtrace for more info)
[INFO] [stdout] 
[INFO] [stdout] 
[INFO] [stdout] error[E0308]: mismatched types
[INFO] [stdout]   --> examples/main.rs:44:19
[INFO] [stdout]    |
[INFO] [stdout] 44 |     print_message("Hello World").unwrap();
[INFO] [stdout]    |                   ^^^^^^^^^^^^^ expected `str`, found `&str`
[INFO] [stdout] 
[INFO] [stdout] 
[INFO] [stdout] error[E0277]: the size for values of type `str` cannot be known at compilation time
[INFO] [stdout]   --> examples/main.rs:44:5
[INFO] [stdout]    |
[INFO] [stdout] 44 |     print_message("Hello World").unwrap();
[INFO] [stdout]    |     ^^^^^^^^^^^^^ doesn't have a size known at compile-time
[INFO] [stdout]    |
[INFO] [stdout]    = help: the trait `Sized` is not implemented for `str`
[INFO] [stdout]    = note: all function arguments must have a statically known size
[INFO] [stdout] 
[INFO] [stdout] 
[INFO] [stdout] error: aborting due to 4 previous errors
[INFO] [stdout] 
[INFO] [stdout] 
[INFO] [stdout] Some errors have detailed explanations: E0277, E0308.
[INFO] [stdout] 
[INFO] [stdout] For more information about an error, try `rustc --explain E0277`.
[INFO] [stdout] 
[INFO] [stderr] error: build failed
[INFO] running `Command { std: "docker" "inspect" "34382e2ef9709766f95c901e2d98bb3d9d0ae73b16d4c85a9cb23167217def40", kill_on_drop: false }`
[INFO] running `Command { std: "docker" "rm" "-f" "34382e2ef9709766f95c901e2d98bb3d9d0ae73b16d4c85a9cb23167217def40", kill_on_drop: false }`
[INFO] [stdout] 34382e2ef9709766f95c901e2d98bb3d9d0ae73b16d4c85a9cb23167217def40
