[INFO] cloning repository https://github.com/Farmadupe/vid_dup_finder
[INFO] running `Command { std: "git" "-c" "credential.helper=" "-c" "credential.helper=/workspace/cargo-home/bin/git-credential-null" "clone" "--bare" "https://github.com/Farmadupe/vid_dup_finder" "/workspace/cache/git-repos/https%3A%2F%2Fgithub.com%2FFarmadupe%2Fvid_dup_finder", kill_on_drop: false }`
[INFO] [stderr] Cloning into bare repository '/workspace/cache/git-repos/https%3A%2F%2Fgithub.com%2FFarmadupe%2Fvid_dup_finder'...
[INFO] running `Command { std: "git" "rev-parse" "HEAD", kill_on_drop: false }`
[INFO] [stdout] 3c0cc61f2bc988a5edc1d92b644f11ed3cff9d78
[INFO] checking Farmadupe/vid_dup_finder against beta-2021-10-15 for beta-1.56-3
[INFO] running `Command { std: "git" "clone" "/workspace/cache/git-repos/https%3A%2F%2Fgithub.com%2FFarmadupe%2Fvid_dup_finder" "/workspace/builds/worker-87/source", kill_on_drop: false }`
[INFO] [stderr] Cloning into '/workspace/builds/worker-87/source'...
[INFO] [stderr] done.
[INFO] validating manifest of git repo https://github.com/Farmadupe/vid_dup_finder on toolchain beta-2021-10-15
[INFO] running `Command { std: "/workspace/cargo-home/bin/cargo" "+beta-2021-10-15" "metadata" "--manifest-path" "Cargo.toml" "--no-deps", kill_on_drop: false }`
[INFO] removed /workspace/builds/worker-87/source/.cargo/config
[INFO] started tweaking git repo https://github.com/Farmadupe/vid_dup_finder
[INFO] finished tweaking git repo https://github.com/Farmadupe/vid_dup_finder
[INFO] tweaked toml for git repo https://github.com/Farmadupe/vid_dup_finder written to /workspace/builds/worker-87/source/Cargo.toml
[INFO] crate git repo https://github.com/Farmadupe/vid_dup_finder already has a lockfile, it will not be regenerated
[INFO] running `Command { std: "/workspace/cargo-home/bin/cargo" "+beta-2021-10-15" "fetch" "--manifest-path" "Cargo.toml", kill_on_drop: false }`
[INFO] [stderr]     Blocking waiting for file lock on package cache
[INFO] running `Command { std: "docker" "create" "-v" "/var/lib/crater-agent-workspace/builds/worker-87/target:/opt/rustwide/target:rw,Z" "-v" "/var/lib/crater-agent-workspace/builds/worker-87/source:/opt/rustwide/workdir:ro,Z" "-v" "/var/lib/crater-agent-workspace/cargo-home:/opt/rustwide/cargo-home:ro,Z" "-v" "/var/lib/crater-agent-workspace/rustup-home:/opt/rustwide/rustup-home:ro,Z" "-e" "SOURCE_DIR=/opt/rustwide/workdir" "-e" "CARGO_TARGET_DIR=/opt/rustwide/target" "-e" "CARGO_HOME=/opt/rustwide/cargo-home" "-e" "RUSTUP_HOME=/opt/rustwide/rustup-home" "-w" "/opt/rustwide/workdir" "-m" "1610612736" "--user" "0:0" "--network" "none" "ghcr.io/rust-lang/crates-build-env/linux@sha256:a89201d6b5b9fd45c15d5952ece0a0129e7e80cb26ec023fd59cf09bc26f1604" "/opt/rustwide/cargo-home/bin/cargo" "+beta-2021-10-15" "metadata" "--no-deps" "--format-version=1", kill_on_drop: false }`
[INFO] [stdout] 1aaf21b0e448e95be92f84ba205a81decb20f3d7b3cfd4b231d08b0b1e1705ee
[INFO] running `Command { std: "docker" "start" "-a" "1aaf21b0e448e95be92f84ba205a81decb20f3d7b3cfd4b231d08b0b1e1705ee", kill_on_drop: false }`
[INFO] running `Command { std: "docker" "inspect" "1aaf21b0e448e95be92f84ba205a81decb20f3d7b3cfd4b231d08b0b1e1705ee", kill_on_drop: false }`
[INFO] running `Command { std: "docker" "rm" "-f" "1aaf21b0e448e95be92f84ba205a81decb20f3d7b3cfd4b231d08b0b1e1705ee", kill_on_drop: false }`
[INFO] [stdout] 1aaf21b0e448e95be92f84ba205a81decb20f3d7b3cfd4b231d08b0b1e1705ee
[INFO] running `Command { std: "docker" "create" "-v" "/var/lib/crater-agent-workspace/builds/worker-87/target:/opt/rustwide/target:rw,Z" "-v" "/var/lib/crater-agent-workspace/builds/worker-87/source:/opt/rustwide/workdir:ro,Z" "-v" "/var/lib/crater-agent-workspace/cargo-home:/opt/rustwide/cargo-home:ro,Z" "-v" "/var/lib/crater-agent-workspace/rustup-home:/opt/rustwide/rustup-home:ro,Z" "-e" "SOURCE_DIR=/opt/rustwide/workdir" "-e" "CARGO_TARGET_DIR=/opt/rustwide/target" "-e" "CARGO_INCREMENTAL=0" "-e" "RUST_BACKTRACE=full" "-e" "RUSTFLAGS=--cap-lints=warn" "-e" "CARGO_HOME=/opt/rustwide/cargo-home" "-e" "RUSTUP_HOME=/opt/rustwide/rustup-home" "-w" "/opt/rustwide/workdir" "-m" "1610612736" "--user" "0:0" "--network" "none" "ghcr.io/rust-lang/crates-build-env/linux@sha256:a89201d6b5b9fd45c15d5952ece0a0129e7e80cb26ec023fd59cf09bc26f1604" "/opt/rustwide/cargo-home/bin/cargo" "+beta-2021-10-15" "check" "--frozen" "--all" "--all-targets" "--message-format=json", kill_on_drop: false }`
[INFO] [stdout] 1de6fa1bab7071aed98130e39f060e7bcd3a154d043a345dddb338bacfbfa9c3
[INFO] running `Command { std: "docker" "start" "-a" "1de6fa1bab7071aed98130e39f060e7bcd3a154d043a345dddb338bacfbfa9c3", kill_on_drop: false }`
[INFO] [stderr]     Blocking waiting for file lock on package cache
[INFO] [stderr]    Compiling syn v1.0.60
[INFO] [stderr]    Compiling serde v1.0.123
[INFO] [stderr]    Compiling unicode-segmentation v1.7.1
[INFO] [stderr]    Compiling pkg-config v0.3.19
[INFO] [stderr]    Compiling strum v0.18.0
[INFO] [stderr]    Compiling version-compare v0.0.10
[INFO] [stderr]    Compiling libc v0.2.85
[INFO] [stderr]    Compiling version_check v0.9.2
[INFO] [stderr]    Compiling proc-macro-nested v0.1.7
[INFO] [stderr]    Compiling memchr v2.3.4
[INFO] [stderr]     Checking futures-sink v0.3.12
[INFO] [stderr]     Checking futures-io v0.3.12
[INFO] [stderr]    Compiling anyhow v1.0.38
[INFO] [stderr]    Compiling either v1.6.1
[INFO] [stderr]    Compiling gio v0.9.1
[INFO] [stderr]    Compiling getrandom v0.2.2
[INFO] [stderr]     Checking adler32 v1.2.0
[INFO] [stderr]    Compiling gdk-pixbuf v0.9.0
[INFO] [stderr]    Compiling cairo-rs v0.9.1
[INFO] [stderr]    Compiling pango v0.9.1
[INFO] [stderr]    Compiling crc32fast v1.2.1
[INFO] [stderr]    Compiling gdk v0.13.2
[INFO] [stderr]    Compiling atk v0.9.0
[INFO] [stderr]     Checking weezl v0.1.4
[INFO] [stderr]     Checking strength_reduce v0.2.3
[INFO] [stderr]     Checking adler v0.2.3
[INFO] [stderr]     Checking color_quant v1.1.0
[INFO] [stderr]    Compiling serde_json v1.0.61
[INFO] [stderr]     Checking itoa v0.4.7
[INFO] [stderr]     Checking utf8-width v0.1.4
[INFO] [stderr]     Checking cpuid-bool v0.1.2
[INFO] [stderr]     Checking bytemuck v1.5.0
[INFO] [stderr]     Checking scoped_threadpool v0.1.9
[INFO] [stderr]     Checking quick-error v1.2.3
[INFO] [stderr]     Checking opaque-debug v0.3.0
[INFO] [stderr]     Checking shell-escape v0.1.5
[INFO] [stderr]     Checking shell-words v1.0.0
[INFO] [stderr]     Checking stream-dct v0.1.0
[INFO] [stderr]    Compiling num-traits v0.2.14
[INFO] [stderr]     Checking futures-task v0.3.12
[INFO] [stderr]    Compiling num-integer v0.1.44
[INFO] [stderr]    Compiling miniz_oxide v0.4.3
[INFO] [stderr]    Compiling num-rational v0.3.2
[INFO] [stderr]    Compiling num-iter v0.1.42
[INFO] [stderr]    Compiling quote v1.0.8
[INFO] [stderr]     Checking byte-unit v4.0.9
[INFO] [stderr]    Compiling heck v0.3.2
[INFO] [stderr]    Compiling proc-macro-error-attr v1.0.4
[INFO] [stderr]    Compiling proc-macro-error v1.0.4
[INFO] [stderr]    Compiling generic-array v0.14.4
[INFO] [stderr]     Checking miniz_oxide v0.3.7
[INFO] [stderr]     Checking deflate v0.8.6
[INFO] [stderr]     Checking futures-channel v0.3.12
[INFO] [stderr]     Checking comment v0.1.1
[INFO] [stderr]    Compiling itertools v0.9.0
[INFO] [stderr]     Checking gif v0.11.1
[INFO] [stderr]    Compiling gtk v0.9.2
[INFO] [stderr]     Checking num_cpus v1.13.0
[INFO] [stderr]     Checking time v0.1.43
[INFO] [stderr]     Checking atty v0.2.14
[INFO] [stderr]     Checking rayon-core v1.9.0
[INFO] [stderr]     Checking rand_core v0.6.1
[INFO] [stderr]     Checking digest v0.9.0
[INFO] [stderr]     Checking block-buffer v0.9.0
[INFO] [stderr]     Checking num-complex v0.3.1
[INFO] [stderr]     Checking png v0.16.8
[INFO] [stderr]     Checking clap v2.33.3
[INFO] [stderr]     Checking sha2 v0.9.3
[INFO] [stderr]     Checking rand_chacha v0.3.0
[INFO] [stderr]     Checking rayon v1.5.0
[INFO] [stderr]     Checking rand v0.8.3
[INFO] [stderr]     Checking primal-check v0.3.1
[INFO] [stderr]     Checking transpose v0.2.0
[INFO] [stderr]     Checking chrono v0.4.19
[INFO] [stderr]     Checking rustfft v5.0.1
[INFO] [stderr]     Checking simplelog v0.9.0
[INFO] [stderr]     Checking jpeg-decoder v0.1.22
[INFO] [stderr]     Checking dashmap v4.0.2
[INFO] [stderr]    Compiling serde_derive v1.0.123
[INFO] [stderr]    Compiling thiserror-impl v1.0.23
[INFO] [stderr]    Compiling strum_macros v0.18.0
[INFO] [stderr]    Compiling futures-macro v0.3.12
[INFO] [stderr]     Checking tiff v0.6.1
[INFO] [stderr]     Checking image v0.23.13
[INFO] [stderr]     Checking rustdct v0.6.0
[INFO] [stderr]     Checking futures-util v0.3.12
[INFO] [stderr]    Compiling thiserror v1.0.23
[INFO] [stderr]     Checking futures-executor v0.3.12
[INFO] [stderr]     Checking futures v0.3.12
[INFO] [stderr]     Checking bincode v1.3.1
[INFO] [stderr]     Checking serde-big-array v0.3.1
[INFO] [stderr]    Compiling toml v0.5.8
[INFO] [stderr]    Compiling system-deps v1.3.2
[INFO] [stderr]    Compiling proc-macro-crate v0.1.5
[INFO] [stderr]    Compiling glib-macros v0.10.1
[INFO] [stderr]    Compiling glib-sys v0.10.1
[INFO] [stderr]    Compiling gobject-sys v0.10.0
[INFO] [stderr]    Compiling gio-sys v0.10.1
[INFO] [stderr]    Compiling pango-sys v0.10.0
[INFO] [stderr]    Compiling gdk-pixbuf-sys v0.10.0
[INFO] [stderr]    Compiling cairo-sys-rs v0.10.0
[INFO] [stderr]    Compiling atk-sys v0.10.0
[INFO] [stderr]    Compiling gdk-sys v0.10.0
[INFO] [stderr]    Compiling gtk-sys v0.10.0
[INFO] [stderr]     Checking glib v0.10.3
[INFO] [stderr]     Checking vid_dup_finder v0.1.0 (/opt/rustwide/workdir)
[INFO] [stdout] error[E0554]: `#![feature]` may not be used on the beta release channel
[INFO] [stdout]  --> src/main.rs:1:1
[INFO] [stdout]   |
[INFO] [stdout] 1 | #![feature(str_split_once)]
[INFO] [stdout]   | ^^^^^^^^^^^^^^^^^^^^^^^^^^^
[INFO] [stdout] 
[INFO] [stdout] 
[INFO] [stdout] error[E0554]: `#![feature]` may not be used on the beta release channel
[INFO] [stdout]  --> src/main.rs:2:1
[INFO] [stdout]   |
[INFO] [stdout] 2 | #![feature(const_fn_floating_point_arithmetic)]
[INFO] [stdout]   | ^^^^^^^^^^^^^^^^^^^^^^^^^^^^^^^^^^^^^^^^^^^^^^^
[INFO] [stdout] 
[INFO] [stdout] 
[INFO] [stdout] error[E0554]: `#![feature]` may not be used on the beta release channel
[INFO] [stdout]  --> src/main.rs:1:1
[INFO] [stdout]   |
[INFO] [stdout] 1 | #![feature(str_split_once)]
[INFO] [stdout]   | ^^^^^^^^^^^^^^^^^^^^^^^^^^^
[INFO] [stdout] 
[INFO] [stdout] 
[INFO] [stdout] error[E0554]: `#![feature]` may not be used on the beta release channel
[INFO] [stdout]  --> src/main.rs:2:1
[INFO] [stdout]   |
[INFO] [stdout] 2 | #![feature(const_fn_floating_point_arithmetic)]
[INFO] [stdout]   | ^^^^^^^^^^^^^^^^^^^^^^^^^^^^^^^^^^^^^^^^^^^^^^^
[INFO] [stdout] 
[INFO] [stdout] 
[INFO] [stdout] error: aborting due to 2 previous errors
[INFO] [stdout] 
[INFO] [stdout] 
[INFO] [stdout] For more information about this error, try `rustc --explain E0554`.
[INFO] [stdout] 
[INFO] [stderr] error: could not compile `vid_dup_finder` due to 3 previous errors
[INFO] [stderr] warning: build failed, waiting for other jobs to finish...
[INFO] [stdout] error: aborting due to 2 previous errors
[INFO] [stdout] 
[INFO] [stdout] 
[INFO] [stdout] For more information about this error, try `rustc --explain E0554`.
[INFO] [stdout] 
[INFO] [stderr] error: build failed
[INFO] running `Command { std: "docker" "inspect" "1de6fa1bab7071aed98130e39f060e7bcd3a154d043a345dddb338bacfbfa9c3", kill_on_drop: false }`
[INFO] running `Command { std: "docker" "rm" "-f" "1de6fa1bab7071aed98130e39f060e7bcd3a154d043a345dddb338bacfbfa9c3", kill_on_drop: false }`
[INFO] [stdout] 1de6fa1bab7071aed98130e39f060e7bcd3a154d043a345dddb338bacfbfa9c3
