[INFO] cloning repository https://github.com/F0903/dr-downloader
[INFO] running `Command { std: "git" "-c" "credential.helper=" "-c" "credential.helper=/workspace/cargo-home/bin/git-credential-null" "clone" "--bare" "https://github.com/F0903/dr-downloader" "/workspace/cache/git-repos/https%3A%2F%2Fgithub.com%2FF0903%2Fdr-downloader", kill_on_drop: false }`
[INFO] [stderr] Cloning into bare repository '/workspace/cache/git-repos/https%3A%2F%2Fgithub.com%2FF0903%2Fdr-downloader'...
[INFO] running `Command { std: "git" "rev-parse" "HEAD", kill_on_drop: false }`
[INFO] [stdout] 84b89e7fb4cc45d6861d5e73b254fa9f90dd65dd
[INFO] checking F0903/dr-downloader against beta-2021-10-15 for beta-1.56-3
[INFO] running `Command { std: "git" "clone" "/workspace/cache/git-repos/https%3A%2F%2Fgithub.com%2FF0903%2Fdr-downloader" "/workspace/builds/worker-113/source", kill_on_drop: false }`
[INFO] [stderr] Cloning into '/workspace/builds/worker-113/source'...
[INFO] [stderr] done.
[INFO] validating manifest of git repo https://github.com/F0903/dr-downloader on toolchain beta-2021-10-15
[INFO] running `Command { std: "/workspace/cargo-home/bin/cargo" "+beta-2021-10-15" "metadata" "--manifest-path" "Cargo.toml" "--no-deps", kill_on_drop: false }`
[INFO] started tweaking git repo https://github.com/F0903/dr-downloader
[INFO] finished tweaking git repo https://github.com/F0903/dr-downloader
[INFO] tweaked toml for git repo https://github.com/F0903/dr-downloader written to /workspace/builds/worker-113/source/Cargo.toml
[INFO] crate git repo https://github.com/F0903/dr-downloader already has a lockfile, it will not be regenerated
[INFO] running `Command { std: "/workspace/cargo-home/bin/cargo" "+beta-2021-10-15" "fetch" "--manifest-path" "Cargo.toml", kill_on_drop: false }`
[INFO] [stderr]     Blocking waiting for file lock on package cache
[INFO] [stderr]     Blocking waiting for file lock on package cache
[INFO] running `Command { std: "docker" "create" "-v" "/var/lib/crater-agent-workspace/builds/worker-113/target:/opt/rustwide/target:rw,Z" "-v" "/var/lib/crater-agent-workspace/builds/worker-113/source:/opt/rustwide/workdir:ro,Z" "-v" "/var/lib/crater-agent-workspace/cargo-home:/opt/rustwide/cargo-home:ro,Z" "-v" "/var/lib/crater-agent-workspace/rustup-home:/opt/rustwide/rustup-home:ro,Z" "-e" "SOURCE_DIR=/opt/rustwide/workdir" "-e" "CARGO_TARGET_DIR=/opt/rustwide/target" "-e" "CARGO_HOME=/opt/rustwide/cargo-home" "-e" "RUSTUP_HOME=/opt/rustwide/rustup-home" "-w" "/opt/rustwide/workdir" "-m" "1610612736" "--user" "0:0" "--network" "none" "ghcr.io/rust-lang/crates-build-env/linux@sha256:a89201d6b5b9fd45c15d5952ece0a0129e7e80cb26ec023fd59cf09bc26f1604" "/opt/rustwide/cargo-home/bin/cargo" "+beta-2021-10-15" "metadata" "--no-deps" "--format-version=1", kill_on_drop: false }`
[INFO] [stdout] 7e15cf05600a9cd50c03118abc799325a7f1c1bf022c4e0e2b535478aa7f679d
[INFO] running `Command { std: "docker" "start" "-a" "7e15cf05600a9cd50c03118abc799325a7f1c1bf022c4e0e2b535478aa7f679d", kill_on_drop: false }`
[INFO] running `Command { std: "docker" "inspect" "7e15cf05600a9cd50c03118abc799325a7f1c1bf022c4e0e2b535478aa7f679d", kill_on_drop: false }`
[INFO] running `Command { std: "docker" "rm" "-f" "7e15cf05600a9cd50c03118abc799325a7f1c1bf022c4e0e2b535478aa7f679d", kill_on_drop: false }`
[INFO] [stdout] 7e15cf05600a9cd50c03118abc799325a7f1c1bf022c4e0e2b535478aa7f679d
[INFO] running `Command { std: "docker" "create" "-v" "/var/lib/crater-agent-workspace/builds/worker-113/target:/opt/rustwide/target:rw,Z" "-v" "/var/lib/crater-agent-workspace/builds/worker-113/source:/opt/rustwide/workdir:ro,Z" "-v" "/var/lib/crater-agent-workspace/cargo-home:/opt/rustwide/cargo-home:ro,Z" "-v" "/var/lib/crater-agent-workspace/rustup-home:/opt/rustwide/rustup-home:ro,Z" "-e" "SOURCE_DIR=/opt/rustwide/workdir" "-e" "CARGO_TARGET_DIR=/opt/rustwide/target" "-e" "CARGO_INCREMENTAL=0" "-e" "RUST_BACKTRACE=full" "-e" "RUSTFLAGS=--cap-lints=warn" "-e" "CARGO_HOME=/opt/rustwide/cargo-home" "-e" "RUSTUP_HOME=/opt/rustwide/rustup-home" "-w" "/opt/rustwide/workdir" "-m" "1610612736" "--user" "0:0" "--network" "none" "ghcr.io/rust-lang/crates-build-env/linux@sha256:a89201d6b5b9fd45c15d5952ece0a0129e7e80cb26ec023fd59cf09bc26f1604" "/opt/rustwide/cargo-home/bin/cargo" "+beta-2021-10-15" "check" "--frozen" "--all" "--all-targets" "--message-format=json", kill_on_drop: false }`
[INFO] [stdout] 2c27a6c9d49441456c0068f41b129be884f5db0db9d8630aecb611c78a18c671
[INFO] running `Command { std: "docker" "start" "-a" "2c27a6c9d49441456c0068f41b129be884f5db0db9d8630aecb611c78a18c671", kill_on_drop: false }`
[INFO] [stderr]     Blocking waiting for file lock on package cache
[INFO] [stderr]    Compiling libc v0.2.97
[INFO] [stderr]    Compiling syn v1.0.73
[INFO] [stderr]    Compiling memchr v2.4.0
[INFO] [stderr]     Checking pin-project-lite v0.2.6
[INFO] [stderr]    Compiling futures-core v0.3.15
[INFO] [stderr]    Compiling cc v1.0.68
[INFO] [stderr]    Compiling futures-task v0.3.15
[INFO] [stderr]     Checking bytes v1.0.1
[INFO] [stderr]    Compiling futures-channel v0.3.15
[INFO] [stderr]     Checking futures-sink v0.3.15
[INFO] [stderr]     Checking itoa v0.4.7
[INFO] [stderr]     Checking slab v0.4.3
[INFO] [stderr]     Checking futures-io v0.3.15
[INFO] [stderr]    Compiling openssl v0.10.35
[INFO] [stderr]     Checking hashbrown v0.9.1
[INFO] [stderr]    Compiling httparse v1.4.1
[INFO] [stderr]    Compiling serde v1.0.126
[INFO] [stderr]    Compiling native-tls v0.2.7
[INFO] [stderr]     Checking ipnet v2.3.1
[INFO] [stderr]    Compiling futures-macro v0.3.15
[INFO] [stderr]    Compiling tokio v1.7.1
[INFO] [stderr]    Compiling futures-util v0.3.15
[INFO] [stderr]    Compiling indexmap v1.6.2
[INFO] [stderr]    Compiling proc-macro-nested v0.1.7
[INFO] [stderr]     Checking tracing-core v0.1.18
[INFO] [stderr]     Checking tinyvec v1.2.0
[INFO] [stderr]     Checking form_urlencoded v1.0.1
[INFO] [stderr]     Checking unicode-bidi v0.3.5
[INFO] [stderr]     Checking log v0.4.14
[INFO] [stderr]     Checking encoding_rs v0.8.28
[INFO] [stderr]     Checking want v0.3.0
[INFO] [stderr]     Checking tracing v0.1.26
[INFO] [stderr]    Compiling openssl-sys v0.9.64
[INFO] [stderr]     Checking http v0.2.4
[INFO] [stderr]     Checking unicode-normalization v0.1.19
[INFO] [stderr]     Checking aho-corasick v0.7.18
[INFO] [stderr]     Checking num_cpus v1.13.0
[INFO] [stderr]     Checking mio v0.7.13
[INFO] [stderr]     Checking socket2 v0.4.0
[INFO] [stderr]     Checking serde_urlencoded v0.7.0
[INFO] [stderr]     Checking serde_json v1.0.64
[INFO] [stderr]     Checking rayon-core v1.9.1
[INFO] [stderr]    Compiling tokio-macros v1.2.0
[INFO] [stderr]    Compiling async-recursion v0.3.2
[INFO] [stderr]     Checking idna v0.2.3
[INFO] [stderr]     Checking http-body v0.4.2
[INFO] [stderr]     Checking regex v1.5.4
[INFO] [stderr]     Checking rayon v1.5.1
[INFO] [stderr]     Checking url v2.2.2
[INFO] [stderr]     Checking tokio-util v0.6.7
[INFO] [stderr]     Checking tokio-native-tls v0.3.0
[INFO] [stderr]     Checking futures-executor v0.3.15
[INFO] [stderr]     Checking h2 v0.3.3
[INFO] [stderr]     Checking futures v0.3.15
[INFO] [stderr]     Checking hyper v0.14.9
[INFO] [stderr]     Checking hyper-tls v0.5.0
[INFO] [stderr]     Checking reqwest v0.11.3
[INFO] [stderr]     Checking dr-downloader v0.5.1 (/opt/rustwide/workdir)
[INFO] [stdout] error[E0432]: unresolved import `winreg`
[INFO] [stdout]  --> src/cacher.rs:2:5
[INFO] [stdout]   |
[INFO] [stdout] 2 | use winreg::{enums, HKEY};
[INFO] [stdout]   |     ^^^^^^ use of undeclared crate or module `winreg`
[INFO] [stdout] 
[INFO] [stdout] 
[INFO] [stdout] error[E0432]: unresolved import `winreg`
[INFO] [stdout]  --> src/cacher.rs:2:5
[INFO] [stdout]   |
[INFO] [stdout] 2 | use winreg::{enums, HKEY};
[INFO] [stdout]   |     ^^^^^^ use of undeclared crate or module `winreg`
[INFO] [stdout] 
[INFO] [stdout] 
[INFO] [stdout] error[E0433]: failed to resolve: use of undeclared crate or module `winreg`
[INFO] [stdout]  --> src/cacher.rs:8:12
[INFO] [stdout]   |
[INFO] [stdout] 8 |     let key = winreg::RegKey::predef(BASE_PATH).open_subkey(KEY_PATH)?;
[INFO] [stdout]   |               ^^^^^^ use of undeclared crate or module `winreg`
[INFO] [stdout] 
[INFO] [stdout] 
[INFO] [stdout] error[E0433]: failed to resolve: use of undeclared crate or module `winreg`
[INFO] [stdout]  --> src/cacher.rs:8:12
[INFO] [stdout]   |
[INFO] [stdout] 8 |     let key = winreg::RegKey::predef(BASE_PATH).open_subkey(KEY_PATH)?;
[INFO] [stdout]   |               ^^^^^^ use of undeclared crate or module `winreg`
[INFO] [stdout] 
[INFO] [stdout] 
[INFO] [stdout] error[E0433]: failed to resolve: use of undeclared crate or module `winreg`
[INFO] [stdout]   --> src/cacher.rs:13:21
[INFO] [stdout]    |
[INFO] [stdout] 13 |     let (key, _disp) = winreg::RegKey::predef(BASE_PATH).create_subkey(KEY_PATH)?;
[INFO] [stdout]    |                        ^^^^^^ use of undeclared crate or module `winreg`
[INFO] [stdout] 
[INFO] [stdout] 
[INFO] [stdout] error[E0433]: failed to resolve: use of undeclared crate or module `winreg`
[INFO] [stdout]   --> src/cacher.rs:13:21
[INFO] [stdout]    |
[INFO] [stdout] 13 |     let (key, _disp) = winreg::RegKey::predef(BASE_PATH).create_subkey(KEY_PATH)?;
[INFO] [stdout]    |                        ^^^^^^ use of undeclared crate or module `winreg`
[INFO] [stdout] 
[INFO] [stdout] 
[INFO] [stdout] error: aborting due to 3 previous errors
[INFO] [stdout] 
[INFO] [stdout] 
[INFO] [stdout] Some errors have detailed explanations: E0432, E0433.
[INFO] [stdout] 
[INFO] [stdout] For more information about an error, try `rustc --explain E0432`.
[INFO] [stdout] 
[INFO] [stdout] error: aborting due to 3 previous errors
[INFO] [stdout] 
[INFO] [stdout] 
[INFO] [stdout] Some errors have detailed explanations: E0432, E0433.
[INFO] [stdout] 
[INFO] [stdout] For more information about an error, try `rustc --explain E0432`.
[INFO] [stdout] 
[INFO] [stderr] error: could not compile `dr-downloader` due to 4 previous errors
[INFO] [stderr] warning: build failed, waiting for other jobs to finish...
[INFO] [stderr] error: build failed
[INFO] running `Command { std: "docker" "inspect" "2c27a6c9d49441456c0068f41b129be884f5db0db9d8630aecb611c78a18c671", kill_on_drop: false }`
[INFO] running `Command { std: "docker" "rm" "-f" "2c27a6c9d49441456c0068f41b129be884f5db0db9d8630aecb611c78a18c671", kill_on_drop: false }`
[INFO] [stdout] 2c27a6c9d49441456c0068f41b129be884f5db0db9d8630aecb611c78a18c671
