[INFO] cloning repository https://github.com/EzraWeller/stakeholder-theory-toy
[INFO] running `Command { std: "git" "-c" "credential.helper=" "-c" "credential.helper=/workspace/cargo-home/bin/git-credential-null" "clone" "--bare" "https://github.com/EzraWeller/stakeholder-theory-toy" "/workspace/cache/git-repos/https%3A%2F%2Fgithub.com%2FEzraWeller%2Fstakeholder-theory-toy", kill_on_drop: false }`
[INFO] [stderr] Cloning into bare repository '/workspace/cache/git-repos/https%3A%2F%2Fgithub.com%2FEzraWeller%2Fstakeholder-theory-toy'...
[INFO] running `Command { std: "git" "rev-parse" "HEAD", kill_on_drop: false }`
[INFO] [stdout] 341742e761259ce8d8999a9883df676f0fc521c1
[INFO] checking EzraWeller/stakeholder-theory-toy against 1.55.0 for beta-1.56-3
[INFO] running `Command { std: "git" "clone" "/workspace/cache/git-repos/https%3A%2F%2Fgithub.com%2FEzraWeller%2Fstakeholder-theory-toy" "/workspace/builds/worker-89/source", kill_on_drop: false }`
[INFO] [stderr] Cloning into '/workspace/builds/worker-89/source'...
[INFO] [stderr] done.
[INFO] [stderr] Updating files:  76% (108/142)
Updating files:  77% (110/142)
Updating files:  78% (111/142)
Updating files:  79% (113/142)
Updating files:  80% (114/142)
Updating files:  81% (116/142)
Updating files:  82% (117/142)
Updating files:  83% (118/142)
Updating files:  84% (120/142)
Updating files:  85% (121/142)
Updating files:  86% (123/142)
Updating files:  87% (124/142)
Updating files:  88% (125/142)
Updating files:  89% (127/142)
Updating files:  90% (128/142)
Updating files:  91% (130/142)
Updating files:  92% (131/142)
Updating files:  93% (133/142)
Updating files:  94% (134/142)
Updating files:  95% (135/142)
Updating files:  96% (137/142)
Updating files:  97% (138/142)
Updating files:  98% (140/142)
Updating files:  99% (141/142)
Updating files: 100% (142/142)
Updating files: 100% (142/142), done.
[INFO] validating manifest of git repo https://github.com/EzraWeller/stakeholder-theory-toy on toolchain 1.55.0
[INFO] running `Command { std: "/workspace/cargo-home/bin/cargo" "+1.55.0" "metadata" "--manifest-path" "Cargo.toml" "--no-deps", kill_on_drop: false }`
[INFO] started tweaking git repo https://github.com/EzraWeller/stakeholder-theory-toy
[INFO] finished tweaking git repo https://github.com/EzraWeller/stakeholder-theory-toy
[INFO] tweaked toml for git repo https://github.com/EzraWeller/stakeholder-theory-toy written to /workspace/builds/worker-89/source/Cargo.toml
[INFO] crate git repo https://github.com/EzraWeller/stakeholder-theory-toy already has a lockfile, it will not be regenerated
[INFO] running `Command { std: "/workspace/cargo-home/bin/cargo" "+1.55.0" "fetch" "--manifest-path" "Cargo.toml", kill_on_drop: false }`
[INFO] [stderr]     Blocking waiting for file lock on package cache
[INFO] [stderr]     Blocking waiting for file lock on package cache
[INFO] running `Command { std: "docker" "create" "-v" "/var/lib/crater-agent-workspace/builds/worker-89/target:/opt/rustwide/target:rw,Z" "-v" "/var/lib/crater-agent-workspace/builds/worker-89/source:/opt/rustwide/workdir:ro,Z" "-v" "/var/lib/crater-agent-workspace/cargo-home:/opt/rustwide/cargo-home:ro,Z" "-v" "/var/lib/crater-agent-workspace/rustup-home:/opt/rustwide/rustup-home:ro,Z" "-e" "SOURCE_DIR=/opt/rustwide/workdir" "-e" "CARGO_TARGET_DIR=/opt/rustwide/target" "-e" "CARGO_HOME=/opt/rustwide/cargo-home" "-e" "RUSTUP_HOME=/opt/rustwide/rustup-home" "-w" "/opt/rustwide/workdir" "-m" "1610612736" "--user" "0:0" "--network" "none" "ghcr.io/rust-lang/crates-build-env/linux@sha256:a89201d6b5b9fd45c15d5952ece0a0129e7e80cb26ec023fd59cf09bc26f1604" "/opt/rustwide/cargo-home/bin/cargo" "+1.55.0" "metadata" "--no-deps" "--format-version=1", kill_on_drop: false }`
[INFO] [stdout] b7c9ef5b27f31883791968421e2881c0fc641a0ced22b5088f08bf37cf2e91c5
[INFO] running `Command { std: "docker" "start" "-a" "b7c9ef5b27f31883791968421e2881c0fc641a0ced22b5088f08bf37cf2e91c5", kill_on_drop: false }`
[INFO] running `Command { std: "docker" "inspect" "b7c9ef5b27f31883791968421e2881c0fc641a0ced22b5088f08bf37cf2e91c5", kill_on_drop: false }`
[INFO] running `Command { std: "docker" "rm" "-f" "b7c9ef5b27f31883791968421e2881c0fc641a0ced22b5088f08bf37cf2e91c5", kill_on_drop: false }`
[INFO] [stdout] b7c9ef5b27f31883791968421e2881c0fc641a0ced22b5088f08bf37cf2e91c5
[INFO] running `Command { std: "docker" "create" "-v" "/var/lib/crater-agent-workspace/builds/worker-89/target:/opt/rustwide/target:rw,Z" "-v" "/var/lib/crater-agent-workspace/builds/worker-89/source:/opt/rustwide/workdir:ro,Z" "-v" "/var/lib/crater-agent-workspace/cargo-home:/opt/rustwide/cargo-home:ro,Z" "-v" "/var/lib/crater-agent-workspace/rustup-home:/opt/rustwide/rustup-home:ro,Z" "-e" "SOURCE_DIR=/opt/rustwide/workdir" "-e" "CARGO_TARGET_DIR=/opt/rustwide/target" "-e" "CARGO_INCREMENTAL=0" "-e" "RUST_BACKTRACE=full" "-e" "RUSTFLAGS=--cap-lints=warn" "-e" "CARGO_HOME=/opt/rustwide/cargo-home" "-e" "RUSTUP_HOME=/opt/rustwide/rustup-home" "-w" "/opt/rustwide/workdir" "-m" "1610612736" "--user" "0:0" "--network" "none" "ghcr.io/rust-lang/crates-build-env/linux@sha256:a89201d6b5b9fd45c15d5952ece0a0129e7e80cb26ec023fd59cf09bc26f1604" "/opt/rustwide/cargo-home/bin/cargo" "+1.55.0" "check" "--frozen" "--all" "--all-targets" "--message-format=json", kill_on_drop: false }`
[INFO] [stdout] 43b4d5e211389c0b83d63172841283f22984c9dfcdfc9738ae2ba66903cad96a
[INFO] running `Command { std: "docker" "start" "-a" "43b4d5e211389c0b83d63172841283f22984c9dfcdfc9738ae2ba66903cad96a", kill_on_drop: false }`
[INFO] [stderr]     Blocking waiting for file lock on package cache
[INFO] [stderr]     Checking stakeholder_theory v0.1.0 (/opt/rustwide/workdir)
[INFO] [stdout] error[E0425]: cannot find value `servings` in this scope
[INFO] [stdout]    --> src/main.rs:358:58
[INFO] [stdout]     |
[INFO] [stdout] 358 |         self.usefulness = &self.employees * inputs[2] / &servings;
[INFO] [stdout]     |                                                          ^^^^^^^^ help: you might have meant to use the available field: `self.servings`
[INFO] [stdout] 
[INFO] [stdout] 
[INFO] [stdout] error[E0554]: `#![feature]` may not be used on the stable release channel
[INFO] [stdout]  --> src/main.rs:1:1
[INFO] [stdout]   |
[INFO] [stdout] 1 | #![feature(vec_remove_item)]
[INFO] [stdout]   | ^^^^^^^^^^^^^^^^^^^^^^^^^^^^
[INFO] [stdout] 
[INFO] [stdout] 
[INFO] [stdout] error[E0425]: cannot find value `servings` in this scope
[INFO] [stdout]    --> src/main.rs:358:58
[INFO] [stdout]     |
[INFO] [stdout] 358 |         self.usefulness = &self.employees * inputs[2] / &servings;
[INFO] [stdout]     |                                                          ^^^^^^^^ help: you might have meant to use the available field: `self.servings`
[INFO] [stdout] 
[INFO] [stdout] 
[INFO] [stdout] error[E0554]: `#![feature]` may not be used on the stable release channel
[INFO] [stdout]  --> src/main.rs:1:1
[INFO] [stdout]   |
[INFO] [stdout] 1 | #![feature(vec_remove_item)]
[INFO] [stdout]   | ^^^^^^^^^^^^^^^^^^^^^^^^^^^^
[INFO] [stdout] 
[INFO] [stdout] 
[INFO] [stdout] error[E0308]: mismatched types
[INFO] [stdout]    --> src/main.rs:364:57
[INFO] [stdout]     |
[INFO] [stdout] 364 |     pub fn decide_strategy(&self, firm_type: String) -> [u32; 5] {
[INFO] [stdout]     |            ---------------                              ^^^^^^^^ expected array `[u32; 5]`, found `()`
[INFO] [stdout]     |            |
[INFO] [stdout]     |            implicitly returns `()` as its body has no tail or `return` expression
[INFO] [stdout] 
[INFO] [stdout] 
[INFO] [stdout] error: aborting due to 3 previous errors
[INFO] [stdout] 
[INFO] [stdout] 
[INFO] [stderr] error: could not compile `stakeholder_theory` due to 4 previous errors
[INFO] [stdout] Some errors have detailed explanations: E0308, E0425, E0554.
[INFO] [stdout] 
[INFO] [stderr] warning: build failed, waiting for other jobs to finish...
[INFO] [stdout] For more information about an error, try `rustc --explain E0308`.
[INFO] [stdout] 
[INFO] [stdout] error[E0308]: mismatched types
[INFO] [stdout]    --> src/main.rs:364:57
[INFO] [stdout]     |
[INFO] [stdout] 364 |     pub fn decide_strategy(&self, firm_type: String) -> [u32; 5] {
[INFO] [stdout]     |            ---------------                              ^^^^^^^^ expected array `[u32; 5]`, found `()`
[INFO] [stdout]     |            |
[INFO] [stdout]     |            implicitly returns `()` as its body has no tail or `return` expression
[INFO] [stdout] 
[INFO] [stdout] 
[INFO] [stdout] error: aborting due to 3 previous errors
[INFO] [stdout] 
[INFO] [stdout] 
[INFO] [stdout] Some errors have detailed explanations: E0308, E0425, E0554.
[INFO] [stdout] 
[INFO] [stdout] For more information about an error, try `rustc --explain E0308`.
[INFO] [stdout] 
[INFO] [stderr] error: build failed
[INFO] running `Command { std: "docker" "inspect" "43b4d5e211389c0b83d63172841283f22984c9dfcdfc9738ae2ba66903cad96a", kill_on_drop: false }`
[INFO] running `Command { std: "docker" "rm" "-f" "43b4d5e211389c0b83d63172841283f22984c9dfcdfc9738ae2ba66903cad96a", kill_on_drop: false }`
[INFO] [stdout] 43b4d5e211389c0b83d63172841283f22984c9dfcdfc9738ae2ba66903cad96a
