[INFO] cloning repository https://github.com/Erisia/cursetool-rs
[INFO] running `Command { std: "git" "-c" "credential.helper=" "-c" "credential.helper=/workspace/cargo-home/bin/git-credential-null" "clone" "--bare" "https://github.com/Erisia/cursetool-rs" "/workspace/cache/git-repos/https%3A%2F%2Fgithub.com%2FErisia%2Fcursetool-rs", kill_on_drop: false }`
[INFO] [stderr] Cloning into bare repository '/workspace/cache/git-repos/https%3A%2F%2Fgithub.com%2FErisia%2Fcursetool-rs'...
[INFO] running `Command { std: "git" "rev-parse" "HEAD", kill_on_drop: false }`
[INFO] [stdout] b837db0b090221957c1cf90e94c6344ee6503d7c
[INFO] checking Erisia/cursetool-rs against beta-2021-10-15 for beta-1.56-3
[INFO] running `Command { std: "git" "clone" "/workspace/cache/git-repos/https%3A%2F%2Fgithub.com%2FErisia%2Fcursetool-rs" "/workspace/builds/worker-98/source", kill_on_drop: false }`
[INFO] [stderr] Cloning into '/workspace/builds/worker-98/source'...
[INFO] [stderr] done.
[INFO] validating manifest of git repo https://github.com/Erisia/cursetool-rs on toolchain beta-2021-10-15
[INFO] running `Command { std: "/workspace/cargo-home/bin/cargo" "+beta-2021-10-15" "metadata" "--manifest-path" "Cargo.toml" "--no-deps", kill_on_drop: false }`
[INFO] started tweaking git repo https://github.com/Erisia/cursetool-rs
[INFO] finished tweaking git repo https://github.com/Erisia/cursetool-rs
[INFO] tweaked toml for git repo https://github.com/Erisia/cursetool-rs written to /workspace/builds/worker-98/source/Cargo.toml
[INFO] crate git repo https://github.com/Erisia/cursetool-rs already has a lockfile, it will not be regenerated
[INFO] running `Command { std: "/workspace/cargo-home/bin/cargo" "+beta-2021-10-15" "fetch" "--manifest-path" "Cargo.toml", kill_on_drop: false }`
[INFO] [stderr]     Blocking waiting for file lock on package cache
[INFO] [stderr]     Blocking waiting for file lock on package cache
[INFO] [stderr]  Downloading crates ...
[INFO] [stderr]   Downloaded urlencoding v1.3.3
[INFO] [stderr]   Downloaded tokio v1.8.0
[INFO] running `Command { std: "docker" "create" "-v" "/var/lib/crater-agent-workspace/builds/worker-98/target:/opt/rustwide/target:rw,Z" "-v" "/var/lib/crater-agent-workspace/builds/worker-98/source:/opt/rustwide/workdir:ro,Z" "-v" "/var/lib/crater-agent-workspace/cargo-home:/opt/rustwide/cargo-home:ro,Z" "-v" "/var/lib/crater-agent-workspace/rustup-home:/opt/rustwide/rustup-home:ro,Z" "-e" "SOURCE_DIR=/opt/rustwide/workdir" "-e" "CARGO_TARGET_DIR=/opt/rustwide/target" "-e" "CARGO_HOME=/opt/rustwide/cargo-home" "-e" "RUSTUP_HOME=/opt/rustwide/rustup-home" "-w" "/opt/rustwide/workdir" "-m" "1610612736" "--user" "0:0" "--network" "none" "ghcr.io/rust-lang/crates-build-env/linux@sha256:a89201d6b5b9fd45c15d5952ece0a0129e7e80cb26ec023fd59cf09bc26f1604" "/opt/rustwide/cargo-home/bin/cargo" "+beta-2021-10-15" "metadata" "--no-deps" "--format-version=1", kill_on_drop: false }`
[INFO] [stdout] 871b514a15f1adee7247ed66d8eadd30dae49d2402cd2713a6d43d1551437ddb
[INFO] running `Command { std: "docker" "start" "-a" "871b514a15f1adee7247ed66d8eadd30dae49d2402cd2713a6d43d1551437ddb", kill_on_drop: false }`
[INFO] running `Command { std: "docker" "inspect" "871b514a15f1adee7247ed66d8eadd30dae49d2402cd2713a6d43d1551437ddb", kill_on_drop: false }`
[INFO] running `Command { std: "docker" "rm" "-f" "871b514a15f1adee7247ed66d8eadd30dae49d2402cd2713a6d43d1551437ddb", kill_on_drop: false }`
[INFO] [stdout] 871b514a15f1adee7247ed66d8eadd30dae49d2402cd2713a6d43d1551437ddb
[INFO] running `Command { std: "docker" "create" "-v" "/var/lib/crater-agent-workspace/builds/worker-98/target:/opt/rustwide/target:rw,Z" "-v" "/var/lib/crater-agent-workspace/builds/worker-98/source:/opt/rustwide/workdir:ro,Z" "-v" "/var/lib/crater-agent-workspace/cargo-home:/opt/rustwide/cargo-home:ro,Z" "-v" "/var/lib/crater-agent-workspace/rustup-home:/opt/rustwide/rustup-home:ro,Z" "-e" "SOURCE_DIR=/opt/rustwide/workdir" "-e" "CARGO_TARGET_DIR=/opt/rustwide/target" "-e" "CARGO_INCREMENTAL=0" "-e" "RUST_BACKTRACE=full" "-e" "RUSTFLAGS=--cap-lints=warn" "-e" "CARGO_HOME=/opt/rustwide/cargo-home" "-e" "RUSTUP_HOME=/opt/rustwide/rustup-home" "-w" "/opt/rustwide/workdir" "-m" "1610612736" "--user" "0:0" "--network" "none" "ghcr.io/rust-lang/crates-build-env/linux@sha256:a89201d6b5b9fd45c15d5952ece0a0129e7e80cb26ec023fd59cf09bc26f1604" "/opt/rustwide/cargo-home/bin/cargo" "+beta-2021-10-15" "check" "--frozen" "--all" "--all-targets" "--message-format=json", kill_on_drop: false }`
[INFO] [stdout] c0fa3314a7b96c82b9ee3f3df1517f2b244a2fa4ad78dfa718873f263be9c008
[INFO] running `Command { std: "docker" "start" "-a" "c0fa3314a7b96c82b9ee3f3df1517f2b244a2fa4ad78dfa718873f263be9c008", kill_on_drop: false }`
[INFO] [stderr]     Blocking waiting for file lock on package cache
[INFO] [stderr]    Compiling libc v0.2.97
[INFO] [stderr]    Compiling syn v1.0.56
[INFO] [stderr]    Compiling memchr v2.3.4
[INFO] [stderr]    Compiling log v0.4.11
[INFO] [stderr]     Checking pin-project-lite v0.2.0
[INFO] [stderr]    Compiling const_fn v0.4.5
[INFO] [stderr]     Checking futures-core v0.3.8
[INFO] [stderr]    Compiling httparse v1.4.1
[INFO] [stderr]     Checking futures-io v0.3.8
[INFO] [stderr]     Checking futures-sink v0.3.8
[INFO] [stderr]    Compiling unicode-segmentation v1.7.1
[INFO] [stderr]     Checking regex-syntax v0.6.21
[INFO] [stderr]     Checking httpdate v1.0.1
[INFO] [stderr]     Checking linked-hash-map v0.5.3
[INFO] [stderr]    Compiling anyhow v1.0.37
[INFO] [stderr]     Checking dtoa v0.4.7
[INFO] [stderr]     Checking byteorder v1.4.3
[INFO] [stderr]     Checking fallible-iterator v0.2.0
[INFO] [stderr]     Checking number_prefix v0.3.0
[INFO] [stderr]     Checking smallvec v1.6.0
[INFO] [stderr]     Checking fallible-streaming-iterator v0.1.9
[INFO] [stderr]     Checking urlencoding v1.3.3
[INFO] [stderr]     Checking md5 v0.7.0
[INFO] [stderr]    Compiling ring v0.16.20
[INFO] [stderr]    Compiling tokio v1.8.0
[INFO] [stderr]     Checking hashbrown v0.9.1
[INFO] [stderr]    Compiling indexmap v1.6.1
[INFO] [stderr]     Checking http v0.2.2
[INFO] [stderr]     Checking futures-task v0.3.8
[INFO] [stderr]    Compiling proc-macro-error-attr v1.0.4
[INFO] [stderr]    Compiling bzip2-sys v0.1.11+1.0.8
[INFO] [stderr]    Compiling proc-macro-error v1.0.4
[INFO] [stderr]     Checking thread_local v1.0.1
[INFO] [stderr]    Compiling libsqlite3-sys v0.20.1
[INFO] [stderr]     Checking textwrap v0.11.0
[INFO] [stderr]    Compiling miniz_oxide v0.4.4
[INFO] [stderr]     Checking sha2 v0.9.2
[INFO] [stderr]     Checking tracing v0.1.22
[INFO] [stderr]    Compiling heck v0.3.2
[INFO] [stderr]     Checking futures-channel v0.3.8
[INFO] [stderr]     Checking yaml-rust v0.4.4
[INFO] [stderr]     Checking hashlink v0.6.0
[INFO] [stderr]     Checking want v0.3.0
[INFO] [stderr]     Checking aho-corasick v0.7.15
[INFO] [stderr]     Checking num_cpus v1.13.0
[INFO] [stderr]     Checking mio v0.7.13
[INFO] [stderr]     Checking time v0.1.44
[INFO] [stderr]     Checking getrandom v0.1.16
[INFO] [stderr]     Checking socket2 v0.4.0
[INFO] [stderr]     Checking terminal_size v0.1.15
[INFO] [stderr]     Checking atty v0.2.14
[INFO] [stderr]     Checking flate2 v1.0.20
[INFO] [stderr]     Checking dirs-sys v0.3.5
[INFO] [stderr]     Checking clap v2.33.3
[INFO] [stderr]     Checking crossbeam-epoch v0.9.1
[INFO] [stderr]     Checking directories v3.0.1
[INFO] [stderr]     Checking rand_core v0.5.1
[INFO] [stderr]     Checking chrono v0.4.19
[INFO] [stderr]     Checking bzip2 v0.4.3
[INFO] [stderr]     Checking crossbeam-deque v0.8.0
[INFO] [stderr]     Checking rand_chacha v0.2.2
[INFO] [stderr]     Checking http-body v0.4.2
[INFO] [stderr]     Checking rayon-core v1.9.0
[INFO] [stderr]     Checking rand v0.7.3
[INFO] [stderr]     Checking simplelog v0.9.0
[INFO] [stderr]     Checking regex v1.4.2
[INFO] [stderr]     Checking rayon v1.5.0
[INFO] [stderr]     Checking tempfile v3.1.0
[INFO] [stderr]     Checking console v0.14.0
[INFO] [stderr]     Checking webpki v0.21.4
[INFO] [stderr]     Checking sct v0.6.1
[INFO] [stderr]     Checking rustls v0.19.1
[INFO] [stderr]     Checking webpki-roots v0.21.1
[INFO] [stderr]     Checking indicatif v0.15.0
[INFO] [stderr]     Checking tokio-util v0.6.7
[INFO] [stderr]    Compiling pin-project-internal v1.0.2
[INFO] [stderr]    Compiling futures-macro v0.3.8
[INFO] [stderr]    Compiling serde_derive v1.0.118
[INFO] [stderr]    Compiling thiserror-impl v1.0.25
[INFO] [stderr]    Compiling structopt-derive v0.4.14
[INFO] [stderr]     Checking tokio-rustls v0.22.0
[INFO] [stderr]     Checking thiserror v1.0.25
[INFO] [stderr]     Checking zip v0.5.13
[INFO] [stderr]     Checking pin-project v1.0.2
[INFO] [stderr]     Checking structopt v0.3.21
[INFO] [stderr]     Checking futures-util v0.3.8
[INFO] [stderr]     Checking rusqlite v0.24.2
[INFO] [stderr]     Checking h2 v0.3.3
[INFO] [stderr]     Checking serde v1.0.118
[INFO] [stderr]     Checking serde_json v1.0.61
[INFO] [stderr]     Checking serde_urlencoded v0.7.0
[INFO] [stderr]     Checking serde_yaml v0.8.14
[INFO] [stderr]     Checking hyper v0.14.8
[INFO] [stderr]     Checking hyper-rustls v0.22.1
[INFO] [stderr]     Checking reqwest v0.11.4
[INFO] [stderr]     Checking cursetool-rs v0.1.0 (/opt/rustwide/workdir)
[INFO] [stdout] error[E0308]: mismatched types
[INFO] [stdout]    --> src/model.rs:258:21
[INFO] [stdout]     |
[INFO] [stdout] 258 |                 id: Some(id),
[INFO] [stdout]     |                     ^^^^^^^^ expected `u32`, found enum `std::option::Option`
[INFO] [stdout]     |
[INFO] [stdout]     = note: expected type `u32`
[INFO] [stdout]                found enum `std::option::Option<u32>`
[INFO] [stdout] 
[INFO] [stdout] 
[INFO] [stdout] error[E0308]: mismatched types
[INFO] [stdout]    --> src/model.rs:269:21
[INFO] [stdout]     |
[INFO] [stdout] 269 |                 id: None,
[INFO] [stdout]     |                     ^^^^ expected `u32`, found enum `std::option::Option`
[INFO] [stdout]     |
[INFO] [stdout]     = note: expected type `u32`
[INFO] [stdout]                found enum `std::option::Option<_>`
[INFO] [stdout] 
[INFO] [stdout] 
[INFO] [stdout] error[E0599]: no method named `is_none` found for type `u32` in the current scope
[INFO] [stdout]    --> src/model.rs:249:96
[INFO] [stdout]     |
[INFO] [stdout] 249 | ...   assert!(merged_manifest.mods.iter().find(|&ref x| x.name == "iron-chests").unwrap().id.is_none(), "Higher level manifests should ta...
[INFO] [stdout]     |                                                                                              ^^^^^^^ method not found in `u32`
[INFO] [stdout] 
[INFO] [stdout] 
[INFO] [stdout] error: aborting due to 3 previous errors
[INFO] [stdout] 
[INFO] [stdout] 
[INFO] [stdout] Some errors have detailed explanations: E0308, E0599.
[INFO] [stdout] 
[INFO] [stdout] For more information about an error, try `rustc --explain E0308`.
[INFO] [stdout] 
[INFO] [stderr] error: could not compile `cursetool-rs` due to 4 previous errors
[INFO] running `Command { std: "docker" "inspect" "c0fa3314a7b96c82b9ee3f3df1517f2b244a2fa4ad78dfa718873f263be9c008", kill_on_drop: false }`
[INFO] running `Command { std: "docker" "rm" "-f" "c0fa3314a7b96c82b9ee3f3df1517f2b244a2fa4ad78dfa718873f263be9c008", kill_on_drop: false }`
[INFO] [stdout] c0fa3314a7b96c82b9ee3f3df1517f2b244a2fa4ad78dfa718873f263be9c008
