[INFO] cloning repository https://github.com/ErichDonGubler/dit
[INFO] running `Command { std: "git" "-c" "credential.helper=" "-c" "credential.helper=/workspace/cargo-home/bin/git-credential-null" "clone" "--bare" "https://github.com/ErichDonGubler/dit" "/workspace/cache/git-repos/https%3A%2F%2Fgithub.com%2FErichDonGubler%2Fdit", kill_on_drop: false }`
[INFO] [stderr] Cloning into bare repository '/workspace/cache/git-repos/https%3A%2F%2Fgithub.com%2FErichDonGubler%2Fdit'...
[INFO] running `Command { std: "git" "rev-parse" "HEAD", kill_on_drop: false }`
[INFO] [stdout] 59cbd8d29b16a941e935eb17e86769033899f422
[INFO] checking ErichDonGubler/dit against 1.55.0 for beta-1.56-3
[INFO] running `Command { std: "git" "clone" "/workspace/cache/git-repos/https%3A%2F%2Fgithub.com%2FErichDonGubler%2Fdit" "/workspace/builds/worker-1/source", kill_on_drop: false }`
[INFO] [stderr] Cloning into '/workspace/builds/worker-1/source'...
[INFO] [stderr] done.
[INFO] validating manifest of git repo https://github.com/ErichDonGubler/dit on toolchain 1.55.0
[INFO] running `Command { std: "/workspace/cargo-home/bin/cargo" "+1.55.0" "metadata" "--manifest-path" "Cargo.toml" "--no-deps", kill_on_drop: false }`
[INFO] started tweaking git repo https://github.com/ErichDonGubler/dit
[INFO] finished tweaking git repo https://github.com/ErichDonGubler/dit
[INFO] tweaked toml for git repo https://github.com/ErichDonGubler/dit written to /workspace/builds/worker-1/source/Cargo.toml
[INFO] crate git repo https://github.com/ErichDonGubler/dit already has a lockfile, it will not be regenerated
[INFO] running `Command { std: "/workspace/cargo-home/bin/cargo" "+1.55.0" "fetch" "--manifest-path" "Cargo.toml", kill_on_drop: false }`
[INFO] [stderr]     Blocking waiting for file lock on package cache
[INFO] [stderr]     Blocking waiting for file lock on package cache
[INFO] [stderr]  Downloading crates ...
[INFO] [stderr]   Downloaded serde_derive v1.0.128
[INFO] [stderr]   Downloaded lifetime_proc_macros_impl v0.1.0
[INFO] [stderr]   Downloaded lifetime_proc_macros v0.1.0
[INFO] [stderr]   Downloaded format-macro v0.2.4
[INFO] [stderr]   Downloaded format-core v0.2.4
[INFO] [stderr]   Downloaded format v0.2.4
[INFO] [stderr]   Downloaded windows-permissions v0.2.4
[INFO] [stderr]   Downloaded lifetime v0.1.0
[INFO] [stderr]   Downloaded remove_dir_all v0.7.0
[INFO] [stderr]   Downloaded path-dsl v0.6.1
[INFO] [stderr]   Downloaded path-clean v0.1.0
[INFO] [stderr]   Downloaded colog v1.1.0
[INFO] [stderr]   Downloaded serde v1.0.128
[INFO] running `Command { std: "docker" "create" "-v" "/var/lib/crater-agent-workspace/builds/worker-1/target:/opt/rustwide/target:rw,Z" "-v" "/var/lib/crater-agent-workspace/builds/worker-1/source:/opt/rustwide/workdir:ro,Z" "-v" "/var/lib/crater-agent-workspace/cargo-home:/opt/rustwide/cargo-home:ro,Z" "-v" "/var/lib/crater-agent-workspace/rustup-home:/opt/rustwide/rustup-home:ro,Z" "-e" "SOURCE_DIR=/opt/rustwide/workdir" "-e" "CARGO_TARGET_DIR=/opt/rustwide/target" "-e" "CARGO_HOME=/opt/rustwide/cargo-home" "-e" "RUSTUP_HOME=/opt/rustwide/rustup-home" "-w" "/opt/rustwide/workdir" "-m" "1610612736" "--user" "0:0" "--network" "none" "ghcr.io/rust-lang/crates-build-env/linux@sha256:a89201d6b5b9fd45c15d5952ece0a0129e7e80cb26ec023fd59cf09bc26f1604" "/opt/rustwide/cargo-home/bin/cargo" "+1.55.0" "metadata" "--no-deps" "--format-version=1", kill_on_drop: false }`
[INFO] [stdout] 6749d12b9366f84333124f7f051da0f6b0b00c21c7f7a43c4e1dc1fce93eb1a6
[INFO] running `Command { std: "docker" "start" "-a" "6749d12b9366f84333124f7f051da0f6b0b00c21c7f7a43c4e1dc1fce93eb1a6", kill_on_drop: false }`
[INFO] running `Command { std: "docker" "inspect" "6749d12b9366f84333124f7f051da0f6b0b00c21c7f7a43c4e1dc1fce93eb1a6", kill_on_drop: false }`
[INFO] running `Command { std: "docker" "rm" "-f" "6749d12b9366f84333124f7f051da0f6b0b00c21c7f7a43c4e1dc1fce93eb1a6", kill_on_drop: false }`
[INFO] [stdout] 6749d12b9366f84333124f7f051da0f6b0b00c21c7f7a43c4e1dc1fce93eb1a6
[INFO] running `Command { std: "docker" "create" "-v" "/var/lib/crater-agent-workspace/builds/worker-1/target:/opt/rustwide/target:rw,Z" "-v" "/var/lib/crater-agent-workspace/builds/worker-1/source:/opt/rustwide/workdir:ro,Z" "-v" "/var/lib/crater-agent-workspace/cargo-home:/opt/rustwide/cargo-home:ro,Z" "-v" "/var/lib/crater-agent-workspace/rustup-home:/opt/rustwide/rustup-home:ro,Z" "-e" "SOURCE_DIR=/opt/rustwide/workdir" "-e" "CARGO_TARGET_DIR=/opt/rustwide/target" "-e" "CARGO_INCREMENTAL=0" "-e" "RUST_BACKTRACE=full" "-e" "RUSTFLAGS=--cap-lints=warn" "-e" "CARGO_HOME=/opt/rustwide/cargo-home" "-e" "RUSTUP_HOME=/opt/rustwide/rustup-home" "-w" "/opt/rustwide/workdir" "-m" "1610612736" "--user" "0:0" "--network" "none" "ghcr.io/rust-lang/crates-build-env/linux@sha256:a89201d6b5b9fd45c15d5952ece0a0129e7e80cb26ec023fd59cf09bc26f1604" "/opt/rustwide/cargo-home/bin/cargo" "+1.55.0" "check" "--frozen" "--all" "--all-targets" "--message-format=json", kill_on_drop: false }`
[INFO] [stdout] 2f76294aa05abae70bd446a8e83cbc03b8b8e6e4a9a42c8af36385211a22f0de
[INFO] running `Command { std: "docker" "start" "-a" "2f76294aa05abae70bd446a8e83cbc03b8b8e6e4a9a42c8af36385211a22f0de", kill_on_drop: false }`
[INFO] [stderr]     Blocking waiting for file lock on package cache
[INFO] [stderr]    Compiling proc-macro2 v1.0.28
[INFO] [stderr]    Compiling syn v1.0.75
[INFO] [stderr]    Compiling libc v0.2.100
[INFO] [stderr]    Compiling version_check v0.9.3
[INFO] [stderr]    Compiling memchr v2.4.1
[INFO] [stderr]    Compiling unicode-segmentation v1.8.0
[INFO] [stderr]    Compiling serde_derive v1.0.128
[INFO] [stderr]     Checking matches v0.1.9
[INFO] [stderr]     Checking termcolor v1.1.2
[INFO] [stderr]    Compiling serde v1.0.128
[INFO] [stderr]    Compiling anyhow v1.0.43
[INFO] [stderr]     Checking humantime v2.1.0
[INFO] [stderr]     Checking unicode-bidi v0.3.6
[INFO] [stderr]     Checking format-core v0.2.4
[INFO] [stderr]     Checking os_str_bytes v3.1.0
[INFO] [stderr]     Checking bitflags v1.3.2
[INFO] [stderr]     Checking strsim v0.10.0
[INFO] [stderr]     Checking path-clean v0.1.0
[INFO] [stderr]     Checking dunce v1.0.2
[INFO] [stderr]     Checking path-dsl v0.6.1
[INFO] [stderr]     Checking tinyvec v1.3.1
[INFO] [stderr]    Compiling indexmap v1.7.0
[INFO] [stderr]     Checking textwrap v0.14.2
[INFO] [stderr]     Checking form_urlencoded v1.0.1
[INFO] [stderr]    Compiling heck v0.3.3
[INFO] [stderr]    Compiling quote v1.0.9
[INFO] [stderr]    Compiling proc-macro-error-attr v1.0.4
[INFO] [stderr]    Compiling proc-macro-error v1.0.4
[INFO] [stderr]     Checking aho-corasick v0.7.18
[INFO] [stderr]     Checking unicode-normalization v0.1.19
[INFO] [stderr]     Checking atty v0.2.14
[INFO] [stderr]     Checking dirs-sys v0.3.6
[INFO] [stderr]     Checking dirs v1.0.5
[INFO] [stderr]     Checking remove_dir_all v0.7.0
[INFO] [stderr]     Checking dirs v3.0.2
[INFO] [stderr]     Checking colored v2.0.0
[INFO] [stderr]     Checking regex v1.5.4
[INFO] [stderr]     Checking xdg v2.2.0 (https://github.com/ErichDonGubler/rust-xdg?branch=windows-support#78b45edc)
[INFO] [stdout] error[E0308]: mismatched types
[INFO] [stdout]   --> /opt/rustwide/cargo-home/git/checkouts/rust-xdg-7f8fa1afcd5e4407/78b45ed/src/permissions/unix_redox.rs:17:9
[INFO] [stdout]    |
[INFO] [stdout] 16 |       fn from_path(path: &Path) -> Result<Self, super::GetPathPermsError> {
[INFO] [stdout]    |                                    -------------------------------------- expected `Result<unix_redox::Permissions, GetPathPermsError>` because of return type
[INFO] [stdout] 17 | /         Self(
[INFO] [stdout] 18 | |             fs::metadata(path)
[INFO] [stdout] 19 | |                 .map_err(super::GetPathPermsError)?
[INFO] [stdout] 20 | |                 .permissions()
[INFO] [stdout] 21 | |                 .mode(),
[INFO] [stdout] 22 | |         )
[INFO] [stdout]    | |_________^ expected enum `Result`, found struct `unix_redox::Permissions`
[INFO] [stdout]    |
[INFO] [stdout]    = note: expected enum `Result<unix_redox::Permissions, GetPathPermsError>`
[INFO] [stdout]             found struct `unix_redox::Permissions`
[INFO] [stdout] help: try using a variant of the expected enum
[INFO] [stdout]    |
[INFO] [stdout] 17 |         Ok(Self(
[INFO] [stdout] 18 |             fs::metadata(path)
[INFO] [stdout] 19 |                 .map_err(super::GetPathPermsError)?
[INFO] [stdout] 20 |                 .permissions()
[INFO] [stdout] 21 |                 .mode(),
[INFO] [stdout] 22 |         ))
[INFO] [stdout]    |
[INFO] [stdout] 
[INFO] [stdout] 
[INFO] [stdout] error[E0061]: this function takes 2 arguments but 1 argument was supplied
[INFO] [stdout]     --> /opt/rustwide/cargo-home/git/checkouts/rust-xdg-7f8fa1afcd5e4407/78b45ed/src/permissions/unix_redox.rs:27:9
[INFO] [stdout]      |
[INFO] [stdout] 27   |         fs::set_permissions(fs::Permissions::from_mode(perms)).map_err(super::SetPathPermsError)
[INFO] [stdout]      |         ^^^^^^^^^^^^^^^^^^^ --------------------------------- supplied 1 argument
[INFO] [stdout]      |         |
[INFO] [stdout]      |         expected 2 arguments
[INFO] [stdout]      |
[INFO] [stdout] note: function defined here
[INFO] [stdout] 
[INFO] [stdout] 
[INFO] [stdout] error[E0308]: mismatched types
[INFO] [stdout]   --> /opt/rustwide/cargo-home/git/checkouts/rust-xdg-7f8fa1afcd5e4407/78b45ed/src/permissions/unix_redox.rs:27:56
[INFO] [stdout]    |
[INFO] [stdout] 27 |         fs::set_permissions(fs::Permissions::from_mode(perms)).map_err(super::SetPathPermsError)
[INFO] [stdout]    |                                                        ^^^^^
[INFO] [stdout]    |                                                        |
[INFO] [stdout]    |                                                        expected `u32`, found `&u32`
[INFO] [stdout]    |                                                        help: consider dereferencing the borrow: `*perms`
[INFO] [stdout] 
[INFO] [stdout] 
[INFO] [stdout] error[E0599]: no method named `mode` found for reference `&u32` in the current scope
[INFO] [stdout]   --> /opt/rustwide/cargo-home/git/checkouts/rust-xdg-7f8fa1afcd5e4407/78b45ed/src/permissions/unix_redox.rs:32:15
[INFO] [stdout]    |
[INFO] [stdout] 32 |         perms.mode() & Self::GROUP_EVERYONE_MASK != 0
[INFO] [stdout]    |               ^^^^ method not found in `&u32`
[INFO] [stdout] 
[INFO] [stdout] 
[INFO] [stdout] error: aborting due to 4 previous errors
[INFO] [stdout] 
[INFO] [stdout] 
[INFO] [stdout] Some errors have detailed explanations: E0061, E0308, E0599.
[INFO] [stdout] 
[INFO] [stdout] For more information about an error, try `rustc --explain E0061`.
[INFO] [stdout] 
[INFO] [stderr] error: could not compile `xdg` due to 5 previous errors
[INFO] [stderr] warning: build failed, waiting for other jobs to finish...
[INFO] [stderr] error: build failed
[INFO] running `Command { std: "docker" "inspect" "2f76294aa05abae70bd446a8e83cbc03b8b8e6e4a9a42c8af36385211a22f0de", kill_on_drop: false }`
[INFO] running `Command { std: "docker" "rm" "-f" "2f76294aa05abae70bd446a8e83cbc03b8b8e6e4a9a42c8af36385211a22f0de", kill_on_drop: false }`
[INFO] [stdout] 2f76294aa05abae70bd446a8e83cbc03b8b8e6e4a9a42c8af36385211a22f0de
