[INFO] cloning repository https://github.com/Emilgardis/twitch_oauth2
[INFO] running `Command { std: "git" "-c" "credential.helper=" "-c" "credential.helper=/workspace/cargo-home/bin/git-credential-null" "clone" "--bare" "https://github.com/Emilgardis/twitch_oauth2" "/workspace/cache/git-repos/https%3A%2F%2Fgithub.com%2FEmilgardis%2Ftwitch_oauth2", kill_on_drop: false }`
[INFO] [stderr] Cloning into bare repository '/workspace/cache/git-repos/https%3A%2F%2Fgithub.com%2FEmilgardis%2Ftwitch_oauth2'...
[INFO] running `Command { std: "git" "rev-parse" "HEAD", kill_on_drop: false }`
[INFO] [stdout] 761e47c81863f9c9f22deb9ec4697bcf9d23f923
[INFO] checking Emilgardis/twitch_oauth2 against beta-2021-10-15 for beta-1.56-3
[INFO] running `Command { std: "git" "clone" "/workspace/cache/git-repos/https%3A%2F%2Fgithub.com%2FEmilgardis%2Ftwitch_oauth2" "/workspace/builds/worker-38/source", kill_on_drop: false }`
[INFO] [stderr] Cloning into '/workspace/builds/worker-38/source'...
[INFO] [stderr] done.
[INFO] validating manifest of git repo https://github.com/Emilgardis/twitch_oauth2 on toolchain beta-2021-10-15
[INFO] running `Command { std: "/workspace/cargo-home/bin/cargo" "+beta-2021-10-15" "metadata" "--manifest-path" "Cargo.toml" "--no-deps", kill_on_drop: false }`
[INFO] started tweaking git repo https://github.com/Emilgardis/twitch_oauth2
[INFO] removed 0 missing examples
[INFO] finished tweaking git repo https://github.com/Emilgardis/twitch_oauth2
[INFO] tweaked toml for git repo https://github.com/Emilgardis/twitch_oauth2 written to /workspace/builds/worker-38/source/Cargo.toml
[INFO] crate git repo https://github.com/Emilgardis/twitch_oauth2 already has a lockfile, it will not be regenerated
[INFO] running `Command { std: "/workspace/cargo-home/bin/cargo" "+beta-2021-10-15" "fetch" "--manifest-path" "Cargo.toml", kill_on_drop: false }`
[INFO] [stderr]     Blocking waiting for file lock on package cache
[INFO] [stderr]     Blocking waiting for file lock on package cache
[INFO] [stderr]  Downloading crates ...
[INFO] [stderr]   Downloaded curl-sys v0.4.48+curl-7.79.1
[INFO] running `Command { std: "docker" "create" "-v" "/var/lib/crater-agent-workspace/builds/worker-38/target:/opt/rustwide/target:rw,Z" "-v" "/var/lib/crater-agent-workspace/builds/worker-38/source:/opt/rustwide/workdir:ro,Z" "-v" "/var/lib/crater-agent-workspace/cargo-home:/opt/rustwide/cargo-home:ro,Z" "-v" "/var/lib/crater-agent-workspace/rustup-home:/opt/rustwide/rustup-home:ro,Z" "-e" "SOURCE_DIR=/opt/rustwide/workdir" "-e" "CARGO_TARGET_DIR=/opt/rustwide/target" "-e" "CARGO_HOME=/opt/rustwide/cargo-home" "-e" "RUSTUP_HOME=/opt/rustwide/rustup-home" "-w" "/opt/rustwide/workdir" "-m" "1610612736" "--user" "0:0" "--network" "none" "ghcr.io/rust-lang/crates-build-env/linux@sha256:a89201d6b5b9fd45c15d5952ece0a0129e7e80cb26ec023fd59cf09bc26f1604" "/opt/rustwide/cargo-home/bin/cargo" "+beta-2021-10-15" "metadata" "--no-deps" "--format-version=1", kill_on_drop: false }`
[INFO] [stdout] 216c87d7f8275865d0d2e35cd5e75dd9ea3ee35d6cdc4f5f3c207b818c518e29
[INFO] running `Command { std: "docker" "start" "-a" "216c87d7f8275865d0d2e35cd5e75dd9ea3ee35d6cdc4f5f3c207b818c518e29", kill_on_drop: false }`
[INFO] running `Command { std: "docker" "inspect" "216c87d7f8275865d0d2e35cd5e75dd9ea3ee35d6cdc4f5f3c207b818c518e29", kill_on_drop: false }`
[INFO] running `Command { std: "docker" "rm" "-f" "216c87d7f8275865d0d2e35cd5e75dd9ea3ee35d6cdc4f5f3c207b818c518e29", kill_on_drop: false }`
[INFO] [stdout] 216c87d7f8275865d0d2e35cd5e75dd9ea3ee35d6cdc4f5f3c207b818c518e29
[INFO] running `Command { std: "docker" "create" "-v" "/var/lib/crater-agent-workspace/builds/worker-38/target:/opt/rustwide/target:rw,Z" "-v" "/var/lib/crater-agent-workspace/builds/worker-38/source:/opt/rustwide/workdir:ro,Z" "-v" "/var/lib/crater-agent-workspace/cargo-home:/opt/rustwide/cargo-home:ro,Z" "-v" "/var/lib/crater-agent-workspace/rustup-home:/opt/rustwide/rustup-home:ro,Z" "-e" "SOURCE_DIR=/opt/rustwide/workdir" "-e" "CARGO_TARGET_DIR=/opt/rustwide/target" "-e" "CARGO_INCREMENTAL=0" "-e" "RUST_BACKTRACE=full" "-e" "RUSTFLAGS=--cap-lints=warn" "-e" "CARGO_HOME=/opt/rustwide/cargo-home" "-e" "RUSTUP_HOME=/opt/rustwide/rustup-home" "-w" "/opt/rustwide/workdir" "-m" "1610612736" "--user" "0:0" "--network" "none" "ghcr.io/rust-lang/crates-build-env/linux@sha256:a89201d6b5b9fd45c15d5952ece0a0129e7e80cb26ec023fd59cf09bc26f1604" "/opt/rustwide/cargo-home/bin/cargo" "+beta-2021-10-15" "check" "--frozen" "--all" "--all-targets" "--message-format=json", kill_on_drop: false }`
[INFO] [stdout] 9873c7173748684c7c15c96df24299c4cf3a80d49fb473096e14443acd57b109
[INFO] running `Command { std: "docker" "start" "-a" "9873c7173748684c7c15c96df24299c4cf3a80d49fb473096e14443acd57b109", kill_on_drop: false }`
[INFO] [stderr]    Compiling syn v1.0.77
[INFO] [stderr]    Compiling libc v0.2.103
[INFO] [stderr]    Compiling log v0.4.14
[INFO] [stderr]    Compiling pkg-config v0.3.20
[INFO] [stderr]    Compiling memchr v2.4.1
[INFO] [stderr]     Checking futures-io v0.3.17
[INFO] [stderr]     Checking cache-padded v1.1.1
[INFO] [stderr]    Compiling serde v1.0.130
[INFO] [stderr]     Checking event-listener v2.5.1
[INFO] [stderr]     Checking subtle v2.4.1
[INFO] [stderr]     Checking fastrand v1.5.0
[INFO] [stderr]     Checking parking v2.0.0
[INFO] [stderr]     Checking waker-fn v1.1.0
[INFO] [stderr]    Compiling wasm-bindgen-shared v0.2.78
[INFO] [stderr]    Compiling cfg-if v1.0.0
[INFO] [stderr]    Compiling proc-macro-nested v0.1.7
[INFO] [stderr]    Compiling bumpalo v3.7.1
[INFO] [stderr]    Compiling crossbeam-utils v0.8.5
[INFO] [stderr]     Checking cpuid-bool v0.2.0
[INFO] [stderr]    Compiling lazy_static v1.4.0
[INFO] [stderr]    Compiling const_fn v0.4.8
[INFO] [stderr]     Checking async-task v4.0.3
[INFO] [stderr]     Checking atomic-waker v1.0.0
[INFO] [stderr]    Compiling openssl v0.10.36
[INFO] [stderr]    Compiling wasm-bindgen v0.2.78
[INFO] [stderr]    Compiling futures-channel v0.3.17
[INFO] [stderr]    Compiling anyhow v1.0.44
[INFO] [stderr]    Compiling curl v0.4.38
[INFO] [stderr]    Compiling async-trait v0.1.51
[INFO] [stderr]    Compiling http-types v2.12.0
[INFO] [stderr]    Compiling encoding_rs v0.8.28
[INFO] [stderr]    Compiling isahc v0.9.14
[INFO] [stderr]     Checking bytes v0.5.6
[INFO] [stderr]     Checking infer v0.2.3
[INFO] [stderr]     Checking ipnet v2.3.1
[INFO] [stderr]    Compiling value-bag v1.0.0-alpha.7
[INFO] [stderr]    Compiling standback v0.2.17
[INFO] [stderr]    Compiling time v0.2.27
[INFO] [stderr]    Compiling cookie v0.14.4
[INFO] [stderr]    Compiling libnghttp2-sys v0.1.7+1.45.0
[INFO] [stderr]     Checking tinyvec v1.5.0
[INFO] [stderr]     Checking http v0.2.5
[INFO] [stderr]    Compiling futures-macro v0.3.17
[INFO] [stderr]    Compiling tokio v1.12.0
[INFO] [stderr]    Compiling futures-util v0.3.17
[INFO] [stderr]     Checking spinning_top v0.2.4
[INFO] [stderr]     Checking cipher v0.2.5
[INFO] [stderr]     Checking aead v0.3.2
[INFO] [stderr]     Checking concurrent-queue v1.2.2
[INFO] [stderr]     Checking sha2 v0.9.8
[INFO] [stderr]     Checking universal-hash v0.4.1
[INFO] [stderr]     Checking crypto-mac v0.10.1
[INFO] [stderr]     Checking async-mutex v1.4.0
[INFO] [stderr]     Checking async-lock v2.4.0
[INFO] [stderr]     Checking hmac v0.10.1
[INFO] [stderr]     Checking async-channel v1.6.1
[INFO] [stderr]     Checking flume v0.9.2
[INFO] [stderr]     Checking polyval v0.4.5
[INFO] [stderr]    Compiling openssl-sys v0.9.67
[INFO] [stderr]    Compiling libz-sys v1.1.3
[INFO] [stderr]    Compiling curl-sys v0.4.48+curl-7.79.1
[INFO] [stderr]     Checking aes-soft v0.6.4
[INFO] [stderr]     Checking ctr v0.6.0
[INFO] [stderr]     Checking hkdf v0.10.0
[INFO] [stderr]     Checking sluice v0.5.5
[INFO] [stderr]     Checking ghash v0.3.1
[INFO] [stderr]     Checking futures-lite v1.12.0
[INFO] [stderr]     Checking unicode-normalization v0.1.19
[INFO] [stderr]     Checking aes v0.6.0
[INFO] [stderr]     Checking aes-gcm v0.8.0
[INFO] [stderr]    Compiling native-tls v0.2.8
[INFO] [stderr]     Checking num_cpus v1.13.0
[INFO] [stderr]     Checking socket2 v0.4.2
[INFO] [stderr]     Checking getrandom v0.2.3
[INFO] [stderr]     Checking getrandom v0.1.16
[INFO] [stderr]     Checking rpassword v5.0.1
[INFO] [stderr]     Checking async-executor v1.4.1
[INFO] [stderr]     Checking blocking v1.0.2
[INFO] [stderr]     Checking http-body v0.4.3
[INFO] [stderr]     Checking dashmap v4.0.2
[INFO] [stderr]     Checking rand_core v0.6.3
[INFO] [stderr]     Checking rand_core v0.5.1
[INFO] [stderr]     Checking idna v0.2.3
[INFO] [stderr]     Checking rand_chacha v0.3.1
[INFO] [stderr]     Checking rand_chacha v0.2.2
[INFO] [stderr]     Checking rand v0.7.3
[INFO] [stderr]     Checking rand v0.8.4
[INFO] [stderr]    Compiling wasm-bindgen-backend v0.2.78
[INFO] [stderr]    Compiling wasm-bindgen-macro-support v0.2.78
[INFO] [stderr]    Compiling ctor v0.1.21
[INFO] [stderr]    Compiling serde_derive v1.0.130
[INFO] [stderr]    Compiling tracing-attributes v0.1.16
[INFO] [stderr]    Compiling tokio-macros v1.3.0
[INFO] [stderr]    Compiling time-macros-impl v0.1.2
[INFO] [stderr]    Compiling thiserror-impl v1.0.29
[INFO] [stderr]    Compiling pin-project-internal v1.0.8
[INFO] [stderr]    Compiling aliri_braid_impl v0.1.9
[INFO] [stderr]    Compiling displaydoc v0.2.3
[INFO] [stderr]    Compiling wasm-bindgen-macro v0.2.78
[INFO] [stderr]     Checking time-macros v0.1.1
[INFO] [stderr]     Checking mio v0.7.13
[INFO] [stderr]     Checking polling v2.1.0
[INFO] [stderr]     Checking kv-log-macro v1.0.7
[INFO] [stderr]     Checking want v0.3.0
[INFO] [stderr]     Checking aliri_braid v0.1.9
[INFO] [stderr]     Checking tracing v0.1.28
[INFO] [stderr]     Checking async-io v1.6.0
[INFO] [stderr]     Checking pin-project v1.0.8
[INFO] [stderr]     Checking thiserror v1.0.29
[INFO] [stderr]     Checking tracing-futures v0.2.5
[INFO] [stderr]     Checking async-global-executor v2.0.2
[INFO] [stderr]     Checking async-std v1.10.0
[INFO] [stderr]     Checking js-sys v0.3.55
[INFO] [stderr]     Checking web-sys v0.3.55
[INFO] [stderr]     Checking tokio-util v0.6.8
[INFO] [stderr]     Checking tokio-native-tls v0.3.0
[INFO] [stderr]     Checking h2 v0.3.4
[INFO] [stderr]     Checking url v2.2.2
[INFO] [stderr]     Checking serde_urlencoded v0.7.0
[INFO] [stderr]     Checking serde_json v1.0.68
[INFO] [stderr]     Checking serde_qs v0.8.4
[INFO] [stderr]     Checking twitch_oauth2 v0.6.0 (/opt/rustwide/workdir)
[INFO] [stderr]     Checking http-client v6.5.1
[INFO] [stderr]     Checking surf v2.3.1
[INFO] [stderr]     Checking hyper v0.14.13
[INFO] [stderr]     Checking hyper-tls v0.5.0
[INFO] [stderr]     Checking reqwest v0.11.4
[INFO] [stdout] error[E0277]: the trait bound `surf::Client: client::Client<'_>` is not satisfied
[INFO] [stdout]    --> src/tokens/user_token.rs:636:29
[INFO] [stdout]     |
[INFO] [stdout] 636 |             .get_user_token(&surf::Client::new(), "random", "authcode")
[INFO] [stdout]     |                             ^^^^^^^^^^^^^^^^^^^^ the trait `client::Client<'_>` is not implemented for `surf::Client`
[INFO] [stdout] 
[INFO] [stdout] 
[INFO] [stdout] error[E0277]: the trait bound `surf::Client: client::Client<'_>` is not satisfied
[INFO] [stdout]    --> src/tokens/user_token.rs:635:21
[INFO] [stdout]     |
[INFO] [stdout] 635 |           let token = t
[INFO] [stdout]     |  _____________________^
[INFO] [stdout] 636 | |             .get_user_token(&surf::Client::new(), "random", "authcode")
[INFO] [stdout] 637 | |             .await
[INFO] [stdout]     | |__________________^ the trait `client::Client<'_>` is not implemented for `surf::Client`
[INFO] [stdout] 
[INFO] [stdout] 
[INFO] [stdout] error[E0277]: the trait bound `surf::Client: client::Client<'_>` is not satisfied
[INFO] [stdout]    --> src/tokens/user_token.rs:655:14
[INFO] [stdout]     |
[INFO] [stdout] 655 |             .get_user_token(
[INFO] [stdout]     |              ^^^^^^^^^^^^^^ the trait `client::Client<'_>` is not implemented for `surf::Client`
[INFO] [stdout] 
[INFO] [stdout] 
[INFO] [stdout] error[E0277]: the trait bound `surf::Client: client::Client<'_>` is not satisfied
[INFO] [stdout]    --> src/tokens/user_token.rs:654:21
[INFO] [stdout]     |
[INFO] [stdout] 654 |           let token = t
[INFO] [stdout]     |  _____________________^
[INFO] [stdout] 655 | |             .get_user_token(
[INFO] [stdout] 656 | |                 &surf::Client::new(),
[INFO] [stdout] 657 | |                 Some("random"),
[INFO] [stdout] ...   |
[INFO] [stdout] 661 | |             )
[INFO] [stdout] 662 | |             .await
[INFO] [stdout]     | |__________________^ the trait `client::Client<'_>` is not implemented for `surf::Client`
[INFO] [stdout] 
[INFO] [stdout] 
[INFO] [stdout] error: aborting due to 4 previous errors
[INFO] [stdout] 
[INFO] [stdout] 
[INFO] [stdout] For more information about this error, try `rustc --explain E0277`.
[INFO] [stdout] 
[INFO] [stderr] error: could not compile `twitch_oauth2` due to 5 previous errors
[INFO] running `Command { std: "docker" "inspect" "9873c7173748684c7c15c96df24299c4cf3a80d49fb473096e14443acd57b109", kill_on_drop: false }`
[INFO] running `Command { std: "docker" "rm" "-f" "9873c7173748684c7c15c96df24299c4cf3a80d49fb473096e14443acd57b109", kill_on_drop: false }`
[INFO] [stdout] 9873c7173748684c7c15c96df24299c4cf3a80d49fb473096e14443acd57b109
