[INFO] cloning repository https://github.com/Elzair/wargod
[INFO] running `Command { std: "git" "-c" "credential.helper=" "-c" "credential.helper=/workspace/cargo-home/bin/git-credential-null" "clone" "--bare" "https://github.com/Elzair/wargod" "/workspace/cache/git-repos/https%3A%2F%2Fgithub.com%2FElzair%2Fwargod", kill_on_drop: false }`
[INFO] [stderr] Cloning into bare repository '/workspace/cache/git-repos/https%3A%2F%2Fgithub.com%2FElzair%2Fwargod'...
[INFO] running `Command { std: "git" "rev-parse" "HEAD", kill_on_drop: false }`
[INFO] [stdout] 8f74958e91ead8de7b8b21d6d64151a4ca321f85
[INFO] checking Elzair/wargod against 1.55.0 for beta-1.56-3
[INFO] running `Command { std: "git" "clone" "/workspace/cache/git-repos/https%3A%2F%2Fgithub.com%2FElzair%2Fwargod" "/workspace/builds/worker-52/source", kill_on_drop: false }`
[INFO] [stderr] Cloning into '/workspace/builds/worker-52/source'...
[INFO] [stderr] done.
[INFO] validating manifest of git repo https://github.com/Elzair/wargod on toolchain 1.55.0
[INFO] running `Command { std: "/workspace/cargo-home/bin/cargo" "+1.55.0" "metadata" "--manifest-path" "Cargo.toml" "--no-deps", kill_on_drop: false }`
[INFO] started tweaking git repo https://github.com/Elzair/wargod
[INFO] finished tweaking git repo https://github.com/Elzair/wargod
[INFO] tweaked toml for git repo https://github.com/Elzair/wargod written to /workspace/builds/worker-52/source/Cargo.toml
[INFO] crate git repo https://github.com/Elzair/wargod already has a lockfile, it will not be regenerated
[INFO] running `Command { std: "/workspace/cargo-home/bin/cargo" "+1.55.0" "fetch" "--manifest-path" "Cargo.toml", kill_on_drop: false }`
[INFO] [stderr]     Blocking waiting for file lock on package cache
[INFO] [stderr]     Blocking waiting for file lock on package cache
[INFO] running `Command { std: "docker" "create" "-v" "/var/lib/crater-agent-workspace/builds/worker-52/target:/opt/rustwide/target:rw,Z" "-v" "/var/lib/crater-agent-workspace/builds/worker-52/source:/opt/rustwide/workdir:ro,Z" "-v" "/var/lib/crater-agent-workspace/cargo-home:/opt/rustwide/cargo-home:ro,Z" "-v" "/var/lib/crater-agent-workspace/rustup-home:/opt/rustwide/rustup-home:ro,Z" "-e" "SOURCE_DIR=/opt/rustwide/workdir" "-e" "CARGO_TARGET_DIR=/opt/rustwide/target" "-e" "CARGO_HOME=/opt/rustwide/cargo-home" "-e" "RUSTUP_HOME=/opt/rustwide/rustup-home" "-w" "/opt/rustwide/workdir" "-m" "1610612736" "--user" "0:0" "--network" "none" "ghcr.io/rust-lang/crates-build-env/linux@sha256:a89201d6b5b9fd45c15d5952ece0a0129e7e80cb26ec023fd59cf09bc26f1604" "/opt/rustwide/cargo-home/bin/cargo" "+1.55.0" "metadata" "--no-deps" "--format-version=1", kill_on_drop: false }`
[INFO] [stdout] 019d18728498378dbf13458a28f1d06d99c5eb970c34c79f56b27dd5a40943d7
[INFO] running `Command { std: "docker" "start" "-a" "019d18728498378dbf13458a28f1d06d99c5eb970c34c79f56b27dd5a40943d7", kill_on_drop: false }`
[INFO] running `Command { std: "docker" "inspect" "019d18728498378dbf13458a28f1d06d99c5eb970c34c79f56b27dd5a40943d7", kill_on_drop: false }`
[INFO] running `Command { std: "docker" "rm" "-f" "019d18728498378dbf13458a28f1d06d99c5eb970c34c79f56b27dd5a40943d7", kill_on_drop: false }`
[INFO] [stdout] 019d18728498378dbf13458a28f1d06d99c5eb970c34c79f56b27dd5a40943d7
[INFO] running `Command { std: "docker" "create" "-v" "/var/lib/crater-agent-workspace/builds/worker-52/target:/opt/rustwide/target:rw,Z" "-v" "/var/lib/crater-agent-workspace/builds/worker-52/source:/opt/rustwide/workdir:ro,Z" "-v" "/var/lib/crater-agent-workspace/cargo-home:/opt/rustwide/cargo-home:ro,Z" "-v" "/var/lib/crater-agent-workspace/rustup-home:/opt/rustwide/rustup-home:ro,Z" "-e" "SOURCE_DIR=/opt/rustwide/workdir" "-e" "CARGO_TARGET_DIR=/opt/rustwide/target" "-e" "CARGO_INCREMENTAL=0" "-e" "RUST_BACKTRACE=full" "-e" "RUSTFLAGS=--cap-lints=warn" "-e" "CARGO_HOME=/opt/rustwide/cargo-home" "-e" "RUSTUP_HOME=/opt/rustwide/rustup-home" "-w" "/opt/rustwide/workdir" "-m" "1610612736" "--user" "0:0" "--network" "none" "ghcr.io/rust-lang/crates-build-env/linux@sha256:a89201d6b5b9fd45c15d5952ece0a0129e7e80cb26ec023fd59cf09bc26f1604" "/opt/rustwide/cargo-home/bin/cargo" "+1.55.0" "check" "--frozen" "--all" "--all-targets" "--message-format=json", kill_on_drop: false }`
[INFO] [stdout] ab3bd84add071ab9d8038a75abc35eebad099deca35af29040d6a51192fc8776
[INFO] running `Command { std: "docker" "start" "-a" "ab3bd84add071ab9d8038a75abc35eebad099deca35af29040d6a51192fc8776", kill_on_drop: false }`
[INFO] [stderr]    Compiling libc v0.2.33
[INFO] [stderr]    Compiling siphasher v0.2.2
[INFO] [stderr]    Compiling serde v0.9.15
[INFO] [stderr]    Compiling itoa v0.3.4
[INFO] [stderr]    Compiling num-traits v0.1.40
[INFO] [stderr]    Compiling dtoa v0.4.2
[INFO] [stderr]    Compiling bitflags v0.9.1
[INFO] [stderr]    Compiling cc v1.0.3
[INFO] [stderr]    Compiling pkg-config v0.3.9
[INFO] [stderr]    Compiling vulkano v0.7.2
[INFO] [stderr]     Checking crossbeam v0.3.0
[INFO] [stderr]     Checking fnv v1.0.5
[INFO] [stderr]     Checking half v1.0.1
[INFO] [stderr]     Checking vk-sys v0.3.2
[INFO] [stderr]     Checking approx v0.1.1
[INFO] [stderr]    Compiling syn v0.10.8
[INFO] [stderr]    Compiling cmake v0.1.26
[INFO] [stderr]    Compiling xml-rs v0.6.1
[INFO] [stderr]    Compiling phf_shared v0.7.21
[INFO] [stderr]     Checking rand v0.3.18
[INFO] [stderr]     Checking fs2 v0.2.5
[INFO] [stderr]     Checking shared_library v0.1.7
[INFO] [stderr]     Checking time v0.1.38
[INFO] [stderr]    Compiling x11-dl v2.16.0
[INFO] [stderr]    Compiling tempdir v0.3.5
[INFO] [stderr]     Checking tempfile v2.2.0
[INFO] [stderr]     Checking cgmath v0.15.0
[INFO] [stderr]    Compiling serde_json v0.9.10
[INFO] [stderr]    Compiling glsl-to-spirv v0.1.3
[INFO] [stderr]    Compiling wayland-scanner v0.9.10
[INFO] [stderr]    Compiling phf_generator v0.7.21
[INFO] [stderr]    Compiling phf v0.7.21
[INFO] [stderr]     Checking memmap v0.4.0
[INFO] [stderr]    Compiling phf_codegen v0.7.21
[INFO] [stderr]    Compiling target_build_utils v0.3.1
[INFO] [stderr]    Compiling wayland-client v0.9.10
[INFO] [stderr]    Compiling wayland-protocols v0.9.10
[INFO] [stderr] error: failed to run custom build command for `glsl-to-spirv v0.1.3`
[INFO] [stderr] 
[INFO] [stderr] Caused by:
[INFO] [stderr]   process didn't exit successfully: `/opt/rustwide/target/debug/build/glsl-to-spirv-d82df4f2f4d926e5/build-script-build` (exit status: 101)
[INFO] [stderr]   --- stdout
[INFO] [stderr]   cargo:rerun-if-changed=build/glslangValidator.exe
[INFO] [stderr]   running: "cmake" "/opt/rustwide/cargo-home/registry/src/github.com-1ecc6299db9ec823/glsl-to-spirv-0.1.3/glslang" "-DCMAKE_INSTALL_PREFIX=/opt/rustwide/target/debug/build/glsl-to-spirv-d961371fe59a67c8/out" "-DCMAKE_C_FLAGS= -ffunction-sections -fdata-sections -fPIC -m64" "-DCMAKE_C_COMPILER=/usr/bin/cc" "-DCMAKE_CXX_FLAGS= -ffunction-sections -fdata-sections -fPIC -m64" "-DCMAKE_CXX_COMPILER=/usr/bin/c++" "-DCMAKE_BUILD_TYPE=Debug"
[INFO] [stderr]   -- The C compiler identification is GNU 9.3.0
[INFO] [stderr]   -- The CXX compiler identification is GNU 9.3.0
[INFO] [stderr]   -- Check for working C compiler: /usr/bin/cc
[INFO] [stderr]   -- Check for working C compiler: /usr/bin/cc -- works
[INFO] [stderr]   -- Detecting C compiler ABI info
[INFO] [stderr]   -- Detecting C compiler ABI info - done
[INFO] [stderr]   -- Detecting C compile features
[INFO] [stderr]   -- Detecting C compile features - done
[INFO] [stderr]   -- Check for working CXX compiler: /usr/bin/c++
[INFO] [stderr]   -- Check for working CXX compiler: /usr/bin/c++ -- works
[INFO] [stderr]   -- Detecting CXX compiler ABI info
[INFO] [stderr]   -- Detecting CXX compiler ABI info - done
[INFO] [stderr]   -- Detecting CXX compile features
[INFO] [stderr]   -- Detecting CXX compile features - done
[INFO] [stderr]   -- Google Mock was not found - tests based on that will not build
[INFO] [stderr]   -- Configuring done
[INFO] [stderr]   -- Generating done
[INFO] [stderr]   -- Build files have been written to: /opt/rustwide/target/debug/build/glsl-to-spirv-d961371fe59a67c8/out/build
[INFO] [stderr]   running: "cmake" "--build" "." "--target" "install" "--config" "Debug" "--" "-j128"
[INFO] [stderr]   Scanning dependencies of target OSDependent
[INFO] [stderr]   Scanning dependencies of target HLSL
[INFO] [stderr]   Scanning dependencies of target glslang-default-resource-limits
[INFO] [stderr]   Scanning dependencies of target SPVRemapper
[INFO] [stderr]   Scanning dependencies of target OGLCompiler
[INFO] [stderr]   [  1%] Building CXX object hlsl/CMakeFiles/HLSL.dir/hlslAttributes.cpp.o
[INFO] [stderr]   [  3%] Building CXX object glslang/OSDependent/Unix/CMakeFiles/OSDependent.dir/ossource.cpp.o
[INFO] [stderr]   [  7%] Building CXX object OGLCompilersDLL/CMakeFiles/OGLCompiler.dir/InitializeDll.cpp.o
[INFO] [stderr]   [  5%] Building CXX object StandAlone/CMakeFiles/glslang-default-resource-limits.dir/ResourceLimits.cpp.o
[INFO] [stderr]   [  8%] Building CXX object hlsl/CMakeFiles/HLSL.dir/hlslScanContext.cpp.o
[INFO] [stderr]   [ 10%] Building CXX object SPIRV/CMakeFiles/SPVRemapper.dir/doc.cpp.o
[INFO] [stderr]   [ 12%] Building CXX object SPIRV/CMakeFiles/SPVRemapper.dir/SPVRemapper.cpp.o
[INFO] [stderr]   [ 14%] Building CXX object hlsl/CMakeFiles/HLSL.dir/hlslParseHelper.cpp.o
[INFO] [stderr]   [ 15%] Building CXX object hlsl/CMakeFiles/HLSL.dir/hlslOpMap.cpp.o
[INFO] [stderr]   [ 19%] Building CXX object hlsl/CMakeFiles/HLSL.dir/hlslTokenStream.cpp.o
[INFO] [stderr]   [ 19%] Building CXX object hlsl/CMakeFiles/HLSL.dir/hlslGrammar.cpp.o
[INFO] [stderr]   [ 21%] Building CXX object hlsl/CMakeFiles/HLSL.dir/hlslParseables.cpp.o
[INFO] [stderr]   [ 22%] Linking CXX static library libOSDependent.a
[INFO] [stderr]   [ 24%] Linking CXX static library libOGLCompiler.a
[INFO] [stderr]   [ 24%] Built target OSDependent
[INFO] [stderr]   [ 24%] Built target OGLCompiler
[INFO] [stderr]   [ 26%] Linking CXX static library libglslang-default-resource-limits.a
[INFO] [stderr]   [ 26%] Built target glslang-default-resource-limits
[INFO] [stderr]   [ 28%] Linking CXX static library libSPVRemapper.a
[INFO] [stderr]   [ 28%] Built target SPVRemapper
[INFO] [stderr]   [ 29%] Linking CXX static library libHLSL.a
[INFO] [stderr]   [ 29%] Built target HLSL
[INFO] [stderr]   Scanning dependencies of target glslang
[INFO] [stderr]   [ 31%] Building CXX object glslang/CMakeFiles/glslang.dir/MachineIndependent/glslang_tab.cpp.o
[INFO] [stderr]   [ 33%] Building CXX object glslang/CMakeFiles/glslang.dir/MachineIndependent/Constant.cpp.o
[INFO] [stderr]   [ 35%] Building CXX object glslang/CMakeFiles/glslang.dir/MachineIndependent/iomapper.cpp.o
[INFO] [stderr]   [ 36%] Building CXX object glslang/CMakeFiles/glslang.dir/MachineIndependent/InfoSink.cpp.o
[INFO] [stderr]   [ 38%] Building CXX object glslang/CMakeFiles/glslang.dir/MachineIndependent/Initialize.cpp.o
[INFO] [stderr]   [ 40%] Building CXX object glslang/CMakeFiles/glslang.dir/MachineIndependent/IntermTraverse.cpp.o
[INFO] [stderr]   [ 42%] Building CXX object glslang/CMakeFiles/glslang.dir/MachineIndependent/Intermediate.cpp.o
[INFO] [stderr]   [ 43%] Building CXX object glslang/CMakeFiles/glslang.dir/MachineIndependent/ParseContextBase.cpp.o
[INFO] [stderr]   [ 45%] Building CXX object glslang/CMakeFiles/glslang.dir/MachineIndependent/ParseHelper.cpp.o
[INFO] [stderr]   [ 47%] Building CXX object glslang/CMakeFiles/glslang.dir/MachineIndependent/PoolAlloc.cpp.o
[INFO] [stderr]   [ 49%] Building CXX object glslang/CMakeFiles/glslang.dir/MachineIndependent/ShaderLang.cpp.o
[INFO] [stderr]   [ 50%] Building CXX object glslang/CMakeFiles/glslang.dir/MachineIndependent/RemoveTree.cpp.o
[INFO] [stderr]   [ 52%] Building CXX object glslang/CMakeFiles/glslang.dir/MachineIndependent/intermOut.cpp.o
[INFO] [stderr]   [ 54%] Building CXX object glslang/CMakeFiles/glslang.dir/MachineIndependent/Scan.cpp.o
[INFO] [stderr]   [ 56%] Building CXX object glslang/CMakeFiles/glslang.dir/MachineIndependent/SymbolTable.cpp.o
[INFO] [stderr]   [ 57%] Building CXX object glslang/CMakeFiles/glslang.dir/MachineIndependent/Versions.cpp.o
[INFO] [stderr]   [ 59%] Building CXX object glslang/CMakeFiles/glslang.dir/MachineIndependent/limits.cpp.o
[INFO] [stderr]   [ 61%] Building CXX object glslang/CMakeFiles/glslang.dir/MachineIndependent/linkValidate.cpp.o
[INFO] [stderr]   [ 63%] Building CXX object glslang/CMakeFiles/glslang.dir/MachineIndependent/parseConst.cpp.o
[INFO] [stderr]   [ 64%] Building CXX object glslang/CMakeFiles/glslang.dir/MachineIndependent/reflection.cpp.o
[INFO] [stderr]   [ 66%] Building CXX object glslang/CMakeFiles/glslang.dir/MachineIndependent/preprocessor/Pp.cpp.o
[INFO] [stderr]   [ 68%] Building CXX object glslang/CMakeFiles/glslang.dir/MachineIndependent/preprocessor/PpAtom.cpp.o
[INFO] [stderr]   [ 70%] Building CXX object glslang/CMakeFiles/glslang.dir/MachineIndependent/preprocessor/PpScanner.cpp.o
[INFO] [stderr]   [ 71%] Building CXX object glslang/CMakeFiles/glslang.dir/MachineIndependent/preprocessor/PpTokens.cpp.o
[INFO] [stderr]   [ 73%] Building CXX object glslang/CMakeFiles/glslang.dir/MachineIndependent/preprocessor/PpContext.cpp.o
[INFO] [stderr]   [ 75%] Building CXX object glslang/CMakeFiles/glslang.dir/GenericCodeGen/CodeGen.cpp.o
[INFO] [stderr]   [ 77%] Building CXX object glslang/CMakeFiles/glslang.dir/MachineIndependent/propagateNoContraction.cpp.o
[INFO] [stderr]   [ 78%] Building CXX object glslang/CMakeFiles/glslang.dir/GenericCodeGen/Link.cpp.o
[INFO] [stderr] 
[INFO] [stderr]   --- stderr
[INFO] [stderr]   fatal: not a git repository (or any parent up to mount point /opt/rustwide)
[INFO] [stderr]   Stopping at filesystem boundary (GIT_DISCOVERY_ACROSS_FILESYSTEM not set).
[INFO] [stderr]   c++: fatal error: Killed signal terminated program cc1plus
[INFO] [stderr]   compilation terminated.
[INFO] [stderr]   make[2]: *** [glslang/CMakeFiles/glslang.dir/build.make:141: glslang/CMakeFiles/glslang.dir/MachineIndependent/Intermediate.cpp.o] Error 1
[INFO] [stderr]   make[2]: *** Waiting for unfinished jobs....
[INFO] [stderr]   c++: fatal error: Killed signal terminated program cc1plus
[INFO] [stderr]   compilation terminated.
[INFO] [stderr]   make[2]: *** [glslang/CMakeFiles/glslang.dir/build.make:115: glslang/CMakeFiles/glslang.dir/MachineIndependent/Initialize.cpp.o] Error 1
[INFO] [stderr]   c++: fatal error: Killed signal terminated program cc1plus
[INFO] [stderr]   compilation terminated.
[INFO] [stderr]   make[2]: *** [glslang/CMakeFiles/glslang.dir/build.make:193: glslang/CMakeFiles/glslang.dir/MachineIndependent/RemoveTree.cpp.o] Error 1
[INFO] [stderr]   c++: fatal error: Killed signal terminated program cc1plus
[INFO] [stderr]   compilation terminated.
[INFO] [stderr]   make[2]: *** [glslang/CMakeFiles/glslang.dir/build.make:89: glslang/CMakeFiles/glslang.dir/MachineIndependent/iomapper.cpp.o] Error 1
[INFO] [stderr]   c++: fatal error: Killed signal terminated program cc1plus
[INFO] [stderr]   compilation terminated.
[INFO] [stderr]   make[2]: *** [glslang/CMakeFiles/glslang.dir/build.make:167: glslang/CMakeFiles/glslang.dir/MachineIndependent/ParseHelper.cpp.o] Error 1
[INFO] [stderr]   c++: fatal error: Killed signal terminated program cc1plus
[INFO] [stderr]   compilation terminated.
[INFO] [stderr]   make[2]: *** [glslang/CMakeFiles/glslang.dir/build.make:76: glslang/CMakeFiles/glslang.dir/MachineIndependent/Constant.cpp.o] Error 1
[INFO] [stderr]   c++: fatal error: Killed signal terminated program cc1plus
[INFO] [stderr]   compilation terminated.
[INFO] [stderr]   make[2]: *** [glslang/CMakeFiles/glslang.dir/build.make:362: glslang/CMakeFiles/glslang.dir/MachineIndependent/preprocessor/PpScanner.cpp.o] Error 1
[INFO] [stderr]   c++: fatal error: Killed signal terminated program cc1plus
[INFO] [stderr]   compilation terminated.
[INFO] [stderr]   make[2]: *** [glslang/CMakeFiles/glslang.dir/build.make:206: glslang/CMakeFiles/glslang.dir/MachineIndependent/Scan.cpp.o] Error 1
[INFO] [stderr]   c++: fatal error: Killed signal terminated program cc1plus
[INFO] [stderr]   compilation terminated.
[INFO] [stderr]   make[2]: *** [glslang/CMakeFiles/glslang.dir/build.make:271: glslang/CMakeFiles/glslang.dir/MachineIndependent/limits.cpp.o] Error 1
[INFO] [stderr]   c++: fatal error: Killed signal terminated program cc1plus
[INFO] [stderr]   compilation terminated.
[INFO] [stderr]   make[2]: *** [glslang/CMakeFiles/glslang.dir/build.make:375: glslang/CMakeFiles/glslang.dir/MachineIndependent/preprocessor/PpTokens.cpp.o] Error 1
[INFO] [stderr]   c++: fatal error: Killed signal terminated program cc1plus
[INFO] [stderr]   compilation terminated.
[INFO] [stderr]   make[2]: *** [glslang/CMakeFiles/glslang.dir/build.make:310: glslang/CMakeFiles/glslang.dir/MachineIndependent/reflection.cpp.o] Error 1
[INFO] [stderr]   c++: fatal error: Killed signal terminated program cc1plus
[INFO] [stderr]   compilation terminated.
[INFO] [stderr]   make[2]: *** [glslang/CMakeFiles/glslang.dir/build.make:245: glslang/CMakeFiles/glslang.dir/MachineIndependent/Versions.cpp.o] Error 1
[INFO] [stderr]   c++: fatal error: Killed signal terminated program cc1plus
[INFO] [stderr]   compilation terminated.
[INFO] [stderr]   make[2]: *** [glslang/CMakeFiles/glslang.dir/build.make:219: glslang/CMakeFiles/glslang.dir/MachineIndependent/ShaderLang.cpp.o] Error 1
[INFO] [stderr]   make[1]: *** [CMakeFiles/Makefile2:1032: glslang/CMakeFiles/glslang.dir/all] Error 2
[INFO] [stderr]   make: *** [Makefile:141: all] Error 2
[INFO] [stderr]   thread 'main' panicked at '
[INFO] [stderr]   command did not execute successfully, got: exit status: 2
[INFO] [stderr] 
[INFO] [stderr]   build script failed, must exit now', /opt/rustwide/cargo-home/registry/src/github.com-1ecc6299db9ec823/cmake-0.1.26/src/lib.rs:599:5
[INFO] [stderr]   stack backtrace:
[INFO] [stderr]      0:     0x5624c63c28e0 - std::backtrace_rs::backtrace::libunwind::trace::ha0ad43e8a952bfe7
[INFO] [stderr]                                  at /rustc/c8dfcfe046a7680554bf4eb612bad840e7631c4b/library/std/src/../../backtrace/src/backtrace/libunwind.rs:90:5
[INFO] [stderr]      1:     0x5624c63c28e0 - std::backtrace_rs::backtrace::trace_unsynchronized::h6830419c0c4130dc
[INFO] [stderr]                                  at /rustc/c8dfcfe046a7680554bf4eb612bad840e7631c4b/library/std/src/../../backtrace/src/backtrace/mod.rs:66:5
[INFO] [stderr]      2:     0x5624c63c28e0 - std::sys_common::backtrace::_print_fmt::h8f3516631ffa1ef5
[INFO] [stderr]                                  at /rustc/c8dfcfe046a7680554bf4eb612bad840e7631c4b/library/std/src/sys_common/backtrace.rs:67:5
[INFO] [stderr]      3:     0x5624c63c28e0 - <std::sys_common::backtrace::_print::DisplayBacktrace as core::fmt::Display>::fmt::he1640d5f0d93f618
[INFO] [stderr]                                  at /rustc/c8dfcfe046a7680554bf4eb612bad840e7631c4b/library/std/src/sys_common/backtrace.rs:46:22
[INFO] [stderr]      4:     0x5624c63e22ac - core::fmt::write::h88012e1f01caeebf
[INFO] [stderr]                                  at /rustc/c8dfcfe046a7680554bf4eb612bad840e7631c4b/library/core/src/fmt/mod.rs:1115:17
[INFO] [stderr]      5:     0x5624c63bfad5 - std::io::Write::write_fmt::h360fa85b30182555
[INFO] [stderr]                                  at /rustc/c8dfcfe046a7680554bf4eb612bad840e7631c4b/library/std/src/io/mod.rs:1665:15
[INFO] [stderr]      6:     0x5624c63c4bab - std::sys_common::backtrace::_print::ha1f00492f406a015
[INFO] [stderr]                                  at /rustc/c8dfcfe046a7680554bf4eb612bad840e7631c4b/library/std/src/sys_common/backtrace.rs:49:5
[INFO] [stderr]      7:     0x5624c63c4bab - std::sys_common::backtrace::print::hd54561b13feb6af3
[INFO] [stderr]                                  at /rustc/c8dfcfe046a7680554bf4eb612bad840e7631c4b/library/std/src/sys_common/backtrace.rs:36:9
[INFO] [stderr]      8:     0x5624c63c4bab - std::panicking::default_hook::{{closure}}::h84fe124cd0864662
[INFO] [stderr]                                  at /rustc/c8dfcfe046a7680554bf4eb612bad840e7631c4b/library/std/src/panicking.rs:208:50
[INFO] [stderr]      9:     0x5624c63c4681 - std::panicking::default_hook::h5a8e74a76ce290a7
[INFO] [stderr]                                  at /rustc/c8dfcfe046a7680554bf4eb612bad840e7631c4b/library/std/src/panicking.rs:225:9
[INFO] [stderr]     10:     0x5624c63c5274 - std::panicking::rust_panic_with_hook::h67c812a4fe9d4c91
[INFO] [stderr]                                  at /rustc/c8dfcfe046a7680554bf4eb612bad840e7631c4b/library/std/src/panicking.rs:622:17
[INFO] [stderr]     11:     0x5624c63c4d57 - std::panicking::begin_panic_handler::{{closure}}::h33f9c1b96af300d7
[INFO] [stderr]                                  at /rustc/c8dfcfe046a7680554bf4eb612bad840e7631c4b/library/std/src/panicking.rs:519:13
[INFO] [stderr]     12:     0x5624c63c2ddc - std::sys_common::backtrace::__rust_end_short_backtrace::h51bae64be5921f0e
[INFO] [stderr]                                  at /rustc/c8dfcfe046a7680554bf4eb612bad840e7631c4b/library/std/src/sys_common/backtrace.rs:141:18
[INFO] [stderr]     13:     0x5624c63c4cb9 - rust_begin_unwind
[INFO] [stderr]                                  at /rustc/c8dfcfe046a7680554bf4eb612bad840e7631c4b/library/std/src/panicking.rs:515:5
[INFO] [stderr]     14:     0x5624c6370c1b - std::panicking::begin_panic_fmt::h7ab3d84aa4ae32a2
[INFO] [stderr]                                  at /rustc/c8dfcfe046a7680554bf4eb612bad840e7631c4b/library/std/src/panicking.rs:457:5
[INFO] [stderr]     15:     0x5624c6378a73 - cmake::fail::h60ed1bbb09face53
[INFO] [stderr]                                  at /opt/rustwide/cargo-home/registry/src/github.com-1ecc6299db9ec823/cmake-0.1.26/src/lib.rs:599:5
[INFO] [stderr]     16:     0x5624c6378481 - cmake::run::h9e3c609e0e23efe4
[INFO] [stderr]                                  at /opt/rustwide/cargo-home/registry/src/github.com-1ecc6299db9ec823/cmake-0.1.26/src/lib.rs:580:9
[INFO] [stderr]     17:     0x5624c6375f55 - cmake::Config::build::h467e8290bfaa9590
[INFO] [stderr]                                  at /opt/rustwide/cargo-home/registry/src/github.com-1ecc6299db9ec823/cmake-0.1.26/src/lib.rs:487:9
[INFO] [stderr]     18:     0x5624c6372c8c - cmake::build::h87216c900325bab5
[INFO] [stderr]                                  at /opt/rustwide/cargo-home/registry/src/github.com-1ecc6299db9ec823/cmake-0.1.26/src/lib.rs:92:5
[INFO] [stderr]     19:     0x5624c637240a - build_script_build::main::habdba4a3b938717f
[INFO] [stderr]                                  at /opt/rustwide/cargo-home/registry/src/github.com-1ecc6299db9ec823/glsl-to-spirv-0.1.3/build/build.rs:22:9
[INFO] [stderr]     20:     0x5624c63728db - core::ops::function::FnOnce::call_once::h114295059a9925a5
[INFO] [stderr]                                  at /rustc/c8dfcfe046a7680554bf4eb612bad840e7631c4b/library/core/src/ops/function.rs:227:5
[INFO] [stderr]     21:     0x5624c63727ee - std::sys_common::backtrace::__rust_begin_short_backtrace::h9828fd815af396fe
[INFO] [stderr]                                  at /rustc/c8dfcfe046a7680554bf4eb612bad840e7631c4b/library/std/src/sys_common/backtrace.rs:125:18
[INFO] [stderr]     22:     0x5624c6372891 - std::rt::lang_start::{{closure}}::hf686d5c0fa1ce385
[INFO] [stderr]                                  at /rustc/c8dfcfe046a7680554bf4eb612bad840e7631c4b/library/std/src/rt.rs:63:18
[INFO] [stderr]     23:     0x5624c63c577a - core::ops::function::impls::<impl core::ops::function::FnOnce<A> for &F>::call_once::ha9408abe89f69dc4
[INFO] [stderr]                                  at /rustc/c8dfcfe046a7680554bf4eb612bad840e7631c4b/library/core/src/ops/function.rs:259:13
[INFO] [stderr]     24:     0x5624c63c577a - std::panicking::try::do_call::h5b0cc9e9102acb65
[INFO] [stderr]                                  at /rustc/c8dfcfe046a7680554bf4eb612bad840e7631c4b/library/std/src/panicking.rs:401:40
[INFO] [stderr]     25:     0x5624c63c577a - std::panicking::try::hddc7f8229138b3ba
[INFO] [stderr]                                  at /rustc/c8dfcfe046a7680554bf4eb612bad840e7631c4b/library/std/src/panicking.rs:365:19
[INFO] [stderr]     26:     0x5624c63c577a - std::panic::catch_unwind::hfa401ff8bab2986e
[INFO] [stderr]                                  at /rustc/c8dfcfe046a7680554bf4eb612bad840e7631c4b/library/std/src/panic.rs:434:14
[INFO] [stderr]     27:     0x5624c63c577a - std::rt::lang_start_internal::{{closure}}::h8163422320d11405
[INFO] [stderr]                                  at /rustc/c8dfcfe046a7680554bf4eb612bad840e7631c4b/library/std/src/rt.rs:45:48
[INFO] [stderr]     28:     0x5624c63c577a - std::panicking::try::do_call::hc742cc7bb4f0fb20
[INFO] [stderr]                                  at /rustc/c8dfcfe046a7680554bf4eb612bad840e7631c4b/library/std/src/panicking.rs:401:40
[INFO] [stderr]     29:     0x5624c63c577a - std::panicking::try::ha37d8d2dd1acf7d3
[INFO] [stderr]                                  at /rustc/c8dfcfe046a7680554bf4eb612bad840e7631c4b/library/std/src/panicking.rs:365:19
[INFO] [stderr]     30:     0x5624c63c577a - std::panic::catch_unwind::h8a5381d5ecf437bc
[INFO] [stderr]                                  at /rustc/c8dfcfe046a7680554bf4eb612bad840e7631c4b/library/std/src/panic.rs:434:14
[INFO] [stderr]     31:     0x5624c63c577a - std::rt::lang_start_internal::h7e2cee8c90d4a4d3
[INFO] [stderr]                                  at /rustc/c8dfcfe046a7680554bf4eb612bad840e7631c4b/library/std/src/rt.rs:45:20
[INFO] [stderr]     32:     0x5624c6372860 - std::rt::lang_start::h89bd198ea343caba
[INFO] [stderr]                                  at /rustc/c8dfcfe046a7680554bf4eb612bad840e7631c4b/library/std/src/rt.rs:62:5
[INFO] [stderr]     33:     0x5624c637275c - main
[INFO] [stderr]     34:     0x7f321a5d60b3 - __libc_start_main
[INFO] [stderr]     35:     0x5624c6371a2e - _start
[INFO] [stderr]     36:                0x0 - <unknown>
[INFO] [stderr] warning: build failed, waiting for other jobs to finish...
[INFO] [stderr] error: build failed
[INFO] running `Command { std: "docker" "inspect" "ab3bd84add071ab9d8038a75abc35eebad099deca35af29040d6a51192fc8776", kill_on_drop: false }`
[INFO] running `Command { std: "docker" "rm" "-f" "ab3bd84add071ab9d8038a75abc35eebad099deca35af29040d6a51192fc8776", kill_on_drop: false }`
[INFO] [stdout] ab3bd84add071ab9d8038a75abc35eebad099deca35af29040d6a51192fc8776
