[INFO] cloning repository https://github.com/EliasEly/rust-os
[INFO] running `Command { std: "git" "-c" "credential.helper=" "-c" "credential.helper=/workspace/cargo-home/bin/git-credential-null" "clone" "--bare" "https://github.com/EliasEly/rust-os" "/workspace/cache/git-repos/https%3A%2F%2Fgithub.com%2FEliasEly%2Frust-os", kill_on_drop: false }`
[INFO] [stderr] Cloning into bare repository '/workspace/cache/git-repos/https%3A%2F%2Fgithub.com%2FEliasEly%2Frust-os'...
[INFO] running `Command { std: "git" "rev-parse" "HEAD", kill_on_drop: false }`
[INFO] [stdout] 7b66d8a9f69652b88e5bef03373b6612defd461d
[INFO] checking EliasEly/rust-os against beta-2021-10-15 for beta-1.56-3
[INFO] running `Command { std: "git" "clone" "/workspace/cache/git-repos/https%3A%2F%2Fgithub.com%2FEliasEly%2Frust-os" "/workspace/builds/worker-37/source", kill_on_drop: false }`
[INFO] [stderr] Cloning into '/workspace/builds/worker-37/source'...
[INFO] [stderr] done.
[INFO] validating manifest of git repo https://github.com/EliasEly/rust-os on toolchain beta-2021-10-15
[INFO] running `Command { std: "/workspace/cargo-home/bin/cargo" "+beta-2021-10-15" "metadata" "--manifest-path" "Cargo.toml" "--no-deps", kill_on_drop: false }`
[INFO] removed /workspace/builds/worker-37/source/.cargo/config.toml
[INFO] started tweaking git repo https://github.com/EliasEly/rust-os
[INFO] finished tweaking git repo https://github.com/EliasEly/rust-os
[INFO] tweaked toml for git repo https://github.com/EliasEly/rust-os written to /workspace/builds/worker-37/source/Cargo.toml
[INFO] crate git repo https://github.com/EliasEly/rust-os already has a lockfile, it will not be regenerated
[INFO] running `Command { std: "/workspace/cargo-home/bin/cargo" "+beta-2021-10-15" "fetch" "--manifest-path" "Cargo.toml", kill_on_drop: false }`
[INFO] [stderr]     Blocking waiting for file lock on package cache
[INFO] [stderr]     Blocking waiting for file lock on package cache
[INFO] [stderr]  Downloading crates ...
[INFO] [stderr]   Downloaded bootloader v0.9.19
[INFO] [stderr]   Downloaded uart_16550 v0.2.15
[INFO] [stderr]   Downloaded x86_64 v0.14.6
[INFO] running `Command { std: "docker" "create" "-v" "/var/lib/crater-agent-workspace/builds/worker-37/target:/opt/rustwide/target:rw,Z" "-v" "/var/lib/crater-agent-workspace/builds/worker-37/source:/opt/rustwide/workdir:ro,Z" "-v" "/var/lib/crater-agent-workspace/cargo-home:/opt/rustwide/cargo-home:ro,Z" "-v" "/var/lib/crater-agent-workspace/rustup-home:/opt/rustwide/rustup-home:ro,Z" "-e" "SOURCE_DIR=/opt/rustwide/workdir" "-e" "CARGO_TARGET_DIR=/opt/rustwide/target" "-e" "CARGO_HOME=/opt/rustwide/cargo-home" "-e" "RUSTUP_HOME=/opt/rustwide/rustup-home" "-w" "/opt/rustwide/workdir" "-m" "1610612736" "--user" "0:0" "--network" "none" "ghcr.io/rust-lang/crates-build-env/linux@sha256:a89201d6b5b9fd45c15d5952ece0a0129e7e80cb26ec023fd59cf09bc26f1604" "/opt/rustwide/cargo-home/bin/cargo" "+beta-2021-10-15" "metadata" "--no-deps" "--format-version=1", kill_on_drop: false }`
[INFO] [stdout] 29d45ea2f8888d34da0d8f7f108e2af30250b2a994b487048085275df5d8af4c
[INFO] running `Command { std: "docker" "start" "-a" "29d45ea2f8888d34da0d8f7f108e2af30250b2a994b487048085275df5d8af4c", kill_on_drop: false }`
[INFO] running `Command { std: "docker" "inspect" "29d45ea2f8888d34da0d8f7f108e2af30250b2a994b487048085275df5d8af4c", kill_on_drop: false }`
[INFO] running `Command { std: "docker" "rm" "-f" "29d45ea2f8888d34da0d8f7f108e2af30250b2a994b487048085275df5d8af4c", kill_on_drop: false }`
[INFO] [stdout] 29d45ea2f8888d34da0d8f7f108e2af30250b2a994b487048085275df5d8af4c
[INFO] running `Command { std: "docker" "create" "-v" "/var/lib/crater-agent-workspace/builds/worker-37/target:/opt/rustwide/target:rw,Z" "-v" "/var/lib/crater-agent-workspace/builds/worker-37/source:/opt/rustwide/workdir:ro,Z" "-v" "/var/lib/crater-agent-workspace/cargo-home:/opt/rustwide/cargo-home:ro,Z" "-v" "/var/lib/crater-agent-workspace/rustup-home:/opt/rustwide/rustup-home:ro,Z" "-e" "SOURCE_DIR=/opt/rustwide/workdir" "-e" "CARGO_TARGET_DIR=/opt/rustwide/target" "-e" "CARGO_INCREMENTAL=0" "-e" "RUST_BACKTRACE=full" "-e" "RUSTFLAGS=--cap-lints=warn" "-e" "CARGO_HOME=/opt/rustwide/cargo-home" "-e" "RUSTUP_HOME=/opt/rustwide/rustup-home" "-w" "/opt/rustwide/workdir" "-m" "1610612736" "--user" "0:0" "--network" "none" "ghcr.io/rust-lang/crates-build-env/linux@sha256:a89201d6b5b9fd45c15d5952ece0a0129e7e80cb26ec023fd59cf09bc26f1604" "/opt/rustwide/cargo-home/bin/cargo" "+beta-2021-10-15" "check" "--frozen" "--all" "--all-targets" "--message-format=json", kill_on_drop: false }`
[INFO] [stdout] 0da2a5d485e219801647b286c07b667e79e9b3a8d19447052afb9d184598c1d2
[INFO] running `Command { std: "docker" "start" "-a" "0da2a5d485e219801647b286c07b667e79e9b3a8d19447052afb9d184598c1d2", kill_on_drop: false }`
[INFO] [stderr]    Compiling x86_64 v0.14.6
[INFO] [stderr]     Checking bit_field v0.10.1
[INFO] [stderr]     Checking volatile v0.4.4
[INFO] [stderr]    Compiling bootloader v0.9.19
[INFO] [stderr]     Checking spin v0.5.2
[INFO] [stderr]     Checking volatile v0.2.7
[INFO] [stderr]     Checking lazy_static v1.4.0
[INFO] [stdout] error[E0554]: `#![feature]` may not be used on the beta release channel
[INFO] [stdout]  --> /opt/rustwide/cargo-home/registry/src/github.com-1ecc6299db9ec823/x86_64-0.14.6/src/lib.rs:5:35
[INFO] [stdout]   |
[INFO] [stdout] 5 | #![cfg_attr(feature = "const_fn", feature(const_panic))] // Better panic messages
[INFO] [stdout]   |                                   ^^^^^^^^^^^^^^^^^^^^
[INFO] [stdout] 
[INFO] [stdout] 
[INFO] [stdout] error[E0554]: `#![feature]` may not be used on the beta release channel
[INFO] [stdout]  --> /opt/rustwide/cargo-home/registry/src/github.com-1ecc6299db9ec823/x86_64-0.14.6/src/lib.rs:6:35
[INFO] [stdout]   |
[INFO] [stdout] 6 | #![cfg_attr(feature = "const_fn", feature(const_mut_refs))] // GDT add_entry()
[INFO] [stdout]   |                                   ^^^^^^^^^^^^^^^^^^^^^^^
[INFO] [stdout] 
[INFO] [stdout] 
[INFO] [stdout] error[E0554]: `#![feature]` may not be used on the beta release channel
[INFO] [stdout]  --> /opt/rustwide/cargo-home/registry/src/github.com-1ecc6299db9ec823/x86_64-0.14.6/src/lib.rs:7:35
[INFO] [stdout]   |
[INFO] [stdout] 7 | #![cfg_attr(feature = "const_fn", feature(const_fn_fn_ptr_basics))] // IDT new()
[INFO] [stdout]   |                                   ^^^^^^^^^^^^^^^^^^^^^^^^^^^^^^^
[INFO] [stdout] 
[INFO] [stdout] 
[INFO] [stdout] error[E0554]: `#![feature]` may not be used on the beta release channel
[INFO] [stdout]  --> /opt/rustwide/cargo-home/registry/src/github.com-1ecc6299db9ec823/x86_64-0.14.6/src/lib.rs:8:35
[INFO] [stdout]   |
[INFO] [stdout] 8 | #![cfg_attr(feature = "const_fn", feature(const_fn_trait_bound))] // PageSize marker trait
[INFO] [stdout]   |                                   ^^^^^^^^^^^^^^^^^^^^^^^^^^^^^
[INFO] [stdout] 
[INFO] [stdout] 
[INFO] [stdout] error[E0554]: `#![feature]` may not be used on the beta release channel
[INFO] [stdout]  --> /opt/rustwide/cargo-home/registry/src/github.com-1ecc6299db9ec823/x86_64-0.14.6/src/lib.rs:9:37
[INFO] [stdout]   |
[INFO] [stdout] 9 | #![cfg_attr(feature = "inline_asm", feature(asm))]
[INFO] [stdout]   |                                     ^^^^^^^^^^^^
[INFO] [stdout] 
[INFO] [stdout] 
[INFO] [stdout] error[E0554]: `#![feature]` may not be used on the beta release channel
[INFO] [stdout]   --> /opt/rustwide/cargo-home/registry/src/github.com-1ecc6299db9ec823/x86_64-0.14.6/src/lib.rs:10:44
[INFO] [stdout]    |
[INFO] [stdout] 10 | #![cfg_attr(feature = "abi_x86_interrupt", feature(abi_x86_interrupt))]
[INFO] [stdout]    |                                            ^^^^^^^^^^^^^^^^^^^^^^^^^^
[INFO] [stdout] 
[INFO] [stdout] 
[INFO] [stdout] error[E0554]: `#![feature]` may not be used on the beta release channel
[INFO] [stdout]   --> /opt/rustwide/cargo-home/registry/src/github.com-1ecc6299db9ec823/x86_64-0.14.6/src/lib.rs:11:34
[INFO] [stdout]    |
[INFO] [stdout] 11 | #![cfg_attr(feature = "doc_cfg", feature(doc_cfg))]
[INFO] [stdout]    |                                  ^^^^^^^^^^^^^^^^
[INFO] [stdout] 
[INFO] [stdout] 
[INFO] [stdout] error: aborting due to 7 previous errors
[INFO] [stdout] 
[INFO] [stdout] 
[INFO] [stdout] For more information about this error, try `rustc --explain E0554`.
[INFO] [stdout] 
[INFO] [stderr] error: could not compile `x86_64` due to 8 previous errors
[INFO] [stderr] warning: build failed, waiting for other jobs to finish...
[INFO] [stderr] error: build failed
[INFO] running `Command { std: "docker" "inspect" "0da2a5d485e219801647b286c07b667e79e9b3a8d19447052afb9d184598c1d2", kill_on_drop: false }`
[INFO] running `Command { std: "docker" "rm" "-f" "0da2a5d485e219801647b286c07b667e79e9b3a8d19447052afb9d184598c1d2", kill_on_drop: false }`
[INFO] [stdout] 0da2a5d485e219801647b286c07b667e79e9b3a8d19447052afb9d184598c1d2
