[INFO] cloning repository https://github.com/Dirbaio/static-executor
[INFO] running `Command { std: "git" "-c" "credential.helper=" "-c" "credential.helper=/workspace/cargo-home/bin/git-credential-null" "clone" "--bare" "https://github.com/Dirbaio/static-executor" "/workspace/cache/git-repos/https%3A%2F%2Fgithub.com%2FDirbaio%2Fstatic-executor", kill_on_drop: false }`
[INFO] [stderr] Cloning into bare repository '/workspace/cache/git-repos/https%3A%2F%2Fgithub.com%2FDirbaio%2Fstatic-executor'...
[INFO] running `Command { std: "git" "rev-parse" "HEAD", kill_on_drop: false }`
[INFO] [stdout] 5cadfe3a33a4ae46685c0269571ea9fae2ed0524
[INFO] checking Dirbaio/static-executor against beta-2021-10-15 for beta-1.56-3
[INFO] running `Command { std: "git" "clone" "/workspace/cache/git-repos/https%3A%2F%2Fgithub.com%2FDirbaio%2Fstatic-executor" "/workspace/builds/worker-108/source", kill_on_drop: false }`
[INFO] [stderr] Cloning into '/workspace/builds/worker-108/source'...
[INFO] [stderr] done.
[INFO] validating manifest of git repo https://github.com/Dirbaio/static-executor on toolchain beta-2021-10-15
[INFO] running `Command { std: "/workspace/cargo-home/bin/cargo" "+beta-2021-10-15" "metadata" "--manifest-path" "Cargo.toml" "--no-deps", kill_on_drop: false }`
[INFO] started tweaking git repo https://github.com/Dirbaio/static-executor
[INFO] finished tweaking git repo https://github.com/Dirbaio/static-executor
[INFO] tweaked toml for git repo https://github.com/Dirbaio/static-executor written to /workspace/builds/worker-108/source/Cargo.toml
[INFO] crate git repo https://github.com/Dirbaio/static-executor already has a lockfile, it will not be regenerated
[INFO] running `Command { std: "/workspace/cargo-home/bin/cargo" "+beta-2021-10-15" "fetch" "--manifest-path" "Cargo.toml", kill_on_drop: false }`
[INFO] [stderr]     Blocking waiting for file lock on package cache
[INFO] [stderr]     Updating git repository `https://github.com/knurling-rs/defmt`
[INFO] [stderr]     Updating git repository `https://github.com/knurling-rs/probe-run`
[INFO] [stderr] warning: Patch `defmt-rtt v0.1.0 (https://github.com/knurling-rs/defmt?branch=main#ba765be6)` was not used in the crate graph.
[INFO] [stderr] Patch `panic-probe v0.1.0 (https://github.com/knurling-rs/probe-run?branch=main#df90d57c)` was not used in the crate graph.
[INFO] [stderr] Check that the patched package version and available features are compatible
[INFO] [stderr] with the dependency requirements. If the patch has a different version from
[INFO] [stderr] what is locked in the Cargo.lock file, run `cargo update` to use the new
[INFO] [stderr] version. This may also occur with an optional dependency that is not enabled.
[INFO] [stderr]     Blocking waiting for file lock on package cache
[INFO] running `Command { std: "docker" "create" "-v" "/var/lib/crater-agent-workspace/builds/worker-108/target:/opt/rustwide/target:rw,Z" "-v" "/var/lib/crater-agent-workspace/builds/worker-108/source:/opt/rustwide/workdir:ro,Z" "-v" "/var/lib/crater-agent-workspace/cargo-home:/opt/rustwide/cargo-home:ro,Z" "-v" "/var/lib/crater-agent-workspace/rustup-home:/opt/rustwide/rustup-home:ro,Z" "-e" "SOURCE_DIR=/opt/rustwide/workdir" "-e" "CARGO_TARGET_DIR=/opt/rustwide/target" "-e" "CARGO_HOME=/opt/rustwide/cargo-home" "-e" "RUSTUP_HOME=/opt/rustwide/rustup-home" "-w" "/opt/rustwide/workdir" "-m" "1610612736" "--user" "0:0" "--network" "none" "ghcr.io/rust-lang/crates-build-env/linux@sha256:a89201d6b5b9fd45c15d5952ece0a0129e7e80cb26ec023fd59cf09bc26f1604" "/opt/rustwide/cargo-home/bin/cargo" "+beta-2021-10-15" "metadata" "--no-deps" "--format-version=1", kill_on_drop: false }`
[INFO] [stdout] 278d01ded02a6fde7782bb1886b5bbfacdc1fbd58c4e5bf01c6d88d1395ab467
[INFO] running `Command { std: "docker" "start" "-a" "278d01ded02a6fde7782bb1886b5bbfacdc1fbd58c4e5bf01c6d88d1395ab467", kill_on_drop: false }`
[INFO] running `Command { std: "docker" "inspect" "278d01ded02a6fde7782bb1886b5bbfacdc1fbd58c4e5bf01c6d88d1395ab467", kill_on_drop: false }`
[INFO] running `Command { std: "docker" "rm" "-f" "278d01ded02a6fde7782bb1886b5bbfacdc1fbd58c4e5bf01c6d88d1395ab467", kill_on_drop: false }`
[INFO] [stdout] 278d01ded02a6fde7782bb1886b5bbfacdc1fbd58c4e5bf01c6d88d1395ab467
[INFO] running `Command { std: "docker" "create" "-v" "/var/lib/crater-agent-workspace/builds/worker-108/target:/opt/rustwide/target:rw,Z" "-v" "/var/lib/crater-agent-workspace/builds/worker-108/source:/opt/rustwide/workdir:ro,Z" "-v" "/var/lib/crater-agent-workspace/cargo-home:/opt/rustwide/cargo-home:ro,Z" "-v" "/var/lib/crater-agent-workspace/rustup-home:/opt/rustwide/rustup-home:ro,Z" "-e" "SOURCE_DIR=/opt/rustwide/workdir" "-e" "CARGO_TARGET_DIR=/opt/rustwide/target" "-e" "CARGO_INCREMENTAL=0" "-e" "RUST_BACKTRACE=full" "-e" "RUSTFLAGS=--cap-lints=warn" "-e" "CARGO_HOME=/opt/rustwide/cargo-home" "-e" "RUSTUP_HOME=/opt/rustwide/rustup-home" "-w" "/opt/rustwide/workdir" "-m" "1610612736" "--user" "0:0" "--network" "none" "ghcr.io/rust-lang/crates-build-env/linux@sha256:a89201d6b5b9fd45c15d5952ece0a0129e7e80cb26ec023fd59cf09bc26f1604" "/opt/rustwide/cargo-home/bin/cargo" "+beta-2021-10-15" "check" "--frozen" "--all" "--all-targets" "--message-format=json", kill_on_drop: false }`
[INFO] [stdout] a3bdee03bdf8628aef8590cb439036b79632084386c24d4890a869d3366d5282
[INFO] running `Command { std: "docker" "start" "-a" "a3bdee03bdf8628aef8590cb439036b79632084386c24d4890a869d3366d5282", kill_on_drop: false }`
[INFO] [stderr]     Blocking waiting for file lock on package cache
[INFO] [stderr] warning: Patch `defmt-rtt v0.1.0 (https://github.com/knurling-rs/defmt?branch=main#ba765be6)` was not used in the crate graph.
[INFO] [stderr] Patch `panic-probe v0.1.0 (https://github.com/knurling-rs/probe-run?branch=main#df90d57c)` was not used in the crate graph.
[INFO] [stderr] Check that the patched package version and available features are compatible
[INFO] [stderr] with the dependency requirements. If the patch has a different version from
[INFO] [stderr] what is locked in the Cargo.lock file, run `cargo update` to use the new
[INFO] [stderr] version. This may also occur with an optional dependency that is not enabled.
[INFO] [stderr]    Compiling proc-macro2 v1.0.19
[INFO] [stderr]    Compiling syn v1.0.39
[INFO] [stderr]    Compiling unicode-xid v0.2.1
[INFO] [stderr]    Compiling strsim v0.9.3
[INFO] [stderr]    Compiling ident_case v1.0.1
[INFO] [stderr]    Compiling typenum v1.12.0
[INFO] [stderr]    Compiling semver-parser v0.7.0
[INFO] [stderr]    Compiling libc v0.2.76
[INFO] [stderr]    Compiling memchr v2.3.3
[INFO] [stderr]    Compiling log v0.4.11
[INFO] [stderr]     Checking stable_deref_trait v1.2.0
[INFO] [stderr]     Checking futures-core v0.3.5
[INFO] [stderr]     Checking fastrand v1.3.4
[INFO] [stderr]     Checking cache-padded v1.1.1
[INFO] [stderr]     Checking futures-io v0.3.5
[INFO] [stderr]     Checking pin-project-lite v0.1.7
[INFO] [stderr]    Compiling cortex-m v0.6.3
[INFO] [stderr]     Checking parking v2.0.0
[INFO] [stderr]     Checking waker-fn v1.1.0
[INFO] [stderr]     Checking vcell v0.1.2
[INFO] [stderr]     Checking bitfield v0.13.2
[INFO] [stderr]     Checking once_cell v1.4.1
[INFO] [stderr]     Checking vec-arena v0.5.2
[INFO] [stderr]     Checking static-executor-std v0.1.0 (/opt/rustwide/workdir/static-executor-std)
[INFO] [stderr]     Checking volatile-register v0.2.0
[INFO] [stderr]     Checking concurrent-queue v1.2.2
[INFO] [stderr]    Compiling semver v0.9.0
[INFO] [stderr]    Compiling rustc_version v0.2.3
[INFO] [stderr]     Checking futures-lite v1.0.0
[INFO] [stderr]    Compiling quote v1.0.7
[INFO] [stderr]    Compiling bare-metal v0.2.5
[INFO] [stderr]     Checking socket2 v0.3.12
[INFO] [stderr]     Checking polling v0.1.6
[INFO] [stderr]     Checking generic-array v0.13.2
[INFO] [stderr]     Checking generic-array v0.12.3
[INFO] [stderr]     Checking async-io v0.2.6
[INFO] [stderr]     Checking as-slice v0.1.3
[INFO] [stderr]     Checking aligned v0.3.4
[INFO] [stderr]     Checking static-executor-cortex-m v0.1.0 (/opt/rustwide/workdir/static-executor-cortex-m)
[INFO] [stderr]     Checking darling_core v0.10.2
[INFO] [stderr]    Compiling darling_macro v0.10.2
[INFO] [stderr]    Compiling darling v0.10.2
[INFO] [stderr]    Compiling static-executor-macro v0.1.0 (/opt/rustwide/workdir/static-executor-macro)
[INFO] [stdout] error[E0554]: `#![feature]` may not be used on the beta release channel
[INFO] [stdout]  --> static-executor-macro/src/lib.rs:1:1
[INFO] [stdout]   |
[INFO] [stdout] 1 | #![feature(proc_macro_diagnostic)]
[INFO] [stdout]   | ^^^^^^^^^^^^^^^^^^^^^^^^^^^^^^^^^^
[INFO] [stdout] 
[INFO] [stdout] 
[INFO] [stdout] warning: unused imports: `Diagnostic`, `Level`
[INFO] [stdout]  --> static-executor-macro/src/lib.rs:6:18
[INFO] [stdout]   |
[INFO] [stdout] 6 | use proc_macro::{Diagnostic, Level, Span, TokenStream};
[INFO] [stdout]   |                  ^^^^^^^^^^  ^^^^^
[INFO] [stdout]   |
[INFO] [stdout]   = note: `#[warn(unused_imports)]` on by default
[INFO] [stdout] 
[INFO] [stdout] 
[INFO] [stdout] error[E0554]: `#![feature]` may not be used on the beta release channel
[INFO] [stdout]  --> static-executor-macro/src/lib.rs:1:1
[INFO] [stdout]   |
[INFO] [stdout] 1 | #![feature(proc_macro_diagnostic)]
[INFO] [stdout]   | ^^^^^^^^^^^^^^^^^^^^^^^^^^^^^^^^^^
[INFO] [stdout] 
[INFO] [stdout] 
[INFO] [stdout] warning: unused imports: `Diagnostic`, `Level`
[INFO] [stdout]  --> static-executor-macro/src/lib.rs:6:18
[INFO] [stdout]   |
[INFO] [stdout] 6 | use proc_macro::{Diagnostic, Level, Span, TokenStream};
[INFO] [stdout]   |                  ^^^^^^^^^^  ^^^^^
[INFO] [stdout]   |
[INFO] [stdout]   = note: `#[warn(unused_imports)]` on by default
[INFO] [stdout] 
[INFO] [stdout] 
[INFO] [stdout] error[E0554]: `#![feature]` may not be used on the beta release channel
[INFO] [stdout]  --> static-executor-macro/src/lib.rs:1:1
[INFO] [stdout]   |
[INFO] [stdout] 1 | #![feature(proc_macro_diagnostic)]
[INFO] [stdout]   | ^^^^^^^^^^^^^^^^^^^^^^^^^^^^^^^^^^
[INFO] [stdout] 
[INFO] [stdout] 
[INFO] [stdout] warning: unused imports: `Diagnostic`, `Level`
[INFO] [stdout]  --> static-executor-macro/src/lib.rs:6:18
[INFO] [stdout]   |
[INFO] [stdout] 6 | use proc_macro::{Diagnostic, Level, Span, TokenStream};
[INFO] [stdout]   |                  ^^^^^^^^^^  ^^^^^
[INFO] [stdout]   |
[INFO] [stdout]   = note: `#[warn(unused_imports)]` on by default
[INFO] [stdout] 
[INFO] [stdout] 
[INFO] [stdout] error: aborting due to previous error; 1 warning emitted
[INFO] [stdout] 
[INFO] [stdout] 
[INFO] [stdout] For more information about this error, try `rustc --explain E0554`.
[INFO] [stdout] 
[INFO] [stderr] error: could not compile `static-executor-macro` due to 2 previous errors; 1 warning emitted
[INFO] [stderr] warning: build failed, waiting for other jobs to finish...
[INFO] [stdout] error: aborting due to previous error; 1 warning emitted
[INFO] [stdout] 
[INFO] [stdout] 
[INFO] [stdout] For more information about this error, try `rustc --explain E0554`.
[INFO] [stdout] 
[INFO] [stdout] error: aborting due to previous error; 1 warning emitted
[INFO] [stdout] 
[INFO] [stdout] 
[INFO] [stdout] For more information about this error, try `rustc --explain E0554`.
[INFO] [stdout] 
[INFO] [stderr] error: build failed
[INFO] running `Command { std: "docker" "inspect" "a3bdee03bdf8628aef8590cb439036b79632084386c24d4890a869d3366d5282", kill_on_drop: false }`
[INFO] running `Command { std: "docker" "rm" "-f" "a3bdee03bdf8628aef8590cb439036b79632084386c24d4890a869d3366d5282", kill_on_drop: false }`
[INFO] [stdout] a3bdee03bdf8628aef8590cb439036b79632084386c24d4890a869d3366d5282
