[INFO] cloning repository https://github.com/DenialAdams/cryptopals
[INFO] running `Command { std: "git" "-c" "credential.helper=" "-c" "credential.helper=/workspace/cargo-home/bin/git-credential-null" "clone" "--bare" "https://github.com/DenialAdams/cryptopals" "/workspace/cache/git-repos/https%3A%2F%2Fgithub.com%2FDenialAdams%2Fcryptopals", kill_on_drop: false }`
[INFO] [stderr] Cloning into bare repository '/workspace/cache/git-repos/https%3A%2F%2Fgithub.com%2FDenialAdams%2Fcryptopals'...
[INFO] running `Command { std: "git" "rev-parse" "HEAD", kill_on_drop: false }`
[INFO] [stdout] 3cba4afd9d2ecf5b95bac1f55731ba57f762dd6e
[INFO] checking DenialAdams/cryptopals against beta-2021-10-15 for beta-1.56-3
[INFO] running `Command { std: "git" "clone" "/workspace/cache/git-repos/https%3A%2F%2Fgithub.com%2FDenialAdams%2Fcryptopals" "/workspace/builds/worker-62/source", kill_on_drop: false }`
[INFO] [stderr] Cloning into '/workspace/builds/worker-62/source'...
[INFO] [stderr] done.
[INFO] validating manifest of git repo https://github.com/DenialAdams/cryptopals on toolchain beta-2021-10-15
[INFO] running `Command { std: "/workspace/cargo-home/bin/cargo" "+beta-2021-10-15" "metadata" "--manifest-path" "Cargo.toml" "--no-deps", kill_on_drop: false }`
[INFO] started tweaking git repo https://github.com/DenialAdams/cryptopals
[INFO] finished tweaking git repo https://github.com/DenialAdams/cryptopals
[INFO] tweaked toml for git repo https://github.com/DenialAdams/cryptopals written to /workspace/builds/worker-62/source/Cargo.toml
[INFO] crate git repo https://github.com/DenialAdams/cryptopals already has a lockfile, it will not be regenerated
[INFO] running `Command { std: "/workspace/cargo-home/bin/cargo" "+beta-2021-10-15" "fetch" "--manifest-path" "Cargo.toml", kill_on_drop: false }`
[INFO] [stderr]     Blocking waiting for file lock on package cache
[INFO] [stderr]     Blocking waiting for file lock on package cache
[INFO] running `Command { std: "docker" "create" "-v" "/var/lib/crater-agent-workspace/builds/worker-62/target:/opt/rustwide/target:rw,Z" "-v" "/var/lib/crater-agent-workspace/builds/worker-62/source:/opt/rustwide/workdir:ro,Z" "-v" "/var/lib/crater-agent-workspace/cargo-home:/opt/rustwide/cargo-home:ro,Z" "-v" "/var/lib/crater-agent-workspace/rustup-home:/opt/rustwide/rustup-home:ro,Z" "-e" "SOURCE_DIR=/opt/rustwide/workdir" "-e" "CARGO_TARGET_DIR=/opt/rustwide/target" "-e" "CARGO_HOME=/opt/rustwide/cargo-home" "-e" "RUSTUP_HOME=/opt/rustwide/rustup-home" "-w" "/opt/rustwide/workdir" "-m" "1610612736" "--user" "0:0" "--network" "none" "ghcr.io/rust-lang/crates-build-env/linux@sha256:a89201d6b5b9fd45c15d5952ece0a0129e7e80cb26ec023fd59cf09bc26f1604" "/opt/rustwide/cargo-home/bin/cargo" "+beta-2021-10-15" "metadata" "--no-deps" "--format-version=1", kill_on_drop: false }`
[INFO] [stdout] 7f1396022805abf2560874ef7249db8923034a8bad9eab239a0a9552e30f8739
[INFO] running `Command { std: "docker" "start" "-a" "7f1396022805abf2560874ef7249db8923034a8bad9eab239a0a9552e30f8739", kill_on_drop: false }`
[INFO] running `Command { std: "docker" "inspect" "7f1396022805abf2560874ef7249db8923034a8bad9eab239a0a9552e30f8739", kill_on_drop: false }`
[INFO] running `Command { std: "docker" "rm" "-f" "7f1396022805abf2560874ef7249db8923034a8bad9eab239a0a9552e30f8739", kill_on_drop: false }`
[INFO] [stdout] 7f1396022805abf2560874ef7249db8923034a8bad9eab239a0a9552e30f8739
[INFO] running `Command { std: "docker" "create" "-v" "/var/lib/crater-agent-workspace/builds/worker-62/target:/opt/rustwide/target:rw,Z" "-v" "/var/lib/crater-agent-workspace/builds/worker-62/source:/opt/rustwide/workdir:ro,Z" "-v" "/var/lib/crater-agent-workspace/cargo-home:/opt/rustwide/cargo-home:ro,Z" "-v" "/var/lib/crater-agent-workspace/rustup-home:/opt/rustwide/rustup-home:ro,Z" "-e" "SOURCE_DIR=/opt/rustwide/workdir" "-e" "CARGO_TARGET_DIR=/opt/rustwide/target" "-e" "CARGO_INCREMENTAL=0" "-e" "RUST_BACKTRACE=full" "-e" "RUSTFLAGS=--cap-lints=warn" "-e" "CARGO_HOME=/opt/rustwide/cargo-home" "-e" "RUSTUP_HOME=/opt/rustwide/rustup-home" "-w" "/opt/rustwide/workdir" "-m" "1610612736" "--user" "0:0" "--network" "none" "ghcr.io/rust-lang/crates-build-env/linux@sha256:a89201d6b5b9fd45c15d5952ece0a0129e7e80cb26ec023fd59cf09bc26f1604" "/opt/rustwide/cargo-home/bin/cargo" "+beta-2021-10-15" "check" "--frozen" "--all" "--all-targets" "--message-format=json", kill_on_drop: false }`
[INFO] [stdout] 420b503f9461566520c137fd7e54f76f9a5e74192237ae026bdea2afc867ce88
[INFO] running `Command { std: "docker" "start" "-a" "420b503f9461566520c137fd7e54f76f9a5e74192237ae026bdea2afc867ce88", kill_on_drop: false }`
[INFO] [stderr]     Checking either v1.1.0
[INFO] [stderr]     Checking itertools v0.6.1
[INFO] [stderr]     Checking cryptopals v0.1.0 (/opt/rustwide/workdir)
[INFO] [stdout] error: unexpected token: `...`
[INFO] [stdout]    --> src/main.rs:121:13
[INFO] [stdout]     |
[INFO] [stdout] 121 |   for n in 0...255 {
[INFO] [stdout]     |             ^^^
[INFO] [stdout]     |
[INFO] [stdout] help: use `..` for an exclusive range
[INFO] [stdout]     |
[INFO] [stdout] 121 |   for n in 0..255 {
[INFO] [stdout]     |             ~~
[INFO] [stdout] help: or `..=` for an inclusive range
[INFO] [stdout]     |
[INFO] [stdout] 121 |   for n in 0..=255 {
[INFO] [stdout]     |             ~~~
[INFO] [stdout] 
[INFO] [stdout] 
[INFO] [stdout] error: unexpected token: `...`
[INFO] [stdout]    --> src/main.rs:121:13
[INFO] [stdout]     |
[INFO] [stdout] 121 |   for n in 0...255 {
[INFO] [stdout]     |             ^^^
[INFO] [stdout]     |
[INFO] [stdout] help: use `..` for an exclusive range
[INFO] [stdout]     |
[INFO] [stdout] 121 |   for n in 0..255 {
[INFO] [stdout]     |             ~~
[INFO] [stdout] help: or `..=` for an inclusive range
[INFO] [stdout]     |
[INFO] [stdout] 121 |   for n in 0..=255 {
[INFO] [stdout]     |             ~~~
[INFO] [stdout] 
[INFO] [stdout] 
[INFO] [stdout] error: unexpected token: `...`
[INFO] [stdout]    --> src/main.rs:137:13
[INFO] [stdout]     |
[INFO] [stdout] 137 |   for n in 0...255 {
[INFO] [stdout]     |             ^^^
[INFO] [stdout]     |
[INFO] [stdout] help: use `..` for an exclusive range
[INFO] [stdout]     |
[INFO] [stdout] 137 |   for n in 0..255 {
[INFO] [stdout]     |             ~~
[INFO] [stdout] help: or `..=` for an inclusive range
[INFO] [stdout]     |
[INFO] [stdout] 137 |   for n in 0..=255 {
[INFO] [stdout]     |             ~~~
[INFO] [stdout] 
[INFO] [stdout] 
[INFO] [stdout] error: unexpected token: `...`
[INFO] [stdout]    --> src/main.rs:137:13
[INFO] [stdout]     |
[INFO] [stdout] 137 |   for n in 0...255 {
[INFO] [stdout]     |             ^^^
[INFO] [stdout]     |
[INFO] [stdout] help: use `..` for an exclusive range
[INFO] [stdout]     |
[INFO] [stdout] 137 |   for n in 0..255 {
[INFO] [stdout]     |             ~~
[INFO] [stdout] help: or `..=` for an inclusive range
[INFO] [stdout]     |
[INFO] [stdout] 137 |   for n in 0..=255 {
[INFO] [stdout]     |             ~~~
[INFO] [stdout] 
[INFO] [stdout] 
[INFO] [stdout] error[E0554]: `#![feature]` may not be used on the beta release channel
[INFO] [stdout]  --> src/main.rs:1:1
[INFO] [stdout]   |
[INFO] [stdout] 1 | #![feature(inclusive_range_syntax)]
[INFO] [stdout]   | ^^^^^^^^^^^^^^^^^^^^^^^^^^^^^^^^^^^ help: remove the attribute
[INFO] [stdout]   |
[INFO] [stdout]   = help: the feature `inclusive_range_syntax` has been stable since 1.26.0 and no longer requires an attribute to enable
[INFO] [stdout] 
[INFO] [stdout] 
[INFO] [stdout] error[E0554]: `#![feature]` may not be used on the beta release channel
[INFO] [stdout]  --> src/main.rs:2:1
[INFO] [stdout]   |
[INFO] [stdout] 2 | #![feature(test)]
[INFO] [stdout]   | ^^^^^^^^^^^^^^^^^
[INFO] [stdout] 
[INFO] [stdout] 
[INFO] [stdout] warning: unused `#[macro_use]` import
[INFO] [stdout]  --> src/main.rs:6:1
[INFO] [stdout]   |
[INFO] [stdout] 6 | #[macro_use] extern crate itertools;
[INFO] [stdout]   | ^^^^^^^^^^^^
[INFO] [stdout]   |
[INFO] [stdout]   = note: `#[warn(unused_imports)]` on by default
[INFO] [stdout] 
[INFO] [stdout] 
[INFO] [stdout] warning: unused import: `self`
[INFO] [stdout]   --> src/main.rs:10:15
[INFO] [stdout]    |
[INFO] [stdout] 10 | use std::io::{self, BufReader, BufRead, Read};
[INFO] [stdout]    |               ^^^^
[INFO] [stdout] 
[INFO] [stdout] 
[INFO] [stdout] error[E0554]: `#![feature]` may not be used on the beta release channel
[INFO] [stdout]  --> src/main.rs:1:1
[INFO] [stdout]   |
[INFO] [stdout] 1 | #![feature(inclusive_range_syntax)]
[INFO] [stdout]   | ^^^^^^^^^^^^^^^^^^^^^^^^^^^^^^^^^^^ help: remove the attribute
[INFO] [stdout]   |
[INFO] [stdout]   = help: the feature `inclusive_range_syntax` has been stable since 1.26.0 and no longer requires an attribute to enable
[INFO] [stdout] 
[INFO] [stdout] 
[INFO] [stdout] error[E0554]: `#![feature]` may not be used on the beta release channel
[INFO] [stdout]  --> src/main.rs:2:1
[INFO] [stdout]   |
[INFO] [stdout] 2 | #![feature(test)]
[INFO] [stdout]   | ^^^^^^^^^^^^^^^^^
[INFO] [stdout] 
[INFO] [stdout] 
[INFO] [stdout] warning: unused `#[macro_use]` import
[INFO] [stdout]  --> src/main.rs:6:1
[INFO] [stdout]   |
[INFO] [stdout] 6 | #[macro_use] extern crate itertools;
[INFO] [stdout]   | ^^^^^^^^^^^^
[INFO] [stdout]   |
[INFO] [stdout]   = note: `#[warn(unused_imports)]` on by default
[INFO] [stdout] 
[INFO] [stdout] 
[INFO] [stdout] warning: unused import: `self`
[INFO] [stdout]   --> src/main.rs:10:15
[INFO] [stdout]    |
[INFO] [stdout] 10 | use std::io::{self, BufReader, BufRead, Read};
[INFO] [stdout]    |               ^^^^
[INFO] [stdout] 
[INFO] [stdout] 
[INFO] [stdout] error: aborting due to 4 previous errors; 2 warnings emitted
[INFO] [stdout] 
[INFO] [stdout] 
[INFO] [stdout] error: aborting due to 4 previous errors; 2 warnings emitted
[INFO] [stdout] 
[INFO] [stdout] 
[INFO] [stdout] For more information about this error, try `rustc --explain E0554`.
[INFO] [stdout] 
[INFO] [stderr] error: could not compile `cryptopals` due to 5 previous errors; 2 warnings emitted
[INFO] [stderr] warning: build failed, waiting for other jobs to finish...
[INFO] [stdout] For more information about this error, try `rustc --explain E0554`.
[INFO] [stdout] 
[INFO] [stderr] error: build failed
[INFO] running `Command { std: "docker" "inspect" "420b503f9461566520c137fd7e54f76f9a5e74192237ae026bdea2afc867ce88", kill_on_drop: false }`
[INFO] running `Command { std: "docker" "rm" "-f" "420b503f9461566520c137fd7e54f76f9a5e74192237ae026bdea2afc867ce88", kill_on_drop: false }`
[INFO] [stdout] 420b503f9461566520c137fd7e54f76f9a5e74192237ae026bdea2afc867ce88
