[INFO] cloning repository https://github.com/David-OConnor/rust-embedded-quickstart
[INFO] running `Command { std: "git" "-c" "credential.helper=" "-c" "credential.helper=/workspace/cargo-home/bin/git-credential-null" "clone" "--bare" "https://github.com/David-OConnor/rust-embedded-quickstart" "/workspace/cache/git-repos/https%3A%2F%2Fgithub.com%2FDavid-OConnor%2Frust-embedded-quickstart", kill_on_drop: false }`
[INFO] [stderr] Cloning into bare repository '/workspace/cache/git-repos/https%3A%2F%2Fgithub.com%2FDavid-OConnor%2Frust-embedded-quickstart'...
[INFO] running `Command { std: "git" "rev-parse" "HEAD", kill_on_drop: false }`
[INFO] [stdout] db7a8932662e268bc01a66b56780f69879e6bc33
[INFO] checking David-OConnor/rust-embedded-quickstart against beta-2021-10-15 for beta-1.56-3
[INFO] running `Command { std: "git" "clone" "/workspace/cache/git-repos/https%3A%2F%2Fgithub.com%2FDavid-OConnor%2Frust-embedded-quickstart" "/workspace/builds/worker-48/source", kill_on_drop: false }`
[INFO] [stderr] Cloning into '/workspace/builds/worker-48/source'...
[INFO] [stderr] done.
[INFO] validating manifest of git repo https://github.com/David-OConnor/rust-embedded-quickstart on toolchain beta-2021-10-15
[INFO] running `Command { std: "/workspace/cargo-home/bin/cargo" "+beta-2021-10-15" "metadata" "--manifest-path" "Cargo.toml" "--no-deps", kill_on_drop: false }`
[INFO] removed /workspace/builds/worker-48/source/.cargo/config
[INFO] started tweaking git repo https://github.com/David-OConnor/rust-embedded-quickstart
[INFO] finished tweaking git repo https://github.com/David-OConnor/rust-embedded-quickstart
[INFO] tweaked toml for git repo https://github.com/David-OConnor/rust-embedded-quickstart written to /workspace/builds/worker-48/source/Cargo.toml
[INFO] running `Command { std: "/workspace/cargo-home/bin/cargo" "+beta-2021-10-15" "generate-lockfile" "--manifest-path" "Cargo.toml" "-Zno-index-update", kill_on_drop: false }`
[INFO] [stderr]     Blocking waiting for file lock on package cache
[INFO] running `Command { std: "/workspace/cargo-home/bin/cargo" "+beta-2021-10-15" "fetch" "--manifest-path" "Cargo.toml", kill_on_drop: false }`
[INFO] [stderr]     Blocking waiting for file lock on package cache
[INFO] [stderr]     Blocking waiting for file lock on package cache
[INFO] running `Command { std: "docker" "create" "-v" "/var/lib/crater-agent-workspace/builds/worker-48/target:/opt/rustwide/target:rw,Z" "-v" "/var/lib/crater-agent-workspace/builds/worker-48/source:/opt/rustwide/workdir:ro,Z" "-v" "/var/lib/crater-agent-workspace/cargo-home:/opt/rustwide/cargo-home:ro,Z" "-v" "/var/lib/crater-agent-workspace/rustup-home:/opt/rustwide/rustup-home:ro,Z" "-e" "SOURCE_DIR=/opt/rustwide/workdir" "-e" "CARGO_TARGET_DIR=/opt/rustwide/target" "-e" "CARGO_HOME=/opt/rustwide/cargo-home" "-e" "RUSTUP_HOME=/opt/rustwide/rustup-home" "-w" "/opt/rustwide/workdir" "-m" "1610612736" "--user" "0:0" "--network" "none" "ghcr.io/rust-lang/crates-build-env/linux@sha256:a89201d6b5b9fd45c15d5952ece0a0129e7e80cb26ec023fd59cf09bc26f1604" "/opt/rustwide/cargo-home/bin/cargo" "+beta-2021-10-15" "metadata" "--no-deps" "--format-version=1", kill_on_drop: false }`
[INFO] [stdout] 911c4306de3595feb560f1e0751177dbff95bfa10bcb9d27de0cc718c9572075
[INFO] running `Command { std: "docker" "start" "-a" "911c4306de3595feb560f1e0751177dbff95bfa10bcb9d27de0cc718c9572075", kill_on_drop: false }`
[INFO] running `Command { std: "docker" "inspect" "911c4306de3595feb560f1e0751177dbff95bfa10bcb9d27de0cc718c9572075", kill_on_drop: false }`
[INFO] running `Command { std: "docker" "rm" "-f" "911c4306de3595feb560f1e0751177dbff95bfa10bcb9d27de0cc718c9572075", kill_on_drop: false }`
[INFO] [stdout] 911c4306de3595feb560f1e0751177dbff95bfa10bcb9d27de0cc718c9572075
[INFO] running `Command { std: "docker" "create" "-v" "/var/lib/crater-agent-workspace/builds/worker-48/target:/opt/rustwide/target:rw,Z" "-v" "/var/lib/crater-agent-workspace/builds/worker-48/source:/opt/rustwide/workdir:ro,Z" "-v" "/var/lib/crater-agent-workspace/cargo-home:/opt/rustwide/cargo-home:ro,Z" "-v" "/var/lib/crater-agent-workspace/rustup-home:/opt/rustwide/rustup-home:ro,Z" "-e" "SOURCE_DIR=/opt/rustwide/workdir" "-e" "CARGO_TARGET_DIR=/opt/rustwide/target" "-e" "CARGO_INCREMENTAL=0" "-e" "RUST_BACKTRACE=full" "-e" "RUSTFLAGS=--cap-lints=warn" "-e" "CARGO_HOME=/opt/rustwide/cargo-home" "-e" "RUSTUP_HOME=/opt/rustwide/rustup-home" "-w" "/opt/rustwide/workdir" "-m" "1610612736" "--user" "0:0" "--network" "none" "ghcr.io/rust-lang/crates-build-env/linux@sha256:a89201d6b5b9fd45c15d5952ece0a0129e7e80cb26ec023fd59cf09bc26f1604" "/opt/rustwide/cargo-home/bin/cargo" "+beta-2021-10-15" "check" "--frozen" "--all" "--all-targets" "--message-format=json", kill_on_drop: false }`
[INFO] [stdout] 83b48888d5dc14bcccddff2811b1f8d04b0efde71521ad6a1a6160d078fd7d29
[INFO] running `Command { std: "docker" "start" "-a" "83b48888d5dc14bcccddff2811b1f8d04b0efde71521ad6a1a6160d078fd7d29", kill_on_drop: false }`
[INFO] [stderr]     Blocking waiting for file lock on package cache
[INFO] [stderr]    Compiling semver-parser v0.7.0
[INFO] [stderr]     Checking stable_deref_trait v1.2.0
[INFO] [stderr]    Compiling proc-macro2 v1.0.30
[INFO] [stderr]    Compiling cortex-m v0.7.3
[INFO] [stderr]     Checking nb v1.0.0
[INFO] [stderr]     Checking vcell v0.1.3
[INFO] [stderr]    Compiling semver v1.0.4
[INFO] [stderr]     Checking void v1.0.2
[INFO] [stderr]    Compiling cortex-m v0.6.7
[INFO] [stderr]    Compiling syn v1.0.80
[INFO] [stderr]     Checking bitfield v0.13.2
[INFO] [stderr]    Compiling cortex-m-rt v0.6.15
[INFO] [stderr]    Compiling stm32f3 v0.12.1
[INFO] [stderr]     Checking r0 v0.2.2
[INFO] [stderr]    Compiling stm32-usbd v0.5.1
[INFO] [stderr]     Checking usb-device v0.2.8
[INFO] [stderr]     Checking ufmt-write v0.1.0
[INFO] [stderr]    Compiling generic-array v0.14.4
[INFO] [stderr]     Checking generic-array v0.13.3
[INFO] [stderr]     Checking generic-array v0.12.4
[INFO] [stderr]    Compiling num-integer v0.1.44
[INFO] [stderr]     Checking embedded-dma v0.1.2
[INFO] [stderr]     Checking nb v0.1.3
[INFO] [stderr]     Checking volatile-register v0.2.1
[INFO] [stderr]    Compiling semver v0.9.0
[INFO] [stderr]     Checking embedded-hal v0.2.6
[INFO] [stderr]    Compiling rustc_version v0.4.0
[INFO] [stderr]    Compiling rustc_version v0.2.3
[INFO] [stderr]    Compiling quote v1.0.10
[INFO] [stderr]     Checking chrono v0.4.19
[INFO] [stderr]     Checking as-slice v0.1.5
[INFO] [stderr]     Checking aligned v0.3.5
[INFO] [stderr]    Compiling bare-metal v0.2.5
[INFO] [stderr]    Compiling cast v0.2.7
[INFO] [stderr]     Checking rtcc v0.2.1
[INFO] [stderr]     Checking rtt-target v0.2.2
[INFO] [stderr]    Compiling cortex-m-rt-macros v0.6.15
[INFO] [stderr]     Checking stm32f3xx-hal-v2 v0.5.0
[INFO] [stderr]     Checking project_name v0.1.0 (/opt/rustwide/workdir)
[INFO] [stdout] error: language item required, but not found: `eh_personality`
[INFO] [stdout] 
[INFO] [stdout] 
[INFO] [stdout] error[E0152]: found duplicate lang item `panic_impl`
[INFO] [stdout]   --> src/main.rs:92:1
[INFO] [stdout]    |
[INFO] [stdout] 92 | fn my_panic(info: &core::panic::PanicInfo) -> ! {
[INFO] [stdout]    | ^^^^^^^^^^^^^^^^^^^^^^^^^^^^^^^^^^^^^^^^^^^^^^^
[INFO] [stdout]    |
[INFO] [stdout]    = note: the lang item is first defined in crate `std` (which `test` depends on)
[INFO] [stdout]    = note: first definition in `std` loaded from /opt/rustwide/rustup-home/toolchains/beta-2021-10-15-x86_64-unknown-linux-gnu/lib/rustlib/x86_64-unknown-linux-gnu/lib/libstd-9a950938f3668a37.rlib
[INFO] [stdout]    = note: second definition in the local crate (`project_name`)
[INFO] [stdout] 
[INFO] [stdout] 
[INFO] [stdout] error[E0282]: type annotations needed for `Spi<stm32f3xx_hal_v2::pac::SPI1, (stm32f3xx_hal_v2::gpio::gpioa::PA5<stm32f3xx_hal_v2::gpio::AF5>, stm32f3xx_hal_v2::gpio::gpioa::PA6<stm32f3xx_hal_v2::gpio::AF5>, stm32f3xx_hal_v2::gpio::gpioa::PA7<stm32f3xx_hal_v2::gpio::AF5>), WORD>`
[INFO] [stdout]   --> src/main.rs:74:19
[INFO] [stdout]    |
[INFO] [stdout] 74 |     let mut spi = Spi::spi1(
[INFO] [stdout]    |         -------   ^^^^^^^^^ cannot infer type for type parameter `WORD`
[INFO] [stdout]    |         |
[INFO] [stdout]    |         consider giving `spi` the explicit type `Spi<stm32f3xx_hal_v2::pac::SPI1, (stm32f3xx_hal_v2::gpio::gpioa::PA5<stm32f3xx_hal_v2::gpio::AF5>, stm32f3xx_hal_v2::gpio::gpioa::PA6<stm32f3xx_hal_v2::gpio::AF5>, stm32f3xx_hal_v2::gpio::gpioa::PA7<stm32f3xx_hal_v2::gpio::AF5>), WORD>`, where the type parameter `WORD` is specified
[INFO] [stdout] 
[INFO] [stdout] 
[INFO] [stdout] error[E0282]: type annotations needed for `Spi<stm32f3xx_hal_v2::pac::SPI1, (stm32f3xx_hal_v2::gpio::gpioa::PA5<stm32f3xx_hal_v2::gpio::AF5>, stm32f3xx_hal_v2::gpio::gpioa::PA6<stm32f3xx_hal_v2::gpio::AF5>, stm32f3xx_hal_v2::gpio::gpioa::PA7<stm32f3xx_hal_v2::gpio::AF5>), WORD>`
[INFO] [stdout]   --> src/main.rs:74:19
[INFO] [stdout]    |
[INFO] [stdout] 74 |     let mut spi = Spi::spi1(
[INFO] [stdout]    |         -------   ^^^^^^^^^ cannot infer type for type parameter `WORD`
[INFO] [stdout]    |         |
[INFO] [stdout]    |         consider giving `spi` the explicit type `Spi<stm32f3xx_hal_v2::pac::SPI1, (stm32f3xx_hal_v2::gpio::gpioa::PA5<stm32f3xx_hal_v2::gpio::AF5>, stm32f3xx_hal_v2::gpio::gpioa::PA6<stm32f3xx_hal_v2::gpio::AF5>, stm32f3xx_hal_v2::gpio::gpioa::PA7<stm32f3xx_hal_v2::gpio::AF5>), WORD>`, where the type parameter `WORD` is specified
[INFO] [stdout] 
[INFO] [stdout] 
[INFO] [stdout] error: aborting due to 2 previous errors
[INFO] [stdout] 
[INFO] [stdout] 
[INFO] [stdout] For more information about this error, try `rustc --explain E0282`.
[INFO] [stdout] 
[INFO] [stdout] error: aborting due to 2 previous errors
[INFO] [stdout] 
[INFO] [stdout] 
[INFO] [stdout] Some errors have detailed explanations: E0152, E0282.
[INFO] [stdout] 
[INFO] [stdout] For more information about an error, try `rustc --explain E0152`.
[INFO] [stdout] 
[INFO] [stderr] error: could not compile `project_name` due to 3 previous errors
[INFO] [stderr] warning: build failed, waiting for other jobs to finish...
[INFO] [stderr] error: build failed
[INFO] running `Command { std: "docker" "inspect" "83b48888d5dc14bcccddff2811b1f8d04b0efde71521ad6a1a6160d078fd7d29", kill_on_drop: false }`
[INFO] running `Command { std: "docker" "rm" "-f" "83b48888d5dc14bcccddff2811b1f8d04b0efde71521ad6a1a6160d078fd7d29", kill_on_drop: false }`
[INFO] [stdout] 83b48888d5dc14bcccddff2811b1f8d04b0efde71521ad6a1a6160d078fd7d29
