[INFO] cloning repository https://github.com/DanCrank/ground_control
[INFO] running `Command { std: "git" "-c" "credential.helper=" "-c" "credential.helper=/workspace/cargo-home/bin/git-credential-null" "clone" "--bare" "https://github.com/DanCrank/ground_control" "/workspace/cache/git-repos/https%3A%2F%2Fgithub.com%2FDanCrank%2Fground_control", kill_on_drop: false }`
[INFO] [stderr] Cloning into bare repository '/workspace/cache/git-repos/https%3A%2F%2Fgithub.com%2FDanCrank%2Fground_control'...
[INFO] running `Command { std: "git" "rev-parse" "HEAD", kill_on_drop: false }`
[INFO] [stdout] 4fab4156484e2075f59eefd0d572d13b919dd2d8
[INFO] checking DanCrank/ground_control against beta-2021-10-15 for beta-1.56-3
[INFO] running `Command { std: "git" "clone" "/workspace/cache/git-repos/https%3A%2F%2Fgithub.com%2FDanCrank%2Fground_control" "/workspace/builds/worker-74/source", kill_on_drop: false }`
[INFO] [stderr] Cloning into '/workspace/builds/worker-74/source'...
[INFO] [stderr] done.
[INFO] validating manifest of git repo https://github.com/DanCrank/ground_control on toolchain beta-2021-10-15
[INFO] running `Command { std: "/workspace/cargo-home/bin/cargo" "+beta-2021-10-15" "metadata" "--manifest-path" "Cargo.toml" "--no-deps", kill_on_drop: false }`
[INFO] removed /workspace/builds/worker-74/source/.cargo/config
[INFO] started tweaking git repo https://github.com/DanCrank/ground_control
[INFO] finished tweaking git repo https://github.com/DanCrank/ground_control
[INFO] tweaked toml for git repo https://github.com/DanCrank/ground_control written to /workspace/builds/worker-74/source/Cargo.toml
[INFO] crate git repo https://github.com/DanCrank/ground_control already has a lockfile, it will not be regenerated
[INFO] running `Command { std: "/workspace/cargo-home/bin/cargo" "+beta-2021-10-15" "fetch" "--manifest-path" "Cargo.toml", kill_on_drop: false }`
[INFO] [stderr]     Blocking waiting for file lock on package cache
[INFO] [stderr]     Blocking waiting for file lock on package cache
[INFO] [stderr]  Downloading crates ...
[INFO] [stderr]   Downloaded sysfs_gpio v0.5.4
[INFO] [stderr]   Downloaded embedded-hal v0.2.5
[INFO] [stderr]   Downloaded spidev v0.4.1
[INFO] [stderr]   Downloaded cast v0.2.5
[INFO] [stderr]   Downloaded display-interface-i2c v0.4.0
[INFO] [stderr]   Downloaded i2cdev v0.4.4
[INFO] [stderr]   Downloaded display-interface v0.4.0
[INFO] [stderr]   Downloaded display-interface-spi v0.4.0
[INFO] [stderr]   Downloaded embedded-graphics v0.6.2
[INFO] [stderr]   Downloaded linux-embedded-hal v0.3.0
[INFO] [stderr]   Downloaded ssd1306 v0.5.2
[INFO] [stderr]   Downloaded rfm69 v0.4.0
[INFO] running `Command { std: "docker" "create" "-v" "/var/lib/crater-agent-workspace/builds/worker-74/target:/opt/rustwide/target:rw,Z" "-v" "/var/lib/crater-agent-workspace/builds/worker-74/source:/opt/rustwide/workdir:ro,Z" "-v" "/var/lib/crater-agent-workspace/cargo-home:/opt/rustwide/cargo-home:ro,Z" "-v" "/var/lib/crater-agent-workspace/rustup-home:/opt/rustwide/rustup-home:ro,Z" "-e" "SOURCE_DIR=/opt/rustwide/workdir" "-e" "CARGO_TARGET_DIR=/opt/rustwide/target" "-e" "CARGO_HOME=/opt/rustwide/cargo-home" "-e" "RUSTUP_HOME=/opt/rustwide/rustup-home" "-w" "/opt/rustwide/workdir" "-m" "1610612736" "--user" "0:0" "--network" "none" "ghcr.io/rust-lang/crates-build-env/linux@sha256:a89201d6b5b9fd45c15d5952ece0a0129e7e80cb26ec023fd59cf09bc26f1604" "/opt/rustwide/cargo-home/bin/cargo" "+beta-2021-10-15" "metadata" "--no-deps" "--format-version=1", kill_on_drop: false }`
[INFO] [stdout] e3001a76d92d6f90072fe71a925ca98e448b654129485c61915d74a70628772b
[INFO] running `Command { std: "docker" "start" "-a" "e3001a76d92d6f90072fe71a925ca98e448b654129485c61915d74a70628772b", kill_on_drop: false }`
[INFO] running `Command { std: "docker" "inspect" "e3001a76d92d6f90072fe71a925ca98e448b654129485c61915d74a70628772b", kill_on_drop: false }`
[INFO] running `Command { std: "docker" "rm" "-f" "e3001a76d92d6f90072fe71a925ca98e448b654129485c61915d74a70628772b", kill_on_drop: false }`
[INFO] [stdout] e3001a76d92d6f90072fe71a925ca98e448b654129485c61915d74a70628772b
[INFO] running `Command { std: "docker" "create" "-v" "/var/lib/crater-agent-workspace/builds/worker-74/target:/opt/rustwide/target:rw,Z" "-v" "/var/lib/crater-agent-workspace/builds/worker-74/source:/opt/rustwide/workdir:ro,Z" "-v" "/var/lib/crater-agent-workspace/cargo-home:/opt/rustwide/cargo-home:ro,Z" "-v" "/var/lib/crater-agent-workspace/rustup-home:/opt/rustwide/rustup-home:ro,Z" "-e" "SOURCE_DIR=/opt/rustwide/workdir" "-e" "CARGO_TARGET_DIR=/opt/rustwide/target" "-e" "CARGO_INCREMENTAL=0" "-e" "RUST_BACKTRACE=full" "-e" "RUSTFLAGS=--cap-lints=warn" "-e" "CARGO_HOME=/opt/rustwide/cargo-home" "-e" "RUSTUP_HOME=/opt/rustwide/rustup-home" "-w" "/opt/rustwide/workdir" "-m" "1610612736" "--user" "0:0" "--network" "none" "ghcr.io/rust-lang/crates-build-env/linux@sha256:a89201d6b5b9fd45c15d5952ece0a0129e7e80cb26ec023fd59cf09bc26f1604" "/opt/rustwide/cargo-home/bin/cargo" "+beta-2021-10-15" "check" "--frozen" "--all" "--all-targets" "--message-format=json", kill_on_drop: false }`
[INFO] [stdout] b44a96cef35521f76047e36ea35efbf92a465473ce59122705037344c2e6b7d0
[INFO] running `Command { std: "docker" "start" "-a" "b44a96cef35521f76047e36ea35efbf92a465473ce59122705037344c2e6b7d0", kill_on_drop: false }`
[INFO] [stderr]     Blocking waiting for file lock on package cache
[INFO] [stderr]    Compiling libc v0.2.94
[INFO] [stderr]     Checking nb v1.0.0
[INFO] [stderr]    Compiling nix v0.14.1
[INFO] [stderr]     Checking byteorder v1.4.3
[INFO] [stderr]    Compiling cc v1.0.67
[INFO] [stderr]     Checking display-interface v0.4.0
[INFO] [stderr]     Checking gimli v0.24.0
[INFO] [stderr]     Checking byte-slice-cast v0.3.5
[INFO] [stderr]     Checking object v0.24.0
[INFO] [stderr]     Checking rustc-demangle v0.1.19
[INFO] [stderr]    Compiling num-traits v0.2.14
[INFO] [stderr]    Compiling typenum v1.13.0
[INFO] [stderr]    Compiling error-chain v0.12.4
[INFO] [stderr]    Compiling miniz_oxide v0.4.4
[INFO] [stderr]    Compiling num-integer v0.1.44
[INFO] [stderr]    Compiling generic-array v0.14.4
[INFO] [stderr]    Compiling cast v0.2.5
[INFO] [stderr]     Checking nb v0.1.3
[INFO] [stderr]     Checking embedded-hal v0.2.5
[INFO] [stderr]     Checking embedded-graphics v0.6.2
[INFO] [stderr]     Checking display-interface-spi v0.4.0
[INFO] [stderr]     Checking display-interface-i2c v0.4.0
[INFO] [stderr]     Checking rfm69 v0.4.0
[INFO] [stderr]    Compiling backtrace v0.3.59
[INFO] [stderr]     Checking ssd1306 v0.5.2
[INFO] [stderr]     Checking ioctl-rs v0.1.6
[INFO] [stderr]     Checking serial-core v0.4.0
[INFO] [stderr]     Checking termios v0.2.2
[INFO] [stderr]     Checking time v0.1.44
[INFO] [stderr]     Checking rppal v0.12.0
[INFO] [stderr]     Checking serial-unix v0.4.0
[INFO] [stderr]     Checking chrono v0.4.19
[INFO] [stderr]     Checking addr2line v0.15.1
[INFO] [stderr]     Checking sysfs_gpio v0.5.4
[INFO] [stderr]     Checking spidev v0.4.1
[INFO] [stderr]     Checking i2cdev v0.4.4
[INFO] [stderr]     Checking linux-embedded-hal v0.3.0
[INFO] [stderr]     Checking ground_control v0.1.0 (/opt/rustwide/workdir)
[INFO] [stdout] error[E0583]: file not found for module `encryption_key`
[INFO] [stdout]   --> src/main.rs:45:1
[INFO] [stdout]    |
[INFO] [stdout] 45 | mod encryption_key;
[INFO] [stdout]    | ^^^^^^^^^^^^^^^^^^^
[INFO] [stdout]    |
[INFO] [stdout]    = help: to create the module `encryption_key`, create file "src/encryption_key.rs" or "src/encryption_key/mod.rs"
[INFO] [stdout] 
[INFO] [stdout] 
[INFO] [stdout] error[E0583]: file not found for module `encryption_key`
[INFO] [stdout]   --> src/main.rs:45:1
[INFO] [stdout]    |
[INFO] [stdout] 45 | mod encryption_key;
[INFO] [stdout]    | ^^^^^^^^^^^^^^^^^^^
[INFO] [stdout]    |
[INFO] [stdout]    = help: to create the module `encryption_key`, create file "src/encryption_key.rs" or "src/encryption_key/mod.rs"
[INFO] [stdout] 
[INFO] [stdout] 
[INFO] [stdout] error[E0432]: unresolved imports `crate::encryption_key::ENCRYPTION_KEY`, `crate::encryption_key::SYNC_WORDS`
[INFO] [stdout]   --> src/main.rs:41:30
[INFO] [stdout]    |
[INFO] [stdout] 41 | use crate::encryption_key::{ ENCRYPTION_KEY, SYNC_WORDS };
[INFO] [stdout]    |                              ^^^^^^^^^^^^^^  ^^^^^^^^^^ no `SYNC_WORDS` in `encryption_key`
[INFO] [stdout]    |                              |
[INFO] [stdout]    |                              no `ENCRYPTION_KEY` in `encryption_key`
[INFO] [stdout] 
[INFO] [stdout] 
[INFO] [stdout] error[E0432]: unresolved imports `crate::encryption_key::ENCRYPTION_KEY`, `crate::encryption_key::SYNC_WORDS`
[INFO] [stdout]   --> src/main.rs:41:30
[INFO] [stdout]    |
[INFO] [stdout] 41 | use crate::encryption_key::{ ENCRYPTION_KEY, SYNC_WORDS };
[INFO] [stdout]    |                              ^^^^^^^^^^^^^^  ^^^^^^^^^^ no `SYNC_WORDS` in `encryption_key`
[INFO] [stdout]    |                              |
[INFO] [stdout]    |                              no `ENCRYPTION_KEY` in `encryption_key`
[INFO] [stdout] 
[INFO] [stdout] 
[INFO] [stdout] warning: unused import: `registers::Registers`
[INFO] [stdout]  --> src/messages.rs:5:21
[INFO] [stdout]   |
[INFO] [stdout] 5 | use rfm69::{ Rfm69, registers::Registers };
[INFO] [stdout]   |                     ^^^^^^^^^^^^^^^^^^^^
[INFO] [stdout]   |
[INFO] [stdout]   = note: `#[warn(unused_imports)]` on by default
[INFO] [stdout] 
[INFO] [stdout] 
[INFO] [stdout] warning: unused import: `registers::Registers`
[INFO] [stdout]  --> src/messages.rs:5:21
[INFO] [stdout]   |
[INFO] [stdout] 5 | use rfm69::{ Rfm69, registers::Registers };
[INFO] [stdout]   |                     ^^^^^^^^^^^^^^^^^^^^
[INFO] [stdout]   |
[INFO] [stdout]   = note: `#[warn(unused_imports)]` on by default
[INFO] [stdout] 
[INFO] [stdout] 
[INFO] [stderr] error: could not compile `ground_control` due to 3 previous errors; 1 warning emitted
[INFO] [stdout] error: aborting due to 2 previous errors; 1 warning emitted
[INFO] [stdout] 
[INFO] [stdout] 
[INFO] [stderr] warning: build failed, waiting for other jobs to finish...
[INFO] [stdout] error: aborting due to 2 previous errors; 1 warning emitted
[INFO] [stdout] 
[INFO] [stdout] 
[INFO] [stderr] error: build failed
[INFO] [stdout] Some errors have detailed explanations: E0432, E0583.
[INFO] [stdout] 
[INFO] [stdout] For more information about an error, try `rustc --explain E0432`.
[INFO] [stdout] 
[INFO] [stdout] Some errors have detailed explanations: E0432, E0583.
[INFO] [stdout] 
[INFO] [stdout] For more information about an error, try `rustc --explain E0432`.
[INFO] [stdout] 
[INFO] running `Command { std: "docker" "inspect" "b44a96cef35521f76047e36ea35efbf92a465473ce59122705037344c2e6b7d0", kill_on_drop: false }`
[INFO] running `Command { std: "docker" "rm" "-f" "b44a96cef35521f76047e36ea35efbf92a465473ce59122705037344c2e6b7d0", kill_on_drop: false }`
[INFO] [stdout] b44a96cef35521f76047e36ea35efbf92a465473ce59122705037344c2e6b7d0
