[INFO] cloning repository https://github.com/Curtion/HearthStone-TavernBrawl-AutoReConn
[INFO] running `Command { std: "git" "-c" "credential.helper=" "-c" "credential.helper=/workspace/cargo-home/bin/git-credential-null" "clone" "--bare" "https://github.com/Curtion/HearthStone-TavernBrawl-AutoReConn" "/workspace/cache/git-repos/https%3A%2F%2Fgithub.com%2FCurtion%2FHearthStone-TavernBrawl-AutoReConn", kill_on_drop: false }`
[INFO] [stderr] Cloning into bare repository '/workspace/cache/git-repos/https%3A%2F%2Fgithub.com%2FCurtion%2FHearthStone-TavernBrawl-AutoReConn'...
[INFO] running `Command { std: "git" "rev-parse" "HEAD", kill_on_drop: false }`
[INFO] [stdout] 932e109db88f6ac6baeda0e8ccbb35675de8bff4
[INFO] checking Curtion/HearthStone-TavernBrawl-AutoReConn against 1.55.0 for beta-1.56-3
[INFO] running `Command { std: "git" "clone" "/workspace/cache/git-repos/https%3A%2F%2Fgithub.com%2FCurtion%2FHearthStone-TavernBrawl-AutoReConn" "/workspace/builds/worker-13/source", kill_on_drop: false }`
[INFO] [stderr] Cloning into '/workspace/builds/worker-13/source'...
[INFO] [stderr] done.
[INFO] validating manifest of git repo https://github.com/Curtion/HearthStone-TavernBrawl-AutoReConn on toolchain 1.55.0
[INFO] running `Command { std: "/workspace/cargo-home/bin/cargo" "+1.55.0" "metadata" "--manifest-path" "Cargo.toml" "--no-deps", kill_on_drop: false }`
[INFO] started tweaking git repo https://github.com/Curtion/HearthStone-TavernBrawl-AutoReConn
[INFO] finished tweaking git repo https://github.com/Curtion/HearthStone-TavernBrawl-AutoReConn
[INFO] tweaked toml for git repo https://github.com/Curtion/HearthStone-TavernBrawl-AutoReConn written to /workspace/builds/worker-13/source/Cargo.toml
[INFO] crate git repo https://github.com/Curtion/HearthStone-TavernBrawl-AutoReConn already has a lockfile, it will not be regenerated
[INFO] running `Command { std: "/workspace/cargo-home/bin/cargo" "+1.55.0" "fetch" "--manifest-path" "Cargo.toml", kill_on_drop: false }`
[INFO] [stderr]  Downloading crates ...
[INFO] [stderr]   Downloaded atk v0.8.0
[INFO] [stderr]   Downloaded gdk-pixbuf v0.8.0
[INFO] [stderr]   Downloaded cairo-rs v0.8.1
[INFO] [stderr]   Downloaded glib v0.9.3
[INFO] [stderr]   Downloaded gtk v0.8.1
[INFO] [stderr]   Downloaded cairo-sys-rs v0.9.2
[INFO] [stderr]   Downloaded gtk-sys v0.9.2
[INFO] [stderr]   Downloaded libappindicator-sys v0.4.0
[INFO] [stderr]   Downloaded libappindicator v0.5.1
[INFO] [stderr]   Downloaded bindgen v0.52.0
[INFO] [stderr]   Downloaded gio-sys v0.9.1
[INFO] [stderr]   Downloaded hotkey v0.3.1
[INFO] [stderr]   Downloaded atk-sys v0.9.1
[INFO] [stderr]   Downloaded clang-sys v0.28.1
[INFO] [stderr]   Downloaded gdk-sys v0.9.1
[INFO] [stderr]   Downloaded textcode v0.1.2
[INFO] [stderr]   Downloaded glib-sys v0.9.1
[INFO] [stderr]   Downloaded webbrowser v0.5.5
[INFO] [stderr]   Downloaded systray v0.4.0
[INFO] [stderr]   Downloaded gdk-pixbuf-sys v0.9.1
[INFO] [stderr]   Downloaded gobject-sys v0.9.1
[INFO] [stderr]   Downloaded pango-sys v0.9.1
[INFO] [stderr]   Downloaded pango v0.8.0
[INFO] [stderr]   Downloaded gdk v0.12.1
[INFO] [stderr]   Downloaded cexpr v0.3.6
[INFO] [stderr]   Downloaded gio v0.8.1
[INFO] running `Command { std: "docker" "create" "-v" "/var/lib/crater-agent-workspace/builds/worker-13/target:/opt/rustwide/target:rw,Z" "-v" "/var/lib/crater-agent-workspace/builds/worker-13/source:/opt/rustwide/workdir:ro,Z" "-v" "/var/lib/crater-agent-workspace/cargo-home:/opt/rustwide/cargo-home:ro,Z" "-v" "/var/lib/crater-agent-workspace/rustup-home:/opt/rustwide/rustup-home:ro,Z" "-e" "SOURCE_DIR=/opt/rustwide/workdir" "-e" "CARGO_TARGET_DIR=/opt/rustwide/target" "-e" "CARGO_HOME=/opt/rustwide/cargo-home" "-e" "RUSTUP_HOME=/opt/rustwide/rustup-home" "-w" "/opt/rustwide/workdir" "-m" "1610612736" "--user" "0:0" "--network" "none" "ghcr.io/rust-lang/crates-build-env/linux@sha256:a89201d6b5b9fd45c15d5952ece0a0129e7e80cb26ec023fd59cf09bc26f1604" "/opt/rustwide/cargo-home/bin/cargo" "+1.55.0" "metadata" "--no-deps" "--format-version=1", kill_on_drop: false }`
[INFO] [stdout] 2bb66c353d3af3faceda9ec932c932dffa5ef4dea80f0b82cabd08b151f669ad
[INFO] [stderr] WARNING: Your kernel does not support swap limit capabilities or the cgroup is not mounted. Memory limited without swap.
[INFO] running `Command { std: "docker" "start" "-a" "2bb66c353d3af3faceda9ec932c932dffa5ef4dea80f0b82cabd08b151f669ad", kill_on_drop: false }`
[INFO] running `Command { std: "docker" "inspect" "2bb66c353d3af3faceda9ec932c932dffa5ef4dea80f0b82cabd08b151f669ad", kill_on_drop: false }`
[INFO] running `Command { std: "docker" "rm" "-f" "2bb66c353d3af3faceda9ec932c932dffa5ef4dea80f0b82cabd08b151f669ad", kill_on_drop: false }`
[INFO] [stdout] 2bb66c353d3af3faceda9ec932c932dffa5ef4dea80f0b82cabd08b151f669ad
[INFO] running `Command { std: "docker" "create" "-v" "/var/lib/crater-agent-workspace/builds/worker-13/target:/opt/rustwide/target:rw,Z" "-v" "/var/lib/crater-agent-workspace/builds/worker-13/source:/opt/rustwide/workdir:ro,Z" "-v" "/var/lib/crater-agent-workspace/cargo-home:/opt/rustwide/cargo-home:ro,Z" "-v" "/var/lib/crater-agent-workspace/rustup-home:/opt/rustwide/rustup-home:ro,Z" "-e" "SOURCE_DIR=/opt/rustwide/workdir" "-e" "CARGO_TARGET_DIR=/opt/rustwide/target" "-e" "CARGO_INCREMENTAL=0" "-e" "RUST_BACKTRACE=full" "-e" "RUSTFLAGS=--cap-lints=warn" "-e" "CARGO_HOME=/opt/rustwide/cargo-home" "-e" "RUSTUP_HOME=/opt/rustwide/rustup-home" "-w" "/opt/rustwide/workdir" "-m" "1610612736" "--user" "0:0" "--network" "none" "ghcr.io/rust-lang/crates-build-env/linux@sha256:a89201d6b5b9fd45c15d5952ece0a0129e7e80cb26ec023fd59cf09bc26f1604" "/opt/rustwide/cargo-home/bin/cargo" "+1.55.0" "check" "--frozen" "--all" "--all-targets" "--message-format=json", kill_on_drop: false }`
[INFO] [stdout] 255f2f580813005f77c3acb3608f7ae8548b262e75dfe54bc32a4d54e0da753c
[INFO] [stderr] WARNING: Your kernel does not support swap limit capabilities or the cgroup is not mounted. Memory limited without swap.
[INFO] running `Command { std: "docker" "start" "-a" "255f2f580813005f77c3acb3608f7ae8548b262e75dfe54bc32a4d54e0da753c", kill_on_drop: false }`
[INFO] [stderr]     Checking futures-task v0.3.14
[INFO] [stderr]    Compiling gio v0.8.1
[INFO] [stderr]    Compiling bindgen v0.52.0
[INFO] [stderr]    Compiling cairo-rs v0.8.1
[INFO] [stderr]    Compiling gdk-pixbuf v0.8.0
[INFO] [stderr]    Compiling pango v0.8.0
[INFO] [stderr]    Compiling gdk v0.12.1
[INFO] [stderr]    Compiling atk v0.8.0
[INFO] [stderr]    Compiling gtk v0.8.1
[INFO] [stderr]     Checking webbrowser v0.5.5
[INFO] [stderr]     Checking textcode v0.1.2
[INFO] [stderr]    Compiling glib-sys v0.9.1
[INFO] [stderr]    Compiling gobject-sys v0.9.1
[INFO] [stderr]    Compiling gio-sys v0.9.1
[INFO] [stderr]    Compiling gdk-pixbuf-sys v0.9.1
[INFO] [stderr]    Compiling cairo-sys-rs v0.9.2
[INFO] [stderr]    Compiling pango-sys v0.9.1
[INFO] [stderr]    Compiling gdk-sys v0.9.1
[INFO] [stderr]    Compiling atk-sys v0.9.1
[INFO] [stderr]    Compiling gtk-sys v0.9.2
[INFO] [stderr]     Checking futures-channel v0.3.14
[INFO] [stderr]    Compiling libloading v0.5.2
[INFO] [stderr]    Compiling serde v1.0.125
[INFO] [stderr]     Checking time v0.1.44
[INFO] [stderr]    Compiling atty v0.2.14
[INFO] [stderr]    Compiling which v3.1.1
[INFO] [stderr]    Compiling nom v4.2.3
[INFO] [stderr]     Checking x11-dl v2.18.5
[INFO] [stderr]    Compiling syn v1.0.72
[INFO] [stderr]    Compiling env_logger v0.7.1
[INFO] [stderr]    Compiling clap v2.33.3
[INFO] [stderr]     Checking chrono v0.4.19
[INFO] [stderr]    Compiling clang-sys v0.28.1
[INFO] [stderr]    Compiling cexpr v0.3.6
[INFO] [stderr]     Checking simplelog v0.10.0
[INFO] [stderr]     Checking hotkey v0.3.1
[INFO] [stderr]    Compiling toml v0.5.8
[INFO] [stderr]    Compiling winres v0.1.11
[INFO] [stderr]    Compiling futures-macro v0.3.14
[INFO] [stderr]    Compiling hsarec v0.1.0 (/opt/rustwide/workdir)
[INFO] [stderr]     Checking futures-util v0.3.14
[INFO] [stderr]    Compiling libappindicator-sys v0.4.0
[INFO] [stderr]     Checking futures-executor v0.3.14
[INFO] [stderr]     Checking glib v0.9.3
[INFO] [stderr]     Checking libappindicator v0.5.1
[INFO] [stderr]     Checking systray v0.4.0
[INFO] [stdout] error[E0433]: failed to resolve: could not find `windows` in `os`
[INFO] [stdout]  --> src/program.rs:1:14
[INFO] [stdout]   |
[INFO] [stdout] 1 | use std::os::windows::process::CommandExt;
[INFO] [stdout]   |              ^^^^^^^ could not find `windows` in `os`
[INFO] [stdout] 
[INFO] [stdout] 
[INFO] [stdout] error[E0433]: failed to resolve: could not find `windows` in `os`
[INFO] [stdout]  --> src/program.rs:1:14
[INFO] [stdout]   |
[INFO] [stdout] 1 | use std::os::windows::process::CommandExt;
[INFO] [stdout]   |              ^^^^^^^ could not find `windows` in `os`
[INFO] [stdout] 
[INFO] [stdout] 
[INFO] [stdout] error[E0599]: no method named `set_icon_from_buffer` found for struct `Application` in the current scope
[INFO] [stdout]   --> src/main.rs:49:9
[INFO] [stdout]    |
[INFO] [stdout] 49 |     app.set_icon_from_buffer(icon, 64, 64)?;
[INFO] [stdout]    |         ^^^^^^^^^^^^^^^^^^^^ help: there is an associated function with a similar name: `set_icon_from_file`
[INFO] [stdout] 
[INFO] [stdout] 
[INFO] [stdout] error[E0599]: no method named `set_icon_from_buffer` found for struct `Application` in the current scope
[INFO] [stdout]   --> src/main.rs:49:9
[INFO] [stdout]    |
[INFO] [stdout] 49 |     app.set_icon_from_buffer(icon, 64, 64)?;
[INFO] [stdout]    |         ^^^^^^^^^^^^^^^^^^^^ help: there is an associated function with a similar name: `set_icon_from_file`
[INFO] [stdout] 
[INFO] [stdout] 
[INFO] [stdout] error[E0599]: no method named `creation_flags` found for mutable reference `&mut Command` in the current scope
[INFO] [stdout]   --> src/program.rs:17:6
[INFO] [stdout]    |
[INFO] [stdout] 17 |     .creation_flags(CREATE_NO_WINDOW);
[INFO] [stdout]    |      ^^^^^^^^^^^^^^ method not found in `&mut Command`
[INFO] [stdout] 
[INFO] [stdout] 
[INFO] [stdout] error[E0599]: no method named `creation_flags` found for mutable reference `&mut Command` in the current scope
[INFO] [stdout]   --> src/program.rs:17:6
[INFO] [stdout]    |
[INFO] [stdout] 17 |     .creation_flags(CREATE_NO_WINDOW);
[INFO] [stdout]    |      ^^^^^^^^^^^^^^ method not found in `&mut Command`
[INFO] [stdout] 
[INFO] [stdout] 
[INFO] [stdout] error[E0599]: no method named `creation_flags` found for mutable reference `&mut Command` in the current scope
[INFO] [stdout]   --> src/program.rs:37:6
[INFO] [stdout]    |
[INFO] [stdout] 37 |     .creation_flags(CREATE_NO_WINDOW);
[INFO] [stdout]    |      ^^^^^^^^^^^^^^ method not found in `&mut Command`
[INFO] [stdout] 
[INFO] [stdout] 
[INFO] [stdout] error[E0599]: no method named `creation_flags` found for mutable reference `&mut Command` in the current scope
[INFO] [stdout]   --> src/program.rs:37:6
[INFO] [stdout]    |
[INFO] [stdout] 37 |     .creation_flags(CREATE_NO_WINDOW);
[INFO] [stdout]    |      ^^^^^^^^^^^^^^ method not found in `&mut Command`
[INFO] [stdout] 
[INFO] [stdout] 
[INFO] [stdout] error[E0599]: no method named `creation_flags` found for mutable reference `&mut Command` in the current scope
[INFO] [stdout]   --> src/program.rs:66:6
[INFO] [stdout]    |
[INFO] [stdout] 66 |     .creation_flags(CREATE_NO_WINDOW);
[INFO] [stdout]    |      ^^^^^^^^^^^^^^ method not found in `&mut Command`
[INFO] [stdout] 
[INFO] [stdout] 
[INFO] [stdout] error[E0599]: no method named `creation_flags` found for mutable reference `&mut Command` in the current scope
[INFO] [stdout]   --> src/program.rs:66:6
[INFO] [stdout]    |
[INFO] [stdout] 66 |     .creation_flags(CREATE_NO_WINDOW);
[INFO] [stdout]    |      ^^^^^^^^^^^^^^ method not found in `&mut Command`
[INFO] [stdout] 
[INFO] [stdout] 
[INFO] [stdout] error[E0599]: no method named `creation_flags` found for mutable reference `&mut Command` in the current scope
[INFO] [stdout]   --> src/program.rs:86:6
[INFO] [stdout]    |
[INFO] [stdout] 86 |     .creation_flags(CREATE_NO_WINDOW);
[INFO] [stdout]    |      ^^^^^^^^^^^^^^ method not found in `&mut Command`
[INFO] [stdout] 
[INFO] [stdout] 
[INFO] [stdout] error[E0599]: no method named `creation_flags` found for mutable reference `&mut Command` in the current scope
[INFO] [stdout]   --> src/program.rs:86:6
[INFO] [stdout]    |
[INFO] [stdout] 86 |     .creation_flags(CREATE_NO_WINDOW);
[INFO] [stdout]    |      ^^^^^^^^^^^^^^ method not found in `&mut Command`
[INFO] [stdout] 
[INFO] [stdout] 
[INFO] [stdout] error[E0599]: no method named `creation_flags` found for mutable reference `&mut Command` in the current scope
[INFO] [stdout]    --> src/program.rs:106:6
[INFO] [stdout]     |
[INFO] [stdout] 106 |     .creation_flags(CREATE_NO_WINDOW);
[INFO] [stdout]     |      ^^^^^^^^^^^^^^ method not found in `&mut Command`
[INFO] [stdout] 
[INFO] [stdout] 
[INFO] [stdout] error: aborting due to 7 previous errors
[INFO] [stdout] 
[INFO] [stdout] 
[INFO] [stdout] Some errors have detailed explanations: E0433, E0599.
[INFO] [stdout] 
[INFO] [stdout] For more information about an error, try `rustc --explain E0433`.
[INFO] [stdout] 
[INFO] [stdout] error[E0599]: no method named `creation_flags` found for mutable reference `&mut Command` in the current scope
[INFO] [stdout]    --> src/program.rs:106:6
[INFO] [stdout]     |
[INFO] [stdout] 106 |     .creation_flags(CREATE_NO_WINDOW);
[INFO] [stdout]     |      ^^^^^^^^^^^^^^ method not found in `&mut Command`
[INFO] [stdout] 
[INFO] [stdout] 
[INFO] [stderr] error: could not compile `hsarec` due to 8 previous errors
[INFO] [stderr] warning: build failed, waiting for other jobs to finish...
[INFO] [stdout] error: aborting due to 7 previous errors
[INFO] [stdout] 
[INFO] [stdout] 
[INFO] [stdout] Some errors have detailed explanations: E0433, E0599.
[INFO] [stdout] 
[INFO] [stdout] For more information about an error, try `rustc --explain E0433`.
[INFO] [stdout] 
[INFO] [stderr] error: build failed
[INFO] running `Command { std: "docker" "inspect" "255f2f580813005f77c3acb3608f7ae8548b262e75dfe54bc32a4d54e0da753c", kill_on_drop: false }`
[INFO] running `Command { std: "docker" "rm" "-f" "255f2f580813005f77c3acb3608f7ae8548b262e75dfe54bc32a4d54e0da753c", kill_on_drop: false }`
[INFO] [stdout] 255f2f580813005f77c3acb3608f7ae8548b262e75dfe54bc32a4d54e0da753c
