[INFO] cloning repository https://github.com/Curti-s/traits_practice
[INFO] running `Command { std: "git" "-c" "credential.helper=" "-c" "credential.helper=/workspace/cargo-home/bin/git-credential-null" "clone" "--bare" "https://github.com/Curti-s/traits_practice" "/workspace/cache/git-repos/https%3A%2F%2Fgithub.com%2FCurti-s%2Ftraits_practice", kill_on_drop: false }`
[INFO] [stderr] Cloning into bare repository '/workspace/cache/git-repos/https%3A%2F%2Fgithub.com%2FCurti-s%2Ftraits_practice'...
[INFO] running `Command { std: "git" "rev-parse" "HEAD", kill_on_drop: false }`
[INFO] [stdout] e56f14d29344eabf08b0efb5138aa938ae448db2
[INFO] checking Curti-s/traits_practice against beta-2021-10-15 for beta-1.56-3
[INFO] running `Command { std: "git" "clone" "/workspace/cache/git-repos/https%3A%2F%2Fgithub.com%2FCurti-s%2Ftraits_practice" "/workspace/builds/worker-3/source", kill_on_drop: false }`
[INFO] [stderr] Cloning into '/workspace/builds/worker-3/source'...
[INFO] [stderr] done.
[INFO] validating manifest of git repo https://github.com/Curti-s/traits_practice on toolchain beta-2021-10-15
[INFO] running `Command { std: "/workspace/cargo-home/bin/cargo" "+beta-2021-10-15" "metadata" "--manifest-path" "Cargo.toml" "--no-deps", kill_on_drop: false }`
[INFO] started tweaking git repo https://github.com/Curti-s/traits_practice
[INFO] finished tweaking git repo https://github.com/Curti-s/traits_practice
[INFO] tweaked toml for git repo https://github.com/Curti-s/traits_practice written to /workspace/builds/worker-3/source/Cargo.toml
[INFO] crate git repo https://github.com/Curti-s/traits_practice already has a lockfile, it will not be regenerated
[INFO] running `Command { std: "/workspace/cargo-home/bin/cargo" "+beta-2021-10-15" "fetch" "--manifest-path" "Cargo.toml", kill_on_drop: false }`
[INFO] running `Command { std: "docker" "create" "-v" "/var/lib/crater-agent-workspace/builds/worker-3/target:/opt/rustwide/target:rw,Z" "-v" "/var/lib/crater-agent-workspace/builds/worker-3/source:/opt/rustwide/workdir:ro,Z" "-v" "/var/lib/crater-agent-workspace/cargo-home:/opt/rustwide/cargo-home:ro,Z" "-v" "/var/lib/crater-agent-workspace/rustup-home:/opt/rustwide/rustup-home:ro,Z" "-e" "SOURCE_DIR=/opt/rustwide/workdir" "-e" "CARGO_TARGET_DIR=/opt/rustwide/target" "-e" "CARGO_HOME=/opt/rustwide/cargo-home" "-e" "RUSTUP_HOME=/opt/rustwide/rustup-home" "-w" "/opt/rustwide/workdir" "-m" "1610612736" "--user" "0:0" "--network" "none" "ghcr.io/rust-lang/crates-build-env/linux@sha256:a89201d6b5b9fd45c15d5952ece0a0129e7e80cb26ec023fd59cf09bc26f1604" "/opt/rustwide/cargo-home/bin/cargo" "+beta-2021-10-15" "metadata" "--no-deps" "--format-version=1", kill_on_drop: false }`
[INFO] [stderr] WARNING: Your kernel does not support swap limit capabilities or the cgroup is not mounted. Memory limited without swap.
[INFO] [stdout] 093fd2963ede42a2594c83796b37a749dfc8d142b3c519f03ed3d10e30099563
[INFO] running `Command { std: "docker" "start" "-a" "093fd2963ede42a2594c83796b37a749dfc8d142b3c519f03ed3d10e30099563", kill_on_drop: false }`
[INFO] running `Command { std: "docker" "inspect" "093fd2963ede42a2594c83796b37a749dfc8d142b3c519f03ed3d10e30099563", kill_on_drop: false }`
[INFO] running `Command { std: "docker" "rm" "-f" "093fd2963ede42a2594c83796b37a749dfc8d142b3c519f03ed3d10e30099563", kill_on_drop: false }`
[INFO] [stdout] 093fd2963ede42a2594c83796b37a749dfc8d142b3c519f03ed3d10e30099563
[INFO] running `Command { std: "docker" "create" "-v" "/var/lib/crater-agent-workspace/builds/worker-3/target:/opt/rustwide/target:rw,Z" "-v" "/var/lib/crater-agent-workspace/builds/worker-3/source:/opt/rustwide/workdir:ro,Z" "-v" "/var/lib/crater-agent-workspace/cargo-home:/opt/rustwide/cargo-home:ro,Z" "-v" "/var/lib/crater-agent-workspace/rustup-home:/opt/rustwide/rustup-home:ro,Z" "-e" "SOURCE_DIR=/opt/rustwide/workdir" "-e" "CARGO_TARGET_DIR=/opt/rustwide/target" "-e" "CARGO_INCREMENTAL=0" "-e" "RUST_BACKTRACE=full" "-e" "RUSTFLAGS=--cap-lints=warn" "-e" "CARGO_HOME=/opt/rustwide/cargo-home" "-e" "RUSTUP_HOME=/opt/rustwide/rustup-home" "-w" "/opt/rustwide/workdir" "-m" "1610612736" "--user" "0:0" "--network" "none" "ghcr.io/rust-lang/crates-build-env/linux@sha256:a89201d6b5b9fd45c15d5952ece0a0129e7e80cb26ec023fd59cf09bc26f1604" "/opt/rustwide/cargo-home/bin/cargo" "+beta-2021-10-15" "check" "--frozen" "--all" "--all-targets" "--message-format=json", kill_on_drop: false }`
[INFO] [stdout] 639c780caef5a88e1ff753e1cf52315be31adf5ddee322e73c4dd90ece3cb258
[INFO] [stderr] WARNING: Your kernel does not support swap limit capabilities or the cgroup is not mounted. Memory limited without swap.
[INFO] running `Command { std: "docker" "start" "-a" "639c780caef5a88e1ff753e1cf52315be31adf5ddee322e73c4dd90ece3cb258", kill_on_drop: false }`
[INFO] [stderr]     Checking traits v0.1.0 (/opt/rustwide/workdir)
[INFO] [stdout] error[E0277]: `impl Summary` doesn't implement `std::fmt::Display`
[INFO] [stdout]   --> src/main.rs:37:20
[INFO] [stdout]    |
[INFO] [stdout] 37 |     println!("{}", summary_tweet);
[INFO] [stdout]    |                    ^^^^^^^^^^^^^ `impl Summary` cannot be formatted with the default formatter
[INFO] [stdout]    |
[INFO] [stdout]    = help: the trait `std::fmt::Display` is not implemented for `impl Summary`
[INFO] [stdout]    = note: in format strings you may be able to use `{:?}` (or {:#?} for pretty-print) instead
[INFO] [stdout]    = note: this error originates in the macro `$crate::format_args_nl` (in Nightly builds, run with -Z macro-backtrace for more info)
[INFO] [stdout] 
[INFO] [stdout] 
[INFO] [stdout] error[E0277]: `impl Summary` doesn't implement `Debug`
[INFO] [stdout]   --> src/main.rs:46:22
[INFO] [stdout]    |
[INFO] [stdout] 46 |     println!("{:?}", summary_news_article);
[INFO] [stdout]    |                      ^^^^^^^^^^^^^^^^^^^^ `impl Summary` cannot be formatted using `{:?}` because it doesn't implement `Debug`
[INFO] [stdout]    |
[INFO] [stdout]    = help: the trait `Debug` is not implemented for `impl Summary`
[INFO] [stdout]    = note: this error originates in the macro `$crate::format_args_nl` (in Nightly builds, run with -Z macro-backtrace for more info)
[INFO] [stdout] 
[INFO] [stdout] 
[INFO] [stdout] error: aborting due to 2 previous errors
[INFO] [stdout] 
[INFO] [stdout] 
[INFO] [stdout] For more information about this error, try `rustc --explain E0277`.
[INFO] [stdout] 
[INFO] [stderr] error: could not compile `traits` due to 3 previous errors
[INFO] [stderr] warning: build failed, waiting for other jobs to finish...
[INFO] [stdout] error[E0277]: `impl traits::summary::Summary` doesn't implement `std::fmt::Display`
[INFO] [stdout]   --> src/main.rs:37:20
[INFO] [stdout]    |
[INFO] [stdout] 37 |     println!("{}", summary_tweet);
[INFO] [stdout]    |                    ^^^^^^^^^^^^^ `impl traits::summary::Summary` cannot be formatted with the default formatter
[INFO] [stdout]    |
[INFO] [stdout]    = help: the trait `std::fmt::Display` is not implemented for `impl traits::summary::Summary`
[INFO] [stdout]    = note: in format strings you may be able to use `{:?}` (or {:#?} for pretty-print) instead
[INFO] [stdout]    = note: this error originates in the macro `$crate::format_args_nl` (in Nightly builds, run with -Z macro-backtrace for more info)
[INFO] [stdout] 
[INFO] [stdout] 
[INFO] [stdout] error[E0277]: `impl traits::summary::Summary` doesn't implement `Debug`
[INFO] [stdout]   --> src/main.rs:46:22
[INFO] [stdout]    |
[INFO] [stdout] 46 |     println!("{:?}", summary_news_article);
[INFO] [stdout]    |                      ^^^^^^^^^^^^^^^^^^^^ `impl traits::summary::Summary` cannot be formatted using `{:?}` because it doesn't implement `Debug`
[INFO] [stdout]    |
[INFO] [stdout]    = help: the trait `Debug` is not implemented for `impl traits::summary::Summary`
[INFO] [stdout]    = note: this error originates in the macro `$crate::format_args_nl` (in Nightly builds, run with -Z macro-backtrace for more info)
[INFO] [stdout] 
[INFO] [stdout] 
[INFO] [stdout] error: aborting due to 2 previous errors
[INFO] [stdout] 
[INFO] [stdout] 
[INFO] [stdout] For more information about this error, try `rustc --explain E0277`.
[INFO] [stdout] 
[INFO] [stderr] error: build failed
[INFO] running `Command { std: "docker" "inspect" "639c780caef5a88e1ff753e1cf52315be31adf5ddee322e73c4dd90ece3cb258", kill_on_drop: false }`
[INFO] running `Command { std: "docker" "rm" "-f" "639c780caef5a88e1ff753e1cf52315be31adf5ddee322e73c4dd90ece3cb258", kill_on_drop: false }`
[INFO] [stdout] 639c780caef5a88e1ff753e1cf52315be31adf5ddee322e73c4dd90ece3cb258
