[INFO] cloning repository https://github.com/CryptoDocID/memebot
[INFO] running `Command { std: "git" "-c" "credential.helper=" "-c" "credential.helper=/workspace/cargo-home/bin/git-credential-null" "clone" "--bare" "https://github.com/CryptoDocID/memebot" "/workspace/cache/git-repos/https%3A%2F%2Fgithub.com%2FCryptoDocID%2Fmemebot", kill_on_drop: false }`
[INFO] [stderr] Cloning into bare repository '/workspace/cache/git-repos/https%3A%2F%2Fgithub.com%2FCryptoDocID%2Fmemebot'...
[INFO] running `Command { std: "git" "rev-parse" "HEAD", kill_on_drop: false }`
[INFO] [stdout] 15de0bf633d3399ce76d9bef178fb654b47b3bb7
[INFO] checking CryptoDocID/memebot against beta-2021-10-15 for beta-1.56-3
[INFO] running `Command { std: "git" "clone" "/workspace/cache/git-repos/https%3A%2F%2Fgithub.com%2FCryptoDocID%2Fmemebot" "/workspace/builds/worker-11/source", kill_on_drop: false }`
[INFO] [stderr] Cloning into '/workspace/builds/worker-11/source'...
[INFO] [stderr] done.
[INFO] validating manifest of git repo https://github.com/CryptoDocID/memebot on toolchain beta-2021-10-15
[INFO] running `Command { std: "/workspace/cargo-home/bin/cargo" "+beta-2021-10-15" "metadata" "--manifest-path" "Cargo.toml" "--no-deps", kill_on_drop: false }`
[INFO] started tweaking git repo https://github.com/CryptoDocID/memebot
[INFO] finished tweaking git repo https://github.com/CryptoDocID/memebot
[INFO] tweaked toml for git repo https://github.com/CryptoDocID/memebot written to /workspace/builds/worker-11/source/Cargo.toml
[INFO] crate git repo https://github.com/CryptoDocID/memebot already has a lockfile, it will not be regenerated
[INFO] running `Command { std: "/workspace/cargo-home/bin/cargo" "+beta-2021-10-15" "fetch" "--manifest-path" "Cargo.toml", kill_on_drop: false }`
[INFO] [stderr]     Updating git repository `https://github.com/joek13/imageproc.git`
[INFO] [stderr]     Updating git repository `https://github.com/zeyla/serenity.git`
[INFO] [stderr]     Blocking waiting for file lock on package cache
[INFO] [stderr]  Downloading crates ...
[INFO] [stderr]   Downloaded toml v0.4.2
[INFO] [stderr]   Downloaded time v0.1.37
[INFO] [stderr]   Downloaded serde v1.0.9
[INFO] [stderr]   Downloaded unicode-bidi v0.3.3
[INFO] [stderr]   Downloaded version_check v0.1.2
[INFO] [stderr]   Downloaded deflate v0.7.12
[INFO] [stderr]   Downloaded secur32-sys v0.2.0
[INFO] [stderr]   Downloaded security-framework v0.1.14
[INFO] [stderr]   Downloaded openssl-sys v0.9.14
[INFO] [stderr]   Downloaded gcc v0.3.51
[INFO] [stderr]   Downloaded flate2 v0.2.19
[INFO] [stderr]   Downloaded num-integer v0.1.34
[INFO] [stderr]   Downloaded num-bigint v0.1.39
[INFO] [stderr]   Downloaded num-complex v0.1.38
[INFO] [stderr]   Downloaded num-rational v0.1.38
[INFO] [stderr]   Downloaded libc v0.2.24
[INFO] [stderr]   Downloaded itertools v0.6.0
[INFO] [stderr]   Downloaded redox_syscall v0.1.19
[INFO] [stderr]   Downloaded miniz-sys v0.1.9
[INFO] [stderr]   Downloaded chrono v0.4.0
[INFO] [stderr]   Downloaded num-traits v0.1.39
[INFO] [stderr]   Downloaded multipart v0.13.1
[INFO] [stderr]   Downloaded serde_derive_internals v0.15.1
[INFO] [stderr]   Downloaded serde_derive v1.0.9
[INFO] [stderr]   Downloaded num v0.1.39
[INFO] [stderr]   Downloaded openssl v0.9.14
[INFO] [stderr]   Downloaded hyper v0.10.12
[INFO] [stderr]   Downloaded idna v0.1.2
[INFO] [stderr]   Downloaded serde_json v1.0.2
[INFO] [stderr]   Downloaded byteorder v1.0.0
[INFO] [stderr]   Downloaded advapi32-sys v0.2.0
[INFO] [stderr]   Downloaded security-framework-sys v0.1.14
[INFO] [stderr]   Downloaded crypt32-sys v0.2.0
[INFO] [stderr]   Downloaded schannel v0.1.7
[INFO] [stderr]   Downloaded websocket v0.20.2
[INFO] [stderr]   Downloaded term_size v0.3.0
[INFO] [stderr]   Downloaded native-tls v0.1.4
[INFO] [stderr]   Downloaded textwrap v0.6.0
[INFO] running `Command { std: "docker" "create" "-v" "/var/lib/crater-agent-workspace/builds/worker-11/target:/opt/rustwide/target:rw,Z" "-v" "/var/lib/crater-agent-workspace/builds/worker-11/source:/opt/rustwide/workdir:ro,Z" "-v" "/var/lib/crater-agent-workspace/cargo-home:/opt/rustwide/cargo-home:ro,Z" "-v" "/var/lib/crater-agent-workspace/rustup-home:/opt/rustwide/rustup-home:ro,Z" "-e" "SOURCE_DIR=/opt/rustwide/workdir" "-e" "CARGO_TARGET_DIR=/opt/rustwide/target" "-e" "CARGO_HOME=/opt/rustwide/cargo-home" "-e" "RUSTUP_HOME=/opt/rustwide/rustup-home" "-w" "/opt/rustwide/workdir" "-m" "1610612736" "--user" "0:0" "--network" "none" "ghcr.io/rust-lang/crates-build-env/linux@sha256:a89201d6b5b9fd45c15d5952ece0a0129e7e80cb26ec023fd59cf09bc26f1604" "/opt/rustwide/cargo-home/bin/cargo" "+beta-2021-10-15" "metadata" "--no-deps" "--format-version=1", kill_on_drop: false }`
[INFO] [stdout] 2080c47850606a7e1b23e1041dce2a0135df682efa976b7aa893692b3163700f
[INFO] [stderr] WARNING: Your kernel does not support swap limit capabilities or the cgroup is not mounted. Memory limited without swap.
[INFO] running `Command { std: "docker" "start" "-a" "2080c47850606a7e1b23e1041dce2a0135df682efa976b7aa893692b3163700f", kill_on_drop: false }`
[INFO] running `Command { std: "docker" "inspect" "2080c47850606a7e1b23e1041dce2a0135df682efa976b7aa893692b3163700f", kill_on_drop: false }`
[INFO] running `Command { std: "docker" "rm" "-f" "2080c47850606a7e1b23e1041dce2a0135df682efa976b7aa893692b3163700f", kill_on_drop: false }`
[INFO] [stdout] 2080c47850606a7e1b23e1041dce2a0135df682efa976b7aa893692b3163700f
[INFO] running `Command { std: "docker" "create" "-v" "/var/lib/crater-agent-workspace/builds/worker-11/target:/opt/rustwide/target:rw,Z" "-v" "/var/lib/crater-agent-workspace/builds/worker-11/source:/opt/rustwide/workdir:ro,Z" "-v" "/var/lib/crater-agent-workspace/cargo-home:/opt/rustwide/cargo-home:ro,Z" "-v" "/var/lib/crater-agent-workspace/rustup-home:/opt/rustwide/rustup-home:ro,Z" "-e" "SOURCE_DIR=/opt/rustwide/workdir" "-e" "CARGO_TARGET_DIR=/opt/rustwide/target" "-e" "CARGO_INCREMENTAL=0" "-e" "RUST_BACKTRACE=full" "-e" "RUSTFLAGS=--cap-lints=warn" "-e" "CARGO_HOME=/opt/rustwide/cargo-home" "-e" "RUSTUP_HOME=/opt/rustwide/rustup-home" "-w" "/opt/rustwide/workdir" "-m" "1610612736" "--user" "0:0" "--network" "none" "ghcr.io/rust-lang/crates-build-env/linux@sha256:a89201d6b5b9fd45c15d5952ece0a0129e7e80cb26ec023fd59cf09bc26f1604" "/opt/rustwide/cargo-home/bin/cargo" "+beta-2021-10-15" "check" "--frozen" "--all" "--all-targets" "--message-format=json", kill_on_drop: false }`
[INFO] [stdout] 9fa8d1e1ff2fb3a3ad03d44fd6c2ea9a3dc4369e765ac5cfc0ea5eeaf538a498
[INFO] [stderr] WARNING: Your kernel does not support swap limit capabilities or the cgroup is not mounted. Memory limited without swap.
[INFO] running `Command { std: "docker" "start" "-a" "9fa8d1e1ff2fb3a3ad03d44fd6c2ea9a3dc4369e765ac5cfc0ea5eeaf538a498", kill_on_drop: false }`
[INFO] [stderr]     Checking libc v0.2.24
[INFO] [stderr]    Compiling version_check v0.1.2
[INFO] [stderr]     Checking num-traits v0.1.39
[INFO] [stderr]    Compiling gcc v0.3.51
[INFO] [stderr]     Checking either v1.1.0
[INFO] [stderr]     Checking matches v0.1.6
[INFO] [stderr]    Compiling siphasher v0.2.2
[INFO] [stderr]     Checking unicode-normalization v0.1.5
[INFO] [stderr]    Compiling rayon-core v1.2.1
[INFO] [stderr]     Checking scopeguard v0.3.2
[INFO] [stderr]     Checking futures v0.1.14
[INFO] [stderr]     Checking percent-encoding v1.0.0
[INFO] [stderr]    Compiling openssl v0.9.14
[INFO] [stderr]    Compiling typenum v1.9.0
[INFO] [stderr]     Checking httparse v1.2.3
[INFO] [stderr]     Checking serde v1.0.9
[INFO] [stderr]     Checking odds v0.2.25
[INFO] [stderr]     Checking adler32 v1.0.0
[INFO] [stderr]     Checking dtoa v0.4.1
[INFO] [stderr]     Checking linked-hash-map v0.0.10
[INFO] [stderr]     Checking custom_derive v0.1.7
[INFO] [stderr]     Checking itoa v0.3.1
[INFO] [stderr]     Checking scoped_threadpool v0.1.7
[INFO] [stderr]     Checking regex-syntax v0.4.1
[INFO] [stderr]     Checking base64 v0.5.2
[INFO] [stderr]     Checking unicode-bidi v0.3.3
[INFO] [stderr]     Checking coco v0.1.1
[INFO] [stderr]     Checking itertools v0.6.0
[INFO] [stderr]     Checking stb_truetype v0.2.1
[INFO] [stderr]     Checking base64 v0.6.0
[INFO] [stderr]     Checking deflate v0.7.12
[INFO] [stderr]     Checking rand v0.3.15
[INFO] [stderr]     Checking num_cpus v1.6.2
[INFO] [stderr]     Checking time v0.1.37
[INFO] [stderr]     Checking memchr v0.1.11
[INFO] [stderr]     Checking memchr v1.0.1
[INFO] [stderr]     Checking term_size v0.3.0
[INFO] [stderr]    Compiling unicase v1.4.2
[INFO] [stderr]     Checking conv v0.3.3
[INFO] [stderr]     Checking thread_local v0.3.4
[INFO] [stderr]     Checking num-integer v0.1.34
[INFO] [stderr]     Checking num-complex v0.1.38
[INFO] [stderr]     Checking enum_primitive v0.1.1
[INFO] [stderr]     Checking nodrop v0.1.9
[INFO] [stderr]    Compiling serde_derive_internals v0.15.1
[INFO] [stderr]     Checking idna v0.1.2
[INFO] [stderr]     Checking aho-corasick v0.5.3
[INFO] [stderr]     Checking aho-corasick v0.6.3
[INFO] [stderr]     Checking textwrap v0.6.0
[INFO] [stderr]     Checking thread-id v2.0.0
[INFO] [stderr]    Compiling openssl-sys v0.9.14
[INFO] [stderr]    Compiling miniz-sys v0.1.9
[INFO] [stderr]     Checking tempdir v0.3.5
[INFO] [stderr]     Checking num-iter v0.1.33
[INFO] [stderr]     Checking num-bigint v0.1.39
[INFO] [stderr]     Checking arrayvec v0.3.23
[INFO] [stderr]     Checking thread_local v0.2.7
[INFO] [stderr]     Checking alga v0.5.1
[INFO] [stderr]     Checking regex v0.2.2
[INFO] [stderr]     Checking png v0.8.0
[INFO] [stderr]     Checking rayon v0.8.2
[INFO] [stderr]     Checking rayon v0.7.1
[INFO] [stderr]    Compiling phf_shared v0.7.21
[INFO] [stderr]     Checking regex v0.1.80
[INFO] [stderr]     Checking rusttype v0.2.1
[INFO] [stderr]     Checking num-rational v0.1.38
[INFO] [stderr]    Compiling phf_generator v0.7.21
[INFO] [stderr]     Checking url v1.5.1
[INFO] [stderr]     Checking phf v0.7.21
[INFO] [stderr]     Checking generic-array v0.2.1
[INFO] [stderr] error: failed to run custom build command for `openssl-sys v0.9.14`
[INFO] [stderr] 
[INFO] [stderr] Caused by:
[INFO] [stderr]   process didn't exit successfully: `/opt/rustwide/target/debug/build/openssl-sys-caf0f4f867d1b287/build-script-build` (exit status: 101)
[INFO] [stderr]   --- stdout
[INFO] [stderr]   cargo:rustc-link-lib=ssl
[INFO] [stderr]   cargo:rustc-link-lib=crypto
[INFO] [stderr]   OPT_LEVEL = Some("0")
[INFO] [stderr]   TARGET = Some("x86_64-unknown-linux-gnu")
[INFO] [stderr]   HOST = Some("x86_64-unknown-linux-gnu")
[INFO] [stderr]   TARGET = Some("x86_64-unknown-linux-gnu")
[INFO] [stderr]   TARGET = Some("x86_64-unknown-linux-gnu")
[INFO] [stderr]   HOST = Some("x86_64-unknown-linux-gnu")
[INFO] [stderr]   CC_x86_64-unknown-linux-gnu = None
[INFO] [stderr]   CC_x86_64_unknown_linux_gnu = None
[INFO] [stderr]   HOST_CC = None
[INFO] [stderr]   CC = None
[INFO] [stderr]   HOST = Some("x86_64-unknown-linux-gnu")
[INFO] [stderr]   TARGET = Some("x86_64-unknown-linux-gnu")
[INFO] [stderr]   HOST = Some("x86_64-unknown-linux-gnu")
[INFO] [stderr]   CFLAGS_x86_64-unknown-linux-gnu = None
[INFO] [stderr]   CFLAGS_x86_64_unknown_linux_gnu = None
[INFO] [stderr]   HOST_CFLAGS = None
[INFO] [stderr]   CFLAGS = None
[INFO] [stderr]   PROFILE = Some("debug")
[INFO] [stderr]   running: "cc" "-O0" "-ffunction-sections" "-fdata-sections" "-fPIC" "-g" "-m64" "-E" "/opt/rustwide/target/debug/build/openssl-sys-8d1dbf7c4c82a521/out/expando.c"
[INFO] [stderr]   exit status: 0
[INFO] [stderr]   cargo:rustc-cfg=osslconf="OPENSSL_NO_SSL3_METHOD"
[INFO] [stderr]   cargo:conf=OPENSSL_NO_SSL3_METHOD
[INFO] [stderr] 
[INFO] [stderr]   --- stderr
[INFO] [stderr]   thread 'main' panicked at '
[INFO] [stderr] 
[INFO] [stderr]   This crate is only compatible with OpenSSL 1.0.1, 1.0.2, and 1.1.0, or LibreSSL
[INFO] [stderr]   2.5.0, 2.5.1, 2.5.2, 2.5.3, and 2.5.4, but a different version of OpenSSL was
[INFO] [stderr]   found. The build is now aborting due to this version mismatch.
[INFO] [stderr] 
[INFO] [stderr]   ', /opt/rustwide/cargo-home/registry/src/github.com-1ecc6299db9ec823/openssl-sys-0.9.14/build.rs:372:9
[INFO] [stderr]   stack backtrace:
[INFO] [stderr]      0:     0x557929a1f3ec - std::backtrace_rs::backtrace::libunwind::trace::h51faa62df48810e4
[INFO] [stderr]                                  at /rustc/58268ff091703ace98c3c2a8c5f2fb2c3aecace2/library/std/src/../../backtrace/src/backtrace/libunwind.rs:90:5
[INFO] [stderr]      1:     0x557929a1f3ec - std::backtrace_rs::backtrace::trace_unsynchronized::h91de4d8e16d607e4
[INFO] [stderr]                                  at /rustc/58268ff091703ace98c3c2a8c5f2fb2c3aecace2/library/std/src/../../backtrace/src/backtrace/mod.rs:66:5
[INFO] [stderr]      2:     0x557929a1f3ec - std::sys_common::backtrace::_print_fmt::h71b0935f97e4322c
[INFO] [stderr]                                  at /rustc/58268ff091703ace98c3c2a8c5f2fb2c3aecace2/library/std/src/sys_common/backtrace.rs:67:5
[INFO] [stderr]      3:     0x557929a1f3ec - <std::sys_common::backtrace::_print::DisplayBacktrace as core::fmt::Display>::fmt::h9a78218788c14e18
[INFO] [stderr]                                  at /rustc/58268ff091703ace98c3c2a8c5f2fb2c3aecace2/library/std/src/sys_common/backtrace.rs:46:22
[INFO] [stderr]      4:     0x557929a3eefc - core::fmt::write::h3381b3176fe2b3d3
[INFO] [stderr]                                  at /rustc/58268ff091703ace98c3c2a8c5f2fb2c3aecace2/library/core/src/fmt/mod.rs:1150:17
[INFO] [stderr]      5:     0x557929a1c2e5 - std::io::Write::write_fmt::h1d5220480c7a2437
[INFO] [stderr]                                  at /rustc/58268ff091703ace98c3c2a8c5f2fb2c3aecace2/library/std/src/io/mod.rs:1667:15
[INFO] [stderr]      6:     0x557929a20e80 - std::sys_common::backtrace::_print::h4b77abc4d907ed0e
[INFO] [stderr]                                  at /rustc/58268ff091703ace98c3c2a8c5f2fb2c3aecace2/library/std/src/sys_common/backtrace.rs:49:5
[INFO] [stderr]      7:     0x557929a20e80 - std::sys_common::backtrace::print::hb170c60b542377ad
[INFO] [stderr]                                  at /rustc/58268ff091703ace98c3c2a8c5f2fb2c3aecace2/library/std/src/sys_common/backtrace.rs:36:9
[INFO] [stderr]      8:     0x557929a20e80 - std::panicking::default_hook::{{closure}}::h12bbda9af8901ee3
[INFO] [stderr]                                  at /rustc/58268ff091703ace98c3c2a8c5f2fb2c3aecace2/library/std/src/panicking.rs:210:50
[INFO] [stderr]      9:     0x557929a20a37 - std::panicking::default_hook::h8c6c66d3f3ba6768
[INFO] [stderr]                                  at /rustc/58268ff091703ace98c3c2a8c5f2fb2c3aecace2/library/std/src/panicking.rs:227:9
[INFO] [stderr]     10:     0x557929a21534 - std::panicking::rust_panic_with_hook::h36f2fa0bb09f4069
[INFO] [stderr]                                  at /rustc/58268ff091703ace98c3c2a8c5f2fb2c3aecace2/library/std/src/panicking.rs:624:17
[INFO] [stderr]     11:     0x5579299ef262 - std::panicking::begin_panic::{{closure}}::hb6015909c5148eb5
[INFO] [stderr]                                  at /rustc/58268ff091703ace98c3c2a8c5f2fb2c3aecace2/library/std/src/panicking.rs:544:9
[INFO] [stderr]     12:     0x557929a03069 - std::sys_common::backtrace::__rust_end_short_backtrace::h364b0d44eb944929
[INFO] [stderr]                                  at /rustc/58268ff091703ace98c3c2a8c5f2fb2c3aecace2/library/std/src/sys_common/backtrace.rs:141:18
[INFO] [stderr]     13:     0x5579299ef1a3 - std::panicking::begin_panic::h2a1d79f4931a37e3
[INFO] [stderr]                                  at /rustc/58268ff091703ace98c3c2a8c5f2fb2c3aecace2/library/std/src/panicking.rs:543:12
[INFO] [stderr]     14:     0x5579299adf3f - build_script_build::validate_headers::h0061cb22d19e70e0
[INFO] [stderr]                                  at /opt/rustwide/cargo-home/registry/src/github.com-1ecc6299db9ec823/openssl-sys-0.9.14/build.rs:372:9
[INFO] [stderr]     15:     0x5579299ac6e4 - build_script_build::try_pkg_config::h5dd073fe8f68c1f0
[INFO] [stderr]                                  at /opt/rustwide/cargo-home/registry/src/github.com-1ecc6299db9ec823/openssl-sys-0.9.14/build.rs:207:5
[INFO] [stderr]     16:     0x5579299ab6df - build_script_build::find_openssl_dir::hf35d2836f25b891b
[INFO] [stderr]                                  at /opt/rustwide/cargo-home/registry/src/github.com-1ecc6299db9ec823/openssl-sys-0.9.14/build.rs:100:5
[INFO] [stderr]     17:     0x5579299ab513 - build_script_build::main::{{closure}}::h7d277dc27fa47ebd
[INFO] [stderr]                                  at /opt/rustwide/cargo-home/registry/src/github.com-1ecc6299db9ec823/openssl-sys-0.9.14/build.rs:42:72
[INFO] [stderr]     18:     0x5579299b5a6d - core::option::Option<T>::unwrap_or_else::hbb1eabfe59a6775b
[INFO] [stderr]                                  at /rustc/58268ff091703ace98c3c2a8c5f2fb2c3aecace2/library/core/src/option.rs:776:21
[INFO] [stderr]     19:     0x5579299aa4c6 - build_script_build::main::ha4cd8eb6a84029ba
[INFO] [stderr]                                  at /opt/rustwide/cargo-home/registry/src/github.com-1ecc6299db9ec823/openssl-sys-0.9.14/build.rs:42:27
[INFO] [stderr]     20:     0x5579299b28cb - core::ops::function::FnOnce::call_once::he103e5112ed22908
[INFO] [stderr]                                  at /rustc/58268ff091703ace98c3c2a8c5f2fb2c3aecace2/library/core/src/ops/function.rs:227:5
[INFO] [stderr]     21:     0x5579299bc12e - std::sys_common::backtrace::__rust_begin_short_backtrace::h4896c8b8a73149d0
[INFO] [stderr]                                  at /rustc/58268ff091703ace98c3c2a8c5f2fb2c3aecace2/library/std/src/sys_common/backtrace.rs:125:18
[INFO] [stderr]     22:     0x5579299b55b1 - std::rt::lang_start::{{closure}}::hbfc8b4e932fae434
[INFO] [stderr]                                  at /rustc/58268ff091703ace98c3c2a8c5f2fb2c3aecace2/library/std/src/rt.rs:63:18
[INFO] [stderr]     23:     0x557929a21a3a - core::ops::function::impls::<impl core::ops::function::FnOnce<A> for &F>::call_once::hc590b210ed55e22f
[INFO] [stderr]                                  at /rustc/58268ff091703ace98c3c2a8c5f2fb2c3aecace2/library/core/src/ops/function.rs:259:13
[INFO] [stderr]     24:     0x557929a21a3a - std::panicking::try::do_call::h5f0600b7a33ea1af
[INFO] [stderr]                                  at /rustc/58268ff091703ace98c3c2a8c5f2fb2c3aecace2/library/std/src/panicking.rs:403:40
[INFO] [stderr]     25:     0x557929a21a3a - std::panicking::try::he15826df0f376a33
[INFO] [stderr]                                  at /rustc/58268ff091703ace98c3c2a8c5f2fb2c3aecace2/library/std/src/panicking.rs:367:19
[INFO] [stderr]     26:     0x557929a21a3a - std::panic::catch_unwind::hd8af3a578b6b4c86
[INFO] [stderr]                                  at /rustc/58268ff091703ace98c3c2a8c5f2fb2c3aecace2/library/std/src/panic.rs:129:14
[INFO] [stderr]     27:     0x557929a21a3a - std::rt::lang_start_internal::{{closure}}::h301d1329324ae1f0
[INFO] [stderr]                                  at /rustc/58268ff091703ace98c3c2a8c5f2fb2c3aecace2/library/std/src/rt.rs:45:48
[INFO] [stderr]     28:     0x557929a21a3a - std::panicking::try::do_call::h941e8fdb0bd03655
[INFO] [stderr]                                  at /rustc/58268ff091703ace98c3c2a8c5f2fb2c3aecace2/library/std/src/panicking.rs:403:40
[INFO] [stderr]     29:     0x557929a21a3a - std::panicking::try::ha20a77bf65530f63
[INFO] [stderr]                                  at /rustc/58268ff091703ace98c3c2a8c5f2fb2c3aecace2/library/std/src/panicking.rs:367:19
[INFO] [stderr]     30:     0x557929a21a3a - std::panic::catch_unwind::h33afc061cc69ef90
[INFO] [stderr]                                  at /rustc/58268ff091703ace98c3c2a8c5f2fb2c3aecace2/library/std/src/panic.rs:129:14
[INFO] [stderr]     31:     0x557929a21a3a - std::rt::lang_start_internal::hc05c244593147106
[INFO] [stderr]                                  at /rustc/58268ff091703ace98c3c2a8c5f2fb2c3aecace2/library/std/src/rt.rs:45:20
[INFO] [stderr]     32:     0x5579299b5580 - std::rt::lang_start::hf0dd8ef6d3290f21
[INFO] [stderr]                                  at /rustc/58268ff091703ace98c3c2a8c5f2fb2c3aecace2/library/std/src/rt.rs:62:5
[INFO] [stderr]     33:     0x5579299aedac - main
[INFO] [stderr]     34:     0x7f51e12950b3 - __libc_start_main
[INFO] [stderr]     35:     0x5579299a6a0e - _start
[INFO] [stderr]     36:                0x0 - <unknown>
[INFO] [stderr] warning: build failed, waiting for other jobs to finish...
[INFO] [stdout] error[E0713]: borrow may still be in use when destructor runs
[INFO] [stdout]    --> /opt/rustwide/cargo-home/registry/src/github.com-1ecc6299db9ec823/url-1.5.1/src/form_urlencoded.rs:251:40
[INFO] [stdout]     |
[INFO] [stdout] 249 | impl<'a> Target for ::UrlQuery<'a> {
[INFO] [stdout]     |      -- lifetime `'a` defined here
[INFO] [stdout] 250 |     fn as_mut_string(&mut self) -> &mut String { &mut self.url.serialization }
[INFO] [stdout] 251 |     fn finish(self) -> &'a mut ::Url { self.url }
[INFO] [stdout]     |                                        ^^^^^^^^ - here, drop of `self` needs exclusive access to `*self.url`, because the type `UrlQuery<'_>` implements the `Drop` trait
[INFO] [stdout]     |                                        |
[INFO] [stdout]     |                                        returning this value requires that `*self.url` is borrowed for `'a`
[INFO] [stdout] 
[INFO] [stdout] 
[INFO] [stdout] error[E0311]: the parameter type `K` may not live long enough
[INFO] [stdout]   --> /opt/rustwide/cargo-home/registry/src/github.com-1ecc6299db9ec823/rusttype-0.2.1/src/support/bst/map.rs:81:19
[INFO] [stdout]    |
[INFO] [stdout] 81 |             match node.force() {
[INFO] [stdout]    |                   ^^^^
[INFO] [stdout]    |
[INFO] [stdout] note: the parameter type `K` must be valid for the anonymous lifetime defined on the function body at 78:37...
[INFO] [stdout]   --> /opt/rustwide/cargo-home/registry/src/github.com-1ecc6299db9ec823/rusttype-0.2.1/src/support/bst/map.rs:78:37
[INFO] [stdout]    |
[INFO] [stdout] 78 |                 node: node::NodeRef<marker::Immut, K, V, marker::LeafOrInternal>)
[INFO] [stdout]    |                                     ^^^^^^^^^^^^^
[INFO] [stdout] 
[INFO] [stdout] 
[INFO] [stdout] error[E0311]: the parameter type `V` may not live long enough
[INFO] [stdout]   --> /opt/rustwide/cargo-home/registry/src/github.com-1ecc6299db9ec823/rusttype-0.2.1/src/support/bst/map.rs:81:19
[INFO] [stdout]    |
[INFO] [stdout] 81 |             match node.force() {
[INFO] [stdout]    |                   ^^^^
[INFO] [stdout]    |
[INFO] [stdout] note: the parameter type `V` must be valid for the anonymous lifetime defined on the function body at 78:37...
[INFO] [stdout]   --> /opt/rustwide/cargo-home/registry/src/github.com-1ecc6299db9ec823/rusttype-0.2.1/src/support/bst/map.rs:78:37
[INFO] [stdout]    |
[INFO] [stdout] 78 |                 node: node::NodeRef<marker::Immut, K, V, marker::LeafOrInternal>)
[INFO] [stdout]    |                                     ^^^^^^^^^^^^^
[INFO] [stdout] 
[INFO] [stdout] 
[INFO] [stdout] error: aborting due to previous error
[INFO] [stdout] 
[INFO] [stdout] 
[INFO] [stdout] For more information about this error, try `rustc --explain E0713`.
[INFO] [stdout] 
[INFO] [stdout] error: aborting due to 2 previous errors
[INFO] [stdout] 
[INFO] [stdout] 
[INFO] [stderr] error: build failed
[INFO] running `Command { std: "docker" "inspect" "9fa8d1e1ff2fb3a3ad03d44fd6c2ea9a3dc4369e765ac5cfc0ea5eeaf538a498", kill_on_drop: false }`
[INFO] running `Command { std: "docker" "rm" "-f" "9fa8d1e1ff2fb3a3ad03d44fd6c2ea9a3dc4369e765ac5cfc0ea5eeaf538a498", kill_on_drop: false }`
[INFO] [stdout] 9fa8d1e1ff2fb3a3ad03d44fd6c2ea9a3dc4369e765ac5cfc0ea5eeaf538a498
