[INFO] cloning repository https://github.com/CryZe/sarc-tool
[INFO] running `Command { std: "git" "-c" "credential.helper=" "-c" "credential.helper=/workspace/cargo-home/bin/git-credential-null" "clone" "--bare" "https://github.com/CryZe/sarc-tool" "/workspace/cache/git-repos/https%3A%2F%2Fgithub.com%2FCryZe%2Fsarc-tool", kill_on_drop: false }`
[INFO] [stderr] Cloning into bare repository '/workspace/cache/git-repos/https%3A%2F%2Fgithub.com%2FCryZe%2Fsarc-tool'...
[INFO] running `Command { std: "git" "rev-parse" "HEAD", kill_on_drop: false }`
[INFO] [stdout] 56e94961d8ada63d3d0d8a6e419a0126398953c0
[INFO] checking CryZe/sarc-tool against beta-2021-10-15 for beta-1.56-3
[INFO] running `Command { std: "git" "clone" "/workspace/cache/git-repos/https%3A%2F%2Fgithub.com%2FCryZe%2Fsarc-tool" "/workspace/builds/worker-9/source", kill_on_drop: false }`
[INFO] [stderr] Cloning into '/workspace/builds/worker-9/source'...
[INFO] [stderr] done.
[INFO] validating manifest of git repo https://github.com/CryZe/sarc-tool on toolchain beta-2021-10-15
[INFO] running `Command { std: "/workspace/cargo-home/bin/cargo" "+beta-2021-10-15" "metadata" "--manifest-path" "Cargo.toml" "--no-deps", kill_on_drop: false }`
[INFO] started tweaking git repo https://github.com/CryZe/sarc-tool
[INFO] finished tweaking git repo https://github.com/CryZe/sarc-tool
[INFO] tweaked toml for git repo https://github.com/CryZe/sarc-tool written to /workspace/builds/worker-9/source/Cargo.toml
[INFO] crate git repo https://github.com/CryZe/sarc-tool already has a lockfile, it will not be regenerated
[INFO] running `Command { std: "/workspace/cargo-home/bin/cargo" "+beta-2021-10-15" "fetch" "--manifest-path" "Cargo.toml", kill_on_drop: false }`
[INFO] [stderr]  Downloading crates ...
[INFO] [stderr]   Downloaded atty v0.2.2
[INFO] [stderr]   Downloaded same-file v0.1.3
[INFO] [stderr]   Downloaded unicode-segmentation v1.1.0
[INFO] [stderr]   Downloaded quick-error v1.2.0
[INFO] [stderr]   Downloaded redox_syscall v0.1.18
[INFO] [stderr]   Downloaded bzip2 v0.3.2
[INFO] [stderr]   Downloaded walkdir v1.0.7
[INFO] [stderr]   Downloaded msdos_time v0.1.5
[INFO] [stderr]   Downloaded podio v0.1.5
[INFO] [stderr]   Downloaded zip v0.2.3
[INFO] [stderr]   Downloaded clap v2.25.0
[INFO] [stderr]   Downloaded bzip2-sys v0.1.5
[INFO] running `Command { std: "docker" "create" "-v" "/var/lib/crater-agent-workspace/builds/worker-9/target:/opt/rustwide/target:rw,Z" "-v" "/var/lib/crater-agent-workspace/builds/worker-9/source:/opt/rustwide/workdir:ro,Z" "-v" "/var/lib/crater-agent-workspace/cargo-home:/opt/rustwide/cargo-home:ro,Z" "-v" "/var/lib/crater-agent-workspace/rustup-home:/opt/rustwide/rustup-home:ro,Z" "-e" "SOURCE_DIR=/opt/rustwide/workdir" "-e" "CARGO_TARGET_DIR=/opt/rustwide/target" "-e" "CARGO_HOME=/opt/rustwide/cargo-home" "-e" "RUSTUP_HOME=/opt/rustwide/rustup-home" "-w" "/opt/rustwide/workdir" "-m" "1610612736" "--user" "0:0" "--network" "none" "ghcr.io/rust-lang/crates-build-env/linux@sha256:a89201d6b5b9fd45c15d5952ece0a0129e7e80cb26ec023fd59cf09bc26f1604" "/opt/rustwide/cargo-home/bin/cargo" "+beta-2021-10-15" "metadata" "--no-deps" "--format-version=1", kill_on_drop: false }`
[INFO] [stdout] c8cce5c82f54486b20dda2803546a05258c4b24d3d74531db575fe6de32306ff
[INFO] [stderr] WARNING: Your kernel does not support swap limit capabilities or the cgroup is not mounted. Memory limited without swap.
[INFO] running `Command { std: "docker" "start" "-a" "c8cce5c82f54486b20dda2803546a05258c4b24d3d74531db575fe6de32306ff", kill_on_drop: false }`
[INFO] running `Command { std: "docker" "inspect" "c8cce5c82f54486b20dda2803546a05258c4b24d3d74531db575fe6de32306ff", kill_on_drop: false }`
[INFO] running `Command { std: "docker" "rm" "-f" "c8cce5c82f54486b20dda2803546a05258c4b24d3d74531db575fe6de32306ff", kill_on_drop: false }`
[INFO] [stdout] c8cce5c82f54486b20dda2803546a05258c4b24d3d74531db575fe6de32306ff
[INFO] running `Command { std: "docker" "create" "-v" "/var/lib/crater-agent-workspace/builds/worker-9/target:/opt/rustwide/target:rw,Z" "-v" "/var/lib/crater-agent-workspace/builds/worker-9/source:/opt/rustwide/workdir:ro,Z" "-v" "/var/lib/crater-agent-workspace/cargo-home:/opt/rustwide/cargo-home:ro,Z" "-v" "/var/lib/crater-agent-workspace/rustup-home:/opt/rustwide/rustup-home:ro,Z" "-e" "SOURCE_DIR=/opt/rustwide/workdir" "-e" "CARGO_TARGET_DIR=/opt/rustwide/target" "-e" "CARGO_INCREMENTAL=0" "-e" "RUST_BACKTRACE=full" "-e" "RUSTFLAGS=--cap-lints=warn" "-e" "CARGO_HOME=/opt/rustwide/cargo-home" "-e" "RUSTUP_HOME=/opt/rustwide/rustup-home" "-w" "/opt/rustwide/workdir" "-m" "1610612736" "--user" "0:0" "--network" "none" "ghcr.io/rust-lang/crates-build-env/linux@sha256:a89201d6b5b9fd45c15d5952ece0a0129e7e80cb26ec023fd59cf09bc26f1604" "/opt/rustwide/cargo-home/bin/cargo" "+beta-2021-10-15" "check" "--frozen" "--all" "--all-targets" "--message-format=json", kill_on_drop: false }`
[INFO] [stdout] 0f1c85a9f746cc0ce9253452186f896a8ebca0728f9aa78df7f7e8cbdaf78a97
[INFO] [stderr] WARNING: Your kernel does not support swap limit capabilities or the cgroup is not mounted. Memory limited without swap.
[INFO] running `Command { std: "docker" "start" "-a" "0f1c85a9f746cc0ce9253452186f896a8ebca0728f9aa78df7f7e8cbdaf78a97", kill_on_drop: false }`
[INFO] [stderr]     Checking libc v0.2.24
[INFO] [stderr]    Compiling gcc v0.3.51
[INFO] [stderr]     Checking podio v0.1.5
[INFO] [stderr]     Checking either v1.1.0
[INFO] [stderr]     Checking quick-error v1.2.0
[INFO] [stderr]     Checking itertools v0.6.0
[INFO] [stderr]     Checking term_size v0.3.0
[INFO] [stderr]     Checking time v0.1.37
[INFO] [stderr]     Checking atty v0.2.2
[INFO] [stderr]     Checking textwrap v0.6.0
[INFO] [stderr]    Compiling miniz-sys v0.1.9
[INFO] [stderr]    Compiling bzip2-sys v0.1.5
[INFO] [stderr]     Checking msdos_time v0.1.5
[INFO] [stderr]     Checking clap v2.25.0
[INFO] [stderr]     Checking flate2 v0.2.19
[INFO] [stderr]     Checking bzip2 v0.3.2
[INFO] [stderr]     Checking zip v0.2.3
[INFO] [stderr]     Checking nintendo-sarc v0.1.0 (/opt/rustwide/workdir/nintendo-sarc)
[INFO] [stdout] warning: use of deprecated associated function `std::error::Error::description`: use the Display impl or to_string()
[INFO] [stdout]   --> nintendo-sarc/src/encode.rs:9:1
[INFO] [stdout]    |
[INFO] [stdout] 9  | / quick_error! {
[INFO] [stdout] 10 | |     #[derive(Debug)]
[INFO] [stdout] 11 | |     pub enum Error {
[INFO] [stdout] 12 | |         Io(err: io::Error) {
[INFO] [stdout] ...  |
[INFO] [stdout] 17 | |     }
[INFO] [stdout] 18 | | }
[INFO] [stdout]    | |_^
[INFO] [stdout]    |
[INFO] [stdout]    = note: `#[warn(deprecated)]` on by default
[INFO] [stdout]    = note: this warning originates in the macro `quick_error` (in Nightly builds, run with -Z macro-backtrace for more info)
[INFO] [stdout] 
[INFO] [stdout] 
[INFO] [stdout] warning: use of deprecated function `std::mem::uninitialized`: use `mem::MaybeUninit` instead
[INFO] [stdout]   --> nintendo-sarc/src/parse.rs:43:44
[INFO] [stdout]    |
[INFO] [stdout] 43 |     let mut magic: [u8; 4] = unsafe { mem::uninitialized() };
[INFO] [stdout]    |                                            ^^^^^^^^^^^^^
[INFO] [stdout] 
[INFO] [stdout] 
[INFO] [stdout] warning: use of deprecated function `std::mem::uninitialized`: use `mem::MaybeUninit` instead
[INFO] [stdout]    --> nintendo-sarc/src/parse.rs:113:47
[INFO] [stdout]     |
[INFO] [stdout] 113 |         let mut byte: [u8; 1] = unsafe { mem::uninitialized() };
[INFO] [stdout]     |                                               ^^^^^^^^^^^^^
[INFO] [stdout] 
[INFO] [stdout] 
[INFO] [stdout] warning: use of deprecated function `std::mem::uninitialized`: use `mem::MaybeUninit` instead
[INFO] [stdout]    --> nintendo-sarc/src/parse.rs:150:52
[INFO] [stdout]     |
[INFO] [stdout] 150 |     let mut header_length: [u8; 2] = unsafe { mem::uninitialized() };
[INFO] [stdout]     |                                                    ^^^^^^^^^^^^^
[INFO] [stdout] 
[INFO] [stdout] 
[INFO] [stdout] warning: use of deprecated function `std::mem::uninitialized`: use `mem::MaybeUninit` instead
[INFO] [stdout]    --> nintendo-sarc/src/parse.rs:171:52
[INFO] [stdout]     |
[INFO] [stdout] 171 |     let mut header_length: [u8; 2] = unsafe { mem::uninitialized() };
[INFO] [stdout]     |                                                    ^^^^^^^^^^^^^
[INFO] [stdout] 
[INFO] [stdout] 
[INFO] [stdout] warning: use of deprecated function `std::mem::uninitialized`: use `mem::MaybeUninit` instead
[INFO] [stdout]    --> nintendo-sarc/src/parse.rs:208:52
[INFO] [stdout]     |
[INFO] [stdout] 208 |     let mut header_length: [u8; 2] = unsafe { mem::uninitialized() };
[INFO] [stdout]     |                                                    ^^^^^^^^^^^^^
[INFO] [stdout] 
[INFO] [stdout] 
[INFO] [stdout] warning: use of deprecated function `std::mem::uninitialized`: use `mem::MaybeUninit` instead
[INFO] [stdout]    --> nintendo-sarc/src/parse.rs:211:42
[INFO] [stdout]     |
[INFO] [stdout] 211 |     let mut bom: [u8; 2] = unsafe { mem::uninitialized() };
[INFO] [stdout]     |                                          ^^^^^^^^^^^^^
[INFO] [stdout] 
[INFO] [stdout] 
[INFO] [stdout] warning: use of deprecated associated function `std::error::Error::description`: use the Display impl or to_string()
[INFO] [stdout]   --> nintendo-sarc/src/encode.rs:9:1
[INFO] [stdout]    |
[INFO] [stdout] 9  | / quick_error! {
[INFO] [stdout] 10 | |     #[derive(Debug)]
[INFO] [stdout] 11 | |     pub enum Error {
[INFO] [stdout] 12 | |         Io(err: io::Error) {
[INFO] [stdout] ...  |
[INFO] [stdout] 17 | |     }
[INFO] [stdout] 18 | | }
[INFO] [stdout]    | |_^
[INFO] [stdout]    |
[INFO] [stdout]    = note: `#[warn(deprecated)]` on by default
[INFO] [stdout]    = note: this warning originates in the macro `quick_error` (in Nightly builds, run with -Z macro-backtrace for more info)
[INFO] [stdout] 
[INFO] [stdout] 
[INFO] [stdout] warning: use of deprecated function `std::mem::uninitialized`: use `mem::MaybeUninit` instead
[INFO] [stdout]   --> nintendo-sarc/src/parse.rs:43:44
[INFO] [stdout]    |
[INFO] [stdout] 43 |     let mut magic: [u8; 4] = unsafe { mem::uninitialized() };
[INFO] [stdout]    |                                            ^^^^^^^^^^^^^
[INFO] [stdout] 
[INFO] [stdout] 
[INFO] [stdout] warning: use of deprecated function `std::mem::uninitialized`: use `mem::MaybeUninit` instead
[INFO] [stdout]    --> nintendo-sarc/src/parse.rs:113:47
[INFO] [stdout]     |
[INFO] [stdout] 113 |         let mut byte: [u8; 1] = unsafe { mem::uninitialized() };
[INFO] [stdout]     |                                               ^^^^^^^^^^^^^
[INFO] [stdout] 
[INFO] [stdout] 
[INFO] [stdout] warning: use of deprecated function `std::mem::uninitialized`: use `mem::MaybeUninit` instead
[INFO] [stdout]    --> nintendo-sarc/src/parse.rs:150:52
[INFO] [stdout]     |
[INFO] [stdout] 150 |     let mut header_length: [u8; 2] = unsafe { mem::uninitialized() };
[INFO] [stdout]     |                                                    ^^^^^^^^^^^^^
[INFO] [stdout] 
[INFO] [stdout] 
[INFO] [stdout] warning: use of deprecated function `std::mem::uninitialized`: use `mem::MaybeUninit` instead
[INFO] [stdout]    --> nintendo-sarc/src/parse.rs:171:52
[INFO] [stdout]     |
[INFO] [stdout] 171 |     let mut header_length: [u8; 2] = unsafe { mem::uninitialized() };
[INFO] [stdout]     |                                                    ^^^^^^^^^^^^^
[INFO] [stdout] 
[INFO] [stdout] 
[INFO] [stdout] warning: use of deprecated function `std::mem::uninitialized`: use `mem::MaybeUninit` instead
[INFO] [stdout]    --> nintendo-sarc/src/parse.rs:208:52
[INFO] [stdout]     |
[INFO] [stdout] 208 |     let mut header_length: [u8; 2] = unsafe { mem::uninitialized() };
[INFO] [stdout]     |                                                    ^^^^^^^^^^^^^
[INFO] [stdout] 
[INFO] [stdout] 
[INFO] [stdout] warning: use of deprecated function `std::mem::uninitialized`: use `mem::MaybeUninit` instead
[INFO] [stdout]    --> nintendo-sarc/src/parse.rs:211:42
[INFO] [stdout]     |
[INFO] [stdout] 211 |     let mut bom: [u8; 2] = unsafe { mem::uninitialized() };
[INFO] [stdout]     |                                          ^^^^^^^^^^^^^
[INFO] [stdout] 
[INFO] [stdout] 
[INFO] [stdout] warning: use of deprecated associated function `std::error::Error::description`: use the Display impl or to_string()
[INFO] [stdout]   --> nintendo-sarc/src/parse.rs:12:1
[INFO] [stdout]    |
[INFO] [stdout] 12 | / quick_error! {
[INFO] [stdout] 13 | |     #[derive(Debug)]
[INFO] [stdout] 14 | |     pub enum Error {
[INFO] [stdout] 15 | |         IncorrectMagic(got: [u8; 4], expected: [u8; 4]) {}
[INFO] [stdout] ...  |
[INFO] [stdout] 28 | |     }
[INFO] [stdout] 29 | | }
[INFO] [stdout]    | |_^
[INFO] [stdout]    |
[INFO] [stdout]    = note: this warning originates in the macro `quick_error` (in Nightly builds, run with -Z macro-backtrace for more info)
[INFO] [stdout] 
[INFO] [stdout] 
[INFO] [stdout] warning: use of deprecated associated function `std::error::Error::description`: use the Display impl or to_string()
[INFO] [stdout]   --> nintendo-sarc/src/parse.rs:12:1
[INFO] [stdout]    |
[INFO] [stdout] 12 | / quick_error! {
[INFO] [stdout] 13 | |     #[derive(Debug)]
[INFO] [stdout] 14 | |     pub enum Error {
[INFO] [stdout] 15 | |         IncorrectMagic(got: [u8; 4], expected: [u8; 4]) {}
[INFO] [stdout] ...  |
[INFO] [stdout] 28 | |     }
[INFO] [stdout] 29 | | }
[INFO] [stdout]    | |_^
[INFO] [stdout]    |
[INFO] [stdout]    = note: this warning originates in the macro `quick_error` (in Nightly builds, run with -Z macro-backtrace for more info)
[INFO] [stdout] 
[INFO] [stdout] 
[INFO] [stdout] warning: use of deprecated associated function `std::error::Error::description`: use the Display impl or to_string()
[INFO] [stdout]   --> nintendo-sarc/src/parse.rs:12:1
[INFO] [stdout]    |
[INFO] [stdout] 12 | / quick_error! {
[INFO] [stdout] 13 | |     #[derive(Debug)]
[INFO] [stdout] 14 | |     pub enum Error {
[INFO] [stdout] 15 | |         IncorrectMagic(got: [u8; 4], expected: [u8; 4]) {}
[INFO] [stdout] ...  |
[INFO] [stdout] 28 | |     }
[INFO] [stdout] 29 | | }
[INFO] [stdout]    | |_^
[INFO] [stdout]    |
[INFO] [stdout]    = note: this warning originates in the macro `quick_error` (in Nightly builds, run with -Z macro-backtrace for more info)
[INFO] [stdout] 
[INFO] [stdout] 
[INFO] [stdout] warning: use of deprecated associated function `std::error::Error::description`: use the Display impl or to_string()
[INFO] [stdout]   --> nintendo-sarc/src/parse.rs:12:1
[INFO] [stdout]    |
[INFO] [stdout] 12 | / quick_error! {
[INFO] [stdout] 13 | |     #[derive(Debug)]
[INFO] [stdout] 14 | |     pub enum Error {
[INFO] [stdout] 15 | |         IncorrectMagic(got: [u8; 4], expected: [u8; 4]) {}
[INFO] [stdout] ...  |
[INFO] [stdout] 28 | |     }
[INFO] [stdout] 29 | | }
[INFO] [stdout]    | |_^
[INFO] [stdout]    |
[INFO] [stdout]    = note: this warning originates in the macro `quick_error` (in Nightly builds, run with -Z macro-backtrace for more info)
[INFO] [stdout] 
[INFO] [stdout] 
[INFO] [stdout] warning: use of deprecated associated function `std::error::Error::description`: use the Display impl or to_string()
[INFO] [stdout]   --> nintendo-sarc/src/parse.rs:12:1
[INFO] [stdout]    |
[INFO] [stdout] 12 | / quick_error! {
[INFO] [stdout] 13 | |     #[derive(Debug)]
[INFO] [stdout] 14 | |     pub enum Error {
[INFO] [stdout] 15 | |         IncorrectMagic(got: [u8; 4], expected: [u8; 4]) {}
[INFO] [stdout] ...  |
[INFO] [stdout] 28 | |     }
[INFO] [stdout] 29 | | }
[INFO] [stdout]    | |_^
[INFO] [stdout]    |
[INFO] [stdout]    = note: this warning originates in the macro `quick_error` (in Nightly builds, run with -Z macro-backtrace for more info)
[INFO] [stdout] 
[INFO] [stdout] 
[INFO] [stdout] warning: use of deprecated associated function `std::error::Error::description`: use the Display impl or to_string()
[INFO] [stdout]   --> nintendo-sarc/src/parse.rs:12:1
[INFO] [stdout]    |
[INFO] [stdout] 12 | / quick_error! {
[INFO] [stdout] 13 | |     #[derive(Debug)]
[INFO] [stdout] 14 | |     pub enum Error {
[INFO] [stdout] 15 | |         IncorrectMagic(got: [u8; 4], expected: [u8; 4]) {}
[INFO] [stdout] ...  |
[INFO] [stdout] 28 | |     }
[INFO] [stdout] 29 | | }
[INFO] [stdout]    | |_^
[INFO] [stdout]    |
[INFO] [stdout]    = note: this warning originates in the macro `quick_error` (in Nightly builds, run with -Z macro-backtrace for more info)
[INFO] [stdout] 
[INFO] [stdout] 
[INFO] [stdout] warning: use of deprecated associated function `std::error::Error::description`: use the Display impl or to_string()
[INFO] [stdout]   --> nintendo-sarc/src/parse.rs:12:1
[INFO] [stdout]    |
[INFO] [stdout] 12 | / quick_error! {
[INFO] [stdout] 13 | |     #[derive(Debug)]
[INFO] [stdout] 14 | |     pub enum Error {
[INFO] [stdout] 15 | |         IncorrectMagic(got: [u8; 4], expected: [u8; 4]) {}
[INFO] [stdout] ...  |
[INFO] [stdout] 28 | |     }
[INFO] [stdout] 29 | | }
[INFO] [stdout]    | |_^
[INFO] [stdout]    |
[INFO] [stdout]    = note: this warning originates in the macro `quick_error` (in Nightly builds, run with -Z macro-backtrace for more info)
[INFO] [stdout] 
[INFO] [stdout] 
[INFO] [stdout] warning: use of deprecated associated function `std::error::Error::description`: use the Display impl or to_string()
[INFO] [stdout]   --> nintendo-sarc/src/parse.rs:12:1
[INFO] [stdout]    |
[INFO] [stdout] 12 | / quick_error! {
[INFO] [stdout] 13 | |     #[derive(Debug)]
[INFO] [stdout] 14 | |     pub enum Error {
[INFO] [stdout] 15 | |         IncorrectMagic(got: [u8; 4], expected: [u8; 4]) {}
[INFO] [stdout] ...  |
[INFO] [stdout] 28 | |     }
[INFO] [stdout] 29 | | }
[INFO] [stdout]    | |_^
[INFO] [stdout]    |
[INFO] [stdout]    = note: this warning originates in the macro `quick_error` (in Nightly builds, run with -Z macro-backtrace for more info)
[INFO] [stdout] 
[INFO] [stdout] 
[INFO] [stdout] warning: use of deprecated associated function `std::error::Error::description`: use the Display impl or to_string()
[INFO] [stdout]   --> nintendo-sarc/src/parse.rs:12:1
[INFO] [stdout]    |
[INFO] [stdout] 12 | / quick_error! {
[INFO] [stdout] 13 | |     #[derive(Debug)]
[INFO] [stdout] 14 | |     pub enum Error {
[INFO] [stdout] 15 | |         IncorrectMagic(got: [u8; 4], expected: [u8; 4]) {}
[INFO] [stdout] ...  |
[INFO] [stdout] 28 | |     }
[INFO] [stdout] 29 | | }
[INFO] [stdout]    | |_^
[INFO] [stdout]    |
[INFO] [stdout]    = note: this warning originates in the macro `quick_error` (in Nightly builds, run with -Z macro-backtrace for more info)
[INFO] [stdout] 
[INFO] [stdout] 
[INFO] [stdout] warning: use of deprecated associated function `std::error::Error::description`: use the Display impl or to_string()
[INFO] [stdout]   --> nintendo-sarc/src/parse.rs:31:1
[INFO] [stdout]    |
[INFO] [stdout] 31 | / quick_error! {
[INFO] [stdout] 32 | |     #[derive(Debug)]
[INFO] [stdout] 33 | |     pub enum ParseNodeError {
[INFO] [stdout] 34 | |         Io(err: io::Error) {
[INFO] [stdout] ...  |
[INFO] [stdout] 39 | |     }
[INFO] [stdout] 40 | | }
[INFO] [stdout]    | |_^
[INFO] [stdout]    |
[INFO] [stdout]    = note: this warning originates in the macro `quick_error` (in Nightly builds, run with -Z macro-backtrace for more info)
[INFO] [stdout] 
[INFO] [stdout] 
[INFO] [stdout] warning: use of deprecated associated function `std::error::Error::description`: use the Display impl or to_string()
[INFO] [stdout]   --> nintendo-sarc/src/encode.rs:15:29
[INFO] [stdout]    |
[INFO] [stdout] 15 |             description(err.description())
[INFO] [stdout]    |                             ^^^^^^^^^^^
[INFO] [stdout] 
[INFO] [stdout] 
[INFO] [stdout] warning: use of deprecated associated function `std::error::Error::description`: use the Display impl or to_string()
[INFO] [stdout]   --> nintendo-sarc/src/parse.rs:12:1
[INFO] [stdout]    |
[INFO] [stdout] 12 | / quick_error! {
[INFO] [stdout] 13 | |     #[derive(Debug)]
[INFO] [stdout] 14 | |     pub enum Error {
[INFO] [stdout] 15 | |         IncorrectMagic(got: [u8; 4], expected: [u8; 4]) {}
[INFO] [stdout] ...  |
[INFO] [stdout] 28 | |     }
[INFO] [stdout] 29 | | }
[INFO] [stdout]    | |_^
[INFO] [stdout]    |
[INFO] [stdout]    = note: this warning originates in the macro `quick_error` (in Nightly builds, run with -Z macro-backtrace for more info)
[INFO] [stdout] 
[INFO] [stdout] 
[INFO] [stdout] warning: use of deprecated associated function `std::error::Error::description`: use the Display impl or to_string()
[INFO] [stdout]   --> nintendo-sarc/src/parse.rs:21:29
[INFO] [stdout]    |
[INFO] [stdout] 21 |             description(err.description())
[INFO] [stdout]    |                             ^^^^^^^^^^^
[INFO] [stdout] 
[INFO] [stdout] 
[INFO] [stdout] warning: use of deprecated associated function `std::error::Error::description`: use the Display impl or to_string()
[INFO] [stdout]   --> nintendo-sarc/src/parse.rs:26:29
[INFO] [stdout]    |
[INFO] [stdout] 26 |             description(err.description())
[INFO] [stdout]    |                             ^^^^^^^^^^^
[INFO] [stdout] 
[INFO] [stdout] 
[INFO] [stdout] warning: use of deprecated associated function `std::error::Error::description`: use the Display impl or to_string()
[INFO] [stdout]   --> nintendo-sarc/src/parse.rs:37:29
[INFO] [stdout]    |
[INFO] [stdout] 37 |             description(err.description())
[INFO] [stdout]    |                             ^^^^^^^^^^^
[INFO] [stdout] 
[INFO] [stdout] 
[INFO] [stdout] warning: use of deprecated associated function `std::error::Error::description`: use the Display impl or to_string()
[INFO] [stdout]   --> nintendo-sarc/src/parse.rs:31:1
[INFO] [stdout]    |
[INFO] [stdout] 31 | / quick_error! {
[INFO] [stdout] 32 | |     #[derive(Debug)]
[INFO] [stdout] 33 | |     pub enum ParseNodeError {
[INFO] [stdout] 34 | |         Io(err: io::Error) {
[INFO] [stdout] ...  |
[INFO] [stdout] 39 | |     }
[INFO] [stdout] 40 | | }
[INFO] [stdout]    | |_^
[INFO] [stdout]    |
[INFO] [stdout]    = note: this warning originates in the macro `quick_error` (in Nightly builds, run with -Z macro-backtrace for more info)
[INFO] [stdout] 
[INFO] [stdout] 
[INFO] [stdout] warning: use of deprecated associated function `std::error::Error::description`: use the Display impl or to_string()
[INFO] [stdout]   --> nintendo-sarc/src/encode.rs:15:29
[INFO] [stdout]    |
[INFO] [stdout] 15 |             description(err.description())
[INFO] [stdout]    |                             ^^^^^^^^^^^
[INFO] [stdout] 
[INFO] [stdout] 
[INFO] [stdout] warning: use of deprecated associated function `std::error::Error::description`: use the Display impl or to_string()
[INFO] [stdout]   --> nintendo-sarc/src/parse.rs:21:29
[INFO] [stdout]    |
[INFO] [stdout] 21 |             description(err.description())
[INFO] [stdout]    |                             ^^^^^^^^^^^
[INFO] [stdout] 
[INFO] [stdout] 
[INFO] [stdout] warning: use of deprecated associated function `std::error::Error::description`: use the Display impl or to_string()
[INFO] [stdout]   --> nintendo-sarc/src/parse.rs:26:29
[INFO] [stdout]    |
[INFO] [stdout] 26 |             description(err.description())
[INFO] [stdout]    |                             ^^^^^^^^^^^
[INFO] [stdout] 
[INFO] [stdout] 
[INFO] [stdout] warning: use of deprecated associated function `std::error::Error::description`: use the Display impl or to_string()
[INFO] [stdout]   --> nintendo-sarc/src/parse.rs:37:29
[INFO] [stdout]    |
[INFO] [stdout] 37 |             description(err.description())
[INFO] [stdout]    |                             ^^^^^^^^^^^
[INFO] [stdout] 
[INFO] [stdout] 
[INFO] [stdout] warning: 17 warnings emitted
[INFO] [stdout] 
[INFO] [stdout] 
[INFO] [stderr]     Checking sarc-tool v0.2.0 (/opt/rustwide/workdir)
[INFO] [stderr]     Checking js v0.1.0 (/opt/rustwide/workdir/js)
[INFO] [stdout] warning: 17 warnings emitted
[INFO] [stdout] 
[INFO] [stdout] 
[INFO] [stdout] error[E0557]: feature has been removed
[INFO] [stdout]  --> js/src/main.rs:2:12
[INFO] [stdout]   |
[INFO] [stdout] 2 | #![feature(link_args)]
[INFO] [stdout]   |            ^^^^^^^^^ feature has been removed
[INFO] [stdout]   |
[INFO] [stdout]   = note: removed in favor of using `-C link-arg=ARG` on command line, which is available from cargo build scripts with `cargo:rustc-link-arg` now
[INFO] [stdout] 
[INFO] [stdout] 
[INFO] [stdout] error: cannot find attribute `link_args` in this scope
[INFO] [stdout]  --> js/src/main.rs:5:3
[INFO] [stdout]   |
[INFO] [stdout] 5 | #[link_args = "-O3 -s TOTAL_MEMORY=33554432 -s ALLOW_MEMORY_GROWTH=1 -s BINARYEN_METHOD='native-wasm'"]
[INFO] [stdout]   |   ^^^^^^^^^ help: a built-in attribute with a similar name exists: `linkage`
[INFO] [stdout] 
[INFO] [stdout] 
[INFO] [stdout] error[E0554]: `#![feature]` may not be used on the beta release channel
[INFO] [stdout]  --> js/src/main.rs:2:1
[INFO] [stdout]   |
[INFO] [stdout] 2 | #![feature(link_args)]
[INFO] [stdout]   | ^^^^^^^^^^^^^^^^^^^^^^
[INFO] [stdout] 
[INFO] [stdout] 
[INFO] [stdout] error: aborting due to 3 previous errors
[INFO] [stdout] 
[INFO] [stdout] 
[INFO] [stdout] Some errors have detailed explanations: E0554, E0557.
[INFO] [stdout] 
[INFO] [stdout] For more information about an error, try `rustc --explain E0554`.
[INFO] [stdout] 
[INFO] [stderr] error: could not compile `js` due to 4 previous errors
[INFO] [stderr] warning: build failed, waiting for other jobs to finish...
[INFO] [stdout] error[E0557]: feature has been removed
[INFO] [stdout]  --> js/src/main.rs:2:12
[INFO] [stdout]   |
[INFO] [stdout] 2 | #![feature(link_args)]
[INFO] [stdout]   |            ^^^^^^^^^ feature has been removed
[INFO] [stdout]   |
[INFO] [stdout]   = note: removed in favor of using `-C link-arg=ARG` on command line, which is available from cargo build scripts with `cargo:rustc-link-arg` now
[INFO] [stdout] 
[INFO] [stdout] 
[INFO] [stdout] error: cannot find attribute `link_args` in this scope
[INFO] [stdout]  --> js/src/main.rs:5:3
[INFO] [stdout]   |
[INFO] [stdout] 5 | #[link_args = "-O3 -s TOTAL_MEMORY=33554432 -s ALLOW_MEMORY_GROWTH=1 -s BINARYEN_METHOD='native-wasm'"]
[INFO] [stdout]   |   ^^^^^^^^^ help: a built-in attribute with a similar name exists: `linkage`
[INFO] [stdout] 
[INFO] [stdout] 
[INFO] [stdout] error[E0554]: `#![feature]` may not be used on the beta release channel
[INFO] [stdout]  --> js/src/main.rs:2:1
[INFO] [stdout]   |
[INFO] [stdout] 2 | #![feature(link_args)]
[INFO] [stdout]   | ^^^^^^^^^^^^^^^^^^^^^^
[INFO] [stdout] 
[INFO] [stdout] 
[INFO] [stdout] error: aborting due to 3 previous errors
[INFO] [stdout] 
[INFO] [stdout] 
[INFO] [stdout] Some errors have detailed explanations: E0554, E0557.
[INFO] [stdout] 
[INFO] [stdout] For more information about an error, try `rustc --explain E0554`.
[INFO] [stdout] 
[INFO] [stderr] error: build failed
[INFO] running `Command { std: "docker" "inspect" "0f1c85a9f746cc0ce9253452186f896a8ebca0728f9aa78df7f7e8cbdaf78a97", kill_on_drop: false }`
[INFO] running `Command { std: "docker" "rm" "-f" "0f1c85a9f746cc0ce9253452186f896a8ebca0728f9aa78df7f7e8cbdaf78a97", kill_on_drop: false }`
[INFO] [stdout] 0f1c85a9f746cc0ce9253452186f896a8ebca0728f9aa78df7f7e8cbdaf78a97
