[INFO] cloning repository https://github.com/CristianNeamtu/rs-bind
[INFO] running `Command { std: "git" "-c" "credential.helper=" "-c" "credential.helper=/workspace/cargo-home/bin/git-credential-null" "clone" "--bare" "https://github.com/CristianNeamtu/rs-bind" "/workspace/cache/git-repos/https%3A%2F%2Fgithub.com%2FCristianNeamtu%2Frs-bind", kill_on_drop: false }`
[INFO] [stderr] Cloning into bare repository '/workspace/cache/git-repos/https%3A%2F%2Fgithub.com%2FCristianNeamtu%2Frs-bind'...
[INFO] running `Command { std: "git" "rev-parse" "HEAD", kill_on_drop: false }`
[INFO] [stdout] 86aaca95b28acc0bec3463837b92438aed859d83
[INFO] checking CristianNeamtu/rs-bind against 1.55.0 for beta-1.56-3
[INFO] running `Command { std: "git" "clone" "/workspace/cache/git-repos/https%3A%2F%2Fgithub.com%2FCristianNeamtu%2Frs-bind" "/workspace/builds/worker-2/source", kill_on_drop: false }`
[INFO] [stderr] Cloning into '/workspace/builds/worker-2/source'...
[INFO] [stderr] done.
[INFO] validating manifest of git repo https://github.com/CristianNeamtu/rs-bind on toolchain 1.55.0
[INFO] running `Command { std: "/workspace/cargo-home/bin/cargo" "+1.55.0" "metadata" "--manifest-path" "Cargo.toml" "--no-deps", kill_on_drop: false }`
[INFO] started tweaking git repo https://github.com/CristianNeamtu/rs-bind
[INFO] finished tweaking git repo https://github.com/CristianNeamtu/rs-bind
[INFO] tweaked toml for git repo https://github.com/CristianNeamtu/rs-bind written to /workspace/builds/worker-2/source/Cargo.toml
[INFO] running `Command { std: "/workspace/cargo-home/bin/cargo" "+1.55.0" "generate-lockfile" "--manifest-path" "Cargo.toml" "-Zno-index-update", kill_on_drop: false }`
[INFO] [stderr]     Blocking waiting for file lock on package cache
[INFO] running `Command { std: "/workspace/cargo-home/bin/cargo" "+1.55.0" "fetch" "--manifest-path" "Cargo.toml", kill_on_drop: false }`
[INFO] [stderr]  Downloading crates ...
[INFO] [stderr]   Downloaded plotters-svg v0.3.1
[INFO] [stderr]   Downloaded semver v1.0.4
[INFO] [stderr]   Downloaded serde_cbor v0.11.2
[INFO] [stderr]   Downloaded cast v0.2.7
[INFO] [stderr]   Downloaded rustc_version v0.4.0
[INFO] [stderr]   Downloaded criterion v0.3.5
[INFO] [stderr]   Downloaded cmake v0.1.46
[INFO] [stderr]   Downloaded criterion-plot v0.4.4
[INFO] [stderr]   Downloaded half v1.8.0
[INFO] [stderr]   Downloaded tinytemplate v1.2.1
[INFO] [stderr]   Downloaded font-kit v0.7.1
[INFO] [stderr]   Downloaded libsqlite3-sys v0.17.3
[INFO] [stderr]   Downloaded pathfinder_simd v0.5.1
[INFO] [stderr]   Downloaded plotters-backend v0.3.2
[INFO] [stderr]   Downloaded plotters v0.3.1
[INFO] [stderr]   Downloaded rusqlite v0.21.0
[INFO] running `Command { std: "docker" "create" "-v" "/var/lib/crater-agent-workspace/builds/worker-2/target:/opt/rustwide/target:rw,Z" "-v" "/var/lib/crater-agent-workspace/builds/worker-2/source:/opt/rustwide/workdir:ro,Z" "-v" "/var/lib/crater-agent-workspace/cargo-home:/opt/rustwide/cargo-home:ro,Z" "-v" "/var/lib/crater-agent-workspace/rustup-home:/opt/rustwide/rustup-home:ro,Z" "-e" "SOURCE_DIR=/opt/rustwide/workdir" "-e" "CARGO_TARGET_DIR=/opt/rustwide/target" "-e" "CARGO_HOME=/opt/rustwide/cargo-home" "-e" "RUSTUP_HOME=/opt/rustwide/rustup-home" "-w" "/opt/rustwide/workdir" "-m" "1610612736" "--user" "0:0" "--network" "none" "ghcr.io/rust-lang/crates-build-env/linux@sha256:a89201d6b5b9fd45c15d5952ece0a0129e7e80cb26ec023fd59cf09bc26f1604" "/opt/rustwide/cargo-home/bin/cargo" "+1.55.0" "metadata" "--no-deps" "--format-version=1", kill_on_drop: false }`
[INFO] [stdout] e21b30b286e069d6664109677cd60db3415366228eaa6b0fda8c2f2207debe73
[INFO] [stderr] WARNING: Your kernel does not support swap limit capabilities or the cgroup is not mounted. Memory limited without swap.
[INFO] running `Command { std: "docker" "start" "-a" "e21b30b286e069d6664109677cd60db3415366228eaa6b0fda8c2f2207debe73", kill_on_drop: false }`
[INFO] running `Command { std: "docker" "inspect" "e21b30b286e069d6664109677cd60db3415366228eaa6b0fda8c2f2207debe73", kill_on_drop: false }`
[INFO] running `Command { std: "docker" "rm" "-f" "e21b30b286e069d6664109677cd60db3415366228eaa6b0fda8c2f2207debe73", kill_on_drop: false }`
[INFO] [stdout] e21b30b286e069d6664109677cd60db3415366228eaa6b0fda8c2f2207debe73
[INFO] running `Command { std: "docker" "create" "-v" "/var/lib/crater-agent-workspace/builds/worker-2/target:/opt/rustwide/target:rw,Z" "-v" "/var/lib/crater-agent-workspace/builds/worker-2/source:/opt/rustwide/workdir:ro,Z" "-v" "/var/lib/crater-agent-workspace/cargo-home:/opt/rustwide/cargo-home:ro,Z" "-v" "/var/lib/crater-agent-workspace/rustup-home:/opt/rustwide/rustup-home:ro,Z" "-e" "SOURCE_DIR=/opt/rustwide/workdir" "-e" "CARGO_TARGET_DIR=/opt/rustwide/target" "-e" "CARGO_INCREMENTAL=0" "-e" "RUST_BACKTRACE=full" "-e" "RUSTFLAGS=--cap-lints=warn" "-e" "CARGO_HOME=/opt/rustwide/cargo-home" "-e" "RUSTUP_HOME=/opt/rustwide/rustup-home" "-w" "/opt/rustwide/workdir" "-m" "1610612736" "--user" "0:0" "--network" "none" "ghcr.io/rust-lang/crates-build-env/linux@sha256:a89201d6b5b9fd45c15d5952ece0a0129e7e80cb26ec023fd59cf09bc26f1604" "/opt/rustwide/cargo-home/bin/cargo" "+1.55.0" "check" "--frozen" "--all" "--all-targets" "--message-format=json", kill_on_drop: false }`
[INFO] [stdout] b189b5310175161c04c1347fe4740df7e9766c3393ed6b4f797ed309cb1a6486
[INFO] [stderr] WARNING: Your kernel does not support swap limit capabilities or the cgroup is not mounted. Memory limited without swap.
[INFO] running `Command { std: "docker" "start" "-a" "b189b5310175161c04c1347fe4740df7e9766c3393ed6b4f797ed309cb1a6486", kill_on_drop: false }`
[INFO] [stderr]    Compiling palette v0.5.0
[INFO] [stderr]    Compiling servo-fontconfig-sys v4.0.9
[INFO] [stderr]    Compiling libsqlite3-sys v0.17.3
[INFO] [stderr]     Checking stb_truetype v0.3.1
[INFO] [stderr]    Compiling servo-freetype-sys v4.0.5
[INFO] [stderr]     Checking time v0.1.43
[INFO] [stderr]     Checking num_cpus v1.13.0
[INFO] [stderr]     Checking dirs-sys v0.3.6
[INFO] [stderr]     Checking atty v0.2.14
[INFO] [stderr]     Checking approx v0.3.2
[INFO] [stderr]    Compiling palette_derive v0.5.0
[INFO] [stderr]    Compiling bind-gen v0.1.0 (/opt/rustwide/workdir/bind-gen)
[INFO] [stderr]     Checking bstr v0.2.17
[INFO] [stderr]     Checking image v0.23.14
[INFO] [stderr]     Checking dirs v2.0.2
[INFO] [stderr]     Checking rayon-core v1.9.1
[INFO] [stderr]     Checking rusttype v0.8.3
[INFO] [stderr]     Checking chrono v0.4.19
[INFO] [stderr]     Checking csv v1.1.6
[INFO] [stderr]     Checking freetype v0.4.1
[INFO] [stderr]     Checking rayon v1.5.1
[INFO] [stderr]     Checking servo-fontconfig v0.4.0
[INFO] [stderr]     Checking font-kit v0.7.1
[INFO] [stderr]     Checking criterion v0.3.5
[INFO] [stderr]     Checking plotters v0.2.15
[INFO] [stderr]     Checking rusqlite v0.21.0
[INFO] [stderr]     Checking rs-bind v0.1.0 (/opt/rustwide/workdir)
[INFO] [stdout] error[E0277]: the trait bound `u64: From<json::number::Number>` is not satisfied
[INFO] [stdout]   --> src/de/json_de.rs:43:50
[INFO] [stdout]    |
[INFO] [stdout] 43 |         (true, true) => visitor.visit_u64(number.into()),
[INFO] [stdout]    |                                                  ^^^^ the trait `From<json::number::Number>` is not implemented for `u64`
[INFO] [stdout]    |
[INFO] [stdout]    = help: the following implementations were found:
[INFO] [stdout]              <u64 as From<NonZeroU64>>
[INFO] [stdout]              <u64 as From<bool>>
[INFO] [stdout]              <u64 as From<char>>
[INFO] [stdout]              <u64 as From<u16>>
[INFO] [stdout]            and 2 others
[INFO] [stdout]    = note: required because of the requirements on the impl of `Into<u64>` for `json::number::Number`
[INFO] [stdout] 
[INFO] [stdout] 
[INFO] [stdout] error[E0277]: the trait bound `i64: From<json::number::Number>` is not satisfied
[INFO] [stdout]   --> src/de/json_de.rs:44:51
[INFO] [stdout]    |
[INFO] [stdout] 44 |         (false, true) => visitor.visit_i64(number.into()),
[INFO] [stdout]    |                                                   ^^^^ the trait `From<json::number::Number>` is not implemented for `i64`
[INFO] [stdout]    |
[INFO] [stdout]    = help: the following implementations were found:
[INFO] [stdout]              <i64 as From<NonZeroI64>>
[INFO] [stdout]              <i64 as From<bool>>
[INFO] [stdout]              <i64 as From<i16>>
[INFO] [stdout]              <i64 as From<i32>>
[INFO] [stdout]            and 4 others
[INFO] [stdout]    = note: required because of the requirements on the impl of `Into<i64>` for `json::number::Number`
[INFO] [stdout] 
[INFO] [stdout] 
[INFO] [stdout] error: aborting due to 2 previous errors
[INFO] [stdout] 
[INFO] [stdout] 
[INFO] [stdout] For more information about this error, try `rustc --explain E0277`.
[INFO] [stdout] 
[INFO] [stderr] error: could not compile `rs-bind` due to 3 previous errors
[INFO] [stderr] warning: build failed, waiting for other jobs to finish...
[INFO] [stdout] error[E0277]: the trait bound `u64: From<json::number::Number>` is not satisfied
[INFO] [stdout]   --> src/de/json_de.rs:43:50
[INFO] [stdout]    |
[INFO] [stdout] 43 |         (true, true) => visitor.visit_u64(number.into()),
[INFO] [stdout]    |                                                  ^^^^ the trait `From<json::number::Number>` is not implemented for `u64`
[INFO] [stdout]    |
[INFO] [stdout]    = help: the following implementations were found:
[INFO] [stdout]              <u64 as From<NonZeroU64>>
[INFO] [stdout]              <u64 as From<bool>>
[INFO] [stdout]              <u64 as From<char>>
[INFO] [stdout]              <u64 as From<u16>>
[INFO] [stdout]            and 2 others
[INFO] [stdout]    = note: required because of the requirements on the impl of `Into<u64>` for `json::number::Number`
[INFO] [stdout] 
[INFO] [stdout] 
[INFO] [stdout] error[E0277]: the trait bound `i64: From<json::number::Number>` is not satisfied
[INFO] [stdout]   --> src/de/json_de.rs:44:51
[INFO] [stdout]    |
[INFO] [stdout] 44 |         (false, true) => visitor.visit_i64(number.into()),
[INFO] [stdout]    |                                                   ^^^^ the trait `From<json::number::Number>` is not implemented for `i64`
[INFO] [stdout]    |
[INFO] [stdout]    = help: the following implementations were found:
[INFO] [stdout]              <i64 as From<NonZeroI64>>
[INFO] [stdout]              <i64 as From<bool>>
[INFO] [stdout]              <i64 as From<i16>>
[INFO] [stdout]              <i64 as From<i32>>
[INFO] [stdout]            and 4 others
[INFO] [stdout]    = note: required because of the requirements on the impl of `Into<i64>` for `json::number::Number`
[INFO] [stdout] 
[INFO] [stdout] 
[INFO] [stdout] error: aborting due to 2 previous errors
[INFO] [stdout] 
[INFO] [stdout] 
[INFO] [stdout] For more information about this error, try `rustc --explain E0277`.
[INFO] [stdout] 
[INFO] [stderr] error: build failed
[INFO] running `Command { std: "docker" "inspect" "b189b5310175161c04c1347fe4740df7e9766c3393ed6b4f797ed309cb1a6486", kill_on_drop: false }`
[INFO] running `Command { std: "docker" "rm" "-f" "b189b5310175161c04c1347fe4740df7e9766c3393ed6b4f797ed309cb1a6486", kill_on_drop: false }`
[INFO] [stdout] b189b5310175161c04c1347fe4740df7e9766c3393ed6b4f797ed309cb1a6486
