[INFO] cloning repository https://github.com/ConnorDillon/project-squirrel
[INFO] running `Command { std: "git" "-c" "credential.helper=" "-c" "credential.helper=/workspace/cargo-home/bin/git-credential-null" "clone" "--bare" "https://github.com/ConnorDillon/project-squirrel" "/workspace/cache/git-repos/https%3A%2F%2Fgithub.com%2FConnorDillon%2Fproject-squirrel", kill_on_drop: false }`
[INFO] [stderr] Cloning into bare repository '/workspace/cache/git-repos/https%3A%2F%2Fgithub.com%2FConnorDillon%2Fproject-squirrel'...
[INFO] running `Command { std: "git" "rev-parse" "HEAD", kill_on_drop: false }`
[INFO] [stdout] 2672dcfe2e49d36a3b1345b51a3bf62317e53276
[INFO] checking ConnorDillon/project-squirrel against beta-2021-10-15 for beta-1.56-3
[INFO] running `Command { std: "git" "clone" "/workspace/cache/git-repos/https%3A%2F%2Fgithub.com%2FConnorDillon%2Fproject-squirrel" "/workspace/builds/worker-11/source", kill_on_drop: false }`
[INFO] [stderr] Cloning into '/workspace/builds/worker-11/source'...
[INFO] [stderr] done.
[INFO] validating manifest of git repo https://github.com/ConnorDillon/project-squirrel on toolchain beta-2021-10-15
[INFO] running `Command { std: "/workspace/cargo-home/bin/cargo" "+beta-2021-10-15" "metadata" "--manifest-path" "Cargo.toml" "--no-deps", kill_on_drop: false }`
[INFO] started tweaking git repo https://github.com/ConnorDillon/project-squirrel
[INFO] finished tweaking git repo https://github.com/ConnorDillon/project-squirrel
[INFO] tweaked toml for git repo https://github.com/ConnorDillon/project-squirrel written to /workspace/builds/worker-11/source/Cargo.toml
[INFO] crate git repo https://github.com/ConnorDillon/project-squirrel already has a lockfile, it will not be regenerated
[INFO] running `Command { std: "/workspace/cargo-home/bin/cargo" "+beta-2021-10-15" "fetch" "--manifest-path" "Cargo.toml", kill_on_drop: false }`
[INFO] running `Command { std: "docker" "create" "-v" "/var/lib/crater-agent-workspace/builds/worker-11/target:/opt/rustwide/target:rw,Z" "-v" "/var/lib/crater-agent-workspace/builds/worker-11/source:/opt/rustwide/workdir:ro,Z" "-v" "/var/lib/crater-agent-workspace/cargo-home:/opt/rustwide/cargo-home:ro,Z" "-v" "/var/lib/crater-agent-workspace/rustup-home:/opt/rustwide/rustup-home:ro,Z" "-e" "SOURCE_DIR=/opt/rustwide/workdir" "-e" "CARGO_TARGET_DIR=/opt/rustwide/target" "-e" "CARGO_HOME=/opt/rustwide/cargo-home" "-e" "RUSTUP_HOME=/opt/rustwide/rustup-home" "-w" "/opt/rustwide/workdir" "-m" "1610612736" "--user" "0:0" "--network" "none" "ghcr.io/rust-lang/crates-build-env/linux@sha256:a89201d6b5b9fd45c15d5952ece0a0129e7e80cb26ec023fd59cf09bc26f1604" "/opt/rustwide/cargo-home/bin/cargo" "+beta-2021-10-15" "metadata" "--no-deps" "--format-version=1", kill_on_drop: false }`
[INFO] [stdout] 557e8762e0d4cbd38061bbfc5d2feee4a2834a5810a0e6008de88feffe531699
[INFO] [stderr] WARNING: Your kernel does not support swap limit capabilities or the cgroup is not mounted. Memory limited without swap.
[INFO] running `Command { std: "docker" "start" "-a" "557e8762e0d4cbd38061bbfc5d2feee4a2834a5810a0e6008de88feffe531699", kill_on_drop: false }`
[INFO] running `Command { std: "docker" "inspect" "557e8762e0d4cbd38061bbfc5d2feee4a2834a5810a0e6008de88feffe531699", kill_on_drop: false }`
[INFO] running `Command { std: "docker" "rm" "-f" "557e8762e0d4cbd38061bbfc5d2feee4a2834a5810a0e6008de88feffe531699", kill_on_drop: false }`
[INFO] [stdout] 557e8762e0d4cbd38061bbfc5d2feee4a2834a5810a0e6008de88feffe531699
[INFO] running `Command { std: "docker" "create" "-v" "/var/lib/crater-agent-workspace/builds/worker-11/target:/opt/rustwide/target:rw,Z" "-v" "/var/lib/crater-agent-workspace/builds/worker-11/source:/opt/rustwide/workdir:ro,Z" "-v" "/var/lib/crater-agent-workspace/cargo-home:/opt/rustwide/cargo-home:ro,Z" "-v" "/var/lib/crater-agent-workspace/rustup-home:/opt/rustwide/rustup-home:ro,Z" "-e" "SOURCE_DIR=/opt/rustwide/workdir" "-e" "CARGO_TARGET_DIR=/opt/rustwide/target" "-e" "CARGO_INCREMENTAL=0" "-e" "RUST_BACKTRACE=full" "-e" "RUSTFLAGS=--cap-lints=warn" "-e" "CARGO_HOME=/opt/rustwide/cargo-home" "-e" "RUSTUP_HOME=/opt/rustwide/rustup-home" "-w" "/opt/rustwide/workdir" "-m" "1610612736" "--user" "0:0" "--network" "none" "ghcr.io/rust-lang/crates-build-env/linux@sha256:a89201d6b5b9fd45c15d5952ece0a0129e7e80cb26ec023fd59cf09bc26f1604" "/opt/rustwide/cargo-home/bin/cargo" "+beta-2021-10-15" "check" "--frozen" "--all" "--all-targets" "--message-format=json", kill_on_drop: false }`
[INFO] [stdout] b10218333ba53db8de10eef8431e643c5837a42d49dd34f96e13c5ab9b570166
[INFO] [stderr] WARNING: Your kernel does not support swap limit capabilities or the cgroup is not mounted. Memory limited without swap.
[INFO] running `Command { std: "docker" "start" "-a" "b10218333ba53db8de10eef8431e643c5837a42d49dd34f96e13c5ab9b570166", kill_on_drop: false }`
[INFO] [stderr]     Checking ring v0.16.20
[INFO] [stderr]     Checking xattr v0.2.2
[INFO] [stderr]     Checking filetime v0.2.14
[INFO] [stderr]     Checking flate2 v1.0.20
[INFO] [stderr]     Checking tar v0.4.35
[INFO] [stderr]     Checking webpki v0.21.4
[INFO] [stderr]     Checking sct v0.6.1
[INFO] [stderr]     Checking rustls v0.19.1
[INFO] [stderr]     Checking webpki-roots v0.21.1
[INFO] [stderr]     Checking ureq v2.1.1
[INFO] [stderr]     Checking project-squirrel v0.1.0 (/opt/rustwide/workdir)
[INFO] [stdout] error[E0433]: failed to resolve: could not find `windows` in `os`
[INFO] [stdout]  --> src/snapshot.rs:1:14
[INFO] [stdout]   |
[INFO] [stdout] 1 | use std::os::windows::fs::symlink_dir;
[INFO] [stdout]   |              ^^^^^^^ could not find `windows` in `os`
[INFO] [stdout] 
[INFO] [stdout] 
[INFO] [stdout] error[E0433]: failed to resolve: could not find `windows` in `os`
[INFO] [stdout]  --> src/snapshot.rs:1:14
[INFO] [stdout]   |
[INFO] [stdout] 1 | use std::os::windows::fs::symlink_dir;
[INFO] [stdout]   |              ^^^^^^^ could not find `windows` in `os`
[INFO] [stdout] 
[INFO] [stdout] 
[INFO] [stdout] error[E0425]: cannot find function `symlink_dir` in this scope
[INFO] [stdout]   --> src/snapshot.rs:72:5
[INFO] [stdout]    |
[INFO] [stdout] 72 |     symlink_dir(&devid, mount_point).expect(&format!(
[INFO] [stdout]    |     ^^^^^^^^^^^ not found in this scope
[INFO] [stdout] 
[INFO] [stdout] 
[INFO] [stdout] error[E0425]: cannot find function `symlink_dir` in this scope
[INFO] [stdout]   --> src/snapshot.rs:72:5
[INFO] [stdout]    |
[INFO] [stdout] 72 |     symlink_dir(&devid, mount_point).expect(&format!(
[INFO] [stdout]    |     ^^^^^^^^^^^ not found in this scope
[INFO] [stdout] 
[INFO] [stdout] 
[INFO] [stdout] error: aborting due to 2 previous errors
[INFO] [stdout] 
[INFO] [stdout] 
[INFO] [stdout] Some errors have detailed explanations: E0425, E0433.
[INFO] [stdout] 
[INFO] [stdout] For more information about an error, try `rustc --explain E0425`.
[INFO] [stdout] 
[INFO] [stderr] error: could not compile `project-squirrel` due to 3 previous errors
[INFO] [stderr] warning: build failed, waiting for other jobs to finish...
[INFO] [stdout] error: aborting due to 2 previous errors
[INFO] [stdout] 
[INFO] [stdout] 
[INFO] [stdout] Some errors have detailed explanations: E0425, E0433.
[INFO] [stdout] 
[INFO] [stdout] For more information about an error, try `rustc --explain E0425`.
[INFO] [stdout] 
[INFO] [stderr] error: build failed
[INFO] running `Command { std: "docker" "inspect" "b10218333ba53db8de10eef8431e643c5837a42d49dd34f96e13c5ab9b570166", kill_on_drop: false }`
[INFO] running `Command { std: "docker" "rm" "-f" "b10218333ba53db8de10eef8431e643c5837a42d49dd34f96e13c5ab9b570166", kill_on_drop: false }`
[INFO] [stdout] b10218333ba53db8de10eef8431e643c5837a42d49dd34f96e13c5ab9b570166
