[INFO] cloning repository https://github.com/Congyuwang/bitcoin_daily_balance
[INFO] running `Command { std: "git" "-c" "credential.helper=" "-c" "credential.helper=/workspace/cargo-home/bin/git-credential-null" "clone" "--bare" "https://github.com/Congyuwang/bitcoin_daily_balance" "/workspace/cache/git-repos/https%3A%2F%2Fgithub.com%2FCongyuwang%2Fbitcoin_daily_balance", kill_on_drop: false }`
[INFO] [stderr] Cloning into bare repository '/workspace/cache/git-repos/https%3A%2F%2Fgithub.com%2FCongyuwang%2Fbitcoin_daily_balance'...
[INFO] running `Command { std: "git" "rev-parse" "HEAD", kill_on_drop: false }`
[INFO] [stdout] c5cfddc406c777a2e345942aa087aa274226fe8c
[INFO] checking Congyuwang/bitcoin_daily_balance against 1.55.0 for beta-1.56-3
[INFO] running `Command { std: "git" "clone" "/workspace/cache/git-repos/https%3A%2F%2Fgithub.com%2FCongyuwang%2Fbitcoin_daily_balance" "/workspace/builds/worker-10/source", kill_on_drop: false }`
[INFO] [stderr] Cloning into '/workspace/builds/worker-10/source'...
[INFO] [stderr] done.
[INFO] validating manifest of git repo https://github.com/Congyuwang/bitcoin_daily_balance on toolchain 1.55.0
[INFO] running `Command { std: "/workspace/cargo-home/bin/cargo" "+1.55.0" "metadata" "--manifest-path" "Cargo.toml" "--no-deps", kill_on_drop: false }`
[INFO] started tweaking git repo https://github.com/Congyuwang/bitcoin_daily_balance
[INFO] finished tweaking git repo https://github.com/Congyuwang/bitcoin_daily_balance
[INFO] tweaked toml for git repo https://github.com/Congyuwang/bitcoin_daily_balance written to /workspace/builds/worker-10/source/Cargo.toml
[INFO] crate git repo https://github.com/Congyuwang/bitcoin_daily_balance already has a lockfile, it will not be regenerated
[INFO] running `Command { std: "/workspace/cargo-home/bin/cargo" "+1.55.0" "fetch" "--manifest-path" "Cargo.toml", kill_on_drop: false }`
[INFO] [stderr]     Updating crates.io index
[INFO] running `Command { std: "docker" "create" "-v" "/var/lib/crater-agent-workspace/builds/worker-10/target:/opt/rustwide/target:rw,Z" "-v" "/var/lib/crater-agent-workspace/builds/worker-10/source:/opt/rustwide/workdir:ro,Z" "-v" "/var/lib/crater-agent-workspace/cargo-home:/opt/rustwide/cargo-home:ro,Z" "-v" "/var/lib/crater-agent-workspace/rustup-home:/opt/rustwide/rustup-home:ro,Z" "-e" "SOURCE_DIR=/opt/rustwide/workdir" "-e" "CARGO_TARGET_DIR=/opt/rustwide/target" "-e" "CARGO_HOME=/opt/rustwide/cargo-home" "-e" "RUSTUP_HOME=/opt/rustwide/rustup-home" "-w" "/opt/rustwide/workdir" "-m" "1610612736" "--user" "0:0" "--network" "none" "ghcr.io/rust-lang/crates-build-env/linux@sha256:a89201d6b5b9fd45c15d5952ece0a0129e7e80cb26ec023fd59cf09bc26f1604" "/opt/rustwide/cargo-home/bin/cargo" "+1.55.0" "metadata" "--no-deps" "--format-version=1", kill_on_drop: false }`
[INFO] [stdout] 331a65726bacce60570f187c9782bddabfbf92ddf8dd1f4fe730baf0c8e1bae3
[INFO] [stderr] WARNING: Your kernel does not support swap limit capabilities or the cgroup is not mounted. Memory limited without swap.
[INFO] running `Command { std: "docker" "start" "-a" "331a65726bacce60570f187c9782bddabfbf92ddf8dd1f4fe730baf0c8e1bae3", kill_on_drop: false }`
[INFO] running `Command { std: "docker" "inspect" "331a65726bacce60570f187c9782bddabfbf92ddf8dd1f4fe730baf0c8e1bae3", kill_on_drop: false }`
[INFO] running `Command { std: "docker" "rm" "-f" "331a65726bacce60570f187c9782bddabfbf92ddf8dd1f4fe730baf0c8e1bae3", kill_on_drop: false }`
[INFO] [stdout] 331a65726bacce60570f187c9782bddabfbf92ddf8dd1f4fe730baf0c8e1bae3
[INFO] running `Command { std: "docker" "create" "-v" "/var/lib/crater-agent-workspace/builds/worker-10/target:/opt/rustwide/target:rw,Z" "-v" "/var/lib/crater-agent-workspace/builds/worker-10/source:/opt/rustwide/workdir:ro,Z" "-v" "/var/lib/crater-agent-workspace/cargo-home:/opt/rustwide/cargo-home:ro,Z" "-v" "/var/lib/crater-agent-workspace/rustup-home:/opt/rustwide/rustup-home:ro,Z" "-e" "SOURCE_DIR=/opt/rustwide/workdir" "-e" "CARGO_TARGET_DIR=/opt/rustwide/target" "-e" "CARGO_INCREMENTAL=0" "-e" "RUST_BACKTRACE=full" "-e" "RUSTFLAGS=--cap-lints=warn" "-e" "CARGO_HOME=/opt/rustwide/cargo-home" "-e" "RUSTUP_HOME=/opt/rustwide/rustup-home" "-w" "/opt/rustwide/workdir" "-m" "1610612736" "--user" "0:0" "--network" "none" "ghcr.io/rust-lang/crates-build-env/linux@sha256:a89201d6b5b9fd45c15d5952ece0a0129e7e80cb26ec023fd59cf09bc26f1604" "/opt/rustwide/cargo-home/bin/cargo" "+1.55.0" "check" "--frozen" "--all" "--all-targets" "--message-format=json", kill_on_drop: false }`
[INFO] [stderr] WARNING: Your kernel does not support swap limit capabilities or the cgroup is not mounted. Memory limited without swap.
[INFO] [stdout] bf1e88230f527e98584dd91317ac78a6e6b379b72b3625e0a65ca23bb8170afa
[INFO] running `Command { std: "docker" "start" "-a" "bf1e88230f527e98584dd91317ac78a6e6b379b72b3625e0a65ca23bb8170afa", kill_on_drop: false }`
[INFO] [stderr]    Compiling syn v1.0.76
[INFO] [stderr]     Checking ffi-opaque v2.0.1
[INFO] [stderr]     Checking bech32 v0.8.1
[INFO] [stderr]     Checking db-key v0.0.5
[INFO] [stderr]     Checking hash_hasher v2.0.3
[INFO] [stderr]    Compiling ahash v0.7.4
[INFO] [stderr]    Compiling bindgen v0.59.1
[INFO] [stderr]    Compiling clang-sys v1.2.2
[INFO] [stderr]     Checking getrandom v0.2.3
[INFO] [stderr]     Checking rand v0.4.6
[INFO] [stderr]     Checking console v0.14.1
[INFO] [stderr]     Checking colored v1.9.3
[INFO] [stderr]    Compiling cexpr v0.5.0
[INFO] [stderr]    Compiling cmake v0.1.45
[INFO] [stderr]    Compiling secp256k1-sys v0.4.1
[INFO] [stderr]     Checking chrono v0.4.19
[INFO] [stderr]    Compiling leveldb-sys v2.0.9
[INFO] [stderr]     Checking indicatif v0.16.2
[INFO] [stderr]     Checking tempdir v0.3.7
[INFO] [stderr]     Checking simple_logger v1.13.0
[INFO] [stderr]    Compiling serde_derive v1.0.130
[INFO] [stderr]     Checking serde v1.0.130
[INFO] [stderr]    Compiling librocksdb-sys v6.20.3
[INFO] [stderr]     Checking leveldb v0.8.6
[INFO] [stderr]     Checking bitcoin_hashes v0.10.0
[INFO] [stderr]     Checking secp256k1 v0.20.3
[INFO] [stderr]     Checking bitcoin v0.27.1
[INFO] [stderr] error: could not compile `bitcoin`
[INFO] [stderr] 
[INFO] [stderr] Caused by:
[INFO] [stderr]   process didn't exit successfully: `rustc --crate-name bitcoin /opt/rustwide/cargo-home/registry/src/github.com-1ecc6299db9ec823/bitcoin-0.27.1/src/lib.rs --error-format=json --json=diagnostic-rendered-ansi --crate-type lib --emit=dep-info,metadata -C embed-bitcode=no -C debuginfo=2 --cfg 'feature="default"' --cfg 'feature="secp-recovery"' --cfg 'feature="serde"' --cfg 'feature="std"' --cfg 'feature="use-serde"' -C metadata=f3bbcb776b4afbc3 -C extra-filename=-f3bbcb776b4afbc3 --out-dir /opt/rustwide/target/debug/deps -L dependency=/opt/rustwide/target/debug/deps --extern bech32=/opt/rustwide/target/debug/deps/libbech32-e94248fd5b74f8e5.rmeta --extern bitcoin_hashes=/opt/rustwide/target/debug/deps/libbitcoin_hashes-5df469c777b41ad3.rmeta --extern secp256k1=/opt/rustwide/target/debug/deps/libsecp256k1-7fa7fb9fb8f5dde4.rmeta --extern serde=/opt/rustwide/target/debug/deps/libserde-787c8b3830d135a6.rmeta --cap-lints allow --cap-lints=warn -L native=/opt/rustwide/target/debug/build/secp256k1-sys-0d5ae632e22cef14/out` (signal: 9, SIGKILL: kill)
[INFO] [stderr] warning: build failed, waiting for other jobs to finish...
[INFO] [stderr] The following warnings were emitted during compilation:
[INFO] [stderr] 
[INFO] [stderr] warning: c++: fatal error: Killed signal terminated program cc1plus
[INFO] [stderr] warning: compilation terminated.
[INFO] [stderr] warning: c++: fatal error: Killed signal terminated program cc1plus
[INFO] [stderr] warning: compilation terminated.
[INFO] [stderr] warning: c++: fatal error: Killed signal terminated program cc1plus
[INFO] [stderr] warning: compilation terminated.
[INFO] [stderr] warning: c++: fatal error: Killed signal terminated program cc1plus
[INFO] [stderr] warning: compilation terminated.
[INFO] [stderr] warning: c++: fatal error: Killed signal terminated program cc1plus
[INFO] [stderr] warning: compilation terminated.
[INFO] [stderr] warning: c++: fatal error: Killed signal terminated program cc1plus
[INFO] [stderr] warning: compilation terminated.
[INFO] [stderr] warning: c++: fatal error: Killed signal terminated program cc1plus
[INFO] [stderr] warning: compilation terminated.
[INFO] [stderr] warning: c++: fatal error: Killed signal terminated program cc1plus
[INFO] [stderr] warning: compilation terminated.
[INFO] [stderr] 
[INFO] [stderr] error: build failed
[INFO] running `Command { std: "docker" "inspect" "bf1e88230f527e98584dd91317ac78a6e6b379b72b3625e0a65ca23bb8170afa", kill_on_drop: false }`
[INFO] running `Command { std: "docker" "rm" "-f" "bf1e88230f527e98584dd91317ac78a6e6b379b72b3625e0a65ca23bb8170afa", kill_on_drop: false }`
[INFO] [stdout] bf1e88230f527e98584dd91317ac78a6e6b379b72b3625e0a65ca23bb8170afa
