[INFO] cloning repository https://github.com/ColinKinloch/lpd8_config
[INFO] running `Command { std: "git" "-c" "credential.helper=" "-c" "credential.helper=/workspace/cargo-home/bin/git-credential-null" "clone" "--bare" "https://github.com/ColinKinloch/lpd8_config" "/workspace/cache/git-repos/https%3A%2F%2Fgithub.com%2FColinKinloch%2Flpd8_config", kill_on_drop: false }`
[INFO] [stderr] Cloning into bare repository '/workspace/cache/git-repos/https%3A%2F%2Fgithub.com%2FColinKinloch%2Flpd8_config'...
[INFO] running `Command { std: "git" "rev-parse" "HEAD", kill_on_drop: false }`
[INFO] [stdout] f8e7ab399c2a2545715cfb7920cc78128d631db1
[INFO] checking ColinKinloch/lpd8_config against beta-2021-10-15 for beta-1.56-3
[INFO] running `Command { std: "git" "clone" "/workspace/cache/git-repos/https%3A%2F%2Fgithub.com%2FColinKinloch%2Flpd8_config" "/workspace/builds/worker-2/source", kill_on_drop: false }`
[INFO] [stderr] Cloning into '/workspace/builds/worker-2/source'...
[INFO] [stderr] done.
[INFO] validating manifest of git repo https://github.com/ColinKinloch/lpd8_config on toolchain beta-2021-10-15
[INFO] running `Command { std: "/workspace/cargo-home/bin/cargo" "+beta-2021-10-15" "metadata" "--manifest-path" "Cargo.toml" "--no-deps", kill_on_drop: false }`
[INFO] started tweaking git repo https://github.com/ColinKinloch/lpd8_config
[INFO] finished tweaking git repo https://github.com/ColinKinloch/lpd8_config
[INFO] tweaked toml for git repo https://github.com/ColinKinloch/lpd8_config written to /workspace/builds/worker-2/source/Cargo.toml
[INFO] running `Command { std: "/workspace/cargo-home/bin/cargo" "+beta-2021-10-15" "generate-lockfile" "--manifest-path" "Cargo.toml" "-Zno-index-update", kill_on_drop: false }`
[INFO] [stderr]     Blocking waiting for file lock on package cache
[INFO] running `Command { std: "/workspace/cargo-home/bin/cargo" "+beta-2021-10-15" "fetch" "--manifest-path" "Cargo.toml", kill_on_drop: false }`
[INFO] [stderr]     Blocking waiting for file lock on package cache
[INFO] [stderr]     Blocking waiting for file lock on package cache
[INFO] running `Command { std: "docker" "create" "-v" "/var/lib/crater-agent-workspace/builds/worker-2/target:/opt/rustwide/target:rw,Z" "-v" "/var/lib/crater-agent-workspace/builds/worker-2/source:/opt/rustwide/workdir:ro,Z" "-v" "/var/lib/crater-agent-workspace/cargo-home:/opt/rustwide/cargo-home:ro,Z" "-v" "/var/lib/crater-agent-workspace/rustup-home:/opt/rustwide/rustup-home:ro,Z" "-e" "SOURCE_DIR=/opt/rustwide/workdir" "-e" "CARGO_TARGET_DIR=/opt/rustwide/target" "-e" "CARGO_HOME=/opt/rustwide/cargo-home" "-e" "RUSTUP_HOME=/opt/rustwide/rustup-home" "-w" "/opt/rustwide/workdir" "-m" "1610612736" "--user" "0:0" "--network" "none" "ghcr.io/rust-lang/crates-build-env/linux@sha256:a89201d6b5b9fd45c15d5952ece0a0129e7e80cb26ec023fd59cf09bc26f1604" "/opt/rustwide/cargo-home/bin/cargo" "+beta-2021-10-15" "metadata" "--no-deps" "--format-version=1", kill_on_drop: false }`
[INFO] [stdout] 75c0f60b3e1274b42207696dbd4e1bc61808865d93ae017950c8d207df595736
[INFO] [stderr] WARNING: Your kernel does not support swap limit capabilities or the cgroup is not mounted. Memory limited without swap.
[INFO] running `Command { std: "docker" "start" "-a" "75c0f60b3e1274b42207696dbd4e1bc61808865d93ae017950c8d207df595736", kill_on_drop: false }`
[INFO] running `Command { std: "docker" "inspect" "75c0f60b3e1274b42207696dbd4e1bc61808865d93ae017950c8d207df595736", kill_on_drop: false }`
[INFO] running `Command { std: "docker" "rm" "-f" "75c0f60b3e1274b42207696dbd4e1bc61808865d93ae017950c8d207df595736", kill_on_drop: false }`
[INFO] [stdout] 75c0f60b3e1274b42207696dbd4e1bc61808865d93ae017950c8d207df595736
[INFO] running `Command { std: "docker" "create" "-v" "/var/lib/crater-agent-workspace/builds/worker-2/target:/opt/rustwide/target:rw,Z" "-v" "/var/lib/crater-agent-workspace/builds/worker-2/source:/opt/rustwide/workdir:ro,Z" "-v" "/var/lib/crater-agent-workspace/cargo-home:/opt/rustwide/cargo-home:ro,Z" "-v" "/var/lib/crater-agent-workspace/rustup-home:/opt/rustwide/rustup-home:ro,Z" "-e" "SOURCE_DIR=/opt/rustwide/workdir" "-e" "CARGO_TARGET_DIR=/opt/rustwide/target" "-e" "CARGO_INCREMENTAL=0" "-e" "RUST_BACKTRACE=full" "-e" "RUSTFLAGS=--cap-lints=warn" "-e" "CARGO_HOME=/opt/rustwide/cargo-home" "-e" "RUSTUP_HOME=/opt/rustwide/rustup-home" "-w" "/opt/rustwide/workdir" "-m" "1610612736" "--user" "0:0" "--network" "none" "ghcr.io/rust-lang/crates-build-env/linux@sha256:a89201d6b5b9fd45c15d5952ece0a0129e7e80cb26ec023fd59cf09bc26f1604" "/opt/rustwide/cargo-home/bin/cargo" "+beta-2021-10-15" "check" "--frozen" "--all" "--all-targets" "--message-format=json", kill_on_drop: false }`
[INFO] [stdout] 8f65d57ed4f7290b0bedeed9dc69d7f31f9019335fe2111d9c82e37cb418b960
[INFO] [stderr] WARNING: Your kernel does not support swap limit capabilities or the cgroup is not mounted. Memory limited without swap.
[INFO] running `Command { std: "docker" "start" "-a" "8f65d57ed4f7290b0bedeed9dc69d7f31f9019335fe2111d9c82e37cb418b960", kill_on_drop: false }`
[INFO] [stderr]    Compiling libc v0.2.104
[INFO] [stderr]    Compiling gio v0.5.1
[INFO] [stderr]    Compiling gdk-pixbuf v0.5.0
[INFO] [stderr]     Checking fragile v0.3.0
[INFO] [stderr]    Compiling cairo-rs v0.5.0
[INFO] [stderr]    Compiling gdk v0.9.0
[INFO] [stderr]    Compiling gio v0.14.8
[INFO] [stderr]    Compiling gtk v0.5.0
[INFO] [stderr]     Checking memalloc v0.1.0
[INFO] [stderr]    Compiling glib-sys v0.7.0
[INFO] [stderr]    Compiling gobject-sys v0.7.0
[INFO] [stderr]    Compiling gio-sys v0.7.0
[INFO] [stderr]    Compiling cairo-sys-rs v0.7.0
[INFO] [stderr]    Compiling gdk-pixbuf-sys v0.7.0
[INFO] [stderr]    Compiling pango-sys v0.7.0
[INFO] [stderr]    Compiling gdk-sys v0.7.0
[INFO] [stderr]    Compiling atk-sys v0.7.0
[INFO] [stderr]    Compiling gtk-sys v0.7.0
[INFO] [stderr]    Compiling futures-util v0.3.17
[INFO] [stderr]     Checking futures-channel v0.3.17
[INFO] [stderr]    Compiling strum_macros v0.21.1
[INFO] [stderr]    Compiling glib-macros v0.14.1
[INFO] [stderr]     Checking nix v0.9.0
[INFO] [stderr]     Checking alsa-sys v0.1.2
[INFO] [stderr]     Checking glib v0.6.1
[INFO] [stderr]     Checking alsa v0.2.2
[INFO] [stderr]     Checking futures-executor v0.3.17
[INFO] [stderr]    Compiling system-deps v3.2.0
[INFO] [stderr]     Checking midir v0.5.0
[INFO] [stderr]    Compiling glib-sys v0.14.0
[INFO] [stderr]    Compiling gobject-sys v0.14.0
[INFO] [stderr]    Compiling gio-sys v0.14.0
[INFO] [stderr]     Checking pango v0.5.0
[INFO] [stderr]     Checking glib v0.14.8
[INFO] [stderr]     Checking lpd8_config v0.1.0 (/opt/rustwide/workdir)
[INFO] [stdout] error[E0599]: the method `set_property` exists for struct `Grid`, but its trait bounds were not satisfied
[INFO] [stdout]    --> src/main.rs:538:22
[INFO] [stdout]     |
[INFO] [stdout] 538 |               pad_grid.set_property("expand", &true).unwrap();
[INFO] [stdout]     |                        ^^^^^^^^^^^^ method cannot be called on `Grid` due to unsatisfied trait bounds
[INFO] [stdout]     |
[INFO] [stdout]    ::: /opt/rustwide/cargo-home/registry/src/github.com-1ecc6299db9ec823/gtk-0.5.0/src/auto/grid.rs:28:1
[INFO] [stdout]     |
[INFO] [stdout] 28  | / glib_wrapper! {
[INFO] [stdout] 29  | |     pub struct Grid(Object<ffi::GtkGrid, ffi::GtkGridClass>): Container, Widget, Buildable, Orientable;
[INFO] [stdout] 30  | |
[INFO] [stdout] 31  | |     match fn {
[INFO] [stdout] 32  | |         get_type => || ffi::gtk_grid_get_type(),
[INFO] [stdout] 33  | |     }
[INFO] [stdout] 34  | | }
[INFO] [stdout]     | | -
[INFO] [stdout]     | | |
[INFO] [stdout]     | | doesn't satisfy `Grid: ObjectType`
[INFO] [stdout]     | | doesn't satisfy `Grid: gio::prelude::ObjectExt`
[INFO] [stdout]     | |_doesn't satisfy `Grid: gtk::IsA<StyleProperties>`
[INFO] [stdout]     |   doesn't satisfy `Grid: gtk::StylePropertiesExt`
[INFO] [stdout]     |
[INFO] [stdout]     = note: the following trait bounds were not satisfied:
[INFO] [stdout]             `Grid: ObjectType`
[INFO] [stdout]             which is required by `Grid: gio::prelude::ObjectExt`
[INFO] [stdout]             `Grid: gtk::IsA<StyleProperties>`
[INFO] [stdout]             which is required by `Grid: gtk::StylePropertiesExt`
[INFO] [stdout]     = help: items from traits can only be used if the trait is in scope
[INFO] [stdout] help: the following trait is implemented but not in scope; perhaps add a `use` for it:
[INFO] [stdout]     |
[INFO] [stdout] 8   | use crate::gtk::ObjectExt;
[INFO] [stdout]     |
[INFO] [stdout] 
[INFO] [stdout] 
[INFO] [stdout] error[E0599]: the method `set_property` exists for struct `ListBox`, but its trait bounds were not satisfied
[INFO] [stdout]    --> src/main.rs:549:24
[INFO] [stdout]     |
[INFO] [stdout] 549 |                   pad_lb.set_property("selection-mode", &gtk::SelectionMode::None).unwrap();
[INFO] [stdout]     |                          ^^^^^^^^^^^^ method cannot be called on `ListBox` due to unsatisfied trait bounds
[INFO] [stdout]     |
[INFO] [stdout]    ::: /opt/rustwide/cargo-home/registry/src/github.com-1ecc6299db9ec823/gtk-0.5.0/src/auto/list_box.rs:31:1
[INFO] [stdout]     |
[INFO] [stdout] 31  | / glib_wrapper! {
[INFO] [stdout] 32  | |     pub struct ListBox(Object<ffi::GtkListBox, ffi::GtkListBoxClass>): Container, Widget, Buildable;
[INFO] [stdout] 33  | |
[INFO] [stdout] 34  | |     match fn {
[INFO] [stdout] 35  | |         get_type => || ffi::gtk_list_box_get_type(),
[INFO] [stdout] 36  | |     }
[INFO] [stdout] 37  | | }
[INFO] [stdout]     | | -
[INFO] [stdout]     | | |
[INFO] [stdout]     | | doesn't satisfy `ListBox: ObjectType`
[INFO] [stdout]     | | doesn't satisfy `ListBox: gio::prelude::ObjectExt`
[INFO] [stdout]     | |_doesn't satisfy `ListBox: gtk::IsA<StyleProperties>`
[INFO] [stdout]     |   doesn't satisfy `ListBox: gtk::StylePropertiesExt`
[INFO] [stdout]     |
[INFO] [stdout]     = note: the following trait bounds were not satisfied:
[INFO] [stdout]             `ListBox: ObjectType`
[INFO] [stdout]             which is required by `ListBox: gio::prelude::ObjectExt`
[INFO] [stdout]             `ListBox: gtk::IsA<StyleProperties>`
[INFO] [stdout]             which is required by `ListBox: gtk::StylePropertiesExt`
[INFO] [stdout]     = help: items from traits can only be used if the trait is in scope
[INFO] [stdout] help: the following trait is implemented but not in scope; perhaps add a `use` for it:
[INFO] [stdout]     |
[INFO] [stdout] 8   | use crate::gtk::ObjectExt;
[INFO] [stdout]     |
[INFO] [stdout] 
[INFO] [stdout] 
[INFO] [stdout] error[E0599]: the method `set_property` exists for struct `Grid`, but its trait bounds were not satisfied
[INFO] [stdout]    --> src/main.rs:624:23
[INFO] [stdout]     |
[INFO] [stdout] 624 |               knob_grid.set_property("expand", &true).unwrap();
[INFO] [stdout]     |                         ^^^^^^^^^^^^ method cannot be called on `Grid` due to unsatisfied trait bounds
[INFO] [stdout]     |
[INFO] [stdout]    ::: /opt/rustwide/cargo-home/registry/src/github.com-1ecc6299db9ec823/gtk-0.5.0/src/auto/grid.rs:28:1
[INFO] [stdout]     |
[INFO] [stdout] 28  | / glib_wrapper! {
[INFO] [stdout] 29  | |     pub struct Grid(Object<ffi::GtkGrid, ffi::GtkGridClass>): Container, Widget, Buildable, Orientable;
[INFO] [stdout] 30  | |
[INFO] [stdout] 31  | |     match fn {
[INFO] [stdout] 32  | |         get_type => || ffi::gtk_grid_get_type(),
[INFO] [stdout] 33  | |     }
[INFO] [stdout] 34  | | }
[INFO] [stdout]     | | -
[INFO] [stdout]     | | |
[INFO] [stdout]     | | doesn't satisfy `Grid: ObjectType`
[INFO] [stdout]     | | doesn't satisfy `Grid: gio::prelude::ObjectExt`
[INFO] [stdout]     | |_doesn't satisfy `Grid: gtk::IsA<StyleProperties>`
[INFO] [stdout]     |   doesn't satisfy `Grid: gtk::StylePropertiesExt`
[INFO] [stdout]     |
[INFO] [stdout]     = note: the following trait bounds were not satisfied:
[INFO] [stdout]             `Grid: ObjectType`
[INFO] [stdout]             which is required by `Grid: gio::prelude::ObjectExt`
[INFO] [stdout]             `Grid: gtk::IsA<StyleProperties>`
[INFO] [stdout]             which is required by `Grid: gtk::StylePropertiesExt`
[INFO] [stdout]     = help: items from traits can only be used if the trait is in scope
[INFO] [stdout] help: the following trait is implemented but not in scope; perhaps add a `use` for it:
[INFO] [stdout]     |
[INFO] [stdout] 8   | use crate::gtk::ObjectExt;
[INFO] [stdout]     |
[INFO] [stdout] 
[INFO] [stdout] 
[INFO] [stdout] error[E0599]: the method `connect_notify` exists for struct `Stack`, but its trait bounds were not satisfied
[INFO] [stdout]    --> src/main.rs:774:15
[INFO] [stdout]     |
[INFO] [stdout] 774 |           stack.connect_notify("visible-child", move |stack, param| {
[INFO] [stdout]     |                 ^^^^^^^^^^^^^^ method cannot be called on `Stack` due to unsatisfied trait bounds
[INFO] [stdout]     |
[INFO] [stdout]    ::: /opt/rustwide/cargo-home/registry/src/github.com-1ecc6299db9ec823/gtk-0.5.0/src/auto/stack.rs:25:1
[INFO] [stdout]     |
[INFO] [stdout] 25  | / glib_wrapper! {
[INFO] [stdout] 26  | |     pub struct Stack(Object<ffi::GtkStack, ffi::GtkStackClass>): Container, Widget, Buildable;
[INFO] [stdout] 27  | |
[INFO] [stdout] 28  | |     match fn {
[INFO] [stdout] 29  | |         get_type => || ffi::gtk_stack_get_type(),
[INFO] [stdout] 30  | |     }
[INFO] [stdout] 31  | | }
[INFO] [stdout]     | | -
[INFO] [stdout]     | | |
[INFO] [stdout]     | |_doesn't satisfy `Stack: ObjectType`
[INFO] [stdout]     |   doesn't satisfy `Stack: gio::prelude::ObjectExt`
[INFO] [stdout]     |
[INFO] [stdout]     = note: the following trait bounds were not satisfied:
[INFO] [stdout]             `Stack: ObjectType`
[INFO] [stdout]             which is required by `Stack: gio::prelude::ObjectExt`
[INFO] [stdout]     = help: items from traits can only be used if the trait is in scope
[INFO] [stdout] help: the following trait is implemented but not in scope; perhaps add a `use` for it:
[INFO] [stdout]     |
[INFO] [stdout] 8   | use crate::gtk::ObjectExt;
[INFO] [stdout]     |
[INFO] [stdout] 
[INFO] [stdout] 
[INFO] [stdout] error[E0599]: the method `set_property` exists for struct `Grid`, but its trait bounds were not satisfied
[INFO] [stdout]    --> src/main.rs:538:22
[INFO] [stdout]     |
[INFO] [stdout] 538 |               pad_grid.set_property("expand", &true).unwrap();
[INFO] [stdout]     |                        ^^^^^^^^^^^^ method cannot be called on `Grid` due to unsatisfied trait bounds
[INFO] [stdout]     |
[INFO] [stdout]    ::: /opt/rustwide/cargo-home/registry/src/github.com-1ecc6299db9ec823/gtk-0.5.0/src/auto/grid.rs:28:1
[INFO] [stdout]     |
[INFO] [stdout] 28  | / glib_wrapper! {
[INFO] [stdout] 29  | |     pub struct Grid(Object<ffi::GtkGrid, ffi::GtkGridClass>): Container, Widget, Buildable, Orientable;
[INFO] [stdout] 30  | |
[INFO] [stdout] 31  | |     match fn {
[INFO] [stdout] 32  | |         get_type => || ffi::gtk_grid_get_type(),
[INFO] [stdout] 33  | |     }
[INFO] [stdout] 34  | | }
[INFO] [stdout]     | | -
[INFO] [stdout]     | | |
[INFO] [stdout]     | | doesn't satisfy `Grid: ObjectType`
[INFO] [stdout]     | | doesn't satisfy `Grid: gio::prelude::ObjectExt`
[INFO] [stdout]     | |_doesn't satisfy `Grid: gtk::IsA<StyleProperties>`
[INFO] [stdout]     |   doesn't satisfy `Grid: gtk::StylePropertiesExt`
[INFO] [stdout]     |
[INFO] [stdout]     = note: the following trait bounds were not satisfied:
[INFO] [stdout]             `Grid: ObjectType`
[INFO] [stdout]             which is required by `Grid: gio::prelude::ObjectExt`
[INFO] [stdout]             `Grid: gtk::IsA<StyleProperties>`
[INFO] [stdout]             which is required by `Grid: gtk::StylePropertiesExt`
[INFO] [stdout]     = help: items from traits can only be used if the trait is in scope
[INFO] [stdout] help: the following trait is implemented but not in scope; perhaps add a `use` for it:
[INFO] [stdout]     |
[INFO] [stdout] 8   | use crate::gtk::ObjectExt;
[INFO] [stdout]     |
[INFO] [stdout] 
[INFO] [stdout] 
[INFO] [stdout] error[E0599]: the method `set_property` exists for struct `ListBox`, but its trait bounds were not satisfied
[INFO] [stdout]    --> src/main.rs:549:24
[INFO] [stdout]     |
[INFO] [stdout] 549 |                   pad_lb.set_property("selection-mode", &gtk::SelectionMode::None).unwrap();
[INFO] [stdout]     |                          ^^^^^^^^^^^^ method cannot be called on `ListBox` due to unsatisfied trait bounds
[INFO] [stdout]     |
[INFO] [stdout]    ::: /opt/rustwide/cargo-home/registry/src/github.com-1ecc6299db9ec823/gtk-0.5.0/src/auto/list_box.rs:31:1
[INFO] [stdout]     |
[INFO] [stdout] 31  | / glib_wrapper! {
[INFO] [stdout] 32  | |     pub struct ListBox(Object<ffi::GtkListBox, ffi::GtkListBoxClass>): Container, Widget, Buildable;
[INFO] [stdout] 33  | |
[INFO] [stdout] 34  | |     match fn {
[INFO] [stdout] 35  | |         get_type => || ffi::gtk_list_box_get_type(),
[INFO] [stdout] 36  | |     }
[INFO] [stdout] 37  | | }
[INFO] [stdout]     | | -
[INFO] [stdout]     | | |
[INFO] [stdout]     | | doesn't satisfy `ListBox: ObjectType`
[INFO] [stdout]     | | doesn't satisfy `ListBox: gio::prelude::ObjectExt`
[INFO] [stdout]     | |_doesn't satisfy `ListBox: gtk::IsA<StyleProperties>`
[INFO] [stdout]     |   doesn't satisfy `ListBox: gtk::StylePropertiesExt`
[INFO] [stdout]     |
[INFO] [stdout]     = note: the following trait bounds were not satisfied:
[INFO] [stdout]             `ListBox: ObjectType`
[INFO] [stdout]             which is required by `ListBox: gio::prelude::ObjectExt`
[INFO] [stdout]             `ListBox: gtk::IsA<StyleProperties>`
[INFO] [stdout]             which is required by `ListBox: gtk::StylePropertiesExt`
[INFO] [stdout]     = help: items from traits can only be used if the trait is in scope
[INFO] [stdout] help: the following trait is implemented but not in scope; perhaps add a `use` for it:
[INFO] [stdout]     |
[INFO] [stdout] 8   | use crate::gtk::ObjectExt;
[INFO] [stdout]     |
[INFO] [stdout] 
[INFO] [stdout] 
[INFO] [stdout] error[E0308]: mismatched types
[INFO] [stdout]    --> src/main.rs:798:9
[INFO] [stdout]     |
[INFO] [stdout] 798 |         gio::ApplicationFlags::empty())
[INFO] [stdout]     |         ^^^^^^^^^^^^^^^^^^^^^^^^^^^^^^ expected struct `gio::auto::flags::ApplicationFlags`, found struct `ApplicationFlags`
[INFO] [stdout]     |
[INFO] [stdout]     = note: perhaps two different versions of crate `gio` are being used?
[INFO] [stdout] 
[INFO] [stdout] 
[INFO] [stdout] error[E0599]: the method `connect_startup` exists for struct `gtk::Application`, but its trait bounds were not satisfied
[INFO] [stdout]    --> src/main.rs:801:17
[INFO] [stdout]     |
[INFO] [stdout] 801 |       application.connect_startup(move |application| { startup(application, &app_data_mutex) });
[INFO] [stdout]     |                   ^^^^^^^^^^^^^^^ method cannot be called on `gtk::Application` due to unsatisfied trait bounds
[INFO] [stdout]     |
[INFO] [stdout]    ::: /opt/rustwide/cargo-home/registry/src/github.com-1ecc6299db9ec823/gtk-0.5.0/src/auto/application.rs:25:1
[INFO] [stdout]     |
[INFO] [stdout] 25  | / glib_wrapper! {
[INFO] [stdout] 26  | |     pub struct Application(Object<ffi::GtkApplication, ffi::GtkApplicationClass>): [
[INFO] [stdout] 27  | |         gio::Application => gio_ffi::GApplication,
[INFO] [stdout] 28  | |         gio::ActionGroup => gio_ffi::GActionGroup,
[INFO] [stdout] ...   |
[INFO] [stdout] 34  | |     }
[INFO] [stdout] 35  | | }
[INFO] [stdout]     | | -
[INFO] [stdout]     | | |
[INFO] [stdout]     | |_doesn't satisfy `_: gio::prelude::IsA<gio::Application>`
[INFO] [stdout]     |   doesn't satisfy `gtk::Application: gio::prelude::ApplicationExt`
[INFO] [stdout]     |
[INFO] [stdout]     = note: the following trait bounds were not satisfied:
[INFO] [stdout]             `gtk::Application: gio::prelude::IsA<gio::Application>`
[INFO] [stdout]             which is required by `gtk::Application: gio::prelude::ApplicationExt`
[INFO] [stdout]     = help: items from traits can only be used if the trait is in scope
[INFO] [stdout] help: the following trait is implemented but not in scope; perhaps add a `use` for it:
[INFO] [stdout]     |
[INFO] [stdout] 8   | use gio::auto::application::ApplicationExt;
[INFO] [stdout]     |
[INFO] [stdout] 
[INFO] [stdout] 
[INFO] [stdout] error[E0599]: the method `set_property` exists for struct `Grid`, but its trait bounds were not satisfied
[INFO] [stdout]    --> src/main.rs:624:23
[INFO] [stdout]     |
[INFO] [stdout] 624 |               knob_grid.set_property("expand", &true).unwrap();
[INFO] [stdout]     |                         ^^^^^^^^^^^^ method cannot be called on `Grid` due to unsatisfied trait bounds
[INFO] [stdout]     |
[INFO] [stdout]    ::: /opt/rustwide/cargo-home/registry/src/github.com-1ecc6299db9ec823/gtk-0.5.0/src/auto/grid.rs:28:1
[INFO] [stdout]     |
[INFO] [stdout] 28  | / glib_wrapper! {
[INFO] [stdout] 29  | |     pub struct Grid(Object<ffi::GtkGrid, ffi::GtkGridClass>): Container, Widget, Buildable, Orientable;
[INFO] [stdout] 30  | |
[INFO] [stdout] 31  | |     match fn {
[INFO] [stdout] 32  | |         get_type => || ffi::gtk_grid_get_type(),
[INFO] [stdout] 33  | |     }
[INFO] [stdout] 34  | | }
[INFO] [stdout]     | | -
[INFO] [stdout]     | | |
[INFO] [stdout]     | | doesn't satisfy `Grid: ObjectType`
[INFO] [stdout]     | | doesn't satisfy `Grid: gio::prelude::ObjectExt`
[INFO] [stdout]     | |_doesn't satisfy `Grid: gtk::IsA<StyleProperties>`
[INFO] [stdout]     |   doesn't satisfy `Grid: gtk::StylePropertiesExt`
[INFO] [stdout]     |
[INFO] [stdout]     = note: the following trait bounds were not satisfied:
[INFO] [stdout]             `Grid: ObjectType`
[INFO] [stdout]             which is required by `Grid: gio::prelude::ObjectExt`
[INFO] [stdout]             `Grid: gtk::IsA<StyleProperties>`
[INFO] [stdout]             which is required by `Grid: gtk::StylePropertiesExt`
[INFO] [stdout]     = help: items from traits can only be used if the trait is in scope
[INFO] [stdout] help: the following trait is implemented but not in scope; perhaps add a `use` for it:
[INFO] [stdout]     |
[INFO] [stdout] 8   | use crate::gtk::ObjectExt;
[INFO] [stdout]     |
[INFO] [stdout] 
[INFO] [stdout] 
[INFO] [stdout] error[E0599]: the method `connect_notify` exists for struct `Stack`, but its trait bounds were not satisfied
[INFO] [stdout]    --> src/main.rs:774:15
[INFO] [stdout]     |
[INFO] [stdout] 774 |           stack.connect_notify("visible-child", move |stack, param| {
[INFO] [stdout]     |                 ^^^^^^^^^^^^^^ method cannot be called on `Stack` due to unsatisfied trait bounds
[INFO] [stdout]     |
[INFO] [stdout]    ::: /opt/rustwide/cargo-home/registry/src/github.com-1ecc6299db9ec823/gtk-0.5.0/src/auto/stack.rs:25:1
[INFO] [stdout]     |
[INFO] [stdout] 25  | / glib_wrapper! {
[INFO] [stdout] 26  | |     pub struct Stack(Object<ffi::GtkStack, ffi::GtkStackClass>): Container, Widget, Buildable;
[INFO] [stdout] 27  | |
[INFO] [stdout] 28  | |     match fn {
[INFO] [stdout] 29  | |         get_type => || ffi::gtk_stack_get_type(),
[INFO] [stdout] 30  | |     }
[INFO] [stdout] 31  | | }
[INFO] [stdout]     | | -
[INFO] [stdout]     | | |
[INFO] [stdout]     | |_doesn't satisfy `Stack: ObjectType`
[INFO] [stdout]     |   doesn't satisfy `Stack: gio::prelude::ObjectExt`
[INFO] [stdout]     |
[INFO] [stdout]     = note: the following trait bounds were not satisfied:
[INFO] [stdout]             `Stack: ObjectType`
[INFO] [stdout]             which is required by `Stack: gio::prelude::ObjectExt`
[INFO] [stdout]     = help: items from traits can only be used if the trait is in scope
[INFO] [stdout] help: the following trait is implemented but not in scope; perhaps add a `use` for it:
[INFO] [stdout]     |
[INFO] [stdout] 8   | use crate::gtk::ObjectExt;
[INFO] [stdout]     |
[INFO] [stdout] 
[INFO] [stdout] 
[INFO] [stdout] error[E0599]: the method `connect_activate` exists for struct `gtk::Application`, but its trait bounds were not satisfied
[INFO] [stdout]    --> src/main.rs:802:17
[INFO] [stdout]     |
[INFO] [stdout] 802 |       application.connect_activate(|_| {});
[INFO] [stdout]     |                   ^^^^^^^^^^^^^^^^ method cannot be called on `gtk::Application` due to unsatisfied trait bounds
[INFO] [stdout]     |
[INFO] [stdout]    ::: /opt/rustwide/cargo-home/registry/src/github.com-1ecc6299db9ec823/gtk-0.5.0/src/auto/application.rs:25:1
[INFO] [stdout]     |
[INFO] [stdout] 25  | / glib_wrapper! {
[INFO] [stdout] 26  | |     pub struct Application(Object<ffi::GtkApplication, ffi::GtkApplicationClass>): [
[INFO] [stdout] 27  | |         gio::Application => gio_ffi::GApplication,
[INFO] [stdout] 28  | |         gio::ActionGroup => gio_ffi::GActionGroup,
[INFO] [stdout] ...   |
[INFO] [stdout] 34  | |     }
[INFO] [stdout] 35  | | }
[INFO] [stdout]     | | -
[INFO] [stdout]     | | |
[INFO] [stdout]     | | doesn't satisfy `_: gio::prelude::IsA<gio::Application>`
[INFO] [stdout]     | | doesn't satisfy `gtk::Application: gio::prelude::ApplicationExt`
[INFO] [stdout]     | | doesn't satisfy `gtk::Application: gtk::ButtonExt`
[INFO] [stdout]     | | doesn't satisfy `gtk::Application: gtk::EntryExt`
[INFO] [stdout]     | | doesn't satisfy `gtk::Application: gtk::ExpanderExt`
[INFO] [stdout]     | | doesn't satisfy `gtk::Application: gtk::FlowBoxChildExt`
[INFO] [stdout]     | | doesn't satisfy `gtk::Application: gtk::IsA<Expander>`
[INFO] [stdout]     | | doesn't satisfy `gtk::Application: gtk::IsA<FlowBoxChild>`
[INFO] [stdout]     | | doesn't satisfy `gtk::Application: gtk::IsA<ListBoxRow>`
[INFO] [stdout]     | | doesn't satisfy `gtk::Application: gtk::IsA<StatusIcon>`
[INFO] [stdout]     | | doesn't satisfy `gtk::Application: gtk::IsA<Switch>`
[INFO] [stdout]     | | doesn't satisfy `gtk::Application: gtk::IsA<gtk::Button>`
[INFO] [stdout]     | | doesn't satisfy `gtk::Application: gtk::IsA<gtk::Entry>`
[INFO] [stdout]     | | doesn't satisfy `gtk::Application: gtk::IsA<gtk::MenuItem>`
[INFO] [stdout]     | | doesn't satisfy `gtk::Application: gtk::ListBoxRowExt`
[INFO] [stdout]     | | doesn't satisfy `gtk::Application: gtk::MenuItemExt`
[INFO] [stdout]     | |_doesn't satisfy `gtk::Application: gtk::StatusIconExt`
[INFO] [stdout]     |   doesn't satisfy `gtk::Application: gtk::SwitchExt`
[INFO] [stdout]     |
[INFO] [stdout]     = note: the following trait bounds were not satisfied:
[INFO] [stdout]             `gtk::Application: gio::prelude::IsA<gio::Application>`
[INFO] [stdout]             which is required by `gtk::Application: gio::prelude::ApplicationExt`
[INFO] [stdout]             `gtk::Application: gtk::IsA<gtk::Button>`
[INFO] [stdout]             which is required by `gtk::Application: gtk::ButtonExt`
[INFO] [stdout]             `gtk::Application: gtk::IsA<gtk::Entry>`
[INFO] [stdout]             which is required by `gtk::Application: gtk::EntryExt`
[INFO] [stdout]             `gtk::Application: gtk::IsA<Expander>`
[INFO] [stdout]             which is required by `gtk::Application: gtk::ExpanderExt`
[INFO] [stdout]             `gtk::Application: gtk::IsA<FlowBoxChild>`
[INFO] [stdout]             which is required by `gtk::Application: gtk::FlowBoxChildExt`
[INFO] [stdout]             `gtk::Application: gtk::IsA<ListBoxRow>`
[INFO] [stdout]             which is required by `gtk::Application: gtk::ListBoxRowExt`
[INFO] [stdout]             `gtk::Application: gtk::IsA<gtk::MenuItem>`
[INFO] [stdout]             which is required by `gtk::Application: gtk::MenuItemExt`
[INFO] [stdout]             `gtk::Application: gtk::IsA<StatusIcon>`
[INFO] [stdout]             which is required by `gtk::Application: gtk::StatusIconExt`
[INFO] [stdout]             `gtk::Application: gtk::IsA<Switch>`
[INFO] [stdout]             which is required by `gtk::Application: gtk::SwitchExt`
[INFO] [stdout]     = help: items from traits can only be used if the trait is in scope
[INFO] [stdout] help: the following trait is implemented but not in scope; perhaps add a `use` for it:
[INFO] [stdout]     |
[INFO] [stdout] 8   | use gio::auto::application::ApplicationExt;
[INFO] [stdout]     |
[INFO] [stdout] 
[INFO] [stdout] 
[INFO] [stdout] error[E0599]: the method `run` exists for struct `gtk::Application`, but its trait bounds were not satisfied
[INFO] [stdout]    --> src/main.rs:804:17
[INFO] [stdout]     |
[INFO] [stdout] 804 |       application.run(&args().collect::<Vec<_>>());
[INFO] [stdout]     |                   ^^^ method cannot be called on `gtk::Application` due to unsatisfied trait bounds
[INFO] [stdout]     |
[INFO] [stdout]    ::: /opt/rustwide/cargo-home/registry/src/github.com-1ecc6299db9ec823/gtk-0.5.0/src/auto/application.rs:25:1
[INFO] [stdout]     |
[INFO] [stdout] 25  | / glib_wrapper! {
[INFO] [stdout] 26  | |     pub struct Application(Object<ffi::GtkApplication, ffi::GtkApplicationClass>): [
[INFO] [stdout] 27  | |         gio::Application => gio_ffi::GApplication,
[INFO] [stdout] 28  | |         gio::ActionGroup => gio_ffi::GActionGroup,
[INFO] [stdout] ...   |
[INFO] [stdout] 34  | |     }
[INFO] [stdout] 35  | | }
[INFO] [stdout]     | | -
[INFO] [stdout]     | | |
[INFO] [stdout]     | | doesn't satisfy `_: gio::prelude::ApplicationExtManual`
[INFO] [stdout]     | | doesn't satisfy `_: gio::prelude::IsA<gio::Application>`
[INFO] [stdout]     | | doesn't satisfy `gtk::Application: gtk::DialogExt`
[INFO] [stdout]     | | doesn't satisfy `gtk::Application: gtk::IsA<NativeDialog>`
[INFO] [stdout]     | | doesn't satisfy `gtk::Application: gtk::IsA<PrintOperation>`
[INFO] [stdout]     | | doesn't satisfy `gtk::Application: gtk::IsA<gtk::Dialog>`
[INFO] [stdout]     | |_doesn't satisfy `gtk::Application: gtk::NativeDialogExt`
[INFO] [stdout]     |   doesn't satisfy `gtk::Application: gtk::PrintOperationExt`
[INFO] [stdout]     |
[INFO] [stdout]     = note: the following trait bounds were not satisfied:
[INFO] [stdout]             `gtk::Application: gio::prelude::IsA<gio::Application>`
[INFO] [stdout]             which is required by `gtk::Application: gio::prelude::ApplicationExtManual`
[INFO] [stdout]             `gtk::Application: gtk::IsA<gtk::Dialog>`
[INFO] [stdout]             which is required by `gtk::Application: gtk::DialogExt`
[INFO] [stdout]             `gtk::Application: gtk::IsA<NativeDialog>`
[INFO] [stdout]             which is required by `gtk::Application: gtk::NativeDialogExt`
[INFO] [stdout]             `gtk::Application: gtk::IsA<PrintOperation>`
[INFO] [stdout]             which is required by `gtk::Application: gtk::PrintOperationExt`
[INFO] [stdout]     = help: items from traits can only be used if the trait is in scope
[INFO] [stdout] help: the following trait is implemented but not in scope; perhaps add a `use` for it:
[INFO] [stdout]     |
[INFO] [stdout] 8   | use gio::application::ApplicationExtManual;
[INFO] [stdout]     |
[INFO] [stdout] 
[INFO] [stdout] 
[INFO] [stdout] warning: unused import: `gio::prelude`
[INFO] [stdout]   --> src/main.rs:18:5
[INFO] [stdout]    |
[INFO] [stdout] 18 | use gio::prelude::*;
[INFO] [stdout]    |     ^^^^^^^^^^^^
[INFO] [stdout]    |
[INFO] [stdout]    = note: `#[warn(unused_imports)]` on by default
[INFO] [stdout] 
[INFO] [stdout] 
[INFO] [stdout] error: aborting due to 8 previous errors; 1 warning emitted
[INFO] [stdout] 
[INFO] [stdout] 
[INFO] [stdout] Some errors have detailed explanations: E0308, E0599.
[INFO] [stdout] 
[INFO] [stdout] For more information about an error, try `rustc --explain E0308`.
[INFO] [stdout] 
[INFO] [stdout] error[E0308]: mismatched types
[INFO] [stdout]    --> src/main.rs:798:9
[INFO] [stdout]     |
[INFO] [stdout] 798 |         gio::ApplicationFlags::empty())
[INFO] [stdout]     |         ^^^^^^^^^^^^^^^^^^^^^^^^^^^^^^ expected struct `gio::auto::flags::ApplicationFlags`, found struct `ApplicationFlags`
[INFO] [stdout]     |
[INFO] [stdout]     = note: perhaps two different versions of crate `gio` are being used?
[INFO] [stdout] 
[INFO] [stdout] 
[INFO] [stdout] error[E0599]: the method `connect_startup` exists for struct `gtk::Application`, but its trait bounds were not satisfied
[INFO] [stdout]    --> src/main.rs:801:17
[INFO] [stdout]     |
[INFO] [stdout] 801 |       application.connect_startup(move |application| { startup(application, &app_data_mutex) });
[INFO] [stdout]     |                   ^^^^^^^^^^^^^^^ method cannot be called on `gtk::Application` due to unsatisfied trait bounds
[INFO] [stdout]     |
[INFO] [stdout]    ::: /opt/rustwide/cargo-home/registry/src/github.com-1ecc6299db9ec823/gtk-0.5.0/src/auto/application.rs:25:1
[INFO] [stdout]     |
[INFO] [stdout] 25  | / glib_wrapper! {
[INFO] [stdout] 26  | |     pub struct Application(Object<ffi::GtkApplication, ffi::GtkApplicationClass>): [
[INFO] [stdout] 27  | |         gio::Application => gio_ffi::GApplication,
[INFO] [stdout] 28  | |         gio::ActionGroup => gio_ffi::GActionGroup,
[INFO] [stdout] ...   |
[INFO] [stdout] 34  | |     }
[INFO] [stdout] 35  | | }
[INFO] [stdout]     | | -
[INFO] [stdout]     | | |
[INFO] [stdout]     | |_doesn't satisfy `_: gio::prelude::IsA<gio::Application>`
[INFO] [stdout]     |   doesn't satisfy `gtk::Application: gio::prelude::ApplicationExt`
[INFO] [stdout]     |
[INFO] [stdout]     = note: the following trait bounds were not satisfied:
[INFO] [stdout]             `gtk::Application: gio::prelude::IsA<gio::Application>`
[INFO] [stdout]             which is required by `gtk::Application: gio::prelude::ApplicationExt`
[INFO] [stdout]     = help: items from traits can only be used if the trait is in scope
[INFO] [stdout] help: the following trait is implemented but not in scope; perhaps add a `use` for it:
[INFO] [stdout]     |
[INFO] [stdout] 8   | use gio::auto::application::ApplicationExt;
[INFO] [stdout]     |
[INFO] [stdout] 
[INFO] [stdout] 
[INFO] [stderr] error: could not compile `lpd8_config` due to 9 previous errors; 1 warning emitted
[INFO] [stderr] warning: build failed, waiting for other jobs to finish...
[INFO] [stdout] error[E0599]: the method `connect_activate` exists for struct `gtk::Application`, but its trait bounds were not satisfied
[INFO] [stdout]    --> src/main.rs:802:17
[INFO] [stdout]     |
[INFO] [stdout] 802 |       application.connect_activate(|_| {});
[INFO] [stdout]     |                   ^^^^^^^^^^^^^^^^ method cannot be called on `gtk::Application` due to unsatisfied trait bounds
[INFO] [stdout]     |
[INFO] [stdout]    ::: /opt/rustwide/cargo-home/registry/src/github.com-1ecc6299db9ec823/gtk-0.5.0/src/auto/application.rs:25:1
[INFO] [stdout]     |
[INFO] [stdout] 25  | / glib_wrapper! {
[INFO] [stdout] 26  | |     pub struct Application(Object<ffi::GtkApplication, ffi::GtkApplicationClass>): [
[INFO] [stdout] 27  | |         gio::Application => gio_ffi::GApplication,
[INFO] [stdout] 28  | |         gio::ActionGroup => gio_ffi::GActionGroup,
[INFO] [stdout] ...   |
[INFO] [stdout] 34  | |     }
[INFO] [stdout] 35  | | }
[INFO] [stdout]     | | -
[INFO] [stdout]     | | |
[INFO] [stdout]     | | doesn't satisfy `_: gio::prelude::IsA<gio::Application>`
[INFO] [stdout]     | | doesn't satisfy `gtk::Application: gio::prelude::ApplicationExt`
[INFO] [stdout]     | | doesn't satisfy `gtk::Application: gtk::ButtonExt`
[INFO] [stdout]     | | doesn't satisfy `gtk::Application: gtk::EntryExt`
[INFO] [stdout]     | | doesn't satisfy `gtk::Application: gtk::ExpanderExt`
[INFO] [stdout]     | | doesn't satisfy `gtk::Application: gtk::FlowBoxChildExt`
[INFO] [stdout]     | | doesn't satisfy `gtk::Application: gtk::IsA<Expander>`
[INFO] [stdout]     | | doesn't satisfy `gtk::Application: gtk::IsA<FlowBoxChild>`
[INFO] [stdout]     | | doesn't satisfy `gtk::Application: gtk::IsA<ListBoxRow>`
[INFO] [stdout]     | | doesn't satisfy `gtk::Application: gtk::IsA<StatusIcon>`
[INFO] [stdout]     | | doesn't satisfy `gtk::Application: gtk::IsA<Switch>`
[INFO] [stdout]     | | doesn't satisfy `gtk::Application: gtk::IsA<gtk::Button>`
[INFO] [stdout]     | | doesn't satisfy `gtk::Application: gtk::IsA<gtk::Entry>`
[INFO] [stdout]     | | doesn't satisfy `gtk::Application: gtk::IsA<gtk::MenuItem>`
[INFO] [stdout]     | | doesn't satisfy `gtk::Application: gtk::ListBoxRowExt`
[INFO] [stdout]     | | doesn't satisfy `gtk::Application: gtk::MenuItemExt`
[INFO] [stdout]     | |_doesn't satisfy `gtk::Application: gtk::StatusIconExt`
[INFO] [stdout]     |   doesn't satisfy `gtk::Application: gtk::SwitchExt`
[INFO] [stdout]     |
[INFO] [stdout]     = note: the following trait bounds were not satisfied:
[INFO] [stdout]             `gtk::Application: gio::prelude::IsA<gio::Application>`
[INFO] [stdout]             which is required by `gtk::Application: gio::prelude::ApplicationExt`
[INFO] [stdout]             `gtk::Application: gtk::IsA<gtk::Button>`
[INFO] [stdout]             which is required by `gtk::Application: gtk::ButtonExt`
[INFO] [stdout]             `gtk::Application: gtk::IsA<gtk::Entry>`
[INFO] [stdout]             which is required by `gtk::Application: gtk::EntryExt`
[INFO] [stdout]             `gtk::Application: gtk::IsA<Expander>`
[INFO] [stdout]             which is required by `gtk::Application: gtk::ExpanderExt`
[INFO] [stdout]             `gtk::Application: gtk::IsA<FlowBoxChild>`
[INFO] [stdout]             which is required by `gtk::Application: gtk::FlowBoxChildExt`
[INFO] [stdout]             `gtk::Application: gtk::IsA<ListBoxRow>`
[INFO] [stdout]             which is required by `gtk::Application: gtk::ListBoxRowExt`
[INFO] [stdout]             `gtk::Application: gtk::IsA<gtk::MenuItem>`
[INFO] [stdout]             which is required by `gtk::Application: gtk::MenuItemExt`
[INFO] [stdout]             `gtk::Application: gtk::IsA<StatusIcon>`
[INFO] [stdout]             which is required by `gtk::Application: gtk::StatusIconExt`
[INFO] [stdout]             `gtk::Application: gtk::IsA<Switch>`
[INFO] [stdout]             which is required by `gtk::Application: gtk::SwitchExt`
[INFO] [stdout]     = help: items from traits can only be used if the trait is in scope
[INFO] [stdout] help: the following trait is implemented but not in scope; perhaps add a `use` for it:
[INFO] [stdout]     |
[INFO] [stdout] 8   | use gio::auto::application::ApplicationExt;
[INFO] [stdout]     |
[INFO] [stdout] 
[INFO] [stdout] 
[INFO] [stdout] error[E0599]: the method `run` exists for struct `gtk::Application`, but its trait bounds were not satisfied
[INFO] [stdout]    --> src/main.rs:804:17
[INFO] [stdout]     |
[INFO] [stdout] 804 |       application.run(&args().collect::<Vec<_>>());
[INFO] [stdout]     |                   ^^^ method cannot be called on `gtk::Application` due to unsatisfied trait bounds
[INFO] [stdout]     |
[INFO] [stdout]    ::: /opt/rustwide/cargo-home/registry/src/github.com-1ecc6299db9ec823/gtk-0.5.0/src/auto/application.rs:25:1
[INFO] [stdout]     |
[INFO] [stdout] 25  | / glib_wrapper! {
[INFO] [stdout] 26  | |     pub struct Application(Object<ffi::GtkApplication, ffi::GtkApplicationClass>): [
[INFO] [stdout] 27  | |         gio::Application => gio_ffi::GApplication,
[INFO] [stdout] 28  | |         gio::ActionGroup => gio_ffi::GActionGroup,
[INFO] [stdout] ...   |
[INFO] [stdout] 34  | |     }
[INFO] [stdout] 35  | | }
[INFO] [stdout]     | | -
[INFO] [stdout]     | | |
[INFO] [stdout]     | | doesn't satisfy `_: gio::prelude::ApplicationExtManual`
[INFO] [stdout]     | | doesn't satisfy `_: gio::prelude::IsA<gio::Application>`
[INFO] [stdout]     | | doesn't satisfy `gtk::Application: gtk::DialogExt`
[INFO] [stdout]     | | doesn't satisfy `gtk::Application: gtk::IsA<NativeDialog>`
[INFO] [stdout]     | | doesn't satisfy `gtk::Application: gtk::IsA<PrintOperation>`
[INFO] [stdout]     | | doesn't satisfy `gtk::Application: gtk::IsA<gtk::Dialog>`
[INFO] [stdout]     | |_doesn't satisfy `gtk::Application: gtk::NativeDialogExt`
[INFO] [stdout]     |   doesn't satisfy `gtk::Application: gtk::PrintOperationExt`
[INFO] [stdout]     |
[INFO] [stdout]     = note: the following trait bounds were not satisfied:
[INFO] [stdout]             `gtk::Application: gio::prelude::IsA<gio::Application>`
[INFO] [stdout]             which is required by `gtk::Application: gio::prelude::ApplicationExtManual`
[INFO] [stdout]             `gtk::Application: gtk::IsA<gtk::Dialog>`
[INFO] [stdout]             which is required by `gtk::Application: gtk::DialogExt`
[INFO] [stdout]             `gtk::Application: gtk::IsA<NativeDialog>`
[INFO] [stdout]             which is required by `gtk::Application: gtk::NativeDialogExt`
[INFO] [stdout]             `gtk::Application: gtk::IsA<PrintOperation>`
[INFO] [stdout]             which is required by `gtk::Application: gtk::PrintOperationExt`
[INFO] [stdout]     = help: items from traits can only be used if the trait is in scope
[INFO] [stdout] help: the following trait is implemented but not in scope; perhaps add a `use` for it:
[INFO] [stdout]     |
[INFO] [stdout] 8   | use gio::application::ApplicationExtManual;
[INFO] [stdout]     |
[INFO] [stdout] 
[INFO] [stdout] 
[INFO] [stderr] error: build failed
[INFO] [stdout] warning: unused import: `gio::prelude`
[INFO] [stdout]   --> src/main.rs:18:5
[INFO] [stdout]    |
[INFO] [stdout] 18 | use gio::prelude::*;
[INFO] [stdout]    |     ^^^^^^^^^^^^
[INFO] [stdout]    |
[INFO] [stdout]    = note: `#[warn(unused_imports)]` on by default
[INFO] [stdout] 
[INFO] [stdout] 
[INFO] [stdout] error: aborting due to 8 previous errors; 1 warning emitted
[INFO] [stdout] 
[INFO] [stdout] 
[INFO] [stdout] Some errors have detailed explanations: E0308, E0599.
[INFO] [stdout] 
[INFO] [stdout] For more information about an error, try `rustc --explain E0308`.
[INFO] [stdout] 
[INFO] running `Command { std: "docker" "inspect" "8f65d57ed4f7290b0bedeed9dc69d7f31f9019335fe2111d9c82e37cb418b960", kill_on_drop: false }`
[INFO] running `Command { std: "docker" "rm" "-f" "8f65d57ed4f7290b0bedeed9dc69d7f31f9019335fe2111d9c82e37cb418b960", kill_on_drop: false }`
[INFO] [stdout] 8f65d57ed4f7290b0bedeed9dc69d7f31f9019335fe2111d9c82e37cb418b960
