[INFO] cloning repository https://github.com/ChrisMacNaughton/lightosd
[INFO] running `Command { std: "git" "-c" "credential.helper=" "-c" "credential.helper=/workspace/cargo-home/bin/git-credential-null" "clone" "--bare" "https://github.com/ChrisMacNaughton/lightosd" "/workspace/cache/git-repos/https%3A%2F%2Fgithub.com%2FChrisMacNaughton%2Flightosd", kill_on_drop: false }`
[INFO] [stderr] Cloning into bare repository '/workspace/cache/git-repos/https%3A%2F%2Fgithub.com%2FChrisMacNaughton%2Flightosd'...
[INFO] running `Command { std: "git" "rev-parse" "HEAD", kill_on_drop: false }`
[INFO] [stdout] 7e7e7fbe508097811bb5a5ed8683bb91e053a88e
[INFO] checking ChrisMacNaughton/lightosd against 1.55.0 for beta-1.56-3
[INFO] running `Command { std: "git" "clone" "/workspace/cache/git-repos/https%3A%2F%2Fgithub.com%2FChrisMacNaughton%2Flightosd" "/workspace/builds/worker-3/source", kill_on_drop: false }`
[INFO] [stderr] Cloning into '/workspace/builds/worker-3/source'...
[INFO] [stderr] done.
[INFO] validating manifest of git repo https://github.com/ChrisMacNaughton/lightosd on toolchain 1.55.0
[INFO] running `Command { std: "/workspace/cargo-home/bin/cargo" "+1.55.0" "metadata" "--manifest-path" "Cargo.toml" "--no-deps", kill_on_drop: false }`
[INFO] started tweaking git repo https://github.com/ChrisMacNaughton/lightosd
[INFO] finished tweaking git repo https://github.com/ChrisMacNaughton/lightosd
[INFO] tweaked toml for git repo https://github.com/ChrisMacNaughton/lightosd written to /workspace/builds/worker-3/source/Cargo.toml
[INFO] crate git repo https://github.com/ChrisMacNaughton/lightosd already has a lockfile, it will not be regenerated
[INFO] running `Command { std: "/workspace/cargo-home/bin/cargo" "+1.55.0" "fetch" "--manifest-path" "Cargo.toml", kill_on_drop: false }`
[INFO] [stderr]     Blocking waiting for file lock on package cache
[INFO] running `Command { std: "docker" "create" "-v" "/var/lib/crater-agent-workspace/builds/worker-3/target:/opt/rustwide/target:rw,Z" "-v" "/var/lib/crater-agent-workspace/builds/worker-3/source:/opt/rustwide/workdir:ro,Z" "-v" "/var/lib/crater-agent-workspace/cargo-home:/opt/rustwide/cargo-home:ro,Z" "-v" "/var/lib/crater-agent-workspace/rustup-home:/opt/rustwide/rustup-home:ro,Z" "-e" "SOURCE_DIR=/opt/rustwide/workdir" "-e" "CARGO_TARGET_DIR=/opt/rustwide/target" "-e" "CARGO_HOME=/opt/rustwide/cargo-home" "-e" "RUSTUP_HOME=/opt/rustwide/rustup-home" "-w" "/opt/rustwide/workdir" "-m" "1610612736" "--user" "0:0" "--network" "none" "ghcr.io/rust-lang/crates-build-env/linux@sha256:a89201d6b5b9fd45c15d5952ece0a0129e7e80cb26ec023fd59cf09bc26f1604" "/opt/rustwide/cargo-home/bin/cargo" "+1.55.0" "metadata" "--no-deps" "--format-version=1", kill_on_drop: false }`
[INFO] [stdout] dff197f71740d9026821113874ee2e813430aeb7758bfe25c746bfb3454bf423
[INFO] [stderr] WARNING: Your kernel does not support swap limit capabilities or the cgroup is not mounted. Memory limited without swap.
[INFO] running `Command { std: "docker" "start" "-a" "dff197f71740d9026821113874ee2e813430aeb7758bfe25c746bfb3454bf423", kill_on_drop: false }`
[INFO] running `Command { std: "docker" "inspect" "dff197f71740d9026821113874ee2e813430aeb7758bfe25c746bfb3454bf423", kill_on_drop: false }`
[INFO] running `Command { std: "docker" "rm" "-f" "dff197f71740d9026821113874ee2e813430aeb7758bfe25c746bfb3454bf423", kill_on_drop: false }`
[INFO] [stdout] dff197f71740d9026821113874ee2e813430aeb7758bfe25c746bfb3454bf423
[INFO] running `Command { std: "docker" "create" "-v" "/var/lib/crater-agent-workspace/builds/worker-3/target:/opt/rustwide/target:rw,Z" "-v" "/var/lib/crater-agent-workspace/builds/worker-3/source:/opt/rustwide/workdir:ro,Z" "-v" "/var/lib/crater-agent-workspace/cargo-home:/opt/rustwide/cargo-home:ro,Z" "-v" "/var/lib/crater-agent-workspace/rustup-home:/opt/rustwide/rustup-home:ro,Z" "-e" "SOURCE_DIR=/opt/rustwide/workdir" "-e" "CARGO_TARGET_DIR=/opt/rustwide/target" "-e" "CARGO_INCREMENTAL=0" "-e" "RUST_BACKTRACE=full" "-e" "RUSTFLAGS=--cap-lints=warn" "-e" "CARGO_HOME=/opt/rustwide/cargo-home" "-e" "RUSTUP_HOME=/opt/rustwide/rustup-home" "-w" "/opt/rustwide/workdir" "-m" "1610612736" "--user" "0:0" "--network" "none" "ghcr.io/rust-lang/crates-build-env/linux@sha256:a89201d6b5b9fd45c15d5952ece0a0129e7e80cb26ec023fd59cf09bc26f1604" "/opt/rustwide/cargo-home/bin/cargo" "+1.55.0" "check" "--frozen" "--all" "--all-targets" "--message-format=json", kill_on_drop: false }`
[INFO] [stderr] WARNING: Your kernel does not support swap limit capabilities or the cgroup is not mounted. Memory limited without swap.
[INFO] [stdout] 783e4713d65b99ce31c02f3bc063113f6c0623a6a42d41abf78fd2ed36c3ed76
[INFO] running `Command { std: "docker" "start" "-a" "783e4713d65b99ce31c02f3bc063113f6c0623a6a42d41abf78fd2ed36c3ed76", kill_on_drop: false }`
[INFO] [stderr]    Compiling lazy_static v1.3.0
[INFO] [stderr]    Compiling cfg-if v0.1.9
[INFO] [stderr]    Compiling nodrop v0.1.13
[INFO] [stderr]    Compiling memoffset v0.2.1
[INFO] [stderr]    Compiling either v1.5.2
[INFO] [stderr]    Compiling memchr v2.2.0
[INFO] [stderr]    Compiling rustc-demangle v0.1.15
[INFO] [stderr]    Compiling quick-error v1.2.2
[INFO] [stderr]    Compiling utf8-ranges v1.0.3
[INFO] [stderr]    Compiling termcolor v1.0.5
[INFO] [stderr]    Compiling bindgen v0.47.3
[INFO] [stderr]    Compiling syn v0.15.39
[INFO] [stderr]    Compiling regex-syntax v0.6.7
[INFO] [stderr]    Compiling textwrap v0.11.0
[INFO] [stderr]    Compiling bitflags v1.1.0
[INFO] [stderr]    Compiling byteorder v1.3.2
[INFO] [stderr]    Compiling num_cpus v1.10.1
[INFO] [stderr]    Compiling atty v0.2.11
[INFO] [stderr]    Compiling log v0.4.6
[INFO] [stderr]    Compiling arrayvec v0.4.10
[INFO] [stderr]    Compiling hashbrown v0.1.8
[INFO] [stderr]    Compiling humantime v1.2.0
[INFO] [stderr]    Compiling crossbeam-utils v0.6.5
[INFO] [stderr]    Compiling thread_local v0.3.6
[INFO] [stderr]    Compiling clap v2.33.0
[INFO] [stderr]    Compiling crossbeam-epoch v0.7.1
[INFO] [stderr]    Compiling crossbeam-queue v0.1.2
[INFO] [stderr]    Compiling crossbeam-deque v0.6.3
[INFO] [stderr]    Compiling aho-corasick v0.7.4
[INFO] [stderr]    Compiling nom v4.2.3
[INFO] [stderr]    Compiling rayon-core v1.5.0
[INFO] [stderr]    Compiling rayon v1.1.0
[INFO] [stderr]    Compiling regex v1.1.7
[INFO] [stderr]    Compiling cexpr v0.3.5
[INFO] [stderr]    Compiling structopt-derive v0.2.18
[INFO] [stderr]    Compiling cc v1.0.37
[INFO] [stderr]    Compiling env_logger v0.6.2
[INFO] [stderr]    Compiling backtrace-sys v0.1.30
[INFO] [stderr]    Compiling libloading v0.5.1
[INFO] [stderr]     Checking structopt v0.2.18
[INFO] [stderr] error: failed to run custom build command for `backtrace-sys v0.1.30`
[INFO] [stderr] 
[INFO] [stderr] Caused by:
[INFO] [stderr]   process didn't exit successfully: `/opt/rustwide/target/debug/build/backtrace-sys-05b9eb11a274118c/build-script-build` (signal: 6, SIGABRT: process abort signal)
[INFO] [stderr]   --- stdout
[INFO] [stderr]   cargo:rustc-cfg=rbt
[INFO] [stderr]   NUM_JOBS = Some("16")
[INFO] [stderr] 
[INFO] [stderr]   --- stderr
[INFO] [stderr]   thread '<unnamed>' panicked at 'attempted to leave type `internal::Local` uninitialized, which is invalid', /rustc/c8dfcfe046a7680554bf4eb612bad840e7631c4b/library/core/src/mem/mod.rs:663:9
[INFO] [stderr]   stack backtrace:
[INFO] [stderr]   thread '<unnamed>' panicked at 'attempted to leave type `internal::Local` uninitialized, which is invalid', /rustc/c8dfcfe046a7680554bf4eb612bad840e7631c4b/library/core/src/mem/mod.rs:663:9
[INFO] [stderr]   thread '<unnamed>' panicked at 'attempted to leave type `internal::Local` uninitialized, which is invalid', /rustc/c8dfcfe046a7680554bf4eb612bad840e7631c4b/library/core/src/mem/mod.rs:663:9
[INFO] [stderr]   thread '<unnamed>' panicked at 'attempted to leave type `internal::Local` uninitialized, which is invalid', /rustc/c8dfcfe046a7680554bf4eb612bad840e7631c4b/library/core/src/mem/mod.rs:663:9
[INFO] [stderr]   thread '<unnamed>' panicked at 'attempted to leave type `internal::Local` uninitialized, which is invalid', /rustc/c8dfcfe046a7680554bf4eb612bad840e7631c4b/library/core/src/mem/mod.rs:663:9
[INFO] [stderr]   thread '<unnamed>' panicked at 'attempted to leave type `internal::Local` uninitialized, which is invalid', /rustc/c8dfcfe046a7680554bf4eb612bad840e7631c4b/library/core/src/mem/mod.rs:663:9
[INFO] [stderr]   thread '<unnamed>' panicked at 'attempted to leave type `internal::Local` uninitialized, which is invalid', /rustc/c8dfcfe046a7680554bf4eb612bad840e7631c4b/library/core/src/mem/mod.rs:663:9
[INFO] [stderr]   thread '<unnamed>' panicked at 'attempted to leave type `internal::Local` uninitialized, which is invalid', /rustc/c8dfcfe046a7680554bf4eb612bad840e7631c4b/library/core/src/mem/mod.rs:663:9
[INFO] [stderr]   thread '<unnamed>' panicked at 'attempted to leave type `internal::Local` uninitialized, which is invalid', /rustc/c8dfcfe046a7680554bf4eb612bad840e7631c4b/library/core/src/mem/mod.rs:663:9
[INFO] [stderr]   thread '<unnamed>' panicked at 'attempted to leave type `internal::Local` uninitialized, which is invalid', /rustc/c8dfcfe046a7680554bf4eb612bad840e7631c4b/library/core/src/mem/mod.rs:663:9
[INFO] [stderr]   thread '<unnamed>' panicked at 'attempted to leave type `internal::Local` uninitialized, which is invalid', /rustc/c8dfcfe046a7680554bf4eb612bad840e7631c4b/library/core/src/mem/mod.rs:663:9
[INFO] [stderr]   thread '<unnamed>' panicked at 'attempted to leave type `internal::Local` uninitialized, which is invalid', /rustc/c8dfcfe046a7680554bf4eb612bad840e7631c4b/library/core/src/mem/mod.rs:663:9
[INFO] [stderr]   thread '<unnamed>' panicked at 'attempted to leave type `internal::Local` uninitialized, which is invalid', /rustc/c8dfcfe046a7680554bf4eb612bad840e7631c4b/library/core/src/mem/mod.rs:663:9
[INFO] [stderr]   thread '<unnamed>' panicked at 'attempted to leave type `internal::Local` uninitialized, which is invalid', /rustc/c8dfcfe046a7680554bf4eb612bad840e7631c4b/library/core/src/mem/mod.rs:663:9
[INFO] [stderr]   thread '<unnamed>' panicked at 'attempted to leave type `internal::Local` uninitialized, which is invalid', /rustc/c8dfcfe046a7680554bf4eb612bad840e7631c4b/library/core/src/mem/mod.rs:663:9
[INFO] [stderr]   thread '<unnamed>' panicked at 'attempted to leave type `internal::Local` uninitialized, which is invalid', /rustc/c8dfcfe046a7680554bf4eb612bad840e7631c4b/library/core/src/mem/mod.rs:663:9
[INFO] [stderr]      0:     0x5604a81bf400 - std::backtrace_rs::backtrace::libunwind::trace::ha0ad43e8a952bfe7
[INFO] [stderr]                                  at /rustc/c8dfcfe046a7680554bf4eb612bad840e7631c4b/library/std/src/../../backtrace/src/backtrace/libunwind.rs:90:5
[INFO] [stderr]      1:     0x5604a81bf400 - std::backtrace_rs::backtrace::trace_unsynchronized::h6830419c0c4130dc
[INFO] [stderr]                                  at /rustc/c8dfcfe046a7680554bf4eb612bad840e7631c4b/library/std/src/../../backtrace/src/backtrace/mod.rs:66:5
[INFO] [stderr]      2:     0x5604a81bf400 - std::sys_common::backtrace::_print_fmt::h8f3516631ffa1ef5
[INFO] [stderr]                                  at /rustc/c8dfcfe046a7680554bf4eb612bad840e7631c4b/library/std/src/sys_common/backtrace.rs:67:5
[INFO] [stderr]      3:     0x5604a81bf400 - <std::sys_common::backtrace::_print::DisplayBacktrace as core::fmt::Display>::fmt::he1640d5f0d93f618
[INFO] [stderr]                                  at /rustc/c8dfcfe046a7680554bf4eb612bad840e7631c4b/library/std/src/sys_common/backtrace.rs:46:22
[INFO] [stderr]      4:     0x5604a81deccc - core::fmt::write::h88012e1f01caeebf
[INFO] [stderr]                                  at /rustc/c8dfcfe046a7680554bf4eb612bad840e7631c4b/library/core/src/fmt/mod.rs:1115:17
[INFO] [stderr]      5:     0x5604a81bbc05 - std::io::Write::write_fmt::h360fa85b30182555
[INFO] [stderr]                                  at /rustc/c8dfcfe046a7680554bf4eb612bad840e7631c4b/library/std/src/io/mod.rs:1665:15
[INFO] [stderr]      6:     0x5604a81c164b - std::sys_common::backtrace::_print::ha1f00492f406a015
[INFO] [stderr]                                  at /rustc/c8dfcfe046a7680554bf4eb612bad840e7631c4b/library/std/src/sys_common/backtrace.rs:49:5
[INFO] [stderr]      7:     0x5604a81c164b - std::sys_common::backtrace::print::hd54561b13feb6af3
[INFO] [stderr]                                  at /rustc/c8dfcfe046a7680554bf4eb612bad840e7631c4b/library/std/src/sys_common/backtrace.rs:36:9
[INFO] [stderr]      8:     0x5604a81c164b - std::panicking::default_hook::{{closure}}::h84fe124cd0864662
[INFO] [stderr]                                  at /rustc/c8dfcfe046a7680554bf4eb612bad840e7631c4b/library/std/src/panicking.rs:208:50
[INFO] [stderr]      9:     0x5604a81c1121 - std::panicking::default_hook::h5a8e74a76ce290a7
[INFO] [stderr]                                  at /rustc/c8dfcfe046a7680554bf4eb612bad840e7631c4b/library/std/src/panicking.rs:225:9
[INFO] [stderr]     10:     0x5604a81c1d14 - std::panicking::rust_panic_with_hook::h67c812a4fe9d4c91
[INFO] [stderr]                                  at /rustc/c8dfcfe046a7680554bf4eb612bad840e7631c4b/library/std/src/panicking.rs:622:17
[INFO] [stderr]     11:     0x5604a81c17c7 - std::panicking::begin_panic_handler::{{closure}}::h33f9c1b96af300d7
[INFO] [stderr]                                  at /rustc/c8dfcfe046a7680554bf4eb612bad840e7631c4b/library/std/src/panicking.rs:517:13
[INFO] [stderr]     12:     0x5604a81bf8fc - std::sys_common::backtrace::__rust_end_short_backtrace::h51bae64be5921f0e
[INFO] [stderr]                                  at /rustc/c8dfcfe046a7680554bf4eb612bad840e7631c4b/library/std/src/sys_common/backtrace.rs:141:18
[INFO] [stderr]     13:     0x5604a81c1759 - rust_begin_unwind
[INFO] [stderr]                                  at /rustc/c8dfcfe046a7680554bf4eb612bad840e7631c4b/library/std/src/panicking.rs:515:5
[INFO] [stderr]     14:     0x5604a81173a1 - core::panicking::panic_fmt::h12a3a3c256485fca
[INFO] [stderr]                                  at /rustc/c8dfcfe046a7680554bf4eb612bad840e7631c4b/library/core/src/panicking.rs:92:14
[INFO] [stderr]     15:     0x5604a81172ed - core::panicking::panic::h344f23ad26057b48
[INFO] [stderr]                                  at /rustc/c8dfcfe046a7680554bf4eb612bad840e7631c4b/library/core/src/panicking.rs:50:5
[INFO] [stderr]     16:     0x5604a819ade3 - core::mem::uninitialized::h33e7311ffb5382d0
[INFO] [stderr]                                  at /rustc/c8dfcfe046a7680554bf4eb612bad840e7631c4b/library/core/src/mem/mod.rs:663:9
[INFO] [stderr]     17:     0x5604a819ade3 - <crossbeam_epoch::internal::Local as crossbeam_epoch::sync::list::IsElement<crossbeam_epoch::internal::Local>>::entry_of::h8cb733e21c4a91fb
[INFO] [stderr]                                  at /opt/rustwide/cargo-home/registry/src/github.com-1ecc6299db9ec823/crossbeam-epoch-0.7.1/src/internal.rs:493:59
[INFO] [stderr]     18:     0x5604a819c8a0 - crossbeam_epoch::sync::list::List<T,C>::insert::h5b4ed706d4731790
[INFO] [stderr]                                  at /opt/rustwide/cargo-home/registry/src/github.com-1ecc6299db9ec823/crossbeam-epoch-0.7.1/src/sync/list.rs:176:29
[INFO] [stderr]     19:     0x5604a819a245 - crossbeam_epoch::internal::Local::register::h2b32d917cb1e7675
[INFO] [stderr]                                  at /opt/rustwide/cargo-home/registry/src/github.com-1ecc6299db9ec823/crossbeam-epoch-0.7.1/src/internal.rs:291:13
[INFO] [stderr]     20:     0x5604a819f5be - crossbeam_epoch::collector::Collector::register::h7967c9946aa96ef9
[INFO] [stderr]                                  at /opt/rustwide/cargo-home/registry/src/github.com-1ecc6299db9ec823/crossbeam-epoch-0.7.1/src/collector.rs:39:9
[INFO] [stderr]     21:     0x5604a81a4281 - crossbeam_epoch::default::HANDLE::__init::he81c5300f5c6fd53
[INFO] [stderr]                                  at /opt/rustwide/cargo-home/registry/src/github.com-1ecc6299db9ec823/crossbeam-epoch-0.7.1/src/default.rs:17:34
[INFO] [stderr]     22:     0x5604a81a1089 - core::ops::function::FnOnce::call_once::hb45c47ed0c6494ff
[INFO] [stderr]                                  at /rustc/c8dfcfe046a7680554bf4eb612bad840e7631c4b/library/core/src/ops/function.rs:227:5
[INFO] [stderr]     23:     0x5604a819ed9c - std::thread::local::lazy::LazyKeyInner<T>::initialize::h2ba16614f0ffbe15
[INFO] [stderr]                                  at /rustc/c8dfcfe046a7680554bf4eb612bad840e7631c4b/library/std/src/thread/local.rs:431:25
[INFO] [stderr]     24:     0x5604a819ce40 - std::thread::local::fast::Key<T>::try_initialize::he54c480dbf7c889a
[INFO] [stderr]                                  at /rustc/c8dfcfe046a7680554bf4eb612bad840e7631c4b/library/std/src/thread/local.rs:609:31
[INFO] [stderr]     25:     0x5604a819cf87 - std::thread::local::fast::Key<T>::get::hca6315d9d88d32dd
[INFO] [stderr]                                  at /rustc/c8dfcfe046a7680554bf4eb612bad840e7631c4b/library/std/src/thread/local.rs:592:29
[INFO] [stderr]     26:     0x5604a8186bdd - crossbeam_epoch::default::HANDLE::__getit::h0fe12feb859ea232
[INFO] [stderr]                                  at /rustc/c8dfcfe046a7680554bf4eb612bad840e7631c4b/library/std/src/thread/local.rs:311:26
[INFO] [stderr]     27:     0x5604a8186fb5 - std::thread::local::LocalKey<T>::try_with::hc6c2841707079d28
[INFO] [stderr]                                  at /rustc/c8dfcfe046a7680554bf4eb612bad840e7631c4b/library/std/src/thread/local.rs:398:32
[INFO] [stderr]     28:     0x5604a8186973 - crossbeam_epoch::default::with_handle::h63570dd6dd8931c5
[INFO] [stderr]                                  at /opt/rustwide/cargo-home/registry/src/github.com-1ecc6299db9ec823/crossbeam-epoch-0.7.1/src/default.rs:42:5
[INFO] [stderr]     29:     0x5604a8186bf7 - crossbeam_epoch::default::is_pinned::h2673f0aacb30a8c6
[INFO] [stderr]                                  at /opt/rustwide/cargo-home/registry/src/github.com-1ecc6299db9ec823/crossbeam-epoch-0.7.1/src/default.rs:29:5
[INFO] [stderr]     30:     0x5604a8184c20 - crossbeam_deque::Stealer<T>::steal::hecfa53377363f4a3
[INFO] [stderr]                                  at /opt/rustwide/cargo-home/registry/src/github.com-1ecc6299db9ec823/crossbeam-deque-0.6.3/src/lib.rs:660:12
[INFO] [stderr]     31:     0x5604a818052d - rayon_core::registry::WorkerThread::steal::{{closure}}::hac58c4d3f52b1c5c
[INFO] [stderr]                                  at /opt/rustwide/cargo-home/registry/src/github.com-1ecc6299db9ec823/rayon-core-1.5.0/src/registry.rs:764:27
[INFO] [stderr]     32:     0x5604a817d36b - core::ops::function::impls::<impl core::ops::function::FnMut<A> for &mut F>::call_mut::h9764ffab6d897494
[INFO] [stderr]                                  at /rustc/c8dfcfe046a7680554bf4eb612bad840e7631c4b/library/core/src/ops/function.rs:269:13
[INFO] [stderr]     33:     0x5604a817b081 - core::iter::traits::iterator::Iterator::find_map::check::{{closure}}::hd2c4a0b2d1d9c04c
[INFO] [stderr]                                  at /rustc/c8dfcfe046a7680554bf4eb612bad840e7631c4b/library/core/src/iter/traits/iterator.rs:2411:32
[INFO] [stderr]     34:     0x5604a8169ee1 - core::iter::adapters::filter::filter_try_fold::{{closure}}::ha597b1634fe216a2
[INFO] [stderr]                                  at /rustc/c8dfcfe046a7680554bf4eb612bad840e7631c4b/library/core/src/iter/adapters/filter.rs:44:44
[INFO] [stderr]     35:     0x5604a816969c - core::ops::function::impls::<impl core::ops::function::FnMut<A> for &mut F>::call_mut::h117cc28a5f030896
[INFO] [stderr]                                  at /rustc/c8dfcfe046a7680554bf4eb612bad840e7631c4b/library/core/src/ops/function.rs:269:13
[INFO] [stderr]     36:     0x5604a817b473 - core::iter::traits::iterator::Iterator::try_fold::h7573a18b59b63893
[INFO] [stderr]                                  at /rustc/c8dfcfe046a7680554bf4eb612bad840e7631c4b/library/core/src/iter/traits/iterator.rs:1998:21
[INFO] [stderr]     37:     0x5604a816a93e - <core::iter::adapters::chain::Chain<A,B> as core::iter::traits::iterator::Iterator>::try_fold::he68cec960e91e989
[INFO] [stderr]                                  at /rustc/c8dfcfe046a7680554bf4eb612bad840e7631c4b/library/core/src/iter/adapters/chain.rs:104:19
[INFO] [stderr]     38:     0x5604a816825c - <core::iter::adapters::filter::Filter<I,P> as core::iter::traits::iterator::Iterator>::try_fold::h78b5a82554e97869
[INFO] [stderr]                                  at /rustc/c8dfcfe046a7680554bf4eb612bad840e7631c4b/library/core/src/iter/adapters/filter.rs:93:9
[INFO] [stderr]     39:     0x5604a8169dbb - core::iter::traits::iterator::Iterator::find_map::h6a7d5bd994f9eaa0
[INFO] [stderr]                                  at /rustc/c8dfcfe046a7680554bf4eb612bad840e7631c4b/library/core/src/iter/traits/iterator.rs:2417:9
[INFO] [stderr]     40:     0x5604a8171639 - <core::iter::adapters::filter_map::FilterMap<I,F> as core::iter::traits::iterator::Iterator>::next::hca5d4e372643c425
[INFO] [stderr]                                  at /rustc/c8dfcfe046a7680554bf4eb612bad840e7631c4b/library/core/src/iter/adapters/filter_map.rs:61:9
[INFO] [stderr]     41:     0x5604a8180462 - rayon_core::registry::WorkerThread::steal::h7c6da30de894c696
[INFO] [stderr]                                  at /opt/rustwide/cargo-home/registry/src/github.com-1ecc6299db9ec823/rayon-core-1.5.0/src/registry.rs:758:9
[INFO] [stderr]     42:     0x5604a81801a2 - rayon_core::registry::WorkerThread::wait_until_cold::{{closure}}::hddf7bd283c1176dd
[INFO] [stderr]                                  at /opt/rustwide/cargo-home/registry/src/github.com-1ecc6299db9ec823/rayon-core-1.5.0/src/registry.rs:714:29
[INFO] [stderr]     43:     0x5604a8174de1 - core::option::Option<T>::or_else::he81f1196a7415237
[INFO] [stderr]                                  at /rustc/c8dfcfe046a7680554bf4eb612bad840e7631c4b/library/core/src/option.rs:1124:21
[INFO] [stderr]     44:     0x5604a817fa9a - rayon_core::registry::WorkerThread::wait_until_cold::h7dc5bd9b17401ad5
[INFO] [stderr]                                  at /opt/rustwide/cargo-home/registry/src/github.com-1ecc6299db9ec823/rayon-core-1.5.0/src/registry.rs:712:32
[INFO] [stderr]     45:     0x5604a817f98f - rayon_core::registry::WorkerThread::wait_until::hf46a14316ef099f2
[INFO] [stderr]                                  at /opt/rustwide/cargo-home/registry/src/github.com-1ecc6299db9ec823/rayon-core-1.5.0/src/registry.rs:692:13
[INFO] [stderr]     46:     0x5604a8180b80 - rayon_core::registry::main_loop::hb9ef067fba54db36
[INFO] [stderr]                                  at /opt/rustwide/cargo-home/registry/src/github.com-1ecc6299db9ec823/rayon-core-1.5.0/src/registry.rs:812:5
[INFO] [stderr]     47:     0x5604a817d60d - rayon_core::registry::ThreadBuilder::run::he420e5c8eb2ece35
[INFO] [stderr]                                  at /opt/rustwide/cargo-home/registry/src/github.com-1ecc6299db9ec823/rayon-core-1.5.0/src/registry.rs:58:18
[INFO] [stderr]     48:     0x5604a817db3d - <rayon_core::registry::DefaultSpawn as rayon_core::registry::ThreadSpawn>::spawn::{{closure}}::h5e86051877eeeacb
[INFO] [stderr]                                  at /opt/rustwide/cargo-home/registry/src/github.com-1ecc6299db9ec823/rayon-core-1.5.0/src/registry.rs:103:20
[INFO] [stderr]     49:     0x5604a8168510 - std::sys_common::backtrace::__rust_begin_short_backtrace::h9af41b4deaad1ec0
[INFO] [stderr]                                  at /rustc/c8dfcfe046a7680554bf4eb612bad840e7631c4b/library/std/src/sys_common/backtrace.rs:125:18
[INFO] [stderr]     50:     0x5604a816d39d - std::thread::Builder::spawn_unchecked::{{closure}}::{{closure}}::hba05ba05ac49d458
[INFO] [stderr]                                  at /rustc/c8dfcfe046a7680554bf4eb612bad840e7631c4b/library/std/src/thread/mod.rs:476:17
[INFO] [stderr]     51:     0x5604a816d9a1 - <std::panic::AssertUnwindSafe<F> as core::ops::function::FnOnce<()>>::call_once::h2a629ade137744c8
[INFO] [stderr]                                  at /rustc/c8dfcfe046a7680554bf4eb612bad840e7631c4b/library/std/src/panic.rs:347:9
[INFO] [stderr]     52:     0x5604a8181c2c - std::panicking::try::do_call::hf785dee04819e63f
[INFO] [stderr]                                  at /rustc/c8dfcfe046a7680554bf4eb612bad840e7631c4b/library/std/src/panicking.rs:401:40
[INFO] [stderr]     53:     0x5604a818316d - __rust_try
[INFO] [stderr]     54:     0x5604a81819e7 - std::panicking::try::h808b0b8f69da3222
[INFO] [stderr]                                  at /rustc/c8dfcfe046a7680554bf4eb612bad840e7631c4b/library/std/src/panicking.rs:365:19
[INFO] [stderr]     55:     0x5604a816ddc1 - std::panic::catch_unwind::h744e623e6c226eed
[INFO] [stderr]                                  at /rustc/c8dfcfe046a7680554bf4eb612bad840e7631c4b/library/std/src/panic.rs:434:14
[INFO] [stderr]     56:     0x5604a816d1ac - std::thread::Builder::spawn_unchecked::{{closure}}::hce86d6ee69998c72
[INFO] [stderr]                                  at /rustc/c8dfcfe046a7680554bf4eb612bad840e7631c4b/library/std/src/thread/mod.rs:475:30
[INFO] [stderr]     57:     0x5604a8172bbf - core::ops::function::FnOnce::call_once{{vtable.shim}}::hd4091d35a9068202
[INFO] [stderr]                                  at /rustc/c8dfcfe046a7680554bf4eb612bad840e7631c4b/library/core/src/ops/function.rs:227:5
[INFO] [stderr]     58:     0x5604a81c7b27 - <alloc::boxed::Box<F,A> as core::ops::function::FnOnce<Args>>::call_once::h6bff7798948b1075
[INFO] [stderr]                                  at /rustc/c8dfcfe046a7680554bf4eb612bad840e7631c4b/library/alloc/src/boxed.rs:1572:9
[INFO] [stderr]     59:     0x5604a81c7b27 - <alloc::boxed::Box<F,A> as core::ops::function::FnOnce<Args>>::call_once::hc2d25ac38f6b2342
[INFO] [stderr]                                  at /rustc/c8dfcfe046a7680554bf4eb612bad840e7631c4b/library/alloc/src/boxed.rs:1572:9
[INFO] [stderr]     60:     0x5604a81c7b27 - std::sys::unix::thread::Thread::new::thread_start::hbba5bc368baac205
[INFO] [stderr]                                  at /rustc/c8dfcfe046a7680554bf4eb612bad840e7631c4b/library/std/src/sys/unix/thread.rs:74:17
[INFO] [stderr]     61:     0x7f7e939c4609 - start_thread
[INFO] [stderr]     62:     0x7f7e93796293 - clone
[INFO] [stderr]     63:                0x0 - <unknown>
[INFO] [stderr]   Rayon: detected unexpected panic; aborting
[INFO] [stderr] warning: build failed, waiting for other jobs to finish...
[INFO] [stderr] error: build failed
[INFO] running `Command { std: "docker" "inspect" "783e4713d65b99ce31c02f3bc063113f6c0623a6a42d41abf78fd2ed36c3ed76", kill_on_drop: false }`
[INFO] running `Command { std: "docker" "rm" "-f" "783e4713d65b99ce31c02f3bc063113f6c0623a6a42d41abf78fd2ed36c3ed76", kill_on_drop: false }`
[INFO] [stdout] 783e4713d65b99ce31c02f3bc063113f6c0623a6a42d41abf78fd2ed36c3ed76
