[INFO] cloning repository https://github.com/ChiefBahooti/rust-and-balance
[INFO] running `Command { std: "git" "-c" "credential.helper=" "-c" "credential.helper=/workspace/cargo-home/bin/git-credential-null" "clone" "--bare" "https://github.com/ChiefBahooti/rust-and-balance" "/workspace/cache/git-repos/https%3A%2F%2Fgithub.com%2FChiefBahooti%2Frust-and-balance", kill_on_drop: false }`
[INFO] [stderr] Cloning into bare repository '/workspace/cache/git-repos/https%3A%2F%2Fgithub.com%2FChiefBahooti%2Frust-and-balance'...
[INFO] running `Command { std: "git" "rev-parse" "HEAD", kill_on_drop: false }`
[INFO] [stdout] c8d62a6dbee72a3c38ffa8e2483e482df88f5b06
[INFO] checking ChiefBahooti/rust-and-balance against beta-2021-10-15 for beta-1.56-3
[INFO] running `Command { std: "git" "clone" "/workspace/cache/git-repos/https%3A%2F%2Fgithub.com%2FChiefBahooti%2Frust-and-balance" "/workspace/builds/worker-1/source", kill_on_drop: false }`
[INFO] [stderr] Cloning into '/workspace/builds/worker-1/source'...
[INFO] [stderr] done.
[INFO] validating manifest of git repo https://github.com/ChiefBahooti/rust-and-balance on toolchain beta-2021-10-15
[INFO] running `Command { std: "/workspace/cargo-home/bin/cargo" "+beta-2021-10-15" "metadata" "--manifest-path" "Cargo.toml" "--no-deps", kill_on_drop: false }`
[INFO] started tweaking git repo https://github.com/ChiefBahooti/rust-and-balance
[INFO] finished tweaking git repo https://github.com/ChiefBahooti/rust-and-balance
[INFO] tweaked toml for git repo https://github.com/ChiefBahooti/rust-and-balance written to /workspace/builds/worker-1/source/Cargo.toml
[INFO] crate git repo https://github.com/ChiefBahooti/rust-and-balance already has a lockfile, it will not be regenerated
[INFO] running `Command { std: "/workspace/cargo-home/bin/cargo" "+beta-2021-10-15" "fetch" "--manifest-path" "Cargo.toml", kill_on_drop: false }`
[INFO] [stderr]  Downloading crates ...
[INFO] [stderr]   Downloaded pretty_env_logger v0.3.1
[INFO] [stderr]   Downloaded tokio-threadpool v0.1.16
[INFO] [stderr]   Downloaded tokio-timer v0.2.12
[INFO] [stderr]   Downloaded http v0.1.20
[INFO] [stderr]   Downloaded indexmap v1.3.0
[INFO] [stderr]   Downloaded tokio-reactor v0.1.11
[INFO] [stderr]   Downloaded lock_api v0.3.2
[INFO] [stderr]   Downloaded tokio-sync v0.1.7
[INFO] [stderr]   Downloaded crossbeam-deque v0.7.2
[INFO] [stderr]   Downloaded num_cpus v1.11.1
[INFO] [stderr]   Downloaded memoffset v0.5.3
[INFO] [stderr]   Downloaded crossbeam-epoch v0.8.0
[INFO] [stderr]   Downloaded ryu v1.0.2
[INFO] [stderr]   Downloaded hermit-abi v0.1.3
[INFO] [stderr]   Downloaded serde v1.0.103
[INFO] [stderr]   Downloaded tokio-executor v0.1.9
[INFO] [stderr]   Downloaded serde_json v1.0.42
[INFO] running `Command { std: "docker" "create" "-v" "/var/lib/crater-agent-workspace/builds/worker-1/target:/opt/rustwide/target:rw,Z" "-v" "/var/lib/crater-agent-workspace/builds/worker-1/source:/opt/rustwide/workdir:ro,Z" "-v" "/var/lib/crater-agent-workspace/cargo-home:/opt/rustwide/cargo-home:ro,Z" "-v" "/var/lib/crater-agent-workspace/rustup-home:/opt/rustwide/rustup-home:ro,Z" "-e" "SOURCE_DIR=/opt/rustwide/workdir" "-e" "CARGO_TARGET_DIR=/opt/rustwide/target" "-e" "CARGO_HOME=/opt/rustwide/cargo-home" "-e" "RUSTUP_HOME=/opt/rustwide/rustup-home" "-w" "/opt/rustwide/workdir" "-m" "1610612736" "--user" "0:0" "--network" "none" "ghcr.io/rust-lang/crates-build-env/linux@sha256:a89201d6b5b9fd45c15d5952ece0a0129e7e80cb26ec023fd59cf09bc26f1604" "/opt/rustwide/cargo-home/bin/cargo" "+beta-2021-10-15" "metadata" "--no-deps" "--format-version=1", kill_on_drop: false }`
[INFO] [stdout] 4a259e5957246bab40f80702260dc446153202bee366c18a10ac4661a83c9eaa
[INFO] [stderr] WARNING: Your kernel does not support swap limit capabilities or the cgroup is not mounted. Memory limited without swap.
[INFO] running `Command { std: "docker" "start" "-a" "4a259e5957246bab40f80702260dc446153202bee366c18a10ac4661a83c9eaa", kill_on_drop: false }`
[INFO] running `Command { std: "docker" "inspect" "4a259e5957246bab40f80702260dc446153202bee366c18a10ac4661a83c9eaa", kill_on_drop: false }`
[INFO] running `Command { std: "docker" "rm" "-f" "4a259e5957246bab40f80702260dc446153202bee366c18a10ac4661a83c9eaa", kill_on_drop: false }`
[INFO] [stdout] 4a259e5957246bab40f80702260dc446153202bee366c18a10ac4661a83c9eaa
[INFO] running `Command { std: "docker" "create" "-v" "/var/lib/crater-agent-workspace/builds/worker-1/target:/opt/rustwide/target:rw,Z" "-v" "/var/lib/crater-agent-workspace/builds/worker-1/source:/opt/rustwide/workdir:ro,Z" "-v" "/var/lib/crater-agent-workspace/cargo-home:/opt/rustwide/cargo-home:ro,Z" "-v" "/var/lib/crater-agent-workspace/rustup-home:/opt/rustwide/rustup-home:ro,Z" "-e" "SOURCE_DIR=/opt/rustwide/workdir" "-e" "CARGO_TARGET_DIR=/opt/rustwide/target" "-e" "CARGO_INCREMENTAL=0" "-e" "RUST_BACKTRACE=full" "-e" "RUSTFLAGS=--cap-lints=warn" "-e" "CARGO_HOME=/opt/rustwide/cargo-home" "-e" "RUSTUP_HOME=/opt/rustwide/rustup-home" "-w" "/opt/rustwide/workdir" "-m" "1610612736" "--user" "0:0" "--network" "none" "ghcr.io/rust-lang/crates-build-env/linux@sha256:a89201d6b5b9fd45c15d5952ece0a0129e7e80cb26ec023fd59cf09bc26f1604" "/opt/rustwide/cargo-home/bin/cargo" "+beta-2021-10-15" "check" "--frozen" "--all" "--all-targets" "--message-format=json", kill_on_drop: false }`
[INFO] [stdout] 4d3ad7cf4bbf5fcd1e5993b4f3c7bff3e6185cf5b2e637b67b9705e3f1d3abc4
[INFO] [stderr] WARNING: Your kernel does not support swap limit capabilities or the cgroup is not mounted. Memory limited without swap.
[INFO] running `Command { std: "docker" "start" "-a" "4d3ad7cf4bbf5fcd1e5993b4f3c7bff3e6185cf5b2e637b67b9705e3f1d3abc4", kill_on_drop: false }`
[INFO] [stderr]     Checking tokio-sync v0.1.7
[INFO] [stderr]     Checking tokio-executor v0.1.9
[INFO] [stderr]     Checking atty v0.2.13
[INFO] [stderr]    Compiling hyper v0.12.35
[INFO] [stderr]     Checking bytes v0.4.12
[INFO] [stderr]     Checking mio v0.6.21
[INFO] [stderr]     Checking futures-cpupool v0.1.8
[INFO] [stderr]     Checking parking_lot v0.9.0
[INFO] [stderr]     Checking chrono v0.4.10
[INFO] [stderr]     Checking env_logger v0.6.2
[INFO] [stderr]     Checking tokio-threadpool v0.1.16
[INFO] [stderr]     Checking tokio-timer v0.2.12
[INFO] [stderr]     Checking tokio-current-thread v0.1.6
[INFO] [stderr]     Checking tokio-io v0.1.12
[INFO] [stderr]     Checking http v0.1.20
[INFO] [stderr]     Checking tokio-buf v0.1.1
[INFO] [stderr]     Checking string v0.2.1
[INFO] [stderr]     Checking pretty_env_logger v0.3.1
[INFO] [stderr]     Checking tokio-reactor v0.1.11
[INFO] [stderr]     Checking tokio v0.1.22
[INFO] [stderr]     Checking tokio-tcp v0.1.3
[INFO] [stderr]     Checking http-body v0.1.0
[INFO] [stderr]     Checking h2 v0.1.26
[INFO] [stderr]     Checking rust_and_balance v0.0.1 (/opt/rustwide/workdir)
[INFO] [stdout] error: expected identifier, found keyword `type`
[INFO] [stdout]   --> src/config.rs:11:5
[INFO] [stdout]    |
[INFO] [stdout] 11 |     type: String,
[INFO] [stdout]    |     ^^^^ expected identifier, found keyword
[INFO] [stdout]    |
[INFO] [stdout] help: you can escape reserved keywords to use them as identifiers
[INFO] [stdout]    |
[INFO] [stdout] 11 |     r#type: String,
[INFO] [stdout]    |     ~~~~~~
[INFO] [stdout] 
[INFO] [stdout] 
[INFO] [stdout] error: expected identifier, found keyword `type`
[INFO] [stdout]   --> src/config.rs:11:5
[INFO] [stdout]    |
[INFO] [stdout] 11 |     type: String,
[INFO] [stdout]    |     ^^^^ expected identifier, found keyword
[INFO] [stdout]    |
[INFO] [stdout] help: you can escape reserved keywords to use them as identifiers
[INFO] [stdout]    |
[INFO] [stdout] 11 |     r#type: String,
[INFO] [stdout]    |     ~~~~~~
[INFO] [stdout] 
[INFO] [stdout] 
[INFO] [stdout] error[E0432]: unresolved import `serde_json`
[INFO] [stdout]  --> src/config.rs:3:5
[INFO] [stdout]   |
[INFO] [stdout] 3 | use serde_json::{Deserialize, Serialize};
[INFO] [stdout]   |     ^^^^^^^^^^ help: a similar path exists: `self::serde_json`
[INFO] [stdout] 
[INFO] [stdout] 
[INFO] [stdout] error[E0432]: unresolved import `serde_json`
[INFO] [stdout]  --> src/config.rs:3:5
[INFO] [stdout]   |
[INFO] [stdout] 3 | use serde_json::{Deserialize, Serialize};
[INFO] [stdout]   |     ^^^^^^^^^^ help: a similar path exists: `self::serde_json`
[INFO] [stdout] 
[INFO] [stdout] 
[INFO] [stdout] error[E0432]: unresolved import `serde_json`
[INFO] [stdout]  --> src/config.rs:4:5
[INFO] [stdout]   |
[INFO] [stdout] 4 | use serde_json::Result;
[INFO] [stdout]   |     ^^^^^^^^^^ help: a similar path exists: `self::serde_json`
[INFO] [stdout] 
[INFO] [stdout] 
[INFO] [stdout] error: cannot determine resolution for the derive macro `Serialize`
[INFO] [stdout]  --> src/config.rs:6:10
[INFO] [stdout]   |
[INFO] [stdout] 6 | #[derive(Serialize, Deserialize)]
[INFO] [stdout]   |          ^^^^^^^^^
[INFO] [stdout]   |
[INFO] [stdout]   = note: import resolution is stuck, try simplifying macro imports
[INFO] [stdout] 
[INFO] [stdout] 
[INFO] [stdout] error: cannot determine resolution for the derive macro `Deserialize`
[INFO] [stdout]  --> src/config.rs:6:21
[INFO] [stdout]   |
[INFO] [stdout] 6 | #[derive(Serialize, Deserialize)]
[INFO] [stdout]   |                     ^^^^^^^^^^^
[INFO] [stdout]   |
[INFO] [stdout]   = note: import resolution is stuck, try simplifying macro imports
[INFO] [stdout] 
[INFO] [stdout] 
[INFO] [stdout] error[E0432]: unresolved import `serde_json`
[INFO] [stdout]  --> src/config.rs:4:5
[INFO] [stdout]   |
[INFO] [stdout] 4 | use serde_json::Result;
[INFO] [stdout]   |     ^^^^^^^^^^ help: a similar path exists: `self::serde_json`
[INFO] [stdout] 
[INFO] [stdout] 
[INFO] [stdout] error: cannot determine resolution for the derive macro `Serialize`
[INFO] [stdout]  --> src/config.rs:6:10
[INFO] [stdout]   |
[INFO] [stdout] 6 | #[derive(Serialize, Deserialize)]
[INFO] [stdout]   |          ^^^^^^^^^
[INFO] [stdout]   |
[INFO] [stdout]   = note: import resolution is stuck, try simplifying macro imports
[INFO] [stdout] 
[INFO] [stdout] 
[INFO] [stdout] error: cannot determine resolution for the derive macro `Deserialize`
[INFO] [stdout]  --> src/config.rs:6:21
[INFO] [stdout]   |
[INFO] [stdout] 6 | #[derive(Serialize, Deserialize)]
[INFO] [stdout]   |                     ^^^^^^^^^^^
[INFO] [stdout]   |
[INFO] [stdout]   = note: import resolution is stuck, try simplifying macro imports
[INFO] [stdout] 
[INFO] [stdout] 
[INFO] [stdout] error[E0603]: function `start_cluster` is private
[INFO] [stdout]   --> src/main.rs:25:13
[INFO] [stdout]    |
[INFO] [stdout] 25 |     config::start_cluster();
[INFO] [stdout]    |             ^^^^^^^^^^^^^ private function
[INFO] [stdout]    |
[INFO] [stdout] note: the function `start_cluster` is defined here
[INFO] [stdout]   --> src/config.rs:15:1
[INFO] [stdout]    |
[INFO] [stdout] 15 | fn start_cluster(dnsname: Option<String>, strategy: Option<String>, port: Option<u8>, ) -> Result<()> {
[INFO] [stdout]    | ^^^^^^^^^^^^^^^^^^^^^^^^^^^^^^^^^^^^^^^^^^^^^^^^^^^^^^^^^^^^^^^^^^^^^^^^^^^^^^^^^^^^^^^^^^^^^^^^^^^^^
[INFO] [stdout] 
[INFO] [stdout] 
[INFO] [stdout] error[E0061]: this function takes 3 arguments but 0 arguments were supplied
[INFO] [stdout]   --> src/main.rs:25:5
[INFO] [stdout]    |
[INFO] [stdout] 25 |     config::start_cluster();
[INFO] [stdout]    |     ^^^^^^^^^^^^^^^^^^^^^-- supplied 0 arguments
[INFO] [stdout]    |     |
[INFO] [stdout]    |     expected 3 arguments
[INFO] [stdout]    |
[INFO] [stdout] note: function defined here
[INFO] [stdout]   --> src/config.rs:15:4
[INFO] [stdout]    |
[INFO] [stdout] 15 | fn start_cluster(dnsname: Option<String>, strategy: Option<String>, port: Option<u8>, ) -> Result<()> {
[INFO] [stdout]    |    ^^^^^^^^^^^^^ -----------------------  ------------------------  ----------------
[INFO] [stdout] 
[INFO] [stdout] 
[INFO] [stdout] error[E0603]: function `start_cluster` is private
[INFO] [stdout]   --> src/main.rs:25:13
[INFO] [stdout]    |
[INFO] [stdout] 25 |     config::start_cluster();
[INFO] [stdout]    |             ^^^^^^^^^^^^^ private function
[INFO] [stdout]    |
[INFO] [stdout] note: the function `start_cluster` is defined here
[INFO] [stdout]   --> src/config.rs:15:1
[INFO] [stdout]    |
[INFO] [stdout] 15 | fn start_cluster(dnsname: Option<String>, strategy: Option<String>, port: Option<u8>, ) -> Result<()> {
[INFO] [stdout]    | ^^^^^^^^^^^^^^^^^^^^^^^^^^^^^^^^^^^^^^^^^^^^^^^^^^^^^^^^^^^^^^^^^^^^^^^^^^^^^^^^^^^^^^^^^^^^^^^^^^^^^
[INFO] [stdout] 
[INFO] [stdout] 
[INFO] [stdout] error[E0061]: this function takes 3 arguments but 0 arguments were supplied
[INFO] [stdout]   --> src/main.rs:25:5
[INFO] [stdout]    |
[INFO] [stdout] 25 |     config::start_cluster();
[INFO] [stdout]    |     ^^^^^^^^^^^^^^^^^^^^^-- supplied 0 arguments
[INFO] [stdout]    |     |
[INFO] [stdout]    |     expected 3 arguments
[INFO] [stdout]    |
[INFO] [stdout] note: function defined here
[INFO] [stdout]   --> src/config.rs:15:4
[INFO] [stdout]    |
[INFO] [stdout] 15 | fn start_cluster(dnsname: Option<String>, strategy: Option<String>, port: Option<u8>, ) -> Result<()> {
[INFO] [stdout]    |    ^^^^^^^^^^^^^ -----------------------  ------------------------  ----------------
[INFO] [stdout] 
[INFO] [stdout] 
[INFO] [stderr] error: could not compile `rust_and_balance` due to 8 previous errors
[INFO] [stdout] error: aborting due to 7 previous errors
[INFO] [stdout] 
[INFO] [stdout] 
[INFO] [stderr] warning: build failed, waiting for other jobs to finish...
[INFO] [stdout] error: aborting due to 7 previous errors
[INFO] [stdout] 
[INFO] [stdout] 
[INFO] [stdout] Some errors have detailed explanations: E0061, E0432, E0603.
[INFO] [stdout] 
[INFO] [stdout] For more information about an error, try `rustc --explain E0061`.
[INFO] [stdout] 
[INFO] [stdout] Some errors have detailed explanations: E0061, E0432, E0603.
[INFO] [stdout] 
[INFO] [stdout] For more information about an error, try `rustc --explain E0061`.
[INFO] [stdout] 
[INFO] [stderr] error: build failed
[INFO] running `Command { std: "docker" "inspect" "4d3ad7cf4bbf5fcd1e5993b4f3c7bff3e6185cf5b2e637b67b9705e3f1d3abc4", kill_on_drop: false }`
[INFO] running `Command { std: "docker" "rm" "-f" "4d3ad7cf4bbf5fcd1e5993b4f3c7bff3e6185cf5b2e637b67b9705e3f1d3abc4", kill_on_drop: false }`
[INFO] [stdout] 4d3ad7cf4bbf5fcd1e5993b4f3c7bff3e6185cf5b2e637b67b9705e3f1d3abc4
