[INFO] cloning repository https://github.com/CasperN/asteroids
[INFO] running `Command { std: "git" "-c" "credential.helper=" "-c" "credential.helper=/workspace/cargo-home/bin/git-credential-null" "clone" "--bare" "https://github.com/CasperN/asteroids" "/workspace/cache/git-repos/https%3A%2F%2Fgithub.com%2FCasperN%2Fasteroids", kill_on_drop: false }`
[INFO] [stderr] Cloning into bare repository '/workspace/cache/git-repos/https%3A%2F%2Fgithub.com%2FCasperN%2Fasteroids'...
[INFO] running `Command { std: "git" "rev-parse" "HEAD", kill_on_drop: false }`
[INFO] [stdout] e959c986a7be37f8408e27d5d551e507efac5817
[INFO] checking CasperN/asteroids against 1.55.0 for beta-1.56-3
[INFO] running `Command { std: "git" "clone" "/workspace/cache/git-repos/https%3A%2F%2Fgithub.com%2FCasperN%2Fasteroids" "/workspace/builds/worker-2/source", kill_on_drop: false }`
[INFO] [stderr] Cloning into '/workspace/builds/worker-2/source'...
[INFO] [stderr] done.
[INFO] validating manifest of git repo https://github.com/CasperN/asteroids on toolchain 1.55.0
[INFO] running `Command { std: "/workspace/cargo-home/bin/cargo" "+1.55.0" "metadata" "--manifest-path" "Cargo.toml" "--no-deps", kill_on_drop: false }`
[INFO] started tweaking git repo https://github.com/CasperN/asteroids
[INFO] finished tweaking git repo https://github.com/CasperN/asteroids
[INFO] tweaked toml for git repo https://github.com/CasperN/asteroids written to /workspace/builds/worker-2/source/Cargo.toml
[INFO] crate git repo https://github.com/CasperN/asteroids already has a lockfile, it will not be regenerated
[INFO] running `Command { std: "/workspace/cargo-home/bin/cargo" "+1.55.0" "fetch" "--manifest-path" "Cargo.toml", kill_on_drop: false }`
[INFO] running `Command { std: "docker" "create" "-v" "/var/lib/crater-agent-workspace/builds/worker-2/target:/opt/rustwide/target:rw,Z" "-v" "/var/lib/crater-agent-workspace/builds/worker-2/source:/opt/rustwide/workdir:ro,Z" "-v" "/var/lib/crater-agent-workspace/cargo-home:/opt/rustwide/cargo-home:ro,Z" "-v" "/var/lib/crater-agent-workspace/rustup-home:/opt/rustwide/rustup-home:ro,Z" "-e" "SOURCE_DIR=/opt/rustwide/workdir" "-e" "CARGO_TARGET_DIR=/opt/rustwide/target" "-e" "CARGO_HOME=/opt/rustwide/cargo-home" "-e" "RUSTUP_HOME=/opt/rustwide/rustup-home" "-w" "/opt/rustwide/workdir" "-m" "1610612736" "--user" "0:0" "--network" "none" "ghcr.io/rust-lang/crates-build-env/linux@sha256:a89201d6b5b9fd45c15d5952ece0a0129e7e80cb26ec023fd59cf09bc26f1604" "/opt/rustwide/cargo-home/bin/cargo" "+1.55.0" "metadata" "--no-deps" "--format-version=1", kill_on_drop: false }`
[INFO] [stdout] 8aba732675f4a38facd5c558f12276b74ae30856518d2188d881c189887734b7
[INFO] [stderr] WARNING: Your kernel does not support swap limit capabilities or the cgroup is not mounted. Memory limited without swap.
[INFO] running `Command { std: "docker" "start" "-a" "8aba732675f4a38facd5c558f12276b74ae30856518d2188d881c189887734b7", kill_on_drop: false }`
[INFO] running `Command { std: "docker" "inspect" "8aba732675f4a38facd5c558f12276b74ae30856518d2188d881c189887734b7", kill_on_drop: false }`
[INFO] running `Command { std: "docker" "rm" "-f" "8aba732675f4a38facd5c558f12276b74ae30856518d2188d881c189887734b7", kill_on_drop: false }`
[INFO] [stdout] 8aba732675f4a38facd5c558f12276b74ae30856518d2188d881c189887734b7
[INFO] running `Command { std: "docker" "create" "-v" "/var/lib/crater-agent-workspace/builds/worker-2/target:/opt/rustwide/target:rw,Z" "-v" "/var/lib/crater-agent-workspace/builds/worker-2/source:/opt/rustwide/workdir:ro,Z" "-v" "/var/lib/crater-agent-workspace/cargo-home:/opt/rustwide/cargo-home:ro,Z" "-v" "/var/lib/crater-agent-workspace/rustup-home:/opt/rustwide/rustup-home:ro,Z" "-e" "SOURCE_DIR=/opt/rustwide/workdir" "-e" "CARGO_TARGET_DIR=/opt/rustwide/target" "-e" "CARGO_INCREMENTAL=0" "-e" "RUST_BACKTRACE=full" "-e" "RUSTFLAGS=--cap-lints=warn" "-e" "CARGO_HOME=/opt/rustwide/cargo-home" "-e" "RUSTUP_HOME=/opt/rustwide/rustup-home" "-w" "/opt/rustwide/workdir" "-m" "1610612736" "--user" "0:0" "--network" "none" "ghcr.io/rust-lang/crates-build-env/linux@sha256:a89201d6b5b9fd45c15d5952ece0a0129e7e80cb26ec023fd59cf09bc26f1604" "/opt/rustwide/cargo-home/bin/cargo" "+1.55.0" "check" "--frozen" "--all" "--all-targets" "--message-format=json", kill_on_drop: false }`
[INFO] [stdout] 0e24c4445d4d965559711d79ef26541d95448b435d07310c5077cdcb06755238
[INFO] [stderr] WARNING: Your kernel does not support swap limit capabilities or the cgroup is not mounted. Memory limited without swap.
[INFO] running `Command { std: "docker" "start" "-a" "0e24c4445d4d965559711d79ef26541d95448b435d07310c5077cdcb06755238", kill_on_drop: false }`
[INFO] [stderr]    Compiling num-traits v0.2.5
[INFO] [stderr]    Compiling num-integer v0.1.39
[INFO] [stderr]     Checking libc v0.2.42
[INFO] [stderr]    Compiling cfg-if v0.1.4
[INFO] [stderr]    Compiling num-iter v0.1.37
[INFO] [stderr]     Checking rand_core v0.2.1
[INFO] [stderr]     Checking lazy_static v0.2.11
[INFO] [stderr]     Checking bitflags v0.7.0
[INFO] [stderr]    Compiling sdl2-sys v0.31.0
[INFO] [stderr]     Checking rand v0.4.2
[INFO] [stderr]     Checking rand v0.5.3
[INFO] [stderr]     Checking rand v0.3.22
[INFO] [stderr]     Checking num v0.1.42
[INFO] [stderr]     Checking sdl2 v0.31.0
[INFO] [stderr]     Checking asteroids v0.1.0 (/opt/rustwide/workdir)
[INFO] [stdout] error[E0554]: `#![feature]` may not be used on the stable release channel
[INFO] [stdout]  --> src/main.rs:1:1
[INFO] [stdout]   |
[INFO] [stdout] 1 | #![feature(euclidean_division)]
[INFO] [stdout]   | ^^^^^^^^^^^^^^^^^^^^^^^^^^^^^^^
[INFO] [stdout] 
[INFO] [stdout] 
[INFO] [stdout] error[E0554]: `#![feature]` may not be used on the stable release channel
[INFO] [stdout]  --> src/main.rs:2:1
[INFO] [stdout]   |
[INFO] [stdout] 2 | #![feature(non_modrs_mods)]
[INFO] [stdout]   | ^^^^^^^^^^^^^^^^^^^^^^^^^^^ help: remove the attribute
[INFO] [stdout]   |
[INFO] [stdout]   = help: the feature `non_modrs_mods` has been stable since 1.30.0 and no longer requires an attribute to enable
[INFO] [stdout] 
[INFO] [stdout] 
[INFO] [stdout] error[E0425]: cannot find function `find_collisions` in this scope
[INFO] [stdout]    --> src/collision.rs:206:17
[INFO] [stdout]     |
[INFO] [stdout] 206 |         assert!(find_collisions(&ids(), &mut outlines).len() == 1);
[INFO] [stdout]     |                 ^^^^^^^^^^^^^^^ not found in this scope
[INFO] [stdout] 
[INFO] [stdout] 
[INFO] [stdout] error[E0425]: cannot find function `find_collisions` in this scope
[INFO] [stdout]    --> src/collision.rs:220:17
[INFO] [stdout]     |
[INFO] [stdout] 220 |         assert!(find_collisions(&ids(), &mut outlines).len() == 0);
[INFO] [stdout]     |                 ^^^^^^^^^^^^^^^ not found in this scope
[INFO] [stdout] 
[INFO] [stdout] 
[INFO] [stdout] error[E0425]: cannot find function `find_collisions` in this scope
[INFO] [stdout]    --> src/collision.rs:228:17
[INFO] [stdout]     |
[INFO] [stdout] 228 |         assert!(find_collisions(&ids(), &mut outlines).len() == 1);
[INFO] [stdout]     |                 ^^^^^^^^^^^^^^^ not found in this scope
[INFO] [stdout] 
[INFO] [stdout] 
[INFO] [stdout] error[E0425]: cannot find function `find_collisions` in this scope
[INFO] [stdout]    --> src/collision.rs:236:17
[INFO] [stdout]     |
[INFO] [stdout] 236 |         assert!(find_collisions(&ids(), &mut outlines).len() == 0);
[INFO] [stdout]     |                 ^^^^^^^^^^^^^^^ not found in this scope
[INFO] [stdout] 
[INFO] [stdout] 
[INFO] [stdout] error[E0554]: `#![feature]` may not be used on the stable release channel
[INFO] [stdout]  --> src/main.rs:1:1
[INFO] [stdout]   |
[INFO] [stdout] 1 | #![feature(euclidean_division)]
[INFO] [stdout]   | ^^^^^^^^^^^^^^^^^^^^^^^^^^^^^^^
[INFO] [stdout] 
[INFO] [stdout] 
[INFO] [stdout] error[E0554]: `#![feature]` may not be used on the stable release channel
[INFO] [stdout]  --> src/main.rs:2:1
[INFO] [stdout]   |
[INFO] [stdout] 2 | #![feature(non_modrs_mods)]
[INFO] [stdout]   | ^^^^^^^^^^^^^^^^^^^^^^^^^^^ help: remove the attribute
[INFO] [stdout]   |
[INFO] [stdout]   = help: the feature `non_modrs_mods` has been stable since 1.30.0 and no longer requires an attribute to enable
[INFO] [stdout] 
[INFO] [stdout] 
[INFO] [stdout] error[E0599]: no method named `div_euc` found for type `f32` in the current scope
[INFO] [stdout]   --> src/collision.rs:88:17
[INFO] [stdout]    |
[INFO] [stdout] 88 |     let row = x.div_euc(X_LEN / NUM_CELLS as f32) as usize;
[INFO] [stdout]    |                 ^^^^^^^ method not found in `f32`
[INFO] [stdout] 
[INFO] [stdout] 
[INFO] [stdout] error[E0599]: no method named `div_euc` found for type `f32` in the current scope
[INFO] [stdout]   --> src/collision.rs:89:17
[INFO] [stdout]    |
[INFO] [stdout] 89 |     let col = y.div_euc(X_LEN / NUM_CELLS as f32) as usize;
[INFO] [stdout]    |                 ^^^^^^^ method not found in `f32`
[INFO] [stdout] 
[INFO] [stdout] 
[INFO] [stdout] error[E0599]: no method named `mod_euc` found for type `f32` in the current scope
[INFO] [stdout]   --> src/component/momentum.rs:58:33
[INFO] [stdout]    |
[INFO] [stdout] 58 |         self.theta = self.theta.mod_euc(2.0 * PI);
[INFO] [stdout]    |                                 ^^^^^^^ method not found in `f32`
[INFO] [stdout] 
[INFO] [stdout] 
[INFO] [stdout] error[E0599]: no method named `div_euc` found for type `f32` in the current scope
[INFO] [stdout]   --> src/collision.rs:88:17
[INFO] [stdout]    |
[INFO] [stdout] 88 |     let row = x.div_euc(X_LEN / NUM_CELLS as f32) as usize;
[INFO] [stdout]    |                 ^^^^^^^ method not found in `f32`
[INFO] [stdout] 
[INFO] [stdout] 
[INFO] [stdout] error[E0599]: no method named `div_euc` found for type `f32` in the current scope
[INFO] [stdout]   --> src/collision.rs:89:17
[INFO] [stdout]    |
[INFO] [stdout] 89 |     let col = y.div_euc(X_LEN / NUM_CELLS as f32) as usize;
[INFO] [stdout]    |                 ^^^^^^^ method not found in `f32`
[INFO] [stdout] 
[INFO] [stdout] 
[INFO] [stdout] error[E0599]: no method named `mod_euc` found for type `f32` in the current scope
[INFO] [stdout]   --> src/component/momentum.rs:58:33
[INFO] [stdout]    |
[INFO] [stdout] 58 |         self.theta = self.theta.mod_euc(2.0 * PI);
[INFO] [stdout]    |                                 ^^^^^^^ method not found in `f32`
[INFO] [stdout] 
[INFO] [stdout] 
[INFO] [stdout] error[E0599]: no method named `mod_euc` found for type `f32` in the current scope
[INFO] [stdout]   --> src/vector_2d.rs:17:19
[INFO] [stdout]    |
[INFO] [stdout] 17 |         V2(self.0.mod_euc(xmod), self.1.mod_euc(ymod))
[INFO] [stdout]    |                   ^^^^^^^ method not found in `f32`
[INFO] [stdout] 
[INFO] [stdout] 
[INFO] [stdout] error[E0599]: no method named `mod_euc` found for type `f32` in the current scope
[INFO] [stdout]   --> src/vector_2d.rs:17:41
[INFO] [stdout]    |
[INFO] [stdout] 17 |         V2(self.0.mod_euc(xmod), self.1.mod_euc(ymod))
[INFO] [stdout]    |                                         ^^^^^^^ method not found in `f32`
[INFO] [stdout] 
[INFO] [stdout] 
[INFO] [stdout] error[E0599]: no method named `mod_euc` found for type `f32` in the current scope
[INFO] [stdout]   --> src/vector_2d.rs:17:19
[INFO] [stdout]    |
[INFO] [stdout] 17 |         V2(self.0.mod_euc(xmod), self.1.mod_euc(ymod))
[INFO] [stdout]    |                   ^^^^^^^ method not found in `f32`
[INFO] [stdout] 
[INFO] [stdout] 
[INFO] [stdout] error[E0599]: no method named `mod_euc` found for type `f32` in the current scope
[INFO] [stdout]   --> src/vector_2d.rs:17:41
[INFO] [stdout]    |
[INFO] [stdout] 17 |         V2(self.0.mod_euc(xmod), self.1.mod_euc(ymod))
[INFO] [stdout]    |                                         ^^^^^^^ method not found in `f32`
[INFO] [stdout] 
[INFO] [stdout] 
[INFO] [stdout] error: aborting due to 7 previous errors
[INFO] [stdout] 
[INFO] [stdout] 
[INFO] [stdout] error: aborting due to 11 previous errors
[INFO] [stdout] 
[INFO] [stdout] 
[INFO] [stdout] Some errors have detailed explanations: E0554, E0599.
[INFO] [stdout] 
[INFO] [stdout] Some errors have detailed explanations: E0425, E0554, E0599.
[INFO] [stdout] 
[INFO] [stdout] For more information about an error, try `rustc --explain E0554`.
[INFO] [stdout] 
[INFO] [stdout] For more information about an error, try `rustc --explain E0425`.
[INFO] [stdout] 
[INFO] [stderr] error: could not compile `asteroids` due to 8 previous errors
[INFO] [stderr] warning: build failed, waiting for other jobs to finish...
[INFO] [stderr] error: build failed
[INFO] running `Command { std: "docker" "inspect" "0e24c4445d4d965559711d79ef26541d95448b435d07310c5077cdcb06755238", kill_on_drop: false }`
[INFO] running `Command { std: "docker" "rm" "-f" "0e24c4445d4d965559711d79ef26541d95448b435d07310c5077cdcb06755238", kill_on_drop: false }`
[INFO] [stdout] 0e24c4445d4d965559711d79ef26541d95448b435d07310c5077cdcb06755238
