[INFO] cloning repository https://github.com/CQUPTYHM/ckb-timer-script
[INFO] running `Command { std: "git" "-c" "credential.helper=" "-c" "credential.helper=/workspace/cargo-home/bin/git-credential-null" "clone" "--bare" "https://github.com/CQUPTYHM/ckb-timer-script" "/workspace/cache/git-repos/https%3A%2F%2Fgithub.com%2FCQUPTYHM%2Fckb-timer-script", kill_on_drop: false }`
[INFO] [stderr] Cloning into bare repository '/workspace/cache/git-repos/https%3A%2F%2Fgithub.com%2FCQUPTYHM%2Fckb-timer-script'...
[INFO] running `Command { std: "git" "rev-parse" "HEAD", kill_on_drop: false }`
[INFO] [stdout] c168b861e1014dc9a3dd612de05b03ec510b4fce
[INFO] checking CQUPTYHM/ckb-timer-script against beta-2021-10-15 for beta-1.56-3
[INFO] running `Command { std: "git" "clone" "/workspace/cache/git-repos/https%3A%2F%2Fgithub.com%2FCQUPTYHM%2Fckb-timer-script" "/workspace/builds/worker-0/source", kill_on_drop: false }`
[INFO] [stderr] Cloning into '/workspace/builds/worker-0/source'...
[INFO] [stderr] done.
[INFO] validating manifest of git repo https://github.com/CQUPTYHM/ckb-timer-script on toolchain beta-2021-10-15
[INFO] running `Command { std: "/workspace/cargo-home/bin/cargo" "+beta-2021-10-15" "metadata" "--manifest-path" "Cargo.toml" "--no-deps", kill_on_drop: false }`
[INFO] started tweaking git repo https://github.com/CQUPTYHM/ckb-timer-script
[INFO] finished tweaking git repo https://github.com/CQUPTYHM/ckb-timer-script
[INFO] tweaked toml for git repo https://github.com/CQUPTYHM/ckb-timer-script written to /workspace/builds/worker-0/source/Cargo.toml
[INFO] crate git repo https://github.com/CQUPTYHM/ckb-timer-script already has a lockfile, it will not be regenerated
[INFO] running `Command { std: "/workspace/cargo-home/bin/cargo" "+beta-2021-10-15" "fetch" "--manifest-path" "Cargo.toml", kill_on_drop: false }`
[INFO] [stderr]  Downloading crates ...
[INFO] [stderr]   Downloaded faster-hex v0.3.1
[INFO] [stderr]   Downloaded ckb-vm-definitions v0.19.3
[INFO] [stderr]   Downloaded ckb-dao-utils v0.39.1
[INFO] [stderr]   Downloaded ckb-crypto v0.39.1
[INFO] [stderr]   Downloaded ckb-jsonrpc-types v0.39.1
[INFO] [stderr]   Downloaded ckb-fee-estimator v0.39.1
[INFO] [stderr]   Downloaded ckb-logger-config v0.39.1
[INFO] [stderr]   Downloaded ckb-always-success-script v0.0.1
[INFO] [stderr]   Downloaded mapr v0.8.0
[INFO] [stderr]   Downloaded ckb-reward-calculator v0.39.1
[INFO] [stderr]   Downloaded ckb-testtool v0.3.0
[INFO] [stderr]   Downloaded ckb-spawn v0.39.1
[INFO] [stderr]   Downloaded ckb-stop-handler v0.39.1
[INFO] [stderr]   Downloaded ckb-async-runtime v0.39.1
[INFO] [stderr]   Downloaded ckb-dao v0.39.1
[INFO] [stderr]   Downloaded blake2b-rs v0.1.5
[INFO] [stderr]   Downloaded buddy-alloc v0.4.1
[INFO] [stderr]   Downloaded numext-fixed-uint-hack v0.1.6
[INFO] [stderr]   Downloaded ckb-types v0.39.1
[INFO] [stderr]   Downloaded merkle-cbt v0.3.0
[INFO] [stderr]   Downloaded ckb-hash v0.39.1
[INFO] [stderr]   Downloaded ckb-fixed-hash v0.39.1
[INFO] [stderr]   Downloaded ckb-logger v0.39.1
[INFO] [stderr]   Downloaded crypto-mac v0.9.1
[INFO] [stderr]   Downloaded chacha20poly1305 v0.7.1
[INFO] [stderr]   Downloaded ckb-db v0.39.1
[INFO] [stderr]   Downloaded ckb-rocksdb v0.14.1
[INFO] [stderr]   Downloaded tentacle-secio v0.4.5
[INFO] [stderr]   Downloaded ckb-resource v0.39.1
[INFO] [stderr]   Downloaded tentacle-multiaddr v0.2.0
[INFO] [stderr]   Downloaded ckb-app-config v0.39.1
[INFO] [stderr]   Downloaded secp256k1-sys v0.3.0
[INFO] [stderr]   Downloaded secp256k1 v0.19.0
[INFO] [stderr]   Downloaded faketime v0.2.1
[INFO] [stderr]   Downloaded chacha20 v0.6.0
[INFO] [stderr]   Downloaded ckb-chain-spec v0.39.1
[INFO] [stderr]   Downloaded ckb-util v0.39.1
[INFO] [stderr]   Downloaded ckb-db-schema v0.39.1
[INFO] [stderr]   Downloaded ckb-store v0.39.1
[INFO] [stderr]   Downloaded hmac v0.9.0
[INFO] [stderr]   Downloaded ckb-fixed-hash-core v0.39.1
[INFO] [stderr]   Downloaded ckb-traits v0.39.1
[INFO] [stderr]   Downloaded ckb-vm v0.19.3
[INFO] [stderr]   Downloaded ckb-script v0.39.1
[INFO] [stderr]   Downloaded ckb-channel v0.39.1
[INFO] [stderr]   Downloaded ckb-error v0.39.1
[INFO] [stderr]   Downloaded ckb-fixed-hash-macros v0.39.1
[INFO] [stderr]   Downloaded ckb-system-scripts v0.5.1
[INFO] [stderr]   Downloaded ckb-rational v0.39.1
[INFO] [stderr]   Downloaded blake2b-ref v0.2.1
[INFO] [stderr]   Downloaded ckb-occupied-capacity-core v0.39.1
[INFO] [stderr]   Downloaded ckb-occupied-capacity-macros v0.39.1
[INFO] [stderr]   Downloaded ckb-occupied-capacity v0.39.1
[INFO] [stderr]   Downloaded ckb-verification v0.39.1
[INFO] [stderr]   Downloaded includedir v0.5.0
[INFO] [stderr]   Downloaded serde_plain v0.3.0
[INFO] [stderr]   Downloaded ckb-librocksdb-sys v6.7.4
[INFO] [stderr]   Downloaded ckb-tool v0.3.0
[INFO] [stderr]   Downloaded numext-constructor v0.1.6
[INFO] [stderr]   Downloaded numext-fixed-uint-core v0.1.6
[INFO] [stderr]   Downloaded simple-jsonrpc-client v0.1.0
[INFO] [stderr]   Downloaded faster-hex v0.4.1
[INFO] [stderr]   Downloaded numext-fixed-uint v0.1.6
[INFO] [stderr]   Downloaded molecule v0.6.0
[INFO] [stderr]   Downloaded ckb-std v0.7.4
[INFO] [stderr]   Downloaded includedir_codegen v0.5.0
[INFO] [stderr]   Downloaded ckb-build-info v0.39.1
[INFO] [stderr]   Downloaded ckb-pow v0.39.1
[INFO] [stderr]   Downloaded eaglesong v0.1.0
[INFO] [stderr]   Downloaded ckb-metrics-config v0.39.1
[INFO] [stderr]   Downloaded ckb-standalone-types v0.0.1-pre.1
[INFO] running `Command { std: "docker" "create" "-v" "/var/lib/crater-agent-workspace/builds/worker-0/target:/opt/rustwide/target:rw,Z" "-v" "/var/lib/crater-agent-workspace/builds/worker-0/source:/opt/rustwide/workdir:ro,Z" "-v" "/var/lib/crater-agent-workspace/cargo-home:/opt/rustwide/cargo-home:ro,Z" "-v" "/var/lib/crater-agent-workspace/rustup-home:/opt/rustwide/rustup-home:ro,Z" "-e" "SOURCE_DIR=/opt/rustwide/workdir" "-e" "CARGO_TARGET_DIR=/opt/rustwide/target" "-e" "CARGO_HOME=/opt/rustwide/cargo-home" "-e" "RUSTUP_HOME=/opt/rustwide/rustup-home" "-w" "/opt/rustwide/workdir" "-m" "1610612736" "--user" "0:0" "--network" "none" "ghcr.io/rust-lang/crates-build-env/linux@sha256:a89201d6b5b9fd45c15d5952ece0a0129e7e80cb26ec023fd59cf09bc26f1604" "/opt/rustwide/cargo-home/bin/cargo" "+beta-2021-10-15" "metadata" "--no-deps" "--format-version=1", kill_on_drop: false }`
[INFO] [stderr] WARNING: Your kernel does not support swap limit capabilities or the cgroup is not mounted. Memory limited without swap.
[INFO] [stdout] e993f38a3bf2cf3f365b399973e732246b4468da347fec623b09e0f1d27ca87b
[INFO] running `Command { std: "docker" "start" "-a" "e993f38a3bf2cf3f365b399973e732246b4468da347fec623b09e0f1d27ca87b", kill_on_drop: false }`
[INFO] running `Command { std: "docker" "inspect" "e993f38a3bf2cf3f365b399973e732246b4468da347fec623b09e0f1d27ca87b", kill_on_drop: false }`
[INFO] running `Command { std: "docker" "rm" "-f" "e993f38a3bf2cf3f365b399973e732246b4468da347fec623b09e0f1d27ca87b", kill_on_drop: false }`
[INFO] [stdout] e993f38a3bf2cf3f365b399973e732246b4468da347fec623b09e0f1d27ca87b
[INFO] running `Command { std: "docker" "create" "-v" "/var/lib/crater-agent-workspace/builds/worker-0/target:/opt/rustwide/target:rw,Z" "-v" "/var/lib/crater-agent-workspace/builds/worker-0/source:/opt/rustwide/workdir:ro,Z" "-v" "/var/lib/crater-agent-workspace/cargo-home:/opt/rustwide/cargo-home:ro,Z" "-v" "/var/lib/crater-agent-workspace/rustup-home:/opt/rustwide/rustup-home:ro,Z" "-e" "SOURCE_DIR=/opt/rustwide/workdir" "-e" "CARGO_TARGET_DIR=/opt/rustwide/target" "-e" "CARGO_INCREMENTAL=0" "-e" "RUST_BACKTRACE=full" "-e" "RUSTFLAGS=--cap-lints=warn" "-e" "CARGO_HOME=/opt/rustwide/cargo-home" "-e" "RUSTUP_HOME=/opt/rustwide/rustup-home" "-w" "/opt/rustwide/workdir" "-m" "1610612736" "--user" "0:0" "--network" "none" "ghcr.io/rust-lang/crates-build-env/linux@sha256:a89201d6b5b9fd45c15d5952ece0a0129e7e80cb26ec023fd59cf09bc26f1604" "/opt/rustwide/cargo-home/bin/cargo" "+beta-2021-10-15" "check" "--frozen" "--all" "--all-targets" "--message-format=json", kill_on_drop: false }`
[INFO] [stdout] d2585d0bea16332b7d22690acaba3e517e8d40902b27830e3c5e5962a1740a70
[INFO] [stderr] WARNING: Your kernel does not support swap limit capabilities or the cgroup is not mounted. Memory limited without swap.
[INFO] running `Command { std: "docker" "start" "-a" "d2585d0bea16332b7d22690acaba3e517e8d40902b27830e3c5e5962a1740a70", kill_on_drop: false }`
[INFO] [stderr]     Blocking waiting for file lock on package cache
[INFO] [stderr]     Blocking waiting for file lock on package cache
[INFO] [stderr]    Compiling libc v0.2.93
[INFO] [stderr]    Compiling syn v1.0.70
[INFO] [stderr]    Compiling serde v1.0.125
[INFO] [stderr]    Compiling lazy_static v1.4.0
[INFO] [stderr]    Compiling scopeguard v1.1.0
[INFO] [stderr]    Compiling either v1.6.1
[INFO] [stderr]    Compiling getrandom v0.1.16
[INFO] [stderr]    Compiling log v0.4.14
[INFO] [stderr]    Compiling heapsize v0.4.2
[INFO] [stderr]     Checking faster-hex v0.4.1
[INFO] [stderr]    Compiling ppv-lite86 v0.2.10
[INFO] [stderr]    Compiling convert_case v0.4.0
[INFO] [stderr]    Compiling adler v1.0.2
[INFO] [stderr]     Checking itoa v0.4.7
[INFO] [stderr]     Checking pin-project-lite v0.1.12
[INFO] [stderr]    Compiling same-file v1.0.6
[INFO] [stderr]     Checking futures-sink v0.3.14
[INFO] [stderr]    Compiling cfg-if v0.1.10
[INFO] [stderr]    Compiling faster-hex v0.3.1
[INFO] [stderr]     Checking futures-task v0.3.14
[INFO] [stderr]     Checking futures-io v0.3.14
[INFO] [stderr]     Checking bit-vec v0.5.1
[INFO] [stderr]    Compiling openssl v0.10.33
[INFO] [stderr]    Compiling serde_json v1.0.64
[INFO] [stderr]     Checking futures v0.1.31
[INFO] [stderr]     Checking remove_dir_all v0.5.3
[INFO] [stderr]    Compiling once_cell v1.7.2
[INFO] [stderr]     Checking byteorder v1.4.3
[INFO] [stderr]     Checking stable_deref_trait v1.2.0
[INFO] [stderr]     Checking eaglesong v0.1.0
[INFO] [stderr]    Compiling glob v0.2.11
[INFO] [stderr]     Checking cpuid-bool v0.1.2
[INFO] [stderr]     Checking opaque-debug v0.3.0
[INFO] [stderr]    Compiling tentacle-secio v0.4.5
[INFO] [stderr]     Checking spin v0.5.2
[INFO] [stderr]     Checking unsigned-varint v0.3.3
[INFO] [stderr]     Checking untrusted v0.7.1
[INFO] [stderr]     Checking bs58 v0.3.1
[INFO] [stderr]    Compiling httparse v1.4.0
[INFO] [stderr]     Checking ckb-build-info v0.39.1
[INFO] [stderr]    Compiling native-tls v0.2.7
[INFO] [stderr]     Checking ckb-db-schema v0.39.1
[INFO] [stderr]     Checking plain v0.2.3
[INFO] [stderr]     Checking tower-service v0.3.1
[INFO] [stderr]     Checking ckb-vm-definitions v0.19.3
[INFO] [stderr]    Compiling ckb-script v0.39.1
[INFO] [stderr]     Checking ckb-spawn v0.39.1
[INFO] [stderr]     Checking buddy-alloc v0.4.1
[INFO] [stderr]     Checking ckb-always-success-script v0.0.1
[INFO] [stderr]    Compiling memoffset v0.6.3
[INFO] [stderr]    Compiling miniz_oxide v0.4.4
[INFO] [stderr]     Checking crossbeam-utils v0.6.6
[INFO] [stderr]     Checking merkle-cbt v0.3.0
[INFO] [stderr]    Compiling unicase v2.6.0
[INFO] [stderr]     Checking futures-channel v0.3.14
[INFO] [stderr]    Compiling walkdir v2.3.2
[INFO] [stderr]     Checking owning_ref v0.4.1
[INFO] [stderr]     Checking http v0.2.4
[INFO] [stderr]     Checking unicode-bidi v0.3.5
[INFO] [stderr]     Checking linked_hash_set v0.1.4
[INFO] [stderr]     Checking form_urlencoded v1.0.1
[INFO] [stderr]    Compiling crc32fast v1.2.1
[INFO] [stderr]    Compiling anyhow v1.0.40
[INFO] [stderr]    Compiling phf v0.7.24
[INFO] [stderr]     Checking lru v0.6.5
[INFO] [stderr]     Checking crossbeam-channel v0.3.9
[INFO] [stderr]    Compiling crossbeam-utils v0.8.3
[INFO] [stderr]     Checking lock_api v0.1.5
[INFO] [stderr]    Compiling parking_lot_core v0.4.0
[INFO] [stderr]     Checking smallvec v0.6.14
[INFO] [stderr]     Checking regex v1.4.6
[INFO] [stderr]     Checking digest v0.9.0
[INFO] [stderr]     Checking block-buffer v0.9.0
[INFO] [stderr]     Checking idna v0.2.3
[INFO] [stderr]    Compiling crossbeam-channel v0.5.1
[INFO] [stderr]    Compiling crossbeam-epoch v0.9.3
[INFO] [stderr]     Checking sha2 v0.9.3
[INFO] [stderr]     Checking ckb-channel v0.39.1
[INFO] [stderr]    Compiling mime_guess v2.0.3
[INFO] [stderr]     Checking iovec v0.1.4
[INFO] [stderr]     Checking num_cpus v1.13.0
[INFO] [stderr]     Checking net2 v0.2.37
[INFO] [stderr]     Checking signal-hook-registry v1.3.0
[INFO] [stderr]     Checking rand_os v0.1.3
[INFO] [stderr]     Checking getrandom v0.2.2
[INFO] [stderr]     Checking atty v0.2.14
[INFO] [stderr]     Checking socket2 v0.3.19
[INFO] [stderr]     Checking mapr v0.8.0
[INFO] [stderr]    Compiling crossbeam-deque v0.8.0
[INFO] [stderr]     Checking flate2 v1.0.20
[INFO] [stderr]     Checking rand_core v0.5.1
[INFO] [stderr]     Checking url v2.2.1
[INFO] [stderr]     Checking clap v2.33.3
[INFO] [stderr]     Checking rand v0.6.5
[INFO] [stderr]     Checking rand_core v0.6.2
[INFO] [stderr]    Compiling rayon-core v1.9.0
[INFO] [stderr]     Checking rand_chacha v0.2.2
[INFO] [stderr]     Checking rand_chacha v0.3.0
[INFO] [stderr]     Checking includedir v0.5.0
[INFO] [stderr]     Checking rand v0.7.3
[INFO] [stderr]     Checking rand v0.8.3
[INFO] [stderr]     Checking rayon v1.5.0
[INFO] [stderr]    Compiling phf_generator v0.7.24
[INFO] [stderr]     Checking parking_lot v0.7.1
[INFO] [stderr]    Compiling phf_codegen v0.7.24
[INFO] [stderr]     Checking tempfile v3.2.0
[INFO] [stderr]    Compiling includedir_codegen v0.5.0
[INFO] [stderr]     Checking ckb-util v0.39.1
[INFO] [stderr]     Checking faketime v0.2.1
[INFO] [stderr]    Compiling cc v1.0.41
[INFO] [stderr]    Compiling blake2b-rs v0.1.5
[INFO] [stderr]    Compiling openssl-sys v0.9.61
[INFO] [stderr]    Compiling secp256k1-sys v0.3.0
[INFO] [stderr]    Compiling ring v0.16.12
[INFO] [stderr]    Compiling ckb-librocksdb-sys v6.7.4
[INFO] [stderr]    Compiling ckb-vm v0.19.3
[INFO] [stderr]    Compiling ckb-std v0.7.4
[INFO] [stderr]    Compiling serde_derive v1.0.125
[INFO] [stderr]    Compiling thiserror-impl v1.0.24
[INFO] [stderr]    Compiling numext-constructor v0.1.6
[INFO] [stderr]    Compiling derive_more v0.99.13
[INFO] [stderr]    Compiling tokio-macros v0.2.6
[INFO] [stderr]    Compiling futures-macro v0.3.14
[INFO] [stderr]    Compiling pin-project-internal v1.0.7
[INFO] [stderr]    Compiling scroll_derive v0.10.5
[INFO] [stderr]    Compiling ckb-hash v0.39.1
[INFO] [stderr]    Compiling ckb-system-scripts v0.5.1
[INFO] [stderr]    Compiling ckb-lib-secp256k1 v0.1.0 (/opt/rustwide/workdir/ckb-lib-secp256k1)
[INFO] [stderr]     Checking secp256k1 v0.19.0
[INFO] [stderr] error: could not compile `tokio-macros`
[INFO] [stderr] 
[INFO] [stderr] Caused by:
[INFO] [stderr]   process didn't exit successfully: `rustc --crate-name tokio_macros --edition=2018 /opt/rustwide/cargo-home/registry/src/github.com-1ecc6299db9ec823/tokio-macros-0.2.6/src/lib.rs --error-format=json --json=diagnostic-rendered-ansi --crate-type proc-macro --emit=dep-info,link -C prefer-dynamic -C embed-bitcode=no -C debuginfo=2 -C metadata=80d88ea7257ae519 -C extra-filename=-80d88ea7257ae519 --out-dir /opt/rustwide/target/debug/deps -L dependency=/opt/rustwide/target/debug/deps --extern proc_macro2=/opt/rustwide/target/debug/deps/libproc_macro2-23030fd07ba07dc5.rlib --extern quote=/opt/rustwide/target/debug/deps/libquote-8577de0eb80255c1.rlib --extern syn=/opt/rustwide/target/debug/deps/libsyn-2189ddb0188deae6.rlib --extern proc_macro --cap-lints allow --cap-lints=warn` (signal: 9, SIGKILL: kill)
[INFO] [stderr] warning: build failed, waiting for other jobs to finish...
[INFO] [stderr] The following warnings were emitted during compilation:
[INFO] [stderr] 
[INFO] [stderr] warning: c++: fatal error: Killed signal terminated program cc1plus
[INFO] [stderr] warning: compilation terminated.
[INFO] [stderr] warning: c++: fatal error: Killed signal terminated program cc1plus
[INFO] [stderr] warning: compilation terminated.
[INFO] [stderr] warning: c++: fatal error: Killed signal terminated program cc1plus
[INFO] [stderr] warning: compilation terminated.
[INFO] [stderr] warning: c++: fatal error: Killed signal terminated program cc1plus
[INFO] [stderr] warning: compilation terminated.
[INFO] [stderr] warning: c++: fatal error: Killed signal terminated program cc1plus
[INFO] [stderr] warning: compilation terminated.
[INFO] [stderr] warning: c++: fatal error: Killed signal terminated program cc1plus
[INFO] [stderr] warning: compilation terminated.
[INFO] [stderr] warning: c++: fatal error: Killed signal terminated program cc1plus
[INFO] [stderr] warning: compilation terminated.
[INFO] [stderr] warning: c++: fatal error: Killed signal terminated program cc1plus
[INFO] [stderr] warning: compilation terminated.
[INFO] [stderr] 
[INFO] [stderr] error: build failed
[INFO] running `Command { std: "docker" "inspect" "d2585d0bea16332b7d22690acaba3e517e8d40902b27830e3c5e5962a1740a70", kill_on_drop: false }`
[INFO] running `Command { std: "docker" "rm" "-f" "d2585d0bea16332b7d22690acaba3e517e8d40902b27830e3c5e5962a1740a70", kill_on_drop: false }`
[INFO] [stdout] d2585d0bea16332b7d22690acaba3e517e8d40902b27830e3c5e5962a1740a70
