[INFO] cloning repository https://github.com/ButteryCrumpet/zanmu
[INFO] running `Command { std: "git" "-c" "credential.helper=" "-c" "credential.helper=/workspace/cargo-home/bin/git-credential-null" "clone" "--bare" "https://github.com/ButteryCrumpet/zanmu" "/workspace/cache/git-repos/https%3A%2F%2Fgithub.com%2FButteryCrumpet%2Fzanmu", kill_on_drop: false }`
[INFO] [stderr] Cloning into bare repository '/workspace/cache/git-repos/https%3A%2F%2Fgithub.com%2FButteryCrumpet%2Fzanmu'...
[INFO] running `Command { std: "git" "rev-parse" "HEAD", kill_on_drop: false }`
[INFO] [stdout] 05b95250d9f3688847446e901bf8e7266bdcc270
[INFO] checking ButteryCrumpet/zanmu against 1.55.0 for beta-1.56-3
[INFO] running `Command { std: "git" "clone" "/workspace/cache/git-repos/https%3A%2F%2Fgithub.com%2FButteryCrumpet%2Fzanmu" "/workspace/builds/worker-9/source", kill_on_drop: false }`
[INFO] [stderr] Cloning into '/workspace/builds/worker-9/source'...
[INFO] [stderr] done.
[INFO] validating manifest of git repo https://github.com/ButteryCrumpet/zanmu on toolchain 1.55.0
[INFO] running `Command { std: "/workspace/cargo-home/bin/cargo" "+1.55.0" "metadata" "--manifest-path" "Cargo.toml" "--no-deps", kill_on_drop: false }`
[INFO] started tweaking git repo https://github.com/ButteryCrumpet/zanmu
[INFO] finished tweaking git repo https://github.com/ButteryCrumpet/zanmu
[INFO] tweaked toml for git repo https://github.com/ButteryCrumpet/zanmu written to /workspace/builds/worker-9/source/Cargo.toml
[INFO] crate git repo https://github.com/ButteryCrumpet/zanmu already has a lockfile, it will not be regenerated
[INFO] running `Command { std: "/workspace/cargo-home/bin/cargo" "+1.55.0" "fetch" "--manifest-path" "Cargo.toml", kill_on_drop: false }`
[INFO] [stderr]     Blocking waiting for file lock on package cache
[INFO] running `Command { std: "docker" "create" "-v" "/var/lib/crater-agent-workspace/builds/worker-9/target:/opt/rustwide/target:rw,Z" "-v" "/var/lib/crater-agent-workspace/builds/worker-9/source:/opt/rustwide/workdir:ro,Z" "-v" "/var/lib/crater-agent-workspace/cargo-home:/opt/rustwide/cargo-home:ro,Z" "-v" "/var/lib/crater-agent-workspace/rustup-home:/opt/rustwide/rustup-home:ro,Z" "-e" "SOURCE_DIR=/opt/rustwide/workdir" "-e" "CARGO_TARGET_DIR=/opt/rustwide/target" "-e" "CARGO_HOME=/opt/rustwide/cargo-home" "-e" "RUSTUP_HOME=/opt/rustwide/rustup-home" "-w" "/opt/rustwide/workdir" "-m" "1610612736" "--user" "0:0" "--network" "none" "ghcr.io/rust-lang/crates-build-env/linux@sha256:a89201d6b5b9fd45c15d5952ece0a0129e7e80cb26ec023fd59cf09bc26f1604" "/opt/rustwide/cargo-home/bin/cargo" "+1.55.0" "metadata" "--no-deps" "--format-version=1", kill_on_drop: false }`
[INFO] [stdout] b17f790048f552f9d86452ae93916bef05dd00d258182ed161c22e3f042a8f79
[INFO] [stderr] WARNING: Your kernel does not support swap limit capabilities or the cgroup is not mounted. Memory limited without swap.
[INFO] running `Command { std: "docker" "start" "-a" "b17f790048f552f9d86452ae93916bef05dd00d258182ed161c22e3f042a8f79", kill_on_drop: false }`
[INFO] running `Command { std: "docker" "inspect" "b17f790048f552f9d86452ae93916bef05dd00d258182ed161c22e3f042a8f79", kill_on_drop: false }`
[INFO] running `Command { std: "docker" "rm" "-f" "b17f790048f552f9d86452ae93916bef05dd00d258182ed161c22e3f042a8f79", kill_on_drop: false }`
[INFO] [stdout] b17f790048f552f9d86452ae93916bef05dd00d258182ed161c22e3f042a8f79
[INFO] running `Command { std: "docker" "create" "-v" "/var/lib/crater-agent-workspace/builds/worker-9/target:/opt/rustwide/target:rw,Z" "-v" "/var/lib/crater-agent-workspace/builds/worker-9/source:/opt/rustwide/workdir:ro,Z" "-v" "/var/lib/crater-agent-workspace/cargo-home:/opt/rustwide/cargo-home:ro,Z" "-v" "/var/lib/crater-agent-workspace/rustup-home:/opt/rustwide/rustup-home:ro,Z" "-e" "SOURCE_DIR=/opt/rustwide/workdir" "-e" "CARGO_TARGET_DIR=/opt/rustwide/target" "-e" "CARGO_INCREMENTAL=0" "-e" "RUST_BACKTRACE=full" "-e" "RUSTFLAGS=--cap-lints=warn" "-e" "CARGO_HOME=/opt/rustwide/cargo-home" "-e" "RUSTUP_HOME=/opt/rustwide/rustup-home" "-w" "/opt/rustwide/workdir" "-m" "1610612736" "--user" "0:0" "--network" "none" "ghcr.io/rust-lang/crates-build-env/linux@sha256:a89201d6b5b9fd45c15d5952ece0a0129e7e80cb26ec023fd59cf09bc26f1604" "/opt/rustwide/cargo-home/bin/cargo" "+1.55.0" "check" "--frozen" "--all" "--all-targets" "--message-format=json", kill_on_drop: false }`
[INFO] [stderr] WARNING: Your kernel does not support swap limit capabilities or the cgroup is not mounted. Memory limited without swap.
[INFO] [stdout] 3c859a1c73b28bdcf80281d691e1d7cbcd5c030bca9706dc8d32cf8418505237
[INFO] running `Command { std: "docker" "start" "-a" "3c859a1c73b28bdcf80281d691e1d7cbcd5c030bca9706dc8d32cf8418505237", kill_on_drop: false }`
[INFO] [stderr]    Compiling libc v0.2.46
[INFO] [stderr]     Checking cfg-if v0.1.6
[INFO] [stderr]    Compiling autocfg v0.1.1
[INFO] [stderr]     Checking rand_core v0.3.0
[INFO] [stderr]    Compiling cc v1.0.28
[INFO] [stderr]     Checking futures v0.1.25
[INFO] [stderr]     Checking byteorder v1.2.7
[INFO] [stderr]     Checking lazy_static v1.2.0
[INFO] [stderr]     Checking void v1.0.2
[INFO] [stderr]    Compiling proc-macro2 v0.4.24
[INFO] [stderr]     Checking encoding_index_tests v0.1.4
[INFO] [stderr]     Checking unicode-normalization v0.1.7
[INFO] [stderr]     Checking rustc-demangle v0.1.13
[INFO] [stderr]     Checking linked-hash-map v0.4.2
[INFO] [stderr]     Checking itoa v0.4.3
[INFO] [stderr]    Compiling serde v1.0.84
[INFO] [stderr]     Checking arc-swap v0.3.7
[INFO] [stderr]    Compiling crc32fast v1.1.2
[INFO] [stderr]     Checking ucd-util v0.1.3
[INFO] [stderr]    Compiling regex v1.1.0
[INFO] [stderr]    Compiling ryu v0.2.7
[INFO] [stderr]    Compiling httparse v1.3.3
[INFO] [stderr]     Checking utf8-ranges v1.0.2
[INFO] [stderr]     Checking safemem v0.3.0
[INFO] [stderr]     Checking antidote v1.0.0
[INFO] [stderr]     Checking string v0.1.3
[INFO] [stderr]     Checking indexmap v1.0.2
[INFO] [stderr]     Checking dtoa v0.4.3
[INFO] [stderr]    Compiling memchr v2.1.2
[INFO] [stderr]    Compiling unicase v2.2.0
[INFO] [stderr]    Compiling v_escape v0.3.2
[INFO] [stderr]    Compiling proc-macro2 v0.3.8
[INFO] [stderr]    Compiling v_htmlescape v0.3.2
[INFO] [stderr]    Compiling actix-web v0.7.18
[INFO] [stderr]     Checking unreachable v1.0.0
[INFO] [stderr]     Checking thread_local v0.3.6
[INFO] [stderr]     Checking log v0.4.6
[INFO] [stderr]     Checking crossbeam-utils v0.6.3
[INFO] [stderr]     Checking encoding-index-tradchinese v1.20141219.5
[INFO] [stderr]     Checking encoding-index-korean v1.20141219.5
[INFO] [stderr]     Checking encoding-index-japanese v1.20141219.5
[INFO] [stderr]     Checking encoding-index-simpchinese v1.20141219.5
[INFO] [stderr]     Checking encoding-index-singlebyte v1.20141219.5
[INFO] [stderr]     Checking rand_hc v0.1.0
[INFO] [stderr]     Checking rand_isaac v0.1.1
[INFO] [stderr]     Checking rand_xorshift v0.1.1
[INFO] [stderr]     Checking rand_core v0.2.2
[INFO] [stderr]     Checking base64 v0.10.0
[INFO] [stderr]     Checking lru-cache v0.1.1
[INFO] [stderr]     Checking regex-syntax v0.6.4
[INFO] [stderr]     Checking base64 v0.9.3
[INFO] [stderr]     Checking scheduled-thread-pool v0.2.0
[INFO] [stderr]    Compiling rand_chacha v0.1.1
[INFO] [stderr]    Compiling rand v0.6.4
[INFO] [stderr]    Compiling backtrace v0.3.13
[INFO] [stderr]     Checking smallvec v0.6.7
[INFO] [stderr]    Compiling quote v0.5.2
[INFO] [stderr]    Compiling rand_pcg v0.1.1
[INFO] [stderr]     Checking tokio-executor v0.1.6
[INFO] [stderr]     Checking tower-service v0.1.0
[INFO] [stderr]     Checking crossbeam-epoch v0.7.0
[INFO] [stderr]     Checking encoding v0.2.33
[INFO] [stderr]     Checking r2d2 v0.8.3
[INFO] [stderr]     Checking idna v0.1.5
[INFO] [stderr]    Compiling syn v0.13.11
[INFO] [stderr]     Checking tokio-timer v0.2.8
[INFO] [stderr]     Checking tokio-current-thread v0.1.4
[INFO] [stderr]     Checking crossbeam-deque v0.6.3
[INFO] [stderr]     Checking mime v0.3.13
[INFO] [stderr]    Compiling backtrace-sys v0.1.28
[INFO] [stderr]    Compiling ring v0.13.5
[INFO] [stderr]    Compiling brotli-sys v0.3.2
[INFO] [stderr]    Compiling miniz-sys v0.1.11
[INFO] [stderr]     Checking iovec v0.1.2
[INFO] [stderr]     Checking rand_os v0.1.1
[INFO] [stderr]     Checking num_cpus v1.9.0
[INFO] [stderr]     Checking net2 v0.2.33
[INFO] [stderr]     Checking rand v0.5.5
[INFO] [stderr]     Checking socket2 v0.3.8
[INFO] [stderr]     Checking hostname v0.1.5
[INFO] [stderr]     Checking signal-hook v0.1.7
[INFO] [stderr]     Checking time v0.1.42
[INFO] [stderr]    Compiling quote v0.6.10
[INFO] [stderr]     Checking bytes v0.4.11
[INFO] [stderr]     Checking futures-cpupool v0.1.8
[INFO] [stderr]     Checking url v1.7.2
[INFO] [stderr]     Checking resolv-conf v0.6.2
[INFO] [stderr]     Checking mio v0.6.16
[INFO] [stderr]    Compiling syn v0.15.24
[INFO] [stderr]     Checking aho-corasick v0.6.9
[INFO] [stderr]    Compiling nom v4.1.1
[INFO] [stderr]     Checking tokio-io v0.1.11
[INFO] [stderr]     Checking http v0.1.14
[INFO] [stderr]     Checking flate2 v1.0.6
[INFO] [stderr]     Checking uuid v0.7.1
[INFO] [stderr]     Checking mio-uds v0.6.7
[INFO] [stderr]     Checking tokio-codec v0.1.1
[INFO] [stderr]     Checking parking_lot_core v0.4.0
[INFO] [stderr]    Compiling phf_generator v0.7.24
[INFO] [stderr]     Checking parking_lot v0.7.1
[INFO] [stderr]    Compiling phf_codegen v0.7.24
[INFO] [stderr]     Checking tokio-reactor v0.1.8
[INFO] [stderr]     Checking crossbeam-channel v0.3.6
[INFO] [stderr]    Compiling mime_guess v2.0.0-alpha.6
[INFO] [stderr]     Checking h2 v0.1.14
[INFO] [stderr]     Checking tokio-tcp v0.1.3
[INFO] [stderr]     Checking tokio-udp v0.1.3
[INFO] [stderr]     Checking tokio-uds v0.2.5
[INFO] [stderr]     Checking tokio-signal v0.2.7
[INFO] [stderr]     Checking tokio-threadpool v0.1.10
[INFO] [stderr]     Checking cookie v0.11.0
[INFO] [stderr]     Checking serde_json v1.0.35
[INFO] [stderr]     Checking serde_urlencoded v0.5.4
[INFO] [stderr]     Checking tokio-fs v0.1.5
[INFO] [stderr]    Compiling diesel_derives v1.3.0
[INFO] [stderr]     Checking tokio v0.1.14
[INFO] [stderr]     Checking brotli2 v0.3.2
[INFO] [stderr]    Compiling synstructure v0.10.1
[INFO] [stderr]     Checking diesel v1.3.3
[INFO] [stderr]    Compiling failure_derive v0.1.5
[INFO] [stderr]    Compiling actix_derive v0.3.2
[INFO] [stderr]    Compiling v_escape_derive v0.2.1
[INFO] [stderr]    Compiling serde_derive v1.0.84
[INFO] [stderr]     Checking failure v0.1.5
[INFO] [stderr]     Checking trust-dns-proto v0.6.2
[INFO] [stderr]     Checking trust-dns-proto v0.5.0
[INFO] [stderr]     Checking dotenv v0.13.0
[INFO] [stderr]     Checking trust-dns-resolver v0.10.2
[INFO] [stderr]     Checking actix v0.7.9
[INFO] [stderr]     Checking actix-net v0.2.6
[INFO] [stderr]     Checking zanmu v0.1.0 (/opt/rustwide/workdir)
[INFO] [stdout] warning: cannot find type `table` in this scope
[INFO] [stdout]  --> src/schema.rs:2:1
[INFO] [stdout]   |
[INFO] [stdout] 2 | / table! {
[INFO] [stdout] 3 | |     projects (id) {
[INFO] [stdout] 4 | |         id -> Int4,
[INFO] [stdout] 5 | |         title -> Varchar,
[INFO] [stdout] 6 | |         description -> Text,
[INFO] [stdout] 7 | |     }
[INFO] [stdout] 8 | | }
[INFO] [stdout]   | |_^ names from parent modules are not accessible without an explicit import
[INFO] [stdout]   |
[INFO] [stdout]   = note: `#[warn(proc_macro_derive_resolution_fallback)]` on by default
[INFO] [stdout]   = warning: this was previously accepted by the compiler but is being phased out; it will become a hard error in a future release!
[INFO] [stdout]   = note: for more information, see issue #83583 <https://github.com/rust-lang/rust/issues/83583>
[INFO] [stdout]   = note: this warning originates in the derive macro `QueryId` (in Nightly builds, run with -Z macro-backtrace for more info)
[INFO] [stdout] 
[INFO] [stdout] 
[INFO] [stdout] warning: cannot find type `table` in this scope
[INFO] [stdout]  --> src/schema.rs:2:1
[INFO] [stdout]   |
[INFO] [stdout] 2 | / table! {
[INFO] [stdout] 3 | |     projects (id) {
[INFO] [stdout] 4 | |         id -> Int4,
[INFO] [stdout] 5 | |         title -> Varchar,
[INFO] [stdout] 6 | |         description -> Text,
[INFO] [stdout] 7 | |     }
[INFO] [stdout] 8 | | }
[INFO] [stdout]   | |_^ names from parent modules are not accessible without an explicit import
[INFO] [stdout]   |
[INFO] [stdout]   = warning: this was previously accepted by the compiler but is being phased out; it will become a hard error in a future release!
[INFO] [stdout]   = note: for more information, see issue #83583 <https://github.com/rust-lang/rust/issues/83583>
[INFO] [stdout]   = note: this warning originates in the derive macro `QueryId` (in Nightly builds, run with -Z macro-backtrace for more info)
[INFO] [stdout] 
[INFO] [stdout] 
[INFO] [stdout] warning: cannot find type `table` in this scope
[INFO] [stdout]  --> src/schema.rs:2:1
[INFO] [stdout]   |
[INFO] [stdout] 2 | / table! {
[INFO] [stdout] 3 | |     projects (id) {
[INFO] [stdout] 4 | |         id -> Int4,
[INFO] [stdout] 5 | |         title -> Varchar,
[INFO] [stdout] 6 | |         description -> Text,
[INFO] [stdout] 7 | |     }
[INFO] [stdout] 8 | | }
[INFO] [stdout]   | |_^ names from parent modules are not accessible without an explicit import
[INFO] [stdout]   |
[INFO] [stdout]   = note: `#[warn(proc_macro_derive_resolution_fallback)]` on by default
[INFO] [stdout]   = warning: this was previously accepted by the compiler but is being phased out; it will become a hard error in a future release!
[INFO] [stdout]   = note: for more information, see issue #83583 <https://github.com/rust-lang/rust/issues/83583>
[INFO] [stdout]   = note: this warning originates in the derive macro `QueryId` (in Nightly builds, run with -Z macro-backtrace for more info)
[INFO] [stdout] 
[INFO] [stdout] 
[INFO] [stdout] warning: cannot find type `table` in this scope
[INFO] [stdout]  --> src/schema.rs:2:1
[INFO] [stdout]   |
[INFO] [stdout] 2 | / table! {
[INFO] [stdout] 3 | |     projects (id) {
[INFO] [stdout] 4 | |         id -> Int4,
[INFO] [stdout] 5 | |         title -> Varchar,
[INFO] [stdout] 6 | |         description -> Text,
[INFO] [stdout] 7 | |     }
[INFO] [stdout] 8 | | }
[INFO] [stdout]   | |_^ names from parent modules are not accessible without an explicit import
[INFO] [stdout]   |
[INFO] [stdout]   = warning: this was previously accepted by the compiler but is being phased out; it will become a hard error in a future release!
[INFO] [stdout]   = note: for more information, see issue #83583 <https://github.com/rust-lang/rust/issues/83583>
[INFO] [stdout]   = note: this warning originates in the derive macro `QueryId` (in Nightly builds, run with -Z macro-backtrace for more info)
[INFO] [stdout] 
[INFO] [stdout] 
[INFO] [stdout] warning: cannot find type `id` in this scope
[INFO] [stdout]  --> src/schema.rs:2:1
[INFO] [stdout]   |
[INFO] [stdout] 2 | / table! {
[INFO] [stdout] 3 | |     projects (id) {
[INFO] [stdout] 4 | |         id -> Int4,
[INFO] [stdout] 5 | |         title -> Varchar,
[INFO] [stdout] 6 | |         description -> Text,
[INFO] [stdout] 7 | |     }
[INFO] [stdout] 8 | | }
[INFO] [stdout]   | |_^ names from parent modules are not accessible without an explicit import
[INFO] [stdout]   |
[INFO] [stdout]   = warning: this was previously accepted by the compiler but is being phased out; it will become a hard error in a future release!
[INFO] [stdout]   = note: for more information, see issue #83583 <https://github.com/rust-lang/rust/issues/83583>
[INFO] [stdout]   = note: this warning originates in the derive macro `QueryId` (in Nightly builds, run with -Z macro-backtrace for more info)
[INFO] [stdout] 
[INFO] [stdout] 
[INFO] [stdout] warning: cannot find type `title` in this scope
[INFO] [stdout]  --> src/schema.rs:2:1
[INFO] [stdout]   |
[INFO] [stdout] 2 | / table! {
[INFO] [stdout] 3 | |     projects (id) {
[INFO] [stdout] 4 | |         id -> Int4,
[INFO] [stdout] 5 | |         title -> Varchar,
[INFO] [stdout] 6 | |         description -> Text,
[INFO] [stdout] 7 | |     }
[INFO] [stdout] 8 | | }
[INFO] [stdout]   | |_^ names from parent modules are not accessible without an explicit import
[INFO] [stdout]   |
[INFO] [stdout]   = warning: this was previously accepted by the compiler but is being phased out; it will become a hard error in a future release!
[INFO] [stdout]   = note: for more information, see issue #83583 <https://github.com/rust-lang/rust/issues/83583>
[INFO] [stdout]   = note: this warning originates in the derive macro `QueryId` (in Nightly builds, run with -Z macro-backtrace for more info)
[INFO] [stdout] 
[INFO] [stdout] 
[INFO] [stdout] warning: cannot find type `description` in this scope
[INFO] [stdout]  --> src/schema.rs:2:1
[INFO] [stdout]   |
[INFO] [stdout] 2 | / table! {
[INFO] [stdout] 3 | |     projects (id) {
[INFO] [stdout] 4 | |         id -> Int4,
[INFO] [stdout] 5 | |         title -> Varchar,
[INFO] [stdout] 6 | |         description -> Text,
[INFO] [stdout] 7 | |     }
[INFO] [stdout] 8 | | }
[INFO] [stdout]   | |_^ names from parent modules are not accessible without an explicit import
[INFO] [stdout]   |
[INFO] [stdout]   = warning: this was previously accepted by the compiler but is being phased out; it will become a hard error in a future release!
[INFO] [stdout]   = note: for more information, see issue #83583 <https://github.com/rust-lang/rust/issues/83583>
[INFO] [stdout]   = note: this warning originates in the derive macro `QueryId` (in Nightly builds, run with -Z macro-backtrace for more info)
[INFO] [stdout] 
[INFO] [stdout] 
[INFO] [stdout] warning: cannot find type `id` in this scope
[INFO] [stdout]  --> src/schema.rs:2:1
[INFO] [stdout]   |
[INFO] [stdout] 2 | / table! {
[INFO] [stdout] 3 | |     projects (id) {
[INFO] [stdout] 4 | |         id -> Int4,
[INFO] [stdout] 5 | |         title -> Varchar,
[INFO] [stdout] 6 | |         description -> Text,
[INFO] [stdout] 7 | |     }
[INFO] [stdout] 8 | | }
[INFO] [stdout]   | |_^ names from parent modules are not accessible without an explicit import
[INFO] [stdout]   |
[INFO] [stdout]   = warning: this was previously accepted by the compiler but is being phased out; it will become a hard error in a future release!
[INFO] [stdout]   = note: for more information, see issue #83583 <https://github.com/rust-lang/rust/issues/83583>
[INFO] [stdout]   = note: this warning originates in the derive macro `QueryId` (in Nightly builds, run with -Z macro-backtrace for more info)
[INFO] [stdout] 
[INFO] [stdout] 
[INFO] [stdout] warning: cannot find type `table` in this scope
[INFO] [stdout]   --> src/schema.rs:10:1
[INFO] [stdout]    |
[INFO] [stdout] 10 | / table! {
[INFO] [stdout] 11 | |     todos (id) {
[INFO] [stdout] 12 | |         id -> Int4,
[INFO] [stdout] 13 | |         title -> Varchar,
[INFO] [stdout] ...  |
[INFO] [stdout] 20 | |     }
[INFO] [stdout] 21 | | }
[INFO] [stdout]    | |_^ names from parent modules are not accessible without an explicit import
[INFO] [stdout]    |
[INFO] [stdout]    = warning: this was previously accepted by the compiler but is being phased out; it will become a hard error in a future release!
[INFO] [stdout]    = note: for more information, see issue #83583 <https://github.com/rust-lang/rust/issues/83583>
[INFO] [stdout]    = note: this warning originates in the derive macro `QueryId` (in Nightly builds, run with -Z macro-backtrace for more info)
[INFO] [stdout] 
[INFO] [stdout] 
[INFO] [stdout] warning: cannot find type `title` in this scope
[INFO] [stdout]  --> src/schema.rs:2:1
[INFO] [stdout]   |
[INFO] [stdout] 2 | / table! {
[INFO] [stdout] 3 | |     projects (id) {
[INFO] [stdout] 4 | |         id -> Int4,
[INFO] [stdout] 5 | |         title -> Varchar,
[INFO] [stdout] 6 | |         description -> Text,
[INFO] [stdout] 7 | |     }
[INFO] [stdout] 8 | | }
[INFO] [stdout]   | |_^ names from parent modules are not accessible without an explicit import
[INFO] [stdout]   |
[INFO] [stdout]   = warning: this was previously accepted by the compiler but is being phased out; it will become a hard error in a future release!
[INFO] [stdout]   = note: for more information, see issue #83583 <https://github.com/rust-lang/rust/issues/83583>
[INFO] [stdout]   = note: this warning originates in the derive macro `QueryId` (in Nightly builds, run with -Z macro-backtrace for more info)
[INFO] [stdout] 
[INFO] [stdout] 
[INFO] [stdout] warning: cannot find type `id` in this scope
[INFO] [stdout]   --> src/schema.rs:10:1
[INFO] [stdout]    |
[INFO] [stdout] 10 | / table! {
[INFO] [stdout] 11 | |     todos (id) {
[INFO] [stdout] 12 | |         id -> Int4,
[INFO] [stdout] 13 | |         title -> Varchar,
[INFO] [stdout] ...  |
[INFO] [stdout] 20 | |     }
[INFO] [stdout] 21 | | }
[INFO] [stdout]    | |_^ names from parent modules are not accessible without an explicit import
[INFO] [stdout]    |
[INFO] [stdout]    = warning: this was previously accepted by the compiler but is being phased out; it will become a hard error in a future release!
[INFO] [stdout]    = note: for more information, see issue #83583 <https://github.com/rust-lang/rust/issues/83583>
[INFO] [stdout]    = note: this warning originates in the derive macro `QueryId` (in Nightly builds, run with -Z macro-backtrace for more info)
[INFO] [stdout] 
[INFO] [stdout] 
[INFO] [stdout] warning: cannot find type `description` in this scope
[INFO] [stdout]  --> src/schema.rs:2:1
[INFO] [stdout]   |
[INFO] [stdout] 2 | / table! {
[INFO] [stdout] 3 | |     projects (id) {
[INFO] [stdout] 4 | |         id -> Int4,
[INFO] [stdout] 5 | |         title -> Varchar,
[INFO] [stdout] 6 | |         description -> Text,
[INFO] [stdout] 7 | |     }
[INFO] [stdout] 8 | | }
[INFO] [stdout]   | |_^ names from parent modules are not accessible without an explicit import
[INFO] [stdout]   |
[INFO] [stdout]   = warning: this was previously accepted by the compiler but is being phased out; it will become a hard error in a future release!
[INFO] [stdout]   = note: for more information, see issue #83583 <https://github.com/rust-lang/rust/issues/83583>
[INFO] [stdout]   = note: this warning originates in the derive macro `QueryId` (in Nightly builds, run with -Z macro-backtrace for more info)
[INFO] [stdout] 
[INFO] [stdout] 
[INFO] [stdout] warning: cannot find type `title` in this scope
[INFO] [stdout]   --> src/schema.rs:10:1
[INFO] [stdout]    |
[INFO] [stdout] 10 | / table! {
[INFO] [stdout] 11 | |     todos (id) {
[INFO] [stdout] 12 | |         id -> Int4,
[INFO] [stdout] 13 | |         title -> Varchar,
[INFO] [stdout] ...  |
[INFO] [stdout] 20 | |     }
[INFO] [stdout] 21 | | }
[INFO] [stdout]    | |_^ names from parent modules are not accessible without an explicit import
[INFO] [stdout]    |
[INFO] [stdout]    = warning: this was previously accepted by the compiler but is being phased out; it will become a hard error in a future release!
[INFO] [stdout]    = note: for more information, see issue #83583 <https://github.com/rust-lang/rust/issues/83583>
[INFO] [stdout]    = note: this warning originates in the derive macro `QueryId` (in Nightly builds, run with -Z macro-backtrace for more info)
[INFO] [stdout] 
[INFO] [stdout] 
[INFO] [stdout] warning: cannot find type `table` in this scope
[INFO] [stdout]   --> src/schema.rs:10:1
[INFO] [stdout]    |
[INFO] [stdout] 10 | / table! {
[INFO] [stdout] 11 | |     todos (id) {
[INFO] [stdout] 12 | |         id -> Int4,
[INFO] [stdout] 13 | |         title -> Varchar,
[INFO] [stdout] ...  |
[INFO] [stdout] 20 | |     }
[INFO] [stdout] 21 | | }
[INFO] [stdout]    | |_^ names from parent modules are not accessible without an explicit import
[INFO] [stdout]    |
[INFO] [stdout]    = warning: this was previously accepted by the compiler but is being phased out; it will become a hard error in a future release!
[INFO] [stdout]    = note: for more information, see issue #83583 <https://github.com/rust-lang/rust/issues/83583>
[INFO] [stdout]    = note: this warning originates in the derive macro `QueryId` (in Nightly builds, run with -Z macro-backtrace for more info)
[INFO] [stdout] 
[INFO] [stdout] 
[INFO] [stdout] warning: cannot find type `description` in this scope
[INFO] [stdout]   --> src/schema.rs:10:1
[INFO] [stdout]    |
[INFO] [stdout] 10 | / table! {
[INFO] [stdout] 11 | |     todos (id) {
[INFO] [stdout] 12 | |         id -> Int4,
[INFO] [stdout] 13 | |         title -> Varchar,
[INFO] [stdout] ...  |
[INFO] [stdout] 20 | |     }
[INFO] [stdout] 21 | | }
[INFO] [stdout]    | |_^ names from parent modules are not accessible without an explicit import
[INFO] [stdout]    |
[INFO] [stdout]    = warning: this was previously accepted by the compiler but is being phased out; it will become a hard error in a future release!
[INFO] [stdout]    = note: for more information, see issue #83583 <https://github.com/rust-lang/rust/issues/83583>
[INFO] [stdout]    = note: this warning originates in the derive macro `QueryId` (in Nightly builds, run with -Z macro-backtrace for more info)
[INFO] [stdout] 
[INFO] [stdout] 
[INFO] [stdout] warning: cannot find type `id` in this scope
[INFO] [stdout]   --> src/schema.rs:10:1
[INFO] [stdout]    |
[INFO] [stdout] 10 | / table! {
[INFO] [stdout] 11 | |     todos (id) {
[INFO] [stdout] 12 | |         id -> Int4,
[INFO] [stdout] 13 | |         title -> Varchar,
[INFO] [stdout] ...  |
[INFO] [stdout] 20 | |     }
[INFO] [stdout] 21 | | }
[INFO] [stdout]    | |_^ names from parent modules are not accessible without an explicit import
[INFO] [stdout]    |
[INFO] [stdout]    = warning: this was previously accepted by the compiler but is being phased out; it will become a hard error in a future release!
[INFO] [stdout]    = note: for more information, see issue #83583 <https://github.com/rust-lang/rust/issues/83583>
[INFO] [stdout]    = note: this warning originates in the derive macro `QueryId` (in Nightly builds, run with -Z macro-backtrace for more info)
[INFO] [stdout] 
[INFO] [stdout] 
[INFO] [stdout] warning: cannot find type `priority` in this scope
[INFO] [stdout]   --> src/schema.rs:10:1
[INFO] [stdout]    |
[INFO] [stdout] 10 | / table! {
[INFO] [stdout] 11 | |     todos (id) {
[INFO] [stdout] 12 | |         id -> Int4,
[INFO] [stdout] 13 | |         title -> Varchar,
[INFO] [stdout] ...  |
[INFO] [stdout] 20 | |     }
[INFO] [stdout] 21 | | }
[INFO] [stdout]    | |_^ names from parent modules are not accessible without an explicit import
[INFO] [stdout]    |
[INFO] [stdout]    = warning: this was previously accepted by the compiler but is being phased out; it will become a hard error in a future release!
[INFO] [stdout]    = note: for more information, see issue #83583 <https://github.com/rust-lang/rust/issues/83583>
[INFO] [stdout]    = note: this warning originates in the derive macro `QueryId` (in Nightly builds, run with -Z macro-backtrace for more info)
[INFO] [stdout] 
[INFO] [stdout] 
[INFO] [stdout] warning: cannot find type `title` in this scope
[INFO] [stdout]   --> src/schema.rs:10:1
[INFO] [stdout]    |
[INFO] [stdout] 10 | / table! {
[INFO] [stdout] 11 | |     todos (id) {
[INFO] [stdout] 12 | |         id -> Int4,
[INFO] [stdout] 13 | |         title -> Varchar,
[INFO] [stdout] ...  |
[INFO] [stdout] 20 | |     }
[INFO] [stdout] 21 | | }
[INFO] [stdout]    | |_^ names from parent modules are not accessible without an explicit import
[INFO] [stdout]    |
[INFO] [stdout]    = warning: this was previously accepted by the compiler but is being phased out; it will become a hard error in a future release!
[INFO] [stdout]    = note: for more information, see issue #83583 <https://github.com/rust-lang/rust/issues/83583>
[INFO] [stdout]    = note: this warning originates in the derive macro `QueryId` (in Nightly builds, run with -Z macro-backtrace for more info)
[INFO] [stdout] 
[INFO] [stdout] 
[INFO] [stdout] warning: cannot find type `description` in this scope
[INFO] [stdout]   --> src/schema.rs:10:1
[INFO] [stdout]    |
[INFO] [stdout] 10 | / table! {
[INFO] [stdout] 11 | |     todos (id) {
[INFO] [stdout] 12 | |         id -> Int4,
[INFO] [stdout] 13 | |         title -> Varchar,
[INFO] [stdout] ...  |
[INFO] [stdout] 20 | |     }
[INFO] [stdout] 21 | | }
[INFO] [stdout]    | |_^ names from parent modules are not accessible without an explicit import
[INFO] [stdout]    |
[INFO] [stdout]    = warning: this was previously accepted by the compiler but is being phased out; it will become a hard error in a future release!
[INFO] [stdout]    = note: for more information, see issue #83583 <https://github.com/rust-lang/rust/issues/83583>
[INFO] [stdout]    = note: this warning originates in the derive macro `QueryId` (in Nightly builds, run with -Z macro-backtrace for more info)
[INFO] [stdout] 
[INFO] [stdout] 
[INFO] [stdout] warning: cannot find type `priority` in this scope
[INFO] [stdout]   --> src/schema.rs:10:1
[INFO] [stdout]    |
[INFO] [stdout] 10 | / table! {
[INFO] [stdout] 11 | |     todos (id) {
[INFO] [stdout] 12 | |         id -> Int4,
[INFO] [stdout] 13 | |         title -> Varchar,
[INFO] [stdout] ...  |
[INFO] [stdout] 20 | |     }
[INFO] [stdout] 21 | | }
[INFO] [stdout]    | |_^ names from parent modules are not accessible without an explicit import
[INFO] [stdout]    |
[INFO] [stdout]    = warning: this was previously accepted by the compiler but is being phased out; it will become a hard error in a future release!
[INFO] [stdout]    = note: for more information, see issue #83583 <https://github.com/rust-lang/rust/issues/83583>
[INFO] [stdout]    = note: this warning originates in the derive macro `QueryId` (in Nightly builds, run with -Z macro-backtrace for more info)
[INFO] [stdout] 
[INFO] [stdout] 
[INFO] [stdout] warning: cannot find type `state` in this scope
[INFO] [stdout]   --> src/schema.rs:10:1
[INFO] [stdout]    |
[INFO] [stdout] 10 | / table! {
[INFO] [stdout] 11 | |     todos (id) {
[INFO] [stdout] 12 | |         id -> Int4,
[INFO] [stdout] 13 | |         title -> Varchar,
[INFO] [stdout] ...  |
[INFO] [stdout] 20 | |     }
[INFO] [stdout] 21 | | }
[INFO] [stdout]    | |_^ names from parent modules are not accessible without an explicit import
[INFO] [stdout]    |
[INFO] [stdout]    = warning: this was previously accepted by the compiler but is being phased out; it will become a hard error in a future release!
[INFO] [stdout]    = note: for more information, see issue #83583 <https://github.com/rust-lang/rust/issues/83583>
[INFO] [stdout]    = note: this warning originates in the derive macro `QueryId` (in Nightly builds, run with -Z macro-backtrace for more info)
[INFO] [stdout] 
[INFO] [stdout] 
[INFO] [stdout] warning: cannot find type `created` in this scope
[INFO] [stdout]   --> src/schema.rs:10:1
[INFO] [stdout]    |
[INFO] [stdout] 10 | / table! {
[INFO] [stdout] 11 | |     todos (id) {
[INFO] [stdout] 12 | |         id -> Int4,
[INFO] [stdout] 13 | |         title -> Varchar,
[INFO] [stdout] ...  |
[INFO] [stdout] 20 | |     }
[INFO] [stdout] 21 | | }
[INFO] [stdout]    | |_^ names from parent modules are not accessible without an explicit import
[INFO] [stdout]    |
[INFO] [stdout]    = warning: this was previously accepted by the compiler but is being phased out; it will become a hard error in a future release!
[INFO] [stdout]    = note: for more information, see issue #83583 <https://github.com/rust-lang/rust/issues/83583>
[INFO] [stdout]    = note: this warning originates in the derive macro `QueryId` (in Nightly builds, run with -Z macro-backtrace for more info)
[INFO] [stdout] 
[INFO] [stdout] 
[INFO] [stdout] warning: cannot find type `state` in this scope
[INFO] [stdout]   --> src/schema.rs:10:1
[INFO] [stdout]    |
[INFO] [stdout] 10 | / table! {
[INFO] [stdout] 11 | |     todos (id) {
[INFO] [stdout] 12 | |         id -> Int4,
[INFO] [stdout] 13 | |         title -> Varchar,
[INFO] [stdout] ...  |
[INFO] [stdout] 20 | |     }
[INFO] [stdout] 21 | | }
[INFO] [stdout]    | |_^ names from parent modules are not accessible without an explicit import
[INFO] [stdout]    |
[INFO] [stdout]    = warning: this was previously accepted by the compiler but is being phased out; it will become a hard error in a future release!
[INFO] [stdout]    = note: for more information, see issue #83583 <https://github.com/rust-lang/rust/issues/83583>
[INFO] [stdout]    = note: this warning originates in the derive macro `QueryId` (in Nightly builds, run with -Z macro-backtrace for more info)
[INFO] [stdout] 
[INFO] [stdout] 
[INFO] [stdout] warning: cannot find type `updated` in this scope
[INFO] [stdout]   --> src/schema.rs:10:1
[INFO] [stdout]    |
[INFO] [stdout] 10 | / table! {
[INFO] [stdout] 11 | |     todos (id) {
[INFO] [stdout] 12 | |         id -> Int4,
[INFO] [stdout] 13 | |         title -> Varchar,
[INFO] [stdout] ...  |
[INFO] [stdout] 20 | |     }
[INFO] [stdout] 21 | | }
[INFO] [stdout]    | |_^ names from parent modules are not accessible without an explicit import
[INFO] [stdout]    |
[INFO] [stdout]    = warning: this was previously accepted by the compiler but is being phased out; it will become a hard error in a future release!
[INFO] [stdout]    = note: for more information, see issue #83583 <https://github.com/rust-lang/rust/issues/83583>
[INFO] [stdout]    = note: this warning originates in the derive macro `QueryId` (in Nightly builds, run with -Z macro-backtrace for more info)
[INFO] [stdout] 
[INFO] [stdout] 
[INFO] [stdout] warning: cannot find type `created` in this scope
[INFO] [stdout]   --> src/schema.rs:10:1
[INFO] [stdout]    |
[INFO] [stdout] 10 | / table! {
[INFO] [stdout] 11 | |     todos (id) {
[INFO] [stdout] 12 | |         id -> Int4,
[INFO] [stdout] 13 | |         title -> Varchar,
[INFO] [stdout] ...  |
[INFO] [stdout] 20 | |     }
[INFO] [stdout] 21 | | }
[INFO] [stdout]    | |_^ names from parent modules are not accessible without an explicit import
[INFO] [stdout]    |
[INFO] [stdout]    = warning: this was previously accepted by the compiler but is being phased out; it will become a hard error in a future release!
[INFO] [stdout]    = note: for more information, see issue #83583 <https://github.com/rust-lang/rust/issues/83583>
[INFO] [stdout]    = note: this warning originates in the derive macro `QueryId` (in Nightly builds, run with -Z macro-backtrace for more info)
[INFO] [stdout] 
[INFO] [stdout] 
[INFO] [stdout] warning: cannot find type `updated` in this scope
[INFO] [stdout]   --> src/schema.rs:10:1
[INFO] [stdout]    |
[INFO] [stdout] 10 | / table! {
[INFO] [stdout] 11 | |     todos (id) {
[INFO] [stdout] 12 | |         id -> Int4,
[INFO] [stdout] 13 | |         title -> Varchar,
[INFO] [stdout] ...  |
[INFO] [stdout] 20 | |     }
[INFO] [stdout] 21 | | }
[INFO] [stdout]    | |_^ names from parent modules are not accessible without an explicit import
[INFO] [stdout]    |
[INFO] [stdout]    = warning: this was previously accepted by the compiler but is being phased out; it will become a hard error in a future release!
[INFO] [stdout]    = note: for more information, see issue #83583 <https://github.com/rust-lang/rust/issues/83583>
[INFO] [stdout]    = note: this warning originates in the derive macro `QueryId` (in Nightly builds, run with -Z macro-backtrace for more info)
[INFO] [stdout] 
[INFO] [stdout] 
[INFO] [stdout] warning: cannot find type `project_id` in this scope
[INFO] [stdout]   --> src/schema.rs:10:1
[INFO] [stdout]    |
[INFO] [stdout] 10 | / table! {
[INFO] [stdout] 11 | |     todos (id) {
[INFO] [stdout] 12 | |         id -> Int4,
[INFO] [stdout] 13 | |         title -> Varchar,
[INFO] [stdout] ...  |
[INFO] [stdout] 20 | |     }
[INFO] [stdout] 21 | | }
[INFO] [stdout]    | |_^ names from parent modules are not accessible without an explicit import
[INFO] [stdout]    |
[INFO] [stdout]    = warning: this was previously accepted by the compiler but is being phased out; it will become a hard error in a future release!
[INFO] [stdout]    = note: for more information, see issue #83583 <https://github.com/rust-lang/rust/issues/83583>
[INFO] [stdout]    = note: this warning originates in the derive macro `QueryId` (in Nightly builds, run with -Z macro-backtrace for more info)
[INFO] [stdout] 
[INFO] [stdout] 
[INFO] [stdout] warning: cannot find type `SystemTime` in this scope
[INFO] [stdout]  --> src/models.rs:8:10
[INFO] [stdout]   |
[INFO] [stdout] 8 | #[derive(Queryable, Identifiable, AsChangeset, Associations, Debug, Serialize, Deserialize)]
[INFO] [stdout]   |          ^^^^^^^^^ names from parent modules are not accessible without an explicit import
[INFO] [stdout]   |
[INFO] [stdout]   = warning: this was previously accepted by the compiler but is being phased out; it will become a hard error in a future release!
[INFO] [stdout]   = note: for more information, see issue #83583 <https://github.com/rust-lang/rust/issues/83583>
[INFO] [stdout]   = note: this warning originates in the derive macro `Queryable` (in Nightly builds, run with -Z macro-backtrace for more info)
[INFO] [stdout] 
[INFO] [stdout] 
[INFO] [stdout] warning: cannot find type `Todo` in this scope
[INFO] [stdout]  --> src/models.rs:8:10
[INFO] [stdout]   |
[INFO] [stdout] 8 | #[derive(Queryable, Identifiable, AsChangeset, Associations, Debug, Serialize, Deserialize)]
[INFO] [stdout]   |          ^^^^^^^^^ names from parent modules are not accessible without an explicit import
[INFO] [stdout]   |
[INFO] [stdout]   = warning: this was previously accepted by the compiler but is being phased out; it will become a hard error in a future release!
[INFO] [stdout]   = note: for more information, see issue #83583 <https://github.com/rust-lang/rust/issues/83583>
[INFO] [stdout]   = note: this warning originates in the derive macro `Queryable` (in Nightly builds, run with -Z macro-backtrace for more info)
[INFO] [stdout] 
[INFO] [stdout] 
[INFO] [stdout] warning: cannot find type `Todo` in this scope
[INFO] [stdout]  --> src/models.rs:8:21
[INFO] [stdout]   |
[INFO] [stdout] 8 | #[derive(Queryable, Identifiable, AsChangeset, Associations, Debug, Serialize, Deserialize)]
[INFO] [stdout]   |                     ^^^^^^^^^^^^ names from parent modules are not accessible without an explicit import
[INFO] [stdout]   |
[INFO] [stdout]   = warning: this was previously accepted by the compiler but is being phased out; it will become a hard error in a future release!
[INFO] [stdout]   = note: for more information, see issue #83583 <https://github.com/rust-lang/rust/issues/83583>
[INFO] [stdout]   = note: this warning originates in the derive macro `Identifiable` (in Nightly builds, run with -Z macro-backtrace for more info)
[INFO] [stdout] 
[INFO] [stdout] 
[INFO] [stdout] warning: cannot find type `todos` in this scope
[INFO] [stdout]  --> src/models.rs:8:21
[INFO] [stdout]   |
[INFO] [stdout] 8 | #[derive(Queryable, Identifiable, AsChangeset, Associations, Debug, Serialize, Deserialize)]
[INFO] [stdout]   |                     ^^^^^^^^^^^^ names from parent modules are not accessible without an explicit import
[INFO] [stdout]   |
[INFO] [stdout]   = warning: this was previously accepted by the compiler but is being phased out; it will become a hard error in a future release!
[INFO] [stdout]   = note: for more information, see issue #83583 <https://github.com/rust-lang/rust/issues/83583>
[INFO] [stdout]   = note: this warning originates in the derive macro `Identifiable` (in Nightly builds, run with -Z macro-backtrace for more info)
[INFO] [stdout] 
[INFO] [stdout] 
[INFO] [stdout] warning: cannot find type `Todo` in this scope
[INFO] [stdout]  --> src/models.rs:8:35
[INFO] [stdout]   |
[INFO] [stdout] 8 | #[derive(Queryable, Identifiable, AsChangeset, Associations, Debug, Serialize, Deserialize)]
[INFO] [stdout]   |                                   ^^^^^^^^^^^ names from parent modules are not accessible without an explicit import
[INFO] [stdout]   |
[INFO] [stdout]   = warning: this was previously accepted by the compiler but is being phased out; it will become a hard error in a future release!
[INFO] [stdout]   = note: for more information, see issue #83583 <https://github.com/rust-lang/rust/issues/83583>
[INFO] [stdout]   = note: this warning originates in the derive macro `AsChangeset` (in Nightly builds, run with -Z macro-backtrace for more info)
[INFO] [stdout] 
[INFO] [stdout] 
[INFO] [stdout] warning: cannot find type `todos` in this scope
[INFO] [stdout]  --> src/models.rs:8:35
[INFO] [stdout]   |
[INFO] [stdout] 8 | #[derive(Queryable, Identifiable, AsChangeset, Associations, Debug, Serialize, Deserialize)]
[INFO] [stdout]   |                                   ^^^^^^^^^^^ names from parent modules are not accessible without an explicit import
[INFO] [stdout]   |
[INFO] [stdout]   = warning: this was previously accepted by the compiler but is being phased out; it will become a hard error in a future release!
[INFO] [stdout]   = note: for more information, see issue #83583 <https://github.com/rust-lang/rust/issues/83583>
[INFO] [stdout]   = note: this warning originates in the derive macro `AsChangeset` (in Nightly builds, run with -Z macro-backtrace for more info)
[INFO] [stdout] 
[INFO] [stdout] 
[INFO] [stdout] warning: cannot find type `SystemTime` in this scope
[INFO] [stdout]  --> src/models.rs:8:35
[INFO] [stdout]   |
[INFO] [stdout] 8 | #[derive(Queryable, Identifiable, AsChangeset, Associations, Debug, Serialize, Deserialize)]
[INFO] [stdout]   |                                   ^^^^^^^^^^^ names from parent modules are not accessible without an explicit import
[INFO] [stdout]   |
[INFO] [stdout]   = warning: this was previously accepted by the compiler but is being phased out; it will become a hard error in a future release!
[INFO] [stdout]   = note: for more information, see issue #83583 <https://github.com/rust-lang/rust/issues/83583>
[INFO] [stdout]   = note: this warning originates in the derive macro `AsChangeset` (in Nightly builds, run with -Z macro-backtrace for more info)
[INFO] [stdout] 
[INFO] [stdout] 
[INFO] [stdout] warning: cannot find type `Project` in this scope
[INFO] [stdout]  --> src/models.rs:8:48
[INFO] [stdout]   |
[INFO] [stdout] 8 | #[derive(Queryable, Identifiable, AsChangeset, Associations, Debug, Serialize, Deserialize)]
[INFO] [stdout]   |                                                ^^^^^^^^^^^^ names from parent modules are not accessible without an explicit import
[INFO] [stdout]   |
[INFO] [stdout]   = warning: this was previously accepted by the compiler but is being phased out; it will become a hard error in a future release!
[INFO] [stdout]   = note: for more information, see issue #83583 <https://github.com/rust-lang/rust/issues/83583>
[INFO] [stdout]   = note: this warning originates in the derive macro `Associations` (in Nightly builds, run with -Z macro-backtrace for more info)
[INFO] [stdout] 
[INFO] [stdout] 
[INFO] [stdout] warning: cannot find type `Todo` in this scope
[INFO] [stdout]  --> src/models.rs:8:48
[INFO] [stdout]   |
[INFO] [stdout] 8 | #[derive(Queryable, Identifiable, AsChangeset, Associations, Debug, Serialize, Deserialize)]
[INFO] [stdout]   |                                                ^^^^^^^^^^^^ names from parent modules are not accessible without an explicit import
[INFO] [stdout]   |
[INFO] [stdout]   = warning: this was previously accepted by the compiler but is being phased out; it will become a hard error in a future release!
[INFO] [stdout]   = note: for more information, see issue #83583 <https://github.com/rust-lang/rust/issues/83583>
[INFO] [stdout]   = note: this warning originates in the derive macro `Associations` (in Nightly builds, run with -Z macro-backtrace for more info)
[INFO] [stdout] 
[INFO] [stdout] 
[INFO] [stdout] warning: cannot find type `todos` in this scope
[INFO] [stdout]  --> src/models.rs:8:48
[INFO] [stdout]   |
[INFO] [stdout] 8 | #[derive(Queryable, Identifiable, AsChangeset, Associations, Debug, Serialize, Deserialize)]
[INFO] [stdout]   |                                                ^^^^^^^^^^^^ names from parent modules are not accessible without an explicit import
[INFO] [stdout]   |
[INFO] [stdout]   = warning: this was previously accepted by the compiler but is being phased out; it will become a hard error in a future release!
[INFO] [stdout]   = note: for more information, see issue #83583 <https://github.com/rust-lang/rust/issues/83583>
[INFO] [stdout]   = note: this warning originates in the derive macro `Associations` (in Nightly builds, run with -Z macro-backtrace for more info)
[INFO] [stdout] 
[INFO] [stdout] 
[INFO] [stdout] warning: cannot find type `todos` in this scope
[INFO] [stdout]   --> src/models.rs:40:10
[INFO] [stdout]    |
[INFO] [stdout] 40 | #[derive(Insertable)]
[INFO] [stdout]    |          ^^^^^^^^^^ names from parent modules are not accessible without an explicit import
[INFO] [stdout]    |
[INFO] [stdout]    = warning: this was previously accepted by the compiler but is being phased out; it will become a hard error in a future release!
[INFO] [stdout]    = note: for more information, see issue #83583 <https://github.com/rust-lang/rust/issues/83583>
[INFO] [stdout]    = note: this warning originates in the derive macro `Insertable` (in Nightly builds, run with -Z macro-backtrace for more info)
[INFO] [stdout] 
[INFO] [stdout] 
[INFO] [stdout] warning: cannot find type `NewTodo` in this scope
[INFO] [stdout]   --> src/models.rs:40:10
[INFO] [stdout]    |
[INFO] [stdout] 40 | #[derive(Insertable)]
[INFO] [stdout]    |          ^^^^^^^^^^ names from parent modules are not accessible without an explicit import
[INFO] [stdout]    |
[INFO] [stdout]    = warning: this was previously accepted by the compiler but is being phased out; it will become a hard error in a future release!
[INFO] [stdout]    = note: for more information, see issue #83583 <https://github.com/rust-lang/rust/issues/83583>
[INFO] [stdout]    = note: this warning originates in the derive macro `Insertable` (in Nightly builds, run with -Z macro-backtrace for more info)
[INFO] [stdout] 
[INFO] [stdout] 
[INFO] [stdout] warning: cannot find type `Project` in this scope
[INFO] [stdout]   --> src/models.rs:49:10
[INFO] [stdout]    |
[INFO] [stdout] 49 | #[derive(Queryable, Identifiable, AsChangeset, Debug)]
[INFO] [stdout]    |          ^^^^^^^^^ names from parent modules are not accessible without an explicit import
[INFO] [stdout]    |
[INFO] [stdout]    = warning: this was previously accepted by the compiler but is being phased out; it will become a hard error in a future release!
[INFO] [stdout]    = note: for more information, see issue #83583 <https://github.com/rust-lang/rust/issues/83583>
[INFO] [stdout]    = note: this warning originates in the derive macro `Queryable` (in Nightly builds, run with -Z macro-backtrace for more info)
[INFO] [stdout] 
[INFO] [stdout] 
[INFO] [stdout] warning: cannot find type `Project` in this scope
[INFO] [stdout]   --> src/models.rs:49:21
[INFO] [stdout]    |
[INFO] [stdout] 49 | #[derive(Queryable, Identifiable, AsChangeset, Debug)]
[INFO] [stdout]    |                     ^^^^^^^^^^^^ names from parent modules are not accessible without an explicit import
[INFO] [stdout]    |
[INFO] [stdout]    = warning: this was previously accepted by the compiler but is being phased out; it will become a hard error in a future release!
[INFO] [stdout]    = note: for more information, see issue #83583 <https://github.com/rust-lang/rust/issues/83583>
[INFO] [stdout]    = note: this warning originates in the derive macro `Identifiable` (in Nightly builds, run with -Z macro-backtrace for more info)
[INFO] [stdout] 
[INFO] [stdout] 
[INFO] [stdout] warning: cannot find type `projects` in this scope
[INFO] [stdout]   --> src/models.rs:49:21
[INFO] [stdout]    |
[INFO] [stdout] 49 | #[derive(Queryable, Identifiable, AsChangeset, Debug)]
[INFO] [stdout]    |                     ^^^^^^^^^^^^ names from parent modules are not accessible without an explicit import
[INFO] [stdout]    |
[INFO] [stdout]    = warning: this was previously accepted by the compiler but is being phased out; it will become a hard error in a future release!
[INFO] [stdout]    = note: for more information, see issue #83583 <https://github.com/rust-lang/rust/issues/83583>
[INFO] [stdout]    = note: this warning originates in the derive macro `Identifiable` (in Nightly builds, run with -Z macro-backtrace for more info)
[INFO] [stdout] 
[INFO] [stdout] 
[INFO] [stdout] warning: cannot find type `Project` in this scope
[INFO] [stdout]   --> src/models.rs:49:35
[INFO] [stdout]    |
[INFO] [stdout] 49 | #[derive(Queryable, Identifiable, AsChangeset, Debug)]
[INFO] [stdout]    |                                   ^^^^^^^^^^^ names from parent modules are not accessible without an explicit import
[INFO] [stdout]    |
[INFO] [stdout]    = warning: this was previously accepted by the compiler but is being phased out; it will become a hard error in a future release!
[INFO] [stdout]    = note: for more information, see issue #83583 <https://github.com/rust-lang/rust/issues/83583>
[INFO] [stdout]    = note: this warning originates in the derive macro `AsChangeset` (in Nightly builds, run with -Z macro-backtrace for more info)
[INFO] [stdout] 
[INFO] [stdout] 
[INFO] [stdout] warning: cannot find type `projects` in this scope
[INFO] [stdout]   --> src/models.rs:49:35
[INFO] [stdout]    |
[INFO] [stdout] 49 | #[derive(Queryable, Identifiable, AsChangeset, Debug)]
[INFO] [stdout]    |                                   ^^^^^^^^^^^ names from parent modules are not accessible without an explicit import
[INFO] [stdout]    |
[INFO] [stdout]    = warning: this was previously accepted by the compiler but is being phased out; it will become a hard error in a future release!
[INFO] [stdout]    = note: for more information, see issue #83583 <https://github.com/rust-lang/rust/issues/83583>
[INFO] [stdout]    = note: this warning originates in the derive macro `AsChangeset` (in Nightly builds, run with -Z macro-backtrace for more info)
[INFO] [stdout] 
[INFO] [stdout] 
[INFO] [stdout] warning: cannot find type `projects` in this scope
[INFO] [stdout]   --> src/models.rs:56:10
[INFO] [stdout]    |
[INFO] [stdout] 56 | #[derive(Insertable)]
[INFO] [stdout]    |          ^^^^^^^^^^ names from parent modules are not accessible without an explicit import
[INFO] [stdout]    |
[INFO] [stdout]    = warning: this was previously accepted by the compiler but is being phased out; it will become a hard error in a future release!
[INFO] [stdout]    = note: for more information, see issue #83583 <https://github.com/rust-lang/rust/issues/83583>
[INFO] [stdout]    = note: this warning originates in the derive macro `Insertable` (in Nightly builds, run with -Z macro-backtrace for more info)
[INFO] [stdout] 
[INFO] [stdout] 
[INFO] [stdout] warning: cannot find type `NewProject` in this scope
[INFO] [stdout]   --> src/models.rs:56:10
[INFO] [stdout]    |
[INFO] [stdout] 56 | #[derive(Insertable)]
[INFO] [stdout]    |          ^^^^^^^^^^ names from parent modules are not accessible without an explicit import
[INFO] [stdout]    |
[INFO] [stdout]    = warning: this was previously accepted by the compiler but is being phased out; it will become a hard error in a future release!
[INFO] [stdout]    = note: for more information, see issue #83583 <https://github.com/rust-lang/rust/issues/83583>
[INFO] [stdout]    = note: this warning originates in the derive macro `Insertable` (in Nightly builds, run with -Z macro-backtrace for more info)
[INFO] [stdout] 
[INFO] [stdout] 
[INFO] [stdout] warning: unused import: `diesel::pg::PgConnection`
[INFO] [stdout]  --> src/db.rs:2:5
[INFO] [stdout]   |
[INFO] [stdout] 2 | use diesel::pg::PgConnection;
[INFO] [stdout]   |     ^^^^^^^^^^^^^^^^^^^^^^^^
[INFO] [stdout]   |
[INFO] [stdout]   = note: `#[warn(unused_imports)]` on by default
[INFO] [stdout] 
[INFO] [stdout] 
[INFO] [stdout] warning: unused imports: `ConnectionManager`, `PoolError`, `Pool`, `PooledConnection`
[INFO] [stdout]  --> src/db.rs:3:20
[INFO] [stdout]   |
[INFO] [stdout] 3 | use diesel::r2d2::{ConnectionManager, Pool, PoolError, PooledConnection};
[INFO] [stdout]   |                    ^^^^^^^^^^^^^^^^^  ^^^^  ^^^^^^^^^  ^^^^^^^^^^^^^^^^
[INFO] [stdout] 
[INFO] [stdout] 
[INFO] [stdout] warning: unused import: `crate::schema::todos`
[INFO] [stdout]  --> src/db.rs:9:5
[INFO] [stdout]   |
[INFO] [stdout] 9 | use crate::schema::todos;
[INFO] [stdout]   |     ^^^^^^^^^^^^^^^^^^^^
[INFO] [stdout] 
[INFO] [stdout] 
[INFO] [stdout] warning: unused import: `crate::schema::todos::dsl::*`
[INFO] [stdout]   --> src/db.rs:10:5
[INFO] [stdout]    |
[INFO] [stdout] 10 | use crate::schema::todos::dsl::*;
[INFO] [stdout]    |     ^^^^^^^^^^^^^^^^^^^^^^^^^^^^
[INFO] [stdout] 
[INFO] [stdout] 
[INFO] [stdout] warning: unused imports: `NewTodo`, `Project`, `Todo`
[INFO] [stdout]   --> src/db.rs:12:21
[INFO] [stdout]    |
[INFO] [stdout] 12 | use crate::models::{Todo, NewTodo, Project};
[INFO] [stdout]    |                     ^^^^  ^^^^^^^  ^^^^^^^
[INFO] [stdout] 
[INFO] [stdout] 
[INFO] [stdout] warning: trait objects without an explicit `dyn` are deprecated
[INFO] [stdout]   --> src/crud.rs:23:34
[INFO] [stdout]    |
[INFO] [stdout] 23 |     type Tab: Table<FromClause = QueryFragment<Self::DB>>;
[INFO] [stdout]    |                                  ^^^^^^^^^^^^^^^^^^^^^^^ help: use `dyn`: `dyn QueryFragment<Self::DB>`
[INFO] [stdout]    |
[INFO] [stdout]    = note: `#[warn(bare_trait_objects)]` on by default
[INFO] [stdout]    = warning: this is accepted in the current edition (Rust 2018) but is a hard error in Rust 2021!
[INFO] [stdout]    = note: for more information, see issue #80165 <https://github.com/rust-lang/rust/issues/80165>
[INFO] [stdout] 
[INFO] [stdout] 
[INFO] [stdout] warning: unused import: `self::crud::Crud`
[INFO] [stdout]   --> src/main.rs:12:5
[INFO] [stdout]    |
[INFO] [stdout] 12 | use self::crud::Crud;
[INFO] [stdout]    |     ^^^^^^^^^^^^^^^^
[INFO] [stdout] 
[INFO] [stdout] 
[INFO] [stdout] warning: unused import: `Todo`
[INFO] [stdout]   --> src/main.rs:13:21
[INFO] [stdout]    |
[INFO] [stdout] 13 | use crate::models::{Todo, ListTodo};
[INFO] [stdout]    |                     ^^^^
[INFO] [stdout] 
[INFO] [stdout] 
[INFO] [stdout] warning: cannot find type `project_id` in this scope
[INFO] [stdout]   --> src/schema.rs:10:1
[INFO] [stdout]    |
[INFO] [stdout] 10 | / table! {
[INFO] [stdout] 11 | |     todos (id) {
[INFO] [stdout] 12 | |         id -> Int4,
[INFO] [stdout] 13 | |         title -> Varchar,
[INFO] [stdout] ...  |
[INFO] [stdout] 20 | |     }
[INFO] [stdout] 21 | | }
[INFO] [stdout]    | |_^ names from parent modules are not accessible without an explicit import
[INFO] [stdout]    |
[INFO] [stdout]    = warning: this was previously accepted by the compiler but is being phased out; it will become a hard error in a future release!
[INFO] [stdout]    = note: for more information, see issue #83583 <https://github.com/rust-lang/rust/issues/83583>
[INFO] [stdout]    = note: this warning originates in the derive macro `QueryId` (in Nightly builds, run with -Z macro-backtrace for more info)
[INFO] [stdout] 
[INFO] [stdout] 
[INFO] [stdout] warning: cannot find type `SystemTime` in this scope
[INFO] [stdout]  --> src/models.rs:8:10
[INFO] [stdout]   |
[INFO] [stdout] 8 | #[derive(Queryable, Identifiable, AsChangeset, Associations, Debug, Serialize, Deserialize)]
[INFO] [stdout]   |          ^^^^^^^^^ names from parent modules are not accessible without an explicit import
[INFO] [stdout]   |
[INFO] [stdout]   = warning: this was previously accepted by the compiler but is being phased out; it will become a hard error in a future release!
[INFO] [stdout]   = note: for more information, see issue #83583 <https://github.com/rust-lang/rust/issues/83583>
[INFO] [stdout]   = note: this warning originates in the derive macro `Queryable` (in Nightly builds, run with -Z macro-backtrace for more info)
[INFO] [stdout] 
[INFO] [stdout] 
[INFO] [stdout] warning: cannot find type `Todo` in this scope
[INFO] [stdout]  --> src/models.rs:8:10
[INFO] [stdout]   |
[INFO] [stdout] 8 | #[derive(Queryable, Identifiable, AsChangeset, Associations, Debug, Serialize, Deserialize)]
[INFO] [stdout]   |          ^^^^^^^^^ names from parent modules are not accessible without an explicit import
[INFO] [stdout]   |
[INFO] [stdout]   = warning: this was previously accepted by the compiler but is being phased out; it will become a hard error in a future release!
[INFO] [stdout]   = note: for more information, see issue #83583 <https://github.com/rust-lang/rust/issues/83583>
[INFO] [stdout]   = note: this warning originates in the derive macro `Queryable` (in Nightly builds, run with -Z macro-backtrace for more info)
[INFO] [stdout] 
[INFO] [stdout] 
[INFO] [stdout] warning: cannot find type `Todo` in this scope
[INFO] [stdout]  --> src/models.rs:8:21
[INFO] [stdout]   |
[INFO] [stdout] 8 | #[derive(Queryable, Identifiable, AsChangeset, Associations, Debug, Serialize, Deserialize)]
[INFO] [stdout]   |                     ^^^^^^^^^^^^ names from parent modules are not accessible without an explicit import
[INFO] [stdout]   |
[INFO] [stdout]   = warning: this was previously accepted by the compiler but is being phased out; it will become a hard error in a future release!
[INFO] [stdout]   = note: for more information, see issue #83583 <https://github.com/rust-lang/rust/issues/83583>
[INFO] [stdout]   = note: this warning originates in the derive macro `Identifiable` (in Nightly builds, run with -Z macro-backtrace for more info)
[INFO] [stdout] 
[INFO] [stdout] 
[INFO] [stdout] warning: cannot find type `todos` in this scope
[INFO] [stdout]  --> src/models.rs:8:21
[INFO] [stdout]   |
[INFO] [stdout] 8 | #[derive(Queryable, Identifiable, AsChangeset, Associations, Debug, Serialize, Deserialize)]
[INFO] [stdout]   |                     ^^^^^^^^^^^^ names from parent modules are not accessible without an explicit import
[INFO] [stdout]   |
[INFO] [stdout]   = warning: this was previously accepted by the compiler but is being phased out; it will become a hard error in a future release!
[INFO] [stdout]   = note: for more information, see issue #83583 <https://github.com/rust-lang/rust/issues/83583>
[INFO] [stdout]   = note: this warning originates in the derive macro `Identifiable` (in Nightly builds, run with -Z macro-backtrace for more info)
[INFO] [stdout] 
[INFO] [stdout] 
[INFO] [stdout] warning: cannot find type `Todo` in this scope
[INFO] [stdout]  --> src/models.rs:8:35
[INFO] [stdout]   |
[INFO] [stdout] 8 | #[derive(Queryable, Identifiable, AsChangeset, Associations, Debug, Serialize, Deserialize)]
[INFO] [stdout]   |                                   ^^^^^^^^^^^ names from parent modules are not accessible without an explicit import
[INFO] [stdout]   |
[INFO] [stdout]   = warning: this was previously accepted by the compiler but is being phased out; it will become a hard error in a future release!
[INFO] [stdout]   = note: for more information, see issue #83583 <https://github.com/rust-lang/rust/issues/83583>
[INFO] [stdout]   = note: this warning originates in the derive macro `AsChangeset` (in Nightly builds, run with -Z macro-backtrace for more info)
[INFO] [stdout] 
[INFO] [stdout] 
[INFO] [stdout] warning: cannot find type `todos` in this scope
[INFO] [stdout]  --> src/models.rs:8:35
[INFO] [stdout]   |
[INFO] [stdout] 8 | #[derive(Queryable, Identifiable, AsChangeset, Associations, Debug, Serialize, Deserialize)]
[INFO] [stdout]   |                                   ^^^^^^^^^^^ names from parent modules are not accessible without an explicit import
[INFO] [stdout]   |
[INFO] [stdout]   = warning: this was previously accepted by the compiler but is being phased out; it will become a hard error in a future release!
[INFO] [stdout]   = note: for more information, see issue #83583 <https://github.com/rust-lang/rust/issues/83583>
[INFO] [stdout]   = note: this warning originates in the derive macro `AsChangeset` (in Nightly builds, run with -Z macro-backtrace for more info)
[INFO] [stdout] 
[INFO] [stdout] 
[INFO] [stdout] warning: cannot find type `SystemTime` in this scope
[INFO] [stdout]  --> src/models.rs:8:35
[INFO] [stdout]   |
[INFO] [stdout] 8 | #[derive(Queryable, Identifiable, AsChangeset, Associations, Debug, Serialize, Deserialize)]
[INFO] [stdout]   |                                   ^^^^^^^^^^^ names from parent modules are not accessible without an explicit import
[INFO] [stdout]   |
[INFO] [stdout]   = warning: this was previously accepted by the compiler but is being phased out; it will become a hard error in a future release!
[INFO] [stdout]   = note: for more information, see issue #83583 <https://github.com/rust-lang/rust/issues/83583>
[INFO] [stdout]   = note: this warning originates in the derive macro `AsChangeset` (in Nightly builds, run with -Z macro-backtrace for more info)
[INFO] [stdout] 
[INFO] [stdout] 
[INFO] [stdout] warning: cannot find type `Project` in this scope
[INFO] [stdout]  --> src/models.rs:8:48
[INFO] [stdout]   |
[INFO] [stdout] 8 | #[derive(Queryable, Identifiable, AsChangeset, Associations, Debug, Serialize, Deserialize)]
[INFO] [stdout]   |                                                ^^^^^^^^^^^^ names from parent modules are not accessible without an explicit import
[INFO] [stdout]   |
[INFO] [stdout]   = warning: this was previously accepted by the compiler but is being phased out; it will become a hard error in a future release!
[INFO] [stdout]   = note: for more information, see issue #83583 <https://github.com/rust-lang/rust/issues/83583>
[INFO] [stdout]   = note: this warning originates in the derive macro `Associations` (in Nightly builds, run with -Z macro-backtrace for more info)
[INFO] [stdout] 
[INFO] [stdout] 
[INFO] [stdout] warning: cannot find type `Todo` in this scope
[INFO] [stdout]  --> src/models.rs:8:48
[INFO] [stdout]   |
[INFO] [stdout] 8 | #[derive(Queryable, Identifiable, AsChangeset, Associations, Debug, Serialize, Deserialize)]
[INFO] [stdout]   |                                                ^^^^^^^^^^^^ names from parent modules are not accessible without an explicit import
[INFO] [stdout]   |
[INFO] [stdout]   = warning: this was previously accepted by the compiler but is being phased out; it will become a hard error in a future release!
[INFO] [stdout]   = note: for more information, see issue #83583 <https://github.com/rust-lang/rust/issues/83583>
[INFO] [stdout]   = note: this warning originates in the derive macro `Associations` (in Nightly builds, run with -Z macro-backtrace for more info)
[INFO] [stdout] 
[INFO] [stdout] 
[INFO] [stdout] warning: cannot find type `todos` in this scope
[INFO] [stdout]  --> src/models.rs:8:48
[INFO] [stdout]   |
[INFO] [stdout] 8 | #[derive(Queryable, Identifiable, AsChangeset, Associations, Debug, Serialize, Deserialize)]
[INFO] [stdout]   |                                                ^^^^^^^^^^^^ names from parent modules are not accessible without an explicit import
[INFO] [stdout]   |
[INFO] [stdout]   = warning: this was previously accepted by the compiler but is being phased out; it will become a hard error in a future release!
[INFO] [stdout]   = note: for more information, see issue #83583 <https://github.com/rust-lang/rust/issues/83583>
[INFO] [stdout]   = note: this warning originates in the derive macro `Associations` (in Nightly builds, run with -Z macro-backtrace for more info)
[INFO] [stdout] 
[INFO] [stdout] 
[INFO] [stdout] warning: cannot find type `todos` in this scope
[INFO] [stdout]   --> src/models.rs:40:10
[INFO] [stdout]    |
[INFO] [stdout] 40 | #[derive(Insertable)]
[INFO] [stdout]    |          ^^^^^^^^^^ names from parent modules are not accessible without an explicit import
[INFO] [stdout]    |
[INFO] [stdout]    = warning: this was previously accepted by the compiler but is being phased out; it will become a hard error in a future release!
[INFO] [stdout]    = note: for more information, see issue #83583 <https://github.com/rust-lang/rust/issues/83583>
[INFO] [stdout]    = note: this warning originates in the derive macro `Insertable` (in Nightly builds, run with -Z macro-backtrace for more info)
[INFO] [stdout] 
[INFO] [stdout] 
[INFO] [stdout] warning: cannot find type `NewTodo` in this scope
[INFO] [stdout]   --> src/models.rs:40:10
[INFO] [stdout]    |
[INFO] [stdout] 40 | #[derive(Insertable)]
[INFO] [stdout]    |          ^^^^^^^^^^ names from parent modules are not accessible without an explicit import
[INFO] [stdout]    |
[INFO] [stdout]    = warning: this was previously accepted by the compiler but is being phased out; it will become a hard error in a future release!
[INFO] [stdout]    = note: for more information, see issue #83583 <https://github.com/rust-lang/rust/issues/83583>
[INFO] [stdout]    = note: this warning originates in the derive macro `Insertable` (in Nightly builds, run with -Z macro-backtrace for more info)
[INFO] [stdout] 
[INFO] [stdout] 
[INFO] [stdout] warning: cannot find type `Project` in this scope
[INFO] [stdout]   --> src/models.rs:49:10
[INFO] [stdout]    |
[INFO] [stdout] 49 | #[derive(Queryable, Identifiable, AsChangeset, Debug)]
[INFO] [stdout]    |          ^^^^^^^^^ names from parent modules are not accessible without an explicit import
[INFO] [stdout]    |
[INFO] [stdout]    = warning: this was previously accepted by the compiler but is being phased out; it will become a hard error in a future release!
[INFO] [stdout]    = note: for more information, see issue #83583 <https://github.com/rust-lang/rust/issues/83583>
[INFO] [stdout]    = note: this warning originates in the derive macro `Queryable` (in Nightly builds, run with -Z macro-backtrace for more info)
[INFO] [stdout] 
[INFO] [stdout] 
[INFO] [stdout] warning: cannot find type `Project` in this scope
[INFO] [stdout]   --> src/models.rs:49:21
[INFO] [stdout]    |
[INFO] [stdout] 49 | #[derive(Queryable, Identifiable, AsChangeset, Debug)]
[INFO] [stdout]    |                     ^^^^^^^^^^^^ names from parent modules are not accessible without an explicit import
[INFO] [stdout]    |
[INFO] [stdout]    = warning: this was previously accepted by the compiler but is being phased out; it will become a hard error in a future release!
[INFO] [stdout]    = note: for more information, see issue #83583 <https://github.com/rust-lang/rust/issues/83583>
[INFO] [stdout]    = note: this warning originates in the derive macro `Identifiable` (in Nightly builds, run with -Z macro-backtrace for more info)
[INFO] [stdout] 
[INFO] [stdout] 
[INFO] [stdout] warning: cannot find type `projects` in this scope
[INFO] [stdout]   --> src/models.rs:49:21
[INFO] [stdout]    |
[INFO] [stdout] 49 | #[derive(Queryable, Identifiable, AsChangeset, Debug)]
[INFO] [stdout]    |                     ^^^^^^^^^^^^ names from parent modules are not accessible without an explicit import
[INFO] [stdout]    |
[INFO] [stdout]    = warning: this was previously accepted by the compiler but is being phased out; it will become a hard error in a future release!
[INFO] [stdout]    = note: for more information, see issue #83583 <https://github.com/rust-lang/rust/issues/83583>
[INFO] [stdout]    = note: this warning originates in the derive macro `Identifiable` (in Nightly builds, run with -Z macro-backtrace for more info)
[INFO] [stdout] 
[INFO] [stdout] 
[INFO] [stdout] warning: cannot find type `Project` in this scope
[INFO] [stdout]   --> src/models.rs:49:35
[INFO] [stdout]    |
[INFO] [stdout] 49 | #[derive(Queryable, Identifiable, AsChangeset, Debug)]
[INFO] [stdout]    |                                   ^^^^^^^^^^^ names from parent modules are not accessible without an explicit import
[INFO] [stdout]    |
[INFO] [stdout]    = warning: this was previously accepted by the compiler but is being phased out; it will become a hard error in a future release!
[INFO] [stdout]    = note: for more information, see issue #83583 <https://github.com/rust-lang/rust/issues/83583>
[INFO] [stdout]    = note: this warning originates in the derive macro `AsChangeset` (in Nightly builds, run with -Z macro-backtrace for more info)
[INFO] [stdout] 
[INFO] [stdout] 
[INFO] [stdout] warning: cannot find type `projects` in this scope
[INFO] [stdout]   --> src/models.rs:49:35
[INFO] [stdout]    |
[INFO] [stdout] 49 | #[derive(Queryable, Identifiable, AsChangeset, Debug)]
[INFO] [stdout]    |                                   ^^^^^^^^^^^ names from parent modules are not accessible without an explicit import
[INFO] [stdout]    |
[INFO] [stdout]    = warning: this was previously accepted by the compiler but is being phased out; it will become a hard error in a future release!
[INFO] [stdout]    = note: for more information, see issue #83583 <https://github.com/rust-lang/rust/issues/83583>
[INFO] [stdout]    = note: this warning originates in the derive macro `AsChangeset` (in Nightly builds, run with -Z macro-backtrace for more info)
[INFO] [stdout] 
[INFO] [stdout] 
[INFO] [stdout] warning: cannot find type `projects` in this scope
[INFO] [stdout]   --> src/models.rs:56:10
[INFO] [stdout]    |
[INFO] [stdout] 56 | #[derive(Insertable)]
[INFO] [stdout]    |          ^^^^^^^^^^ names from parent modules are not accessible without an explicit import
[INFO] [stdout]    |
[INFO] [stdout]    = warning: this was previously accepted by the compiler but is being phased out; it will become a hard error in a future release!
[INFO] [stdout]    = note: for more information, see issue #83583 <https://github.com/rust-lang/rust/issues/83583>
[INFO] [stdout]    = note: this warning originates in the derive macro `Insertable` (in Nightly builds, run with -Z macro-backtrace for more info)
[INFO] [stdout] 
[INFO] [stdout] 
[INFO] [stdout] warning: cannot find type `NewProject` in this scope
[INFO] [stdout]   --> src/models.rs:56:10
[INFO] [stdout]    |
[INFO] [stdout] 56 | #[derive(Insertable)]
[INFO] [stdout]    |          ^^^^^^^^^^ names from parent modules are not accessible without an explicit import
[INFO] [stdout]    |
[INFO] [stdout]    = warning: this was previously accepted by the compiler but is being phased out; it will become a hard error in a future release!
[INFO] [stdout]    = note: for more information, see issue #83583 <https://github.com/rust-lang/rust/issues/83583>
[INFO] [stdout]    = note: this warning originates in the derive macro `Insertable` (in Nightly builds, run with -Z macro-backtrace for more info)
[INFO] [stdout] 
[INFO] [stdout] 
[INFO] [stdout] warning: unused import: `diesel::pg::PgConnection`
[INFO] [stdout]  --> src/db.rs:2:5
[INFO] [stdout]   |
[INFO] [stdout] 2 | use diesel::pg::PgConnection;
[INFO] [stdout]   |     ^^^^^^^^^^^^^^^^^^^^^^^^
[INFO] [stdout]   |
[INFO] [stdout]   = note: `#[warn(unused_imports)]` on by default
[INFO] [stdout] 
[INFO] [stdout] 
[INFO] [stdout] warning: unused imports: `ConnectionManager`, `PoolError`, `Pool`, `PooledConnection`
[INFO] [stdout]  --> src/db.rs:3:20
[INFO] [stdout]   |
[INFO] [stdout] 3 | use diesel::r2d2::{ConnectionManager, Pool, PoolError, PooledConnection};
[INFO] [stdout]   |                    ^^^^^^^^^^^^^^^^^  ^^^^  ^^^^^^^^^  ^^^^^^^^^^^^^^^^
[INFO] [stdout] 
[INFO] [stdout] 
[INFO] [stdout] warning: unused import: `crate::schema::todos`
[INFO] [stdout]  --> src/db.rs:9:5
[INFO] [stdout]   |
[INFO] [stdout] 9 | use crate::schema::todos;
[INFO] [stdout]   |     ^^^^^^^^^^^^^^^^^^^^
[INFO] [stdout] 
[INFO] [stdout] 
[INFO] [stdout] warning: unused import: `crate::schema::todos::dsl::*`
[INFO] [stdout]   --> src/db.rs:10:5
[INFO] [stdout]    |
[INFO] [stdout] 10 | use crate::schema::todos::dsl::*;
[INFO] [stdout]    |     ^^^^^^^^^^^^^^^^^^^^^^^^^^^^
[INFO] [stdout] 
[INFO] [stdout] 
[INFO] [stdout] warning: unused imports: `NewTodo`, `Project`, `Todo`
[INFO] [stdout]   --> src/db.rs:12:21
[INFO] [stdout]    |
[INFO] [stdout] 12 | use crate::models::{Todo, NewTodo, Project};
[INFO] [stdout]    |                     ^^^^  ^^^^^^^  ^^^^^^^
[INFO] [stdout] 
[INFO] [stdout] 
[INFO] [stdout] warning: trait objects without an explicit `dyn` are deprecated
[INFO] [stdout]   --> src/crud.rs:23:34
[INFO] [stdout]    |
[INFO] [stdout] 23 |     type Tab: Table<FromClause = QueryFragment<Self::DB>>;
[INFO] [stdout]    |                                  ^^^^^^^^^^^^^^^^^^^^^^^ help: use `dyn`: `dyn QueryFragment<Self::DB>`
[INFO] [stdout]    |
[INFO] [stdout]    = note: `#[warn(bare_trait_objects)]` on by default
[INFO] [stdout]    = warning: this is accepted in the current edition (Rust 2018) but is a hard error in Rust 2021!
[INFO] [stdout]    = note: for more information, see issue #80165 <https://github.com/rust-lang/rust/issues/80165>
[INFO] [stdout] 
[INFO] [stdout] 
[INFO] [stdout] warning: unused import: `self::crud::Crud`
[INFO] [stdout]   --> src/main.rs:12:5
[INFO] [stdout]    |
[INFO] [stdout] 12 | use self::crud::Crud;
[INFO] [stdout]    |     ^^^^^^^^^^^^^^^^
[INFO] [stdout] 
[INFO] [stdout] 
[INFO] [stdout] warning: unused import: `Todo`
[INFO] [stdout]   --> src/main.rs:13:21
[INFO] [stdout]    |
[INFO] [stdout] 13 | use crate::models::{Todo, ListTodo};
[INFO] [stdout]    |                     ^^^^
[INFO] [stdout] 
[INFO] [stdout] 
[INFO] [stdout] error[E0599]: no function or associated item named `new` found for struct `TodoDB` in the current scope
[INFO] [stdout]   --> src/main.rs:21:22
[INFO] [stdout]    |
[INFO] [stdout] 21 |     let db = TodoDB::new(&database_url).unwrap();
[INFO] [stdout]    |                      ^^^ function or associated item not found in `TodoDB`
[INFO] [stdout]    | 
[INFO] [stdout]   ::: src/db.rs:16:1
[INFO] [stdout]    |
[INFO] [stdout] 16 | pub struct TodoDB();
[INFO] [stdout]    | -------------------- function or associated item `new` not found for this
[INFO] [stdout]    |
[INFO] [stdout]    = help: items from traits can only be used if the trait is implemented and in scope
[INFO] [stdout]    = note: the following trait defines an item `new`, perhaps you need to implement it:
[INFO] [stdout]            candidate #1: `aho_corasick::Transitions`
[INFO] [stdout] 
[INFO] [stdout] 
[INFO] [stdout] error[E0599]: no function or associated item named `new` found for struct `TodoDB` in the current scope
[INFO] [stdout]   --> src/main.rs:21:22
[INFO] [stdout]    |
[INFO] [stdout] 21 |     let db = TodoDB::new(&database_url).unwrap();
[INFO] [stdout]    |                      ^^^ function or associated item not found in `TodoDB`
[INFO] [stdout]    | 
[INFO] [stdout]   ::: src/db.rs:16:1
[INFO] [stdout]    |
[INFO] [stdout] 16 | pub struct TodoDB();
[INFO] [stdout]    | -------------------- function or associated item `new` not found for this
[INFO] [stdout]    |
[INFO] [stdout]    = help: items from traits can only be used if the trait is implemented and in scope
[INFO] [stdout]    = note: the following trait defines an item `new`, perhaps you need to implement it:
[INFO] [stdout]            candidate #1: `aho_corasick::Transitions`
[INFO] [stdout] 
[INFO] [stdout] 
[INFO] [stdout] error[E0275]: overflow evaluating the requirement `_: Sized`
[INFO] [stdout]   --> src/crud.rs:43:14
[INFO] [stdout]    |
[INFO] [stdout] 43 |             .find(uid)
[INFO] [stdout]    |              ^^^^
[INFO] [stdout]    |
[INFO] [stdout]    = help: consider adding a `#![recursion_limit="256"]` attribute to your crate (`zanmu`)
[INFO] [stdout]    = note: required because of the requirements on the impl of `FilterDsl<_>` for `<<Self as Crud>::Tab as diesel::query_builder::AsQuery>::Query`
[INFO] [stdout] 
[INFO] [stdout] 
[INFO] [stdout] error: aborting due to 2 previous errors; 41 warnings emitted
[INFO] [stdout] 
[INFO] [stdout] 
[INFO] [stdout] Some errors have detailed explanations: E0275, E0599.
[INFO] [stdout] 
[INFO] [stdout] For more information about an error, try `rustc --explain E0275`.
[INFO] [stdout] 
[INFO] [stdout] error[E0275]: overflow evaluating the requirement `_: Sized`
[INFO] [stdout]   --> src/crud.rs:43:14
[INFO] [stdout]    |
[INFO] [stdout] 43 |             .find(uid)
[INFO] [stdout]    |              ^^^^
[INFO] [stdout]    |
[INFO] [stdout]    = help: consider adding a `#![recursion_limit="256"]` attribute to your crate (`zanmu`)
[INFO] [stdout]    = note: required because of the requirements on the impl of `FilterDsl<_>` for `<<Self as Crud>::Tab as diesel::query_builder::AsQuery>::Query`
[INFO] [stdout] 
[INFO] [stdout] 
[INFO] [stdout] error: aborting due to 2 previous errors; 41 warnings emitted
[INFO] [stdout] 
[INFO] [stdout] 
[INFO] [stdout] Some errors have detailed explanations: E0275, E0599.
[INFO] [stdout] 
[INFO] [stdout] For more information about an error, try `rustc --explain E0275`.
[INFO] [stdout] 
[INFO] [stderr] error: could not compile `zanmu` due to 3 previous errors; 41 warnings emitted
[INFO] [stderr] warning: build failed, waiting for other jobs to finish...
[INFO] [stderr] error: build failed
[INFO] running `Command { std: "docker" "inspect" "3c859a1c73b28bdcf80281d691e1d7cbcd5c030bca9706dc8d32cf8418505237", kill_on_drop: false }`
[INFO] running `Command { std: "docker" "rm" "-f" "3c859a1c73b28bdcf80281d691e1d7cbcd5c030bca9706dc8d32cf8418505237", kill_on_drop: false }`
[INFO] [stdout] 3c859a1c73b28bdcf80281d691e1d7cbcd5c030bca9706dc8d32cf8418505237
