[INFO] cloning repository https://github.com/BryggansBryggeri/async_test
[INFO] running `Command { std: "git" "-c" "credential.helper=" "-c" "credential.helper=/workspace/cargo-home/bin/git-credential-null" "clone" "--bare" "https://github.com/BryggansBryggeri/async_test" "/workspace/cache/git-repos/https%3A%2F%2Fgithub.com%2FBryggansBryggeri%2Fasync_test", kill_on_drop: false }`
[INFO] [stderr] Cloning into bare repository '/workspace/cache/git-repos/https%3A%2F%2Fgithub.com%2FBryggansBryggeri%2Fasync_test'...
[INFO] running `Command { std: "git" "rev-parse" "HEAD", kill_on_drop: false }`
[INFO] [stdout] d1c58840c2addffea64315c4ea8042ca9e21ea27
[INFO] checking BryggansBryggeri/async_test against beta-2021-10-15 for beta-1.56-3
[INFO] running `Command { std: "git" "clone" "/workspace/cache/git-repos/https%3A%2F%2Fgithub.com%2FBryggansBryggeri%2Fasync_test" "/workspace/builds/worker-80/source", kill_on_drop: false }`
[INFO] [stderr] Cloning into '/workspace/builds/worker-80/source'...
[INFO] [stderr] done.
[INFO] validating manifest of git repo https://github.com/BryggansBryggeri/async_test on toolchain beta-2021-10-15
[INFO] running `Command { std: "/workspace/cargo-home/bin/cargo" "+beta-2021-10-15" "metadata" "--manifest-path" "Cargo.toml" "--no-deps", kill_on_drop: false }`
[INFO] started tweaking git repo https://github.com/BryggansBryggeri/async_test
[INFO] finished tweaking git repo https://github.com/BryggansBryggeri/async_test
[INFO] tweaked toml for git repo https://github.com/BryggansBryggeri/async_test written to /workspace/builds/worker-80/source/Cargo.toml
[INFO] crate git repo https://github.com/BryggansBryggeri/async_test already has a lockfile, it will not be regenerated
[INFO] running `Command { std: "/workspace/cargo-home/bin/cargo" "+beta-2021-10-15" "fetch" "--manifest-path" "Cargo.toml", kill_on_drop: false }`
[INFO] [stderr]     Blocking waiting for file lock on package cache
[INFO] [stderr]     Blocking waiting for file lock on package cache
[INFO] [stderr]  Downloading crates ...
[INFO] [stderr]   Downloaded spin v0.5.2
[INFO] [stderr]   Downloaded futures-executor v0.3.14
[INFO] [stderr]   Downloaded js-sys v0.3.50
[INFO] [stderr]   Downloaded zeroize v1.3.0
[INFO] [stderr]   Downloaded libc v0.2.94
[INFO] [stderr]   Downloaded fastrand v1.4.1
[INFO] [stderr]   Downloaded security-framework-sys v2.2.0
[INFO] [stderr]   Downloaded cpufeatures v0.1.1
[INFO] [stderr]   Downloaded base64-url v1.4.10
[INFO] [stderr]   Downloaded crossbeam-utils v0.8.4
[INFO] [stderr]   Downloaded crossbeam-channel v0.5.1
[INFO] [stderr]   Downloaded json v0.12.4
[INFO] [stderr]   Downloaded miow v0.3.7
[INFO] [stderr]   Downloaded untrusted v0.7.1
[INFO] [stderr]   Downloaded futures-lite v1.11.3
[INFO] [stderr]   Downloaded ed25519 v1.1.1
[INFO] [stderr]   Downloaded ed25519-dalek v1.0.1
[INFO] [stderr]   Downloaded signal-hook-registry v1.3.0
[INFO] [stderr]   Downloaded futures-task v0.3.14
[INFO] [stderr]   Downloaded rustls v0.19.1
[INFO] [stderr]   Downloaded futures-channel v0.3.14
[INFO] [stderr]   Downloaded futures-core v0.3.14
[INFO] [stderr]   Downloaded futures-io v0.3.14
[INFO] [stderr]   Downloaded futures-macro v0.3.14
[INFO] [stderr]   Downloaded futures-sink v0.3.14
[INFO] [stderr]   Downloaded futures v0.3.14
[INFO] [stderr]   Downloaded rustls-native-certs v0.5.0
[INFO] [stderr]   Downloaded webpki v0.21.4
[INFO] [stderr]   Downloaded futures-util v0.3.14
[INFO] [stderr]   Downloaded async-trait v0.1.50
[INFO] [stderr]   Downloaded mio v0.7.11
[INFO] [stderr]   Downloaded redox_syscall v0.2.8
[INFO] [stderr]   Downloaded sha2 v0.9.4
[INFO] [stderr]   Downloaded signature v1.3.0
[INFO] [stderr]   Downloaded subtle-encoding v0.5.1
[INFO] [stderr]   Downloaded zeroize_derive v1.1.0
[INFO] [stderr]   Downloaded nkeys v0.0.11
[INFO] [stderr]   Downloaded nuid v0.2.2
[INFO] [stderr]   Downloaded security-framework v2.2.0
[INFO] [stderr]   Downloaded synstructure v0.12.4
[INFO] [stderr]   Downloaded sct v0.6.1
[INFO] [stderr]   Downloaded signatory v0.21.0
[INFO] [stderr]   Downloaded async-nats v0.9.16
[INFO] [stderr]   Downloaded curve25519-dalek v3.1.0
[INFO] [stderr]   Downloaded tokio v1.5.0
[INFO] [stderr]   Downloaded web-sys v0.3.50
[INFO] [stderr]   Downloaded ring v0.16.20
[INFO] [stderr]   Downloaded nats v0.9.16
[INFO] running `Command { std: "docker" "create" "-v" "/var/lib/crater-agent-workspace/builds/worker-80/target:/opt/rustwide/target:rw,Z" "-v" "/var/lib/crater-agent-workspace/builds/worker-80/source:/opt/rustwide/workdir:ro,Z" "-v" "/var/lib/crater-agent-workspace/cargo-home:/opt/rustwide/cargo-home:ro,Z" "-v" "/var/lib/crater-agent-workspace/rustup-home:/opt/rustwide/rustup-home:ro,Z" "-e" "SOURCE_DIR=/opt/rustwide/workdir" "-e" "CARGO_TARGET_DIR=/opt/rustwide/target" "-e" "CARGO_HOME=/opt/rustwide/cargo-home" "-e" "RUSTUP_HOME=/opt/rustwide/rustup-home" "-w" "/opt/rustwide/workdir" "-m" "1610612736" "--user" "0:0" "--network" "none" "ghcr.io/rust-lang/crates-build-env/linux@sha256:a89201d6b5b9fd45c15d5952ece0a0129e7e80cb26ec023fd59cf09bc26f1604" "/opt/rustwide/cargo-home/bin/cargo" "+beta-2021-10-15" "metadata" "--no-deps" "--format-version=1", kill_on_drop: false }`
[INFO] [stdout] 5f87aa5828561e82399726f11d69c993bd7f77073650bcecad0d74823024227e
[INFO] running `Command { std: "docker" "start" "-a" "5f87aa5828561e82399726f11d69c993bd7f77073650bcecad0d74823024227e", kill_on_drop: false }`
[INFO] running `Command { std: "docker" "inspect" "5f87aa5828561e82399726f11d69c993bd7f77073650bcecad0d74823024227e", kill_on_drop: false }`
[INFO] running `Command { std: "docker" "rm" "-f" "5f87aa5828561e82399726f11d69c993bd7f77073650bcecad0d74823024227e", kill_on_drop: false }`
[INFO] [stdout] 5f87aa5828561e82399726f11d69c993bd7f77073650bcecad0d74823024227e
[INFO] running `Command { std: "docker" "create" "-v" "/var/lib/crater-agent-workspace/builds/worker-80/target:/opt/rustwide/target:rw,Z" "-v" "/var/lib/crater-agent-workspace/builds/worker-80/source:/opt/rustwide/workdir:ro,Z" "-v" "/var/lib/crater-agent-workspace/cargo-home:/opt/rustwide/cargo-home:ro,Z" "-v" "/var/lib/crater-agent-workspace/rustup-home:/opt/rustwide/rustup-home:ro,Z" "-e" "SOURCE_DIR=/opt/rustwide/workdir" "-e" "CARGO_TARGET_DIR=/opt/rustwide/target" "-e" "CARGO_INCREMENTAL=0" "-e" "RUST_BACKTRACE=full" "-e" "RUSTFLAGS=--cap-lints=warn" "-e" "CARGO_HOME=/opt/rustwide/cargo-home" "-e" "RUSTUP_HOME=/opt/rustwide/rustup-home" "-w" "/opt/rustwide/workdir" "-m" "1610612736" "--user" "0:0" "--network" "none" "ghcr.io/rust-lang/crates-build-env/linux@sha256:a89201d6b5b9fd45c15d5952ece0a0129e7e80cb26ec023fd59cf09bc26f1604" "/opt/rustwide/cargo-home/bin/cargo" "+beta-2021-10-15" "check" "--frozen" "--all" "--all-targets" "--message-format=json", kill_on_drop: false }`
[INFO] [stdout] 80e3611239ff3c62658c739821f317fd4eb353033092e11c8d898acefdf84183
[INFO] running `Command { std: "docker" "start" "-a" "80e3611239ff3c62658c739821f317fd4eb353033092e11c8d898acefdf84183", kill_on_drop: false }`
[INFO] [stderr]     Blocking waiting for file lock on package cache
[INFO] [stderr]    Compiling libc v0.2.94
[INFO] [stderr]    Compiling proc-macro2 v1.0.26
[INFO] [stderr]    Compiling syn v1.0.72
[INFO] [stderr]    Compiling typenum v1.13.0
[INFO] [stderr]     Checking futures-core v0.3.14
[INFO] [stderr]     Checking untrusted v0.7.1
[INFO] [stderr]     Checking spin v0.5.2
[INFO] [stderr]     Checking futures-io v0.3.14
[INFO] [stderr]    Compiling serde v1.0.125
[INFO] [stderr]     Checking signature v1.3.0
[INFO] [stderr]     Checking byteorder v1.4.3
[INFO] [stderr]     Checking subtle v2.4.0
[INFO] [stderr]     Checking cpufeatures v0.1.1
[INFO] [stderr]     Checking futures-sink v0.3.14
[INFO] [stderr]     Checking fastrand v1.4.1
[INFO] [stderr]     Checking cache-padded v1.1.1
[INFO] [stderr]     Checking parking v2.0.0
[INFO] [stderr]     Checking futures-task v0.3.14
[INFO] [stderr]     Checking regex-syntax v0.6.25
[INFO] [stderr]     Checking data-encoding v2.3.2
[INFO] [stderr]     Checking event-listener v2.5.1
[INFO] [stderr]     Checking waker-fn v1.1.0
[INFO] [stderr]     Checking async-task v4.0.3
[INFO] [stderr]     Checking json v0.12.4
[INFO] [stderr]     Checking atomic-waker v1.0.0
[INFO] [stderr]    Compiling ring v0.16.20
[INFO] [stderr]    Compiling crossbeam-utils v0.8.4
[INFO] [stderr]    Compiling tokio v1.5.0
[INFO] [stderr]     Checking base64-url v1.4.10
[INFO] [stderr]     Checking concurrent-queue v1.2.2
[INFO] [stderr]     Checking ed25519 v1.1.1
[INFO] [stderr]     Checking futures-channel v0.3.14
[INFO] [stderr]     Checking futures-lite v1.11.3
[INFO] [stderr]     Checking async-channel v1.6.1
[INFO] [stderr]     Checking regex v1.5.4
[INFO] [stderr]    Compiling quote v1.0.9
[INFO] [stderr]     Checking getrandom v0.1.16
[INFO] [stderr]     Checking parking_lot_core v0.8.3
[INFO] [stderr]     Checking mio v0.7.11
[INFO] [stderr]     Checking signal-hook-registry v1.3.0
[INFO] [stderr]     Checking num_cpus v1.13.0
[INFO] [stderr]     Checking generic-array v0.14.4
[INFO] [stderr]     Checking crossbeam-channel v0.5.1
[INFO] [stderr]     Checking blocking v1.0.2
[INFO] [stderr]     Checking parking_lot v0.11.1
[INFO] [stderr]     Checking rand_core v0.5.1
[INFO] [stderr]     Checking digest v0.9.0
[INFO] [stderr]     Checking block-buffer v0.9.0
[INFO] [stderr]     Checking sct v0.6.1
[INFO] [stderr]     Checking webpki v0.21.4
[INFO] [stderr]     Checking rand_chacha v0.2.2
[INFO] [stderr]     Checking sha2 v0.9.4
[INFO] [stderr]     Checking rustls v0.19.1
[INFO] [stderr]     Checking rand v0.7.3
[INFO] [stderr]     Checking nuid v0.2.2
[INFO] [stderr]     Checking rustls-native-certs v0.5.0
[INFO] [stderr]    Compiling synstructure v0.12.4
[INFO] [stderr]    Compiling zeroize_derive v1.1.0
[INFO] [stderr]    Compiling futures-macro v0.3.14
[INFO] [stderr]    Compiling tokio-macros v1.1.0
[INFO] [stderr]    Compiling async-trait v0.1.50
[INFO] [stderr]     Checking zeroize v1.3.0
[INFO] [stderr]     Checking futures-util v0.3.14
[INFO] [stderr]     Checking subtle-encoding v0.5.1
[INFO] [stderr]     Checking curve25519-dalek v3.1.0
[INFO] [stderr]     Checking signatory v0.21.0
[INFO] [stderr]     Checking ed25519-dalek v1.0.1
[INFO] [stderr]     Checking nkeys v0.0.11
[INFO] [stderr]     Checking nats v0.9.16
[INFO] [stderr]     Checking async-nats v0.9.16
[INFO] [stderr]     Checking futures-executor v0.3.14
[INFO] [stderr]     Checking futures v0.3.14
[INFO] [stderr]     Checking async_test v0.1.0 (/opt/rustwide/workdir)
[INFO] [stdout] error[E0277]: `from_generator::GenFuture<[static generator@Subscription::next::{closure#0}]>` cannot be unpinned
[INFO] [stdout]    --> src/main.rs:51:27
[INFO] [stdout]     |
[INFO] [stdout] 51  |             let current = future::select(tick, spor_1).await;
[INFO] [stdout]     |                           ^^^^^^^^^^^^^^ within `impl futures::Future`, the trait `Unpin` is not implemented for `from_generator::GenFuture<[static generator@Subscription::next::{closure#0}]>`
[INFO] [stdout]     |
[INFO] [stdout]    ::: /opt/rustwide/cargo-home/registry/src/github.com-1ecc6299db9ec823/async-nats-0.9.16/src/lib.rs:300:33
[INFO] [stdout]     |
[INFO] [stdout] 300 |     pub async fn next(&self) -> Option<Message> {
[INFO] [stdout]     |                                 --------------- within this `impl futures::Future`
[INFO] [stdout]     |
[INFO] [stdout]     = note: consider using `Box::pin`
[INFO] [stdout]     = note: required because it appears within the type `impl futures::Future`
[INFO] [stdout]     = note: required because it appears within the type `impl futures::Future`
[INFO] [stdout] note: required by a bound in `futures::future::select`
[INFO] [stdout]    --> /opt/rustwide/cargo-home/registry/src/github.com-1ecc6299db9ec823/futures-util-0.3.14/src/future/select.rs:85:23
[INFO] [stdout]     |
[INFO] [stdout] 85  |     where A: Future + Unpin, B: Future + Unpin
[INFO] [stdout]     |                       ^^^^^ required by this bound in `futures::future::select`
[INFO] [stdout] 
[INFO] [stdout] 
[INFO] [stdout] error[E0277]: `from_generator::GenFuture<[static generator@Subscription::next::{closure#0}]>` cannot be unpinned
[INFO] [stdout]    --> src/main.rs:51:27
[INFO] [stdout]     |
[INFO] [stdout] 51  |             let current = future::select(tick, spor_1).await;
[INFO] [stdout]     |                           ^^^^^^^^^^^^^^^^^^^^^^^^^^^^^^^^^^ within `impl futures::Future`, the trait `Unpin` is not implemented for `from_generator::GenFuture<[static generator@Subscription::next::{closure#0}]>`
[INFO] [stdout]     |
[INFO] [stdout]    ::: /opt/rustwide/cargo-home/registry/src/github.com-1ecc6299db9ec823/async-nats-0.9.16/src/lib.rs:300:33
[INFO] [stdout]     |
[INFO] [stdout] 300 |     pub async fn next(&self) -> Option<Message> {
[INFO] [stdout]     |                                 --------------- within this `impl futures::Future`
[INFO] [stdout]     |
[INFO] [stdout]     = note: consider using `Box::pin`
[INFO] [stdout]     = note: required because it appears within the type `impl futures::Future`
[INFO] [stdout]     = note: required because it appears within the type `impl futures::Future`
[INFO] [stdout]     = note: required because of the requirements on the impl of `futures::Future` for `futures::future::Select<impl futures::Future, impl futures::Future>`
[INFO] [stdout] note: required by `futures::Future::poll`
[INFO] [stdout] 
[INFO] [stdout] 
[INFO] [stdout] error[E0277]: `from_generator::GenFuture<[static generator@Subscription::next::{closure#0}]>` cannot be unpinned
[INFO] [stdout]    --> src/main.rs:51:27
[INFO] [stdout]     |
[INFO] [stdout] 51  |             let current = future::select(tick, spor_1).await;
[INFO] [stdout]     |                           ^^^^^^^^^^^^^^ within `impl futures::Future`, the trait `Unpin` is not implemented for `from_generator::GenFuture<[static generator@Subscription::next::{closure#0}]>`
[INFO] [stdout]     |
[INFO] [stdout]    ::: /opt/rustwide/cargo-home/registry/src/github.com-1ecc6299db9ec823/async-nats-0.9.16/src/lib.rs:300:33
[INFO] [stdout]     |
[INFO] [stdout] 300 |     pub async fn next(&self) -> Option<Message> {
[INFO] [stdout]     |                                 --------------- within this `impl futures::Future`
[INFO] [stdout]     |
[INFO] [stdout]     = note: consider using `Box::pin`
[INFO] [stdout]     = note: required because it appears within the type `impl futures::Future`
[INFO] [stdout]     = note: required because it appears within the type `impl futures::Future`
[INFO] [stdout] note: required by a bound in `futures::future::select`
[INFO] [stdout]    --> /opt/rustwide/cargo-home/registry/src/github.com-1ecc6299db9ec823/futures-util-0.3.14/src/future/select.rs:85:23
[INFO] [stdout]     |
[INFO] [stdout] 85  |     where A: Future + Unpin, B: Future + Unpin
[INFO] [stdout]     |                       ^^^^^ required by this bound in `futures::future::select`
[INFO] [stdout] 
[INFO] [stdout] 
[INFO] [stdout] error[E0277]: `from_generator::GenFuture<[static generator@Subscription::next::{closure#0}]>` cannot be unpinned
[INFO] [stdout]    --> src/main.rs:51:27
[INFO] [stdout]     |
[INFO] [stdout] 51  |             let current = future::select(tick, spor_1).await;
[INFO] [stdout]     |                           ^^^^^^^^^^^^^^^^^^^^^^^^^^^^^^^^^^ within `impl futures::Future`, the trait `Unpin` is not implemented for `from_generator::GenFuture<[static generator@Subscription::next::{closure#0}]>`
[INFO] [stdout]     |
[INFO] [stdout]    ::: /opt/rustwide/cargo-home/registry/src/github.com-1ecc6299db9ec823/async-nats-0.9.16/src/lib.rs:300:33
[INFO] [stdout]     |
[INFO] [stdout] 300 |     pub async fn next(&self) -> Option<Message> {
[INFO] [stdout]     |                                 --------------- within this `impl futures::Future`
[INFO] [stdout]     |
[INFO] [stdout]     = note: consider using `Box::pin`
[INFO] [stdout]     = note: required because it appears within the type `impl futures::Future`
[INFO] [stdout]     = note: required because it appears within the type `impl futures::Future`
[INFO] [stdout]     = note: required because of the requirements on the impl of `futures::Future` for `futures::future::Select<impl futures::Future, impl futures::Future>`
[INFO] [stdout] note: required by `futures::Future::poll`
[INFO] [stdout] 
[INFO] [stdout] 
[INFO] [stdout] error: aborting due to 2 previous errors
[INFO] [stdout] 
[INFO] [stdout] 
[INFO] [stdout] For more information about this error, try `rustc --explain E0277`.
[INFO] [stdout] 
[INFO] [stderr] error: could not compile `async_test` due to 3 previous errors
[INFO] [stderr] warning: build failed, waiting for other jobs to finish...
[INFO] [stdout] error: aborting due to 2 previous errors
[INFO] [stdout] 
[INFO] [stdout] 
[INFO] [stdout] For more information about this error, try `rustc --explain E0277`.
[INFO] [stdout] 
[INFO] [stderr] error: build failed
[INFO] running `Command { std: "docker" "inspect" "80e3611239ff3c62658c739821f317fd4eb353033092e11c8d898acefdf84183", kill_on_drop: false }`
[INFO] running `Command { std: "docker" "rm" "-f" "80e3611239ff3c62658c739821f317fd4eb353033092e11c8d898acefdf84183", kill_on_drop: false }`
[INFO] [stdout] 80e3611239ff3c62658c739821f317fd4eb353033092e11c8d898acefdf84183
