[INFO] cloning repository https://github.com/BlockCat/rust-sudoku-solver
[INFO] running `Command { std: "git" "-c" "credential.helper=" "-c" "credential.helper=/workspace/cargo-home/bin/git-credential-null" "clone" "--bare" "https://github.com/BlockCat/rust-sudoku-solver" "/workspace/cache/git-repos/https%3A%2F%2Fgithub.com%2FBlockCat%2Frust-sudoku-solver", kill_on_drop: false }`
[INFO] [stderr] Cloning into bare repository '/workspace/cache/git-repos/https%3A%2F%2Fgithub.com%2FBlockCat%2Frust-sudoku-solver'...
[INFO] running `Command { std: "git" "rev-parse" "HEAD", kill_on_drop: false }`
[INFO] [stdout] 90c18645184d65f96d6b5059f06876efaae0fab4
[INFO] checking BlockCat/rust-sudoku-solver against 1.55.0 for beta-1.56-3
[INFO] running `Command { std: "git" "clone" "/workspace/cache/git-repos/https%3A%2F%2Fgithub.com%2FBlockCat%2Frust-sudoku-solver" "/workspace/builds/worker-74/source", kill_on_drop: false }`
[INFO] [stderr] Cloning into '/workspace/builds/worker-74/source'...
[INFO] [stderr] done.
[INFO] validating manifest of git repo https://github.com/BlockCat/rust-sudoku-solver on toolchain 1.55.0
[INFO] running `Command { std: "/workspace/cargo-home/bin/cargo" "+1.55.0" "metadata" "--manifest-path" "Cargo.toml" "--no-deps", kill_on_drop: false }`
[INFO] started tweaking git repo https://github.com/BlockCat/rust-sudoku-solver
[INFO] finished tweaking git repo https://github.com/BlockCat/rust-sudoku-solver
[INFO] tweaked toml for git repo https://github.com/BlockCat/rust-sudoku-solver written to /workspace/builds/worker-74/source/Cargo.toml
[INFO] crate git repo https://github.com/BlockCat/rust-sudoku-solver already has a lockfile, it will not be regenerated
[INFO] running `Command { std: "/workspace/cargo-home/bin/cargo" "+1.55.0" "fetch" "--manifest-path" "Cargo.toml", kill_on_drop: false }`
[INFO] [stderr]     Blocking waiting for file lock on package cache
[INFO] [stderr]     Blocking waiting for file lock on package cache
[INFO] [stderr]  Downloading crates ...
[INFO] [stderr]   Downloaded z3 v0.3.2
[INFO] [stderr]   Downloaded stacker v0.1.5
[INFO] [stderr]   Downloaded z3-sys v0.4.0
[INFO] running `Command { std: "docker" "create" "-v" "/var/lib/crater-agent-workspace/builds/worker-74/target:/opt/rustwide/target:rw,Z" "-v" "/var/lib/crater-agent-workspace/builds/worker-74/source:/opt/rustwide/workdir:ro,Z" "-v" "/var/lib/crater-agent-workspace/cargo-home:/opt/rustwide/cargo-home:ro,Z" "-v" "/var/lib/crater-agent-workspace/rustup-home:/opt/rustwide/rustup-home:ro,Z" "-e" "SOURCE_DIR=/opt/rustwide/workdir" "-e" "CARGO_TARGET_DIR=/opt/rustwide/target" "-e" "CARGO_HOME=/opt/rustwide/cargo-home" "-e" "RUSTUP_HOME=/opt/rustwide/rustup-home" "-w" "/opt/rustwide/workdir" "-m" "1610612736" "--user" "0:0" "--network" "none" "ghcr.io/rust-lang/crates-build-env/linux@sha256:a89201d6b5b9fd45c15d5952ece0a0129e7e80cb26ec023fd59cf09bc26f1604" "/opt/rustwide/cargo-home/bin/cargo" "+1.55.0" "metadata" "--no-deps" "--format-version=1", kill_on_drop: false }`
[INFO] [stdout] ce8fff1109aa0118c61738c1af91d5e1effbd53c092266ee53325fbad34aa697
[INFO] running `Command { std: "docker" "start" "-a" "ce8fff1109aa0118c61738c1af91d5e1effbd53c092266ee53325fbad34aa697", kill_on_drop: false }`
[INFO] running `Command { std: "docker" "inspect" "ce8fff1109aa0118c61738c1af91d5e1effbd53c092266ee53325fbad34aa697", kill_on_drop: false }`
[INFO] running `Command { std: "docker" "rm" "-f" "ce8fff1109aa0118c61738c1af91d5e1effbd53c092266ee53325fbad34aa697", kill_on_drop: false }`
[INFO] [stdout] ce8fff1109aa0118c61738c1af91d5e1effbd53c092266ee53325fbad34aa697
[INFO] running `Command { std: "docker" "create" "-v" "/var/lib/crater-agent-workspace/builds/worker-74/target:/opt/rustwide/target:rw,Z" "-v" "/var/lib/crater-agent-workspace/builds/worker-74/source:/opt/rustwide/workdir:ro,Z" "-v" "/var/lib/crater-agent-workspace/cargo-home:/opt/rustwide/cargo-home:ro,Z" "-v" "/var/lib/crater-agent-workspace/rustup-home:/opt/rustwide/rustup-home:ro,Z" "-e" "SOURCE_DIR=/opt/rustwide/workdir" "-e" "CARGO_TARGET_DIR=/opt/rustwide/target" "-e" "CARGO_INCREMENTAL=0" "-e" "RUST_BACKTRACE=full" "-e" "RUSTFLAGS=--cap-lints=warn" "-e" "CARGO_HOME=/opt/rustwide/cargo-home" "-e" "RUSTUP_HOME=/opt/rustwide/rustup-home" "-w" "/opt/rustwide/workdir" "-m" "1610612736" "--user" "0:0" "--network" "none" "ghcr.io/rust-lang/crates-build-env/linux@sha256:a89201d6b5b9fd45c15d5952ece0a0129e7e80cb26ec023fd59cf09bc26f1604" "/opt/rustwide/cargo-home/bin/cargo" "+1.55.0" "check" "--frozen" "--all" "--all-targets" "--message-format=json", kill_on_drop: false }`
[INFO] [stdout] a2cf6d2e7600530f8a6d9a4c6fc9c4db2dd05bae6b2610488c06eba183f68be5
[INFO] running `Command { std: "docker" "start" "-a" "a2cf6d2e7600530f8a6d9a4c6fc9c4db2dd05bae6b2610488c06eba183f68be5", kill_on_drop: false }`
[INFO] [stderr]    Compiling cc v1.0.36
[INFO] [stderr]    Compiling libc v0.2.54
[INFO] [stderr]     Checking cfg-if v0.1.7
[INFO] [stderr]    Compiling stacker v0.1.5
[INFO] [stderr]     Checking sudokusolver v0.1.0 (/opt/rustwide/workdir)
[INFO] [stdout] error[E0554]: `#![feature]` may not be used on the stable release channel
[INFO] [stdout]  --> src/lib.rs:1:1
[INFO] [stdout]   |
[INFO] [stdout] 1 | #![feature(vec_remove_item)]
[INFO] [stdout]   | ^^^^^^^^^^^^^^^^^^^^^^^^^^^^
[INFO] [stdout] 
[INFO] [stdout] 
[INFO] [stdout] error[E0554]: `#![feature]` may not be used on the stable release channel
[INFO] [stdout]  --> src/lib.rs:1:1
[INFO] [stdout]   |
[INFO] [stdout] 1 | #![feature(vec_remove_item)]
[INFO] [stdout]   | ^^^^^^^^^^^^^^^^^^^^^^^^^^^^
[INFO] [stdout] 
[INFO] [stdout] 
[INFO] [stdout] error[E0599]: no method named `remove_item` found for struct `Vec<u8>` in the current scope
[INFO] [stdout]    --> src/lib.rs:123:28
[INFO] [stdout]     |
[INFO] [stdout] 123 |                     values.remove_item(&v);
[INFO] [stdout]     |                            ^^^^^^^^^^^ method not found in `Vec<u8>`
[INFO] [stdout] 
[INFO] [stdout] 
[INFO] [stdout] error: aborting due to 2 previous errors
[INFO] [stdout] 
[INFO] [stdout] 
[INFO] [stdout] Some errors have detailed explanations: E0554, E0599.
[INFO] [stdout] 
[INFO] [stdout] For more information about an error, try `rustc --explain E0554`.
[INFO] [stdout] 
[INFO] [stderr] error: could not compile `sudokusolver` due to 3 previous errors
[INFO] [stderr] warning: build failed, waiting for other jobs to finish...
[INFO] [stdout] error[E0599]: no method named `remove_item` found for struct `Vec<u8>` in the current scope
[INFO] [stdout]    --> src/lib.rs:123:28
[INFO] [stdout]     |
[INFO] [stdout] 123 |                     values.remove_item(&v);
[INFO] [stdout]     |                            ^^^^^^^^^^^ method not found in `Vec<u8>`
[INFO] [stdout] 
[INFO] [stdout] 
[INFO] [stdout] error: aborting due to 2 previous errors
[INFO] [stdout] 
[INFO] [stdout] 
[INFO] [stdout] Some errors have detailed explanations: E0554, E0599.
[INFO] [stdout] 
[INFO] [stdout] For more information about an error, try `rustc --explain E0554`.
[INFO] [stdout] 
[INFO] [stderr] error: build failed
[INFO] running `Command { std: "docker" "inspect" "a2cf6d2e7600530f8a6d9a4c6fc9c4db2dd05bae6b2610488c06eba183f68be5", kill_on_drop: false }`
[INFO] running `Command { std: "docker" "rm" "-f" "a2cf6d2e7600530f8a6d9a4c6fc9c4db2dd05bae6b2610488c06eba183f68be5", kill_on_drop: false }`
[INFO] [stdout] a2cf6d2e7600530f8a6d9a4c6fc9c4db2dd05bae6b2610488c06eba183f68be5
