[INFO] cloning repository https://github.com/BKitor/rs_simd_bm
[INFO] running `Command { std: "git" "-c" "credential.helper=" "-c" "credential.helper=/workspace/cargo-home/bin/git-credential-null" "clone" "--bare" "https://github.com/BKitor/rs_simd_bm" "/workspace/cache/git-repos/https%3A%2F%2Fgithub.com%2FBKitor%2Frs_simd_bm", kill_on_drop: false }`
[INFO] [stderr] Cloning into bare repository '/workspace/cache/git-repos/https%3A%2F%2Fgithub.com%2FBKitor%2Frs_simd_bm'...
[INFO] running `Command { std: "git" "rev-parse" "HEAD", kill_on_drop: false }`
[INFO] [stdout] 35b15d06dcb9721152c11fe25b5cb65b69a01168
[INFO] checking BKitor/rs_simd_bm against 1.55.0 for beta-1.56-3
[INFO] running `Command { std: "git" "clone" "/workspace/cache/git-repos/https%3A%2F%2Fgithub.com%2FBKitor%2Frs_simd_bm" "/workspace/builds/worker-1/source", kill_on_drop: false }`
[INFO] [stderr] Cloning into '/workspace/builds/worker-1/source'...
[INFO] [stderr] done.
[INFO] validating manifest of git repo https://github.com/BKitor/rs_simd_bm on toolchain 1.55.0
[INFO] running `Command { std: "/workspace/cargo-home/bin/cargo" "+1.55.0" "metadata" "--manifest-path" "Cargo.toml" "--no-deps", kill_on_drop: false }`
[INFO] removed /workspace/builds/worker-1/source/rust-toolchain.toml
[INFO] started tweaking git repo https://github.com/BKitor/rs_simd_bm
[INFO] finished tweaking git repo https://github.com/BKitor/rs_simd_bm
[INFO] tweaked toml for git repo https://github.com/BKitor/rs_simd_bm written to /workspace/builds/worker-1/source/Cargo.toml
[INFO] crate git repo https://github.com/BKitor/rs_simd_bm already has a lockfile, it will not be regenerated
[INFO] running `Command { std: "/workspace/cargo-home/bin/cargo" "+1.55.0" "fetch" "--manifest-path" "Cargo.toml", kill_on_drop: false }`
[INFO] [stderr]     Blocking waiting for file lock on package cache
[INFO] [stderr]  Downloading crates ...
[INFO] [stderr]   Downloaded array-macro v2.1.0
[INFO] [stderr]   Downloaded libc v0.2.102
[INFO] running `Command { std: "docker" "create" "-v" "/var/lib/crater-agent-workspace/builds/worker-1/target:/opt/rustwide/target:rw,Z" "-v" "/var/lib/crater-agent-workspace/builds/worker-1/source:/opt/rustwide/workdir:ro,Z" "-v" "/var/lib/crater-agent-workspace/cargo-home:/opt/rustwide/cargo-home:ro,Z" "-v" "/var/lib/crater-agent-workspace/rustup-home:/opt/rustwide/rustup-home:ro,Z" "-e" "SOURCE_DIR=/opt/rustwide/workdir" "-e" "CARGO_TARGET_DIR=/opt/rustwide/target" "-e" "CARGO_HOME=/opt/rustwide/cargo-home" "-e" "RUSTUP_HOME=/opt/rustwide/rustup-home" "-w" "/opt/rustwide/workdir" "-m" "1610612736" "--user" "0:0" "--network" "none" "ghcr.io/rust-lang/crates-build-env/linux@sha256:a89201d6b5b9fd45c15d5952ece0a0129e7e80cb26ec023fd59cf09bc26f1604" "/opt/rustwide/cargo-home/bin/cargo" "+1.55.0" "metadata" "--no-deps" "--format-version=1", kill_on_drop: false }`
[INFO] [stdout] 373667030fbbcf11b89577315da021ebf28b37fe0ca7204b405b4a672868ceba
[INFO] [stderr] WARNING: Your kernel does not support swap limit capabilities or the cgroup is not mounted. Memory limited without swap.
[INFO] running `Command { std: "docker" "start" "-a" "373667030fbbcf11b89577315da021ebf28b37fe0ca7204b405b4a672868ceba", kill_on_drop: false }`
[INFO] running `Command { std: "docker" "inspect" "373667030fbbcf11b89577315da021ebf28b37fe0ca7204b405b4a672868ceba", kill_on_drop: false }`
[INFO] running `Command { std: "docker" "rm" "-f" "373667030fbbcf11b89577315da021ebf28b37fe0ca7204b405b4a672868ceba", kill_on_drop: false }`
[INFO] [stdout] 373667030fbbcf11b89577315da021ebf28b37fe0ca7204b405b4a672868ceba
[INFO] running `Command { std: "docker" "create" "-v" "/var/lib/crater-agent-workspace/builds/worker-1/target:/opt/rustwide/target:rw,Z" "-v" "/var/lib/crater-agent-workspace/builds/worker-1/source:/opt/rustwide/workdir:ro,Z" "-v" "/var/lib/crater-agent-workspace/cargo-home:/opt/rustwide/cargo-home:ro,Z" "-v" "/var/lib/crater-agent-workspace/rustup-home:/opt/rustwide/rustup-home:ro,Z" "-e" "SOURCE_DIR=/opt/rustwide/workdir" "-e" "CARGO_TARGET_DIR=/opt/rustwide/target" "-e" "CARGO_INCREMENTAL=0" "-e" "RUST_BACKTRACE=full" "-e" "RUSTFLAGS=--cap-lints=warn" "-e" "CARGO_HOME=/opt/rustwide/cargo-home" "-e" "RUSTUP_HOME=/opt/rustwide/rustup-home" "-w" "/opt/rustwide/workdir" "-m" "1610612736" "--user" "0:0" "--network" "none" "ghcr.io/rust-lang/crates-build-env/linux@sha256:a89201d6b5b9fd45c15d5952ece0a0129e7e80cb26ec023fd59cf09bc26f1604" "/opt/rustwide/cargo-home/bin/cargo" "+1.55.0" "check" "--frozen" "--all" "--all-targets" "--message-format=json", kill_on_drop: false }`
[INFO] [stdout] 5d22238c53a74ba4c223fe1c1b32559f1273a18562b3ed13750e155b90c66d46
[INFO] [stderr] WARNING: Your kernel does not support swap limit capabilities or the cgroup is not mounted. Memory limited without swap.
[INFO] running `Command { std: "docker" "start" "-a" "5d22238c53a74ba4c223fe1c1b32559f1273a18562b3ed13750e155b90c66d46", kill_on_drop: false }`
[INFO] [stderr]     Checking core_simd v0.1.0 (https://github.com/rust-lang/portable-simd#c2f59483)
[INFO] [stderr]     Checking array-macro v2.1.0
[INFO] [stderr]     Checking clap v2.33.3
[INFO] [stdout] error: generic parameters may not be used in const operations
[INFO] [stdout]   --> /opt/rustwide/cargo-home/git/checkouts/portable-simd-311bd65e6952a0da/c2f5948/crates/core_simd/src/to_bytes.rs:6:47
[INFO] [stdout]    |
[INFO] [stdout] 6  |             crate::simd::LaneCount<{{ $size * LANES }}>: crate::simd::SupportedLaneCount,
[INFO] [stdout]    |                                               ^^^^^ cannot perform const operation using `LANES`
[INFO] [stdout] ...
[INFO] [stdout] 23 | impl_to_bytes! { u8, 1 }
[INFO] [stdout]    | ------------------------ in this macro invocation
[INFO] [stdout]    |
[INFO] [stdout]    = help: const parameters may only be used as standalone arguments, i.e. `LANES`
[INFO] [stdout]    = note: this error originates in the macro `impl_to_bytes` (in Nightly builds, run with -Z macro-backtrace for more info)
[INFO] [stdout] 
[INFO] [stdout] 
[INFO] [stdout] error: generic parameters may not be used in const operations
[INFO] [stdout]   --> /opt/rustwide/cargo-home/git/checkouts/portable-simd-311bd65e6952a0da/c2f5948/crates/core_simd/src/to_bytes.rs:10:74
[INFO] [stdout]    |
[INFO] [stdout] 10 |             pub fn to_ne_bytes(self) -> crate::simd::Simd<u8, {{ $size * LANES }}> {
[INFO] [stdout]    |                                                                          ^^^^^ cannot perform const operation using `LANES`
[INFO] [stdout] ...
[INFO] [stdout] 23 | impl_to_bytes! { u8, 1 }
[INFO] [stdout]    | ------------------------ in this macro invocation
[INFO] [stdout]    |
[INFO] [stdout]    = help: const parameters may only be used as standalone arguments, i.e. `LANES`
[INFO] [stdout]    = note: this error originates in the macro `impl_to_bytes` (in Nightly builds, run with -Z macro-backtrace for more info)
[INFO] [stdout] 
[INFO] [stdout] 
[INFO] [stdout] error: generic parameters may not be used in const operations
[INFO] [stdout]   --> /opt/rustwide/cargo-home/git/checkouts/portable-simd-311bd65e6952a0da/c2f5948/crates/core_simd/src/to_bytes.rs:16:74
[INFO] [stdout]    |
[INFO] [stdout] 16 |             pub fn from_ne_bytes(bytes: crate::simd::Simd<u8, {{ $size * LANES }}>) -> Self {
[INFO] [stdout]    |                                                                          ^^^^^ cannot perform const operation using `LANES`
[INFO] [stdout] ...
[INFO] [stdout] 23 | impl_to_bytes! { u8, 1 }
[INFO] [stdout]    | ------------------------ in this macro invocation
[INFO] [stdout]    |
[INFO] [stdout]    = help: const parameters may only be used as standalone arguments, i.e. `LANES`
[INFO] [stdout]    = note: this error originates in the macro `impl_to_bytes` (in Nightly builds, run with -Z macro-backtrace for more info)
[INFO] [stdout] 
[INFO] [stdout] 
[INFO] [stdout] error: generic parameters may not be used in const operations
[INFO] [stdout]   --> /opt/rustwide/cargo-home/git/checkouts/portable-simd-311bd65e6952a0da/c2f5948/crates/core_simd/src/to_bytes.rs:6:47
[INFO] [stdout]    |
[INFO] [stdout] 6  |             crate::simd::LaneCount<{{ $size * LANES }}>: crate::simd::SupportedLaneCount,
[INFO] [stdout]    |                                               ^^^^^ cannot perform const operation using `LANES`
[INFO] [stdout] ...
[INFO] [stdout] 24 | impl_to_bytes! { u16, 2 }
[INFO] [stdout]    | ------------------------- in this macro invocation
[INFO] [stdout]    |
[INFO] [stdout]    = help: const parameters may only be used as standalone arguments, i.e. `LANES`
[INFO] [stdout]    = note: this error originates in the macro `impl_to_bytes` (in Nightly builds, run with -Z macro-backtrace for more info)
[INFO] [stdout] 
[INFO] [stdout] 
[INFO] [stdout] error: generic parameters may not be used in const operations
[INFO] [stdout]   --> /opt/rustwide/cargo-home/git/checkouts/portable-simd-311bd65e6952a0da/c2f5948/crates/core_simd/src/to_bytes.rs:10:74
[INFO] [stdout]    |
[INFO] [stdout] 10 |             pub fn to_ne_bytes(self) -> crate::simd::Simd<u8, {{ $size * LANES }}> {
[INFO] [stdout]    |                                                                          ^^^^^ cannot perform const operation using `LANES`
[INFO] [stdout] ...
[INFO] [stdout] 24 | impl_to_bytes! { u16, 2 }
[INFO] [stdout]    | ------------------------- in this macro invocation
[INFO] [stdout]    |
[INFO] [stdout]    = help: const parameters may only be used as standalone arguments, i.e. `LANES`
[INFO] [stdout]    = note: this error originates in the macro `impl_to_bytes` (in Nightly builds, run with -Z macro-backtrace for more info)
[INFO] [stdout] 
[INFO] [stdout] 
[INFO] [stdout] error: generic parameters may not be used in const operations
[INFO] [stdout]   --> /opt/rustwide/cargo-home/git/checkouts/portable-simd-311bd65e6952a0da/c2f5948/crates/core_simd/src/to_bytes.rs:16:74
[INFO] [stdout]    |
[INFO] [stdout] 16 |             pub fn from_ne_bytes(bytes: crate::simd::Simd<u8, {{ $size * LANES }}>) -> Self {
[INFO] [stdout]    |                                                                          ^^^^^ cannot perform const operation using `LANES`
[INFO] [stdout] ...
[INFO] [stdout] 24 | impl_to_bytes! { u16, 2 }
[INFO] [stdout]    | ------------------------- in this macro invocation
[INFO] [stdout]    |
[INFO] [stdout]    = help: const parameters may only be used as standalone arguments, i.e. `LANES`
[INFO] [stdout]    = note: this error originates in the macro `impl_to_bytes` (in Nightly builds, run with -Z macro-backtrace for more info)
[INFO] [stdout] 
[INFO] [stdout] 
[INFO] [stdout] error: generic parameters may not be used in const operations
[INFO] [stdout]   --> /opt/rustwide/cargo-home/git/checkouts/portable-simd-311bd65e6952a0da/c2f5948/crates/core_simd/src/to_bytes.rs:6:47
[INFO] [stdout]    |
[INFO] [stdout] 6  |             crate::simd::LaneCount<{{ $size * LANES }}>: crate::simd::SupportedLaneCount,
[INFO] [stdout]    |                                               ^^^^^ cannot perform const operation using `LANES`
[INFO] [stdout] ...
[INFO] [stdout] 25 | impl_to_bytes! { u32, 4 }
[INFO] [stdout]    | ------------------------- in this macro invocation
[INFO] [stdout]    |
[INFO] [stdout]    = help: const parameters may only be used as standalone arguments, i.e. `LANES`
[INFO] [stdout]    = note: this error originates in the macro `impl_to_bytes` (in Nightly builds, run with -Z macro-backtrace for more info)
[INFO] [stdout] 
[INFO] [stdout] 
[INFO] [stdout] error: generic parameters may not be used in const operations
[INFO] [stdout]   --> /opt/rustwide/cargo-home/git/checkouts/portable-simd-311bd65e6952a0da/c2f5948/crates/core_simd/src/to_bytes.rs:10:74
[INFO] [stdout]    |
[INFO] [stdout] 10 |             pub fn to_ne_bytes(self) -> crate::simd::Simd<u8, {{ $size * LANES }}> {
[INFO] [stdout]    |                                                                          ^^^^^ cannot perform const operation using `LANES`
[INFO] [stdout] ...
[INFO] [stdout] 25 | impl_to_bytes! { u32, 4 }
[INFO] [stdout]    | ------------------------- in this macro invocation
[INFO] [stdout]    |
[INFO] [stdout]    = help: const parameters may only be used as standalone arguments, i.e. `LANES`
[INFO] [stdout]    = note: this error originates in the macro `impl_to_bytes` (in Nightly builds, run with -Z macro-backtrace for more info)
[INFO] [stdout] 
[INFO] [stdout] 
[INFO] [stdout] error: generic parameters may not be used in const operations
[INFO] [stdout]   --> /opt/rustwide/cargo-home/git/checkouts/portable-simd-311bd65e6952a0da/c2f5948/crates/core_simd/src/to_bytes.rs:16:74
[INFO] [stdout]    |
[INFO] [stdout] 16 |             pub fn from_ne_bytes(bytes: crate::simd::Simd<u8, {{ $size * LANES }}>) -> Self {
[INFO] [stdout]    |                                                                          ^^^^^ cannot perform const operation using `LANES`
[INFO] [stdout] ...
[INFO] [stdout] 25 | impl_to_bytes! { u32, 4 }
[INFO] [stdout]    | ------------------------- in this macro invocation
[INFO] [stdout]    |
[INFO] [stdout]    = help: const parameters may only be used as standalone arguments, i.e. `LANES`
[INFO] [stdout]    = note: this error originates in the macro `impl_to_bytes` (in Nightly builds, run with -Z macro-backtrace for more info)
[INFO] [stdout] 
[INFO] [stdout] 
[INFO] [stdout] error: generic parameters may not be used in const operations
[INFO] [stdout]   --> /opt/rustwide/cargo-home/git/checkouts/portable-simd-311bd65e6952a0da/c2f5948/crates/core_simd/src/to_bytes.rs:6:47
[INFO] [stdout]    |
[INFO] [stdout] 6  |             crate::simd::LaneCount<{{ $size * LANES }}>: crate::simd::SupportedLaneCount,
[INFO] [stdout]    |                                               ^^^^^ cannot perform const operation using `LANES`
[INFO] [stdout] ...
[INFO] [stdout] 26 | impl_to_bytes! { u64, 8 }
[INFO] [stdout]    | ------------------------- in this macro invocation
[INFO] [stdout]    |
[INFO] [stdout]    = help: const parameters may only be used as standalone arguments, i.e. `LANES`
[INFO] [stdout]    = note: this error originates in the macro `impl_to_bytes` (in Nightly builds, run with -Z macro-backtrace for more info)
[INFO] [stdout] 
[INFO] [stdout] 
[INFO] [stdout] error: generic parameters may not be used in const operations
[INFO] [stdout]   --> /opt/rustwide/cargo-home/git/checkouts/portable-simd-311bd65e6952a0da/c2f5948/crates/core_simd/src/to_bytes.rs:10:74
[INFO] [stdout]    |
[INFO] [stdout] 10 |             pub fn to_ne_bytes(self) -> crate::simd::Simd<u8, {{ $size * LANES }}> {
[INFO] [stdout]    |                                                                          ^^^^^ cannot perform const operation using `LANES`
[INFO] [stdout] ...
[INFO] [stdout] 26 | impl_to_bytes! { u64, 8 }
[INFO] [stdout]    | ------------------------- in this macro invocation
[INFO] [stdout]    |
[INFO] [stdout]    = help: const parameters may only be used as standalone arguments, i.e. `LANES`
[INFO] [stdout]    = note: this error originates in the macro `impl_to_bytes` (in Nightly builds, run with -Z macro-backtrace for more info)
[INFO] [stdout] 
[INFO] [stdout] 
[INFO] [stdout] error: generic parameters may not be used in const operations
[INFO] [stdout]   --> /opt/rustwide/cargo-home/git/checkouts/portable-simd-311bd65e6952a0da/c2f5948/crates/core_simd/src/to_bytes.rs:16:74
[INFO] [stdout]    |
[INFO] [stdout] 16 |             pub fn from_ne_bytes(bytes: crate::simd::Simd<u8, {{ $size * LANES }}>) -> Self {
[INFO] [stdout]    |                                                                          ^^^^^ cannot perform const operation using `LANES`
[INFO] [stdout] ...
[INFO] [stdout] 26 | impl_to_bytes! { u64, 8 }
[INFO] [stdout]    | ------------------------- in this macro invocation
[INFO] [stdout]    |
[INFO] [stdout]    = help: const parameters may only be used as standalone arguments, i.e. `LANES`
[INFO] [stdout]    = note: this error originates in the macro `impl_to_bytes` (in Nightly builds, run with -Z macro-backtrace for more info)
[INFO] [stdout] 
[INFO] [stdout] 
[INFO] [stdout] error: generic parameters may not be used in const operations
[INFO] [stdout]   --> /opt/rustwide/cargo-home/git/checkouts/portable-simd-311bd65e6952a0da/c2f5948/crates/core_simd/src/to_bytes.rs:6:47
[INFO] [stdout]    |
[INFO] [stdout] 6  |             crate::simd::LaneCount<{{ $size * LANES }}>: crate::simd::SupportedLaneCount,
[INFO] [stdout]    |                                               ^^^^^ cannot perform const operation using `LANES`
[INFO] [stdout] ...
[INFO] [stdout] 30 | impl_to_bytes! { usize, 8 }
[INFO] [stdout]    | --------------------------- in this macro invocation
[INFO] [stdout]    |
[INFO] [stdout]    = help: const parameters may only be used as standalone arguments, i.e. `LANES`
[INFO] [stdout]    = note: this error originates in the macro `impl_to_bytes` (in Nightly builds, run with -Z macro-backtrace for more info)
[INFO] [stdout] 
[INFO] [stdout] 
[INFO] [stdout] error: generic parameters may not be used in const operations
[INFO] [stdout]   --> /opt/rustwide/cargo-home/git/checkouts/portable-simd-311bd65e6952a0da/c2f5948/crates/core_simd/src/to_bytes.rs:10:74
[INFO] [stdout]    |
[INFO] [stdout] 10 |             pub fn to_ne_bytes(self) -> crate::simd::Simd<u8, {{ $size * LANES }}> {
[INFO] [stdout]    |                                                                          ^^^^^ cannot perform const operation using `LANES`
[INFO] [stdout] ...
[INFO] [stdout] 30 | impl_to_bytes! { usize, 8 }
[INFO] [stdout]    | --------------------------- in this macro invocation
[INFO] [stdout]    |
[INFO] [stdout]    = help: const parameters may only be used as standalone arguments, i.e. `LANES`
[INFO] [stdout]    = note: this error originates in the macro `impl_to_bytes` (in Nightly builds, run with -Z macro-backtrace for more info)
[INFO] [stdout] 
[INFO] [stdout] 
[INFO] [stdout] error: generic parameters may not be used in const operations
[INFO] [stdout]   --> /opt/rustwide/cargo-home/git/checkouts/portable-simd-311bd65e6952a0da/c2f5948/crates/core_simd/src/to_bytes.rs:16:74
[INFO] [stdout]    |
[INFO] [stdout] 16 |             pub fn from_ne_bytes(bytes: crate::simd::Simd<u8, {{ $size * LANES }}>) -> Self {
[INFO] [stdout]    |                                                                          ^^^^^ cannot perform const operation using `LANES`
[INFO] [stdout] ...
[INFO] [stdout] 30 | impl_to_bytes! { usize, 8 }
[INFO] [stdout]    | --------------------------- in this macro invocation
[INFO] [stdout]    |
[INFO] [stdout]    = help: const parameters may only be used as standalone arguments, i.e. `LANES`
[INFO] [stdout]    = note: this error originates in the macro `impl_to_bytes` (in Nightly builds, run with -Z macro-backtrace for more info)
[INFO] [stdout] 
[INFO] [stdout] 
[INFO] [stdout] error: generic parameters may not be used in const operations
[INFO] [stdout]   --> /opt/rustwide/cargo-home/git/checkouts/portable-simd-311bd65e6952a0da/c2f5948/crates/core_simd/src/to_bytes.rs:6:47
[INFO] [stdout]    |
[INFO] [stdout] 6  |             crate::simd::LaneCount<{{ $size * LANES }}>: crate::simd::SupportedLaneCount,
[INFO] [stdout]    |                                               ^^^^^ cannot perform const operation using `LANES`
[INFO] [stdout] ...
[INFO] [stdout] 32 | impl_to_bytes! { i8, 1 }
[INFO] [stdout]    | ------------------------ in this macro invocation
[INFO] [stdout]    |
[INFO] [stdout]    = help: const parameters may only be used as standalone arguments, i.e. `LANES`
[INFO] [stdout]    = note: this error originates in the macro `impl_to_bytes` (in Nightly builds, run with -Z macro-backtrace for more info)
[INFO] [stdout] 
[INFO] [stdout] 
[INFO] [stdout] error: generic parameters may not be used in const operations
[INFO] [stdout]   --> /opt/rustwide/cargo-home/git/checkouts/portable-simd-311bd65e6952a0da/c2f5948/crates/core_simd/src/to_bytes.rs:10:74
[INFO] [stdout]    |
[INFO] [stdout] 10 |             pub fn to_ne_bytes(self) -> crate::simd::Simd<u8, {{ $size * LANES }}> {
[INFO] [stdout]    |                                                                          ^^^^^ cannot perform const operation using `LANES`
[INFO] [stdout] ...
[INFO] [stdout] 32 | impl_to_bytes! { i8, 1 }
[INFO] [stdout]    | ------------------------ in this macro invocation
[INFO] [stdout]    |
[INFO] [stdout]    = help: const parameters may only be used as standalone arguments, i.e. `LANES`
[INFO] [stdout]    = note: this error originates in the macro `impl_to_bytes` (in Nightly builds, run with -Z macro-backtrace for more info)
[INFO] [stdout] 
[INFO] [stdout] 
[INFO] [stdout] error: generic parameters may not be used in const operations
[INFO] [stdout]   --> /opt/rustwide/cargo-home/git/checkouts/portable-simd-311bd65e6952a0da/c2f5948/crates/core_simd/src/to_bytes.rs:16:74
[INFO] [stdout]    |
[INFO] [stdout] 16 |             pub fn from_ne_bytes(bytes: crate::simd::Simd<u8, {{ $size * LANES }}>) -> Self {
[INFO] [stdout]    |                                                                          ^^^^^ cannot perform const operation using `LANES`
[INFO] [stdout] ...
[INFO] [stdout] 32 | impl_to_bytes! { i8, 1 }
[INFO] [stdout]    | ------------------------ in this macro invocation
[INFO] [stdout]    |
[INFO] [stdout]    = help: const parameters may only be used as standalone arguments, i.e. `LANES`
[INFO] [stdout]    = note: this error originates in the macro `impl_to_bytes` (in Nightly builds, run with -Z macro-backtrace for more info)
[INFO] [stdout] 
[INFO] [stdout] 
[INFO] [stdout] error: generic parameters may not be used in const operations
[INFO] [stdout]   --> /opt/rustwide/cargo-home/git/checkouts/portable-simd-311bd65e6952a0da/c2f5948/crates/core_simd/src/to_bytes.rs:6:47
[INFO] [stdout]    |
[INFO] [stdout] 6  |             crate::simd::LaneCount<{{ $size * LANES }}>: crate::simd::SupportedLaneCount,
[INFO] [stdout]    |                                               ^^^^^ cannot perform const operation using `LANES`
[INFO] [stdout] ...
[INFO] [stdout] 33 | impl_to_bytes! { i16, 2 }
[INFO] [stdout]    | ------------------------- in this macro invocation
[INFO] [stdout]    |
[INFO] [stdout]    = help: const parameters may only be used as standalone arguments, i.e. `LANES`
[INFO] [stdout]    = note: this error originates in the macro `impl_to_bytes` (in Nightly builds, run with -Z macro-backtrace for more info)
[INFO] [stdout] 
[INFO] [stdout] 
[INFO] [stdout] error: generic parameters may not be used in const operations
[INFO] [stdout]   --> /opt/rustwide/cargo-home/git/checkouts/portable-simd-311bd65e6952a0da/c2f5948/crates/core_simd/src/to_bytes.rs:10:74
[INFO] [stdout]    |
[INFO] [stdout] 10 |             pub fn to_ne_bytes(self) -> crate::simd::Simd<u8, {{ $size * LANES }}> {
[INFO] [stdout]    |                                                                          ^^^^^ cannot perform const operation using `LANES`
[INFO] [stdout] ...
[INFO] [stdout] 33 | impl_to_bytes! { i16, 2 }
[INFO] [stdout]    | ------------------------- in this macro invocation
[INFO] [stdout]    |
[INFO] [stdout]    = help: const parameters may only be used as standalone arguments, i.e. `LANES`
[INFO] [stdout]    = note: this error originates in the macro `impl_to_bytes` (in Nightly builds, run with -Z macro-backtrace for more info)
[INFO] [stdout] 
[INFO] [stdout] 
[INFO] [stdout] error: generic parameters may not be used in const operations
[INFO] [stdout]   --> /opt/rustwide/cargo-home/git/checkouts/portable-simd-311bd65e6952a0da/c2f5948/crates/core_simd/src/to_bytes.rs:16:74
[INFO] [stdout]    |
[INFO] [stdout] 16 |             pub fn from_ne_bytes(bytes: crate::simd::Simd<u8, {{ $size * LANES }}>) -> Self {
[INFO] [stdout]    |                                                                          ^^^^^ cannot perform const operation using `LANES`
[INFO] [stdout] ...
[INFO] [stdout] 33 | impl_to_bytes! { i16, 2 }
[INFO] [stdout]    | ------------------------- in this macro invocation
[INFO] [stdout]    |
[INFO] [stdout]    = help: const parameters may only be used as standalone arguments, i.e. `LANES`
[INFO] [stdout]    = note: this error originates in the macro `impl_to_bytes` (in Nightly builds, run with -Z macro-backtrace for more info)
[INFO] [stdout] 
[INFO] [stdout] 
[INFO] [stdout] error: generic parameters may not be used in const operations
[INFO] [stdout]   --> /opt/rustwide/cargo-home/git/checkouts/portable-simd-311bd65e6952a0da/c2f5948/crates/core_simd/src/to_bytes.rs:6:47
[INFO] [stdout]    |
[INFO] [stdout] 6  |             crate::simd::LaneCount<{{ $size * LANES }}>: crate::simd::SupportedLaneCount,
[INFO] [stdout]    |                                               ^^^^^ cannot perform const operation using `LANES`
[INFO] [stdout] ...
[INFO] [stdout] 34 | impl_to_bytes! { i32, 4 }
[INFO] [stdout]    | ------------------------- in this macro invocation
[INFO] [stdout]    |
[INFO] [stdout]    = help: const parameters may only be used as standalone arguments, i.e. `LANES`
[INFO] [stdout]    = note: this error originates in the macro `impl_to_bytes` (in Nightly builds, run with -Z macro-backtrace for more info)
[INFO] [stdout] 
[INFO] [stdout] 
[INFO] [stdout] error: generic parameters may not be used in const operations
[INFO] [stdout]   --> /opt/rustwide/cargo-home/git/checkouts/portable-simd-311bd65e6952a0da/c2f5948/crates/core_simd/src/to_bytes.rs:10:74
[INFO] [stdout]    |
[INFO] [stdout] 10 |             pub fn to_ne_bytes(self) -> crate::simd::Simd<u8, {{ $size * LANES }}> {
[INFO] [stdout]    |                                                                          ^^^^^ cannot perform const operation using `LANES`
[INFO] [stdout] ...
[INFO] [stdout] 34 | impl_to_bytes! { i32, 4 }
[INFO] [stdout]    | ------------------------- in this macro invocation
[INFO] [stdout]    |
[INFO] [stdout]    = help: const parameters may only be used as standalone arguments, i.e. `LANES`
[INFO] [stdout]    = note: this error originates in the macro `impl_to_bytes` (in Nightly builds, run with -Z macro-backtrace for more info)
[INFO] [stdout] 
[INFO] [stdout] 
[INFO] [stdout] error: generic parameters may not be used in const operations
[INFO] [stdout]   --> /opt/rustwide/cargo-home/git/checkouts/portable-simd-311bd65e6952a0da/c2f5948/crates/core_simd/src/to_bytes.rs:16:74
[INFO] [stdout]    |
[INFO] [stdout] 16 |             pub fn from_ne_bytes(bytes: crate::simd::Simd<u8, {{ $size * LANES }}>) -> Self {
[INFO] [stdout]    |                                                                          ^^^^^ cannot perform const operation using `LANES`
[INFO] [stdout] ...
[INFO] [stdout] 34 | impl_to_bytes! { i32, 4 }
[INFO] [stdout]    | ------------------------- in this macro invocation
[INFO] [stdout]    |
[INFO] [stdout]    = help: const parameters may only be used as standalone arguments, i.e. `LANES`
[INFO] [stdout]    = note: this error originates in the macro `impl_to_bytes` (in Nightly builds, run with -Z macro-backtrace for more info)
[INFO] [stdout] 
[INFO] [stdout] 
[INFO] [stdout] error: generic parameters may not be used in const operations
[INFO] [stdout]   --> /opt/rustwide/cargo-home/git/checkouts/portable-simd-311bd65e6952a0da/c2f5948/crates/core_simd/src/to_bytes.rs:6:47
[INFO] [stdout]    |
[INFO] [stdout] 6  |             crate::simd::LaneCount<{{ $size * LANES }}>: crate::simd::SupportedLaneCount,
[INFO] [stdout]    |                                               ^^^^^ cannot perform const operation using `LANES`
[INFO] [stdout] ...
[INFO] [stdout] 35 | impl_to_bytes! { i64, 8 }
[INFO] [stdout]    | ------------------------- in this macro invocation
[INFO] [stdout]    |
[INFO] [stdout]    = help: const parameters may only be used as standalone arguments, i.e. `LANES`
[INFO] [stdout]    = note: this error originates in the macro `impl_to_bytes` (in Nightly builds, run with -Z macro-backtrace for more info)
[INFO] [stdout] 
[INFO] [stdout] 
[INFO] [stdout] error: generic parameters may not be used in const operations
[INFO] [stdout]   --> /opt/rustwide/cargo-home/git/checkouts/portable-simd-311bd65e6952a0da/c2f5948/crates/core_simd/src/to_bytes.rs:10:74
[INFO] [stdout]    |
[INFO] [stdout] 10 |             pub fn to_ne_bytes(self) -> crate::simd::Simd<u8, {{ $size * LANES }}> {
[INFO] [stdout]    |                                                                          ^^^^^ cannot perform const operation using `LANES`
[INFO] [stdout] ...
[INFO] [stdout] 35 | impl_to_bytes! { i64, 8 }
[INFO] [stdout]    | ------------------------- in this macro invocation
[INFO] [stdout]    |
[INFO] [stdout]    = help: const parameters may only be used as standalone arguments, i.e. `LANES`
[INFO] [stdout]    = note: this error originates in the macro `impl_to_bytes` (in Nightly builds, run with -Z macro-backtrace for more info)
[INFO] [stdout] 
[INFO] [stdout] 
[INFO] [stdout] error: generic parameters may not be used in const operations
[INFO] [stdout]   --> /opt/rustwide/cargo-home/git/checkouts/portable-simd-311bd65e6952a0da/c2f5948/crates/core_simd/src/to_bytes.rs:16:74
[INFO] [stdout]    |
[INFO] [stdout] 16 |             pub fn from_ne_bytes(bytes: crate::simd::Simd<u8, {{ $size * LANES }}>) -> Self {
[INFO] [stdout]    |                                                                          ^^^^^ cannot perform const operation using `LANES`
[INFO] [stdout] ...
[INFO] [stdout] 35 | impl_to_bytes! { i64, 8 }
[INFO] [stdout]    | ------------------------- in this macro invocation
[INFO] [stdout]    |
[INFO] [stdout]    = help: const parameters may only be used as standalone arguments, i.e. `LANES`
[INFO] [stdout]    = note: this error originates in the macro `impl_to_bytes` (in Nightly builds, run with -Z macro-backtrace for more info)
[INFO] [stdout] 
[INFO] [stdout] 
[INFO] [stdout] error: generic parameters may not be used in const operations
[INFO] [stdout]   --> /opt/rustwide/cargo-home/git/checkouts/portable-simd-311bd65e6952a0da/c2f5948/crates/core_simd/src/to_bytes.rs:6:47
[INFO] [stdout]    |
[INFO] [stdout] 6  |             crate::simd::LaneCount<{{ $size * LANES }}>: crate::simd::SupportedLaneCount,
[INFO] [stdout]    |                                               ^^^^^ cannot perform const operation using `LANES`
[INFO] [stdout] ...
[INFO] [stdout] 39 | impl_to_bytes! { isize, 8 }
[INFO] [stdout]    | --------------------------- in this macro invocation
[INFO] [stdout]    |
[INFO] [stdout]    = help: const parameters may only be used as standalone arguments, i.e. `LANES`
[INFO] [stdout]    = note: this error originates in the macro `impl_to_bytes` (in Nightly builds, run with -Z macro-backtrace for more info)
[INFO] [stdout] 
[INFO] [stdout] 
[INFO] [stdout] error: generic parameters may not be used in const operations
[INFO] [stdout]   --> /opt/rustwide/cargo-home/git/checkouts/portable-simd-311bd65e6952a0da/c2f5948/crates/core_simd/src/to_bytes.rs:10:74
[INFO] [stdout]    |
[INFO] [stdout] 10 |             pub fn to_ne_bytes(self) -> crate::simd::Simd<u8, {{ $size * LANES }}> {
[INFO] [stdout]    |                                                                          ^^^^^ cannot perform const operation using `LANES`
[INFO] [stdout] ...
[INFO] [stdout] 39 | impl_to_bytes! { isize, 8 }
[INFO] [stdout]    | --------------------------- in this macro invocation
[INFO] [stdout]    |
[INFO] [stdout]    = help: const parameters may only be used as standalone arguments, i.e. `LANES`
[INFO] [stdout]    = note: this error originates in the macro `impl_to_bytes` (in Nightly builds, run with -Z macro-backtrace for more info)
[INFO] [stdout] 
[INFO] [stdout] 
[INFO] [stdout] error: generic parameters may not be used in const operations
[INFO] [stdout]   --> /opt/rustwide/cargo-home/git/checkouts/portable-simd-311bd65e6952a0da/c2f5948/crates/core_simd/src/to_bytes.rs:16:74
[INFO] [stdout]    |
[INFO] [stdout] 16 |             pub fn from_ne_bytes(bytes: crate::simd::Simd<u8, {{ $size * LANES }}>) -> Self {
[INFO] [stdout]    |                                                                          ^^^^^ cannot perform const operation using `LANES`
[INFO] [stdout] ...
[INFO] [stdout] 39 | impl_to_bytes! { isize, 8 }
[INFO] [stdout]    | --------------------------- in this macro invocation
[INFO] [stdout]    |
[INFO] [stdout]    = help: const parameters may only be used as standalone arguments, i.e. `LANES`
[INFO] [stdout]    = note: this error originates in the macro `impl_to_bytes` (in Nightly builds, run with -Z macro-backtrace for more info)
[INFO] [stdout] 
[INFO] [stdout] 
[INFO] [stdout] error: generic parameters may not be used in const operations
[INFO] [stdout]    --> /opt/rustwide/cargo-home/git/checkouts/portable-simd-311bd65e6952a0da/c2f5948/crates/core_simd/src/masks/full_masks.rs:107:49
[INFO] [stdout]     |
[INFO] [stdout] 107 |     pub fn to_bitmask(self) -> [u8; LaneCount::<LANES>::BITMASK_LEN] {
[INFO] [stdout]     |                                                 ^^^^^ cannot perform const operation using `LANES`
[INFO] [stdout]     |
[INFO] [stdout]     = help: const parameters may only be used as standalone arguments, i.e. `LANES`
[INFO] [stdout] 
[INFO] [stdout] 
[INFO] [stdout] error: generic parameters may not be used in const operations
[INFO] [stdout]    --> /opt/rustwide/cargo-home/git/checkouts/portable-simd-311bd65e6952a0da/c2f5948/crates/core_simd/src/masks/full_masks.rs:116:47
[INFO] [stdout]     |
[INFO] [stdout] 116 |             let mut bitmask: [u8; LaneCount::<LANES>::BITMASK_LEN] =
[INFO] [stdout]     |                                               ^^^^^ cannot perform const operation using `LANES`
[INFO] [stdout]     |
[INFO] [stdout]     = help: const parameters may only be used as standalone arguments, i.e. `LANES`
[INFO] [stdout] 
[INFO] [stdout] 
[INFO] [stdout] error: generic parameters may not be used in const operations
[INFO] [stdout]    --> /opt/rustwide/cargo-home/git/checkouts/portable-simd-311bd65e6952a0da/c2f5948/crates/core_simd/src/masks/full_masks.rs:134:55
[INFO] [stdout]     |
[INFO] [stdout] 134 |     pub fn from_bitmask(mut bitmask: [u8; LaneCount::<LANES>::BITMASK_LEN]) -> Self {
[INFO] [stdout]     |                                                       ^^^^^ cannot perform const operation using `LANES`
[INFO] [stdout]     |
[INFO] [stdout]     = help: const parameters may only be used as standalone arguments, i.e. `LANES`
[INFO] [stdout] 
[INFO] [stdout] 
[INFO] [stdout] error: generic parameters may not be used in const operations
[INFO] [stdout]    --> /opt/rustwide/cargo-home/git/checkouts/portable-simd-311bd65e6952a0da/c2f5948/crates/core_simd/src/masks.rs:184:49
[INFO] [stdout]     |
[INFO] [stdout] 184 |     pub fn to_bitmask(self) -> [u8; LaneCount::<LANES>::BITMASK_LEN] {
[INFO] [stdout]     |                                                 ^^^^^ cannot perform const operation using `LANES`
[INFO] [stdout]     |
[INFO] [stdout]     = help: const parameters may only be used as standalone arguments, i.e. `LANES`
[INFO] [stdout] 
[INFO] [stdout] 
[INFO] [stdout] error: generic parameters may not be used in const operations
[INFO] [stdout]    --> /opt/rustwide/cargo-home/git/checkouts/portable-simd-311bd65e6952a0da/c2f5948/crates/core_simd/src/masks.rs:190:51
[INFO] [stdout]     |
[INFO] [stdout] 190 |     pub fn from_bitmask(bitmask: [u8; LaneCount::<LANES>::BITMASK_LEN]) -> Self {
[INFO] [stdout]     |                                                   ^^^^^ cannot perform const operation using `LANES`
[INFO] [stdout]     |
[INFO] [stdout]     = help: const parameters may only be used as standalone arguments, i.e. `LANES`
[INFO] [stdout] 
[INFO] [stdout] 
[INFO] [stdout] error[E0554]: `#![feature]` may not be used on the stable release channel
[INFO] [stdout]   --> /opt/rustwide/cargo-home/git/checkouts/portable-simd-311bd65e6952a0da/c2f5948/crates/core_simd/src/lib.rs:3:1
[INFO] [stdout]    |
[INFO] [stdout] 3  | / #![feature(
[INFO] [stdout] 4  | |     adt_const_params,
[INFO] [stdout] 5  | |     const_fn_trait_bound,
[INFO] [stdout] 6  | |     platform_intrinsics,
[INFO] [stdout] ...  |
[INFO] [stdout] 10 | |     stdsimd
[INFO] [stdout] 11 | | )]
[INFO] [stdout]    | |__^
[INFO] [stdout] 
[INFO] [stdout] 
[INFO] [stdout] error[E0554]: `#![feature]` may not be used on the stable release channel
[INFO] [stdout]   --> /opt/rustwide/cargo-home/git/checkouts/portable-simd-311bd65e6952a0da/c2f5948/crates/core_simd/src/lib.rs:12:46
[INFO] [stdout]    |
[INFO] [stdout] 12 | #![cfg_attr(feature = "generic_const_exprs", feature(generic_const_exprs))]
[INFO] [stdout]    |                                              ^^^^^^^^^^^^^^^^^^^^^^^^^^^^
[INFO] [stdout] 
[INFO] [stdout] 
[INFO] [stdout] error[E0283]: type annotations needed
[INFO] [stdout]   --> /opt/rustwide/cargo-home/git/checkouts/portable-simd-311bd65e6952a0da/c2f5948/crates/core_simd/src/to_bytes.rs:5:44
[INFO] [stdout]    |
[INFO] [stdout] 5  |             crate::simd::LaneCount<LANES>: crate::simd::SupportedLaneCount,
[INFO] [stdout]    |                                            ^^^^^^^^^^^^^^^^^^^^^^^^^^^^^^^ cannot infer type for struct `LaneCount<LANES>`
[INFO] [stdout] ...
[INFO] [stdout] 23 | impl_to_bytes! { u8, 1 }
[INFO] [stdout]    | ------------------------ in this macro invocation
[INFO] [stdout]    | 
[INFO] [stdout]   ::: /opt/rustwide/cargo-home/git/checkouts/portable-simd-311bd65e6952a0da/c2f5948/crates/core_simd/src/lane_count.rs:15:1
[INFO] [stdout]    |
[INFO] [stdout] 15 | pub trait SupportedLaneCount: Sealed {
[INFO] [stdout]    | ------------------------------------ required by this bound in `SupportedLaneCount`
[INFO] [stdout]    |
[INFO] [stdout]    = note: cannot satisfy `LaneCount<LANES>: SupportedLaneCount`
[INFO] [stdout]    = note: this error originates in the macro `impl_to_bytes` (in Nightly builds, run with -Z macro-backtrace for more info)
[INFO] [stdout] 
[INFO] [stdout] 
[INFO] [stdout] error[E0283]: type annotations needed
[INFO] [stdout]   --> /opt/rustwide/cargo-home/git/checkouts/portable-simd-311bd65e6952a0da/c2f5948/crates/core_simd/src/to_bytes.rs:5:44
[INFO] [stdout]    |
[INFO] [stdout] 5  |             crate::simd::LaneCount<LANES>: crate::simd::SupportedLaneCount,
[INFO] [stdout]    |                                            ^^^^^^^^^^^^^^^^^^^^^^^^^^^^^^^ cannot infer type for struct `LaneCount<LANES>`
[INFO] [stdout] ...
[INFO] [stdout] 24 | impl_to_bytes! { u16, 2 }
[INFO] [stdout]    | ------------------------- in this macro invocation
[INFO] [stdout]    | 
[INFO] [stdout]   ::: /opt/rustwide/cargo-home/git/checkouts/portable-simd-311bd65e6952a0da/c2f5948/crates/core_simd/src/lane_count.rs:15:1
[INFO] [stdout]    |
[INFO] [stdout] 15 | pub trait SupportedLaneCount: Sealed {
[INFO] [stdout]    | ------------------------------------ required by this bound in `SupportedLaneCount`
[INFO] [stdout]    |
[INFO] [stdout]    = note: cannot satisfy `LaneCount<LANES>: SupportedLaneCount`
[INFO] [stdout]    = note: this error originates in the macro `impl_to_bytes` (in Nightly builds, run with -Z macro-backtrace for more info)
[INFO] [stdout] 
[INFO] [stdout] 
[INFO] [stdout] error[E0283]: type annotations needed
[INFO] [stdout]   --> /opt/rustwide/cargo-home/git/checkouts/portable-simd-311bd65e6952a0da/c2f5948/crates/core_simd/src/to_bytes.rs:5:44
[INFO] [stdout]    |
[INFO] [stdout] 5  |             crate::simd::LaneCount<LANES>: crate::simd::SupportedLaneCount,
[INFO] [stdout]    |                                            ^^^^^^^^^^^^^^^^^^^^^^^^^^^^^^^ cannot infer type for struct `LaneCount<LANES>`
[INFO] [stdout] ...
[INFO] [stdout] 25 | impl_to_bytes! { u32, 4 }
[INFO] [stdout]    | ------------------------- in this macro invocation
[INFO] [stdout]    | 
[INFO] [stdout]   ::: /opt/rustwide/cargo-home/git/checkouts/portable-simd-311bd65e6952a0da/c2f5948/crates/core_simd/src/lane_count.rs:15:1
[INFO] [stdout]    |
[INFO] [stdout] 15 | pub trait SupportedLaneCount: Sealed {
[INFO] [stdout]    | ------------------------------------ required by this bound in `SupportedLaneCount`
[INFO] [stdout]    |
[INFO] [stdout]    = note: cannot satisfy `LaneCount<LANES>: SupportedLaneCount`
[INFO] [stdout]    = note: this error originates in the macro `impl_to_bytes` (in Nightly builds, run with -Z macro-backtrace for more info)
[INFO] [stdout] 
[INFO] [stdout] 
[INFO] [stdout] error[E0283]: type annotations needed
[INFO] [stdout]   --> /opt/rustwide/cargo-home/git/checkouts/portable-simd-311bd65e6952a0da/c2f5948/crates/core_simd/src/to_bytes.rs:5:44
[INFO] [stdout]    |
[INFO] [stdout] 5  |             crate::simd::LaneCount<LANES>: crate::simd::SupportedLaneCount,
[INFO] [stdout]    |                                            ^^^^^^^^^^^^^^^^^^^^^^^^^^^^^^^ cannot infer type for struct `LaneCount<LANES>`
[INFO] [stdout] ...
[INFO] [stdout] 26 | impl_to_bytes! { u64, 8 }
[INFO] [stdout]    | ------------------------- in this macro invocation
[INFO] [stdout]    | 
[INFO] [stdout]   ::: /opt/rustwide/cargo-home/git/checkouts/portable-simd-311bd65e6952a0da/c2f5948/crates/core_simd/src/lane_count.rs:15:1
[INFO] [stdout]    |
[INFO] [stdout] 15 | pub trait SupportedLaneCount: Sealed {
[INFO] [stdout]    | ------------------------------------ required by this bound in `SupportedLaneCount`
[INFO] [stdout]    |
[INFO] [stdout]    = note: cannot satisfy `LaneCount<LANES>: SupportedLaneCount`
[INFO] [stdout]    = note: this error originates in the macro `impl_to_bytes` (in Nightly builds, run with -Z macro-backtrace for more info)
[INFO] [stdout] 
[INFO] [stdout] 
[INFO] [stdout] error[E0283]: type annotations needed
[INFO] [stdout]   --> /opt/rustwide/cargo-home/git/checkouts/portable-simd-311bd65e6952a0da/c2f5948/crates/core_simd/src/to_bytes.rs:5:44
[INFO] [stdout]    |
[INFO] [stdout] 5  |             crate::simd::LaneCount<LANES>: crate::simd::SupportedLaneCount,
[INFO] [stdout]    |                                            ^^^^^^^^^^^^^^^^^^^^^^^^^^^^^^^ cannot infer type for struct `LaneCount<LANES>`
[INFO] [stdout] ...
[INFO] [stdout] 30 | impl_to_bytes! { usize, 8 }
[INFO] [stdout]    | --------------------------- in this macro invocation
[INFO] [stdout]    | 
[INFO] [stdout]   ::: /opt/rustwide/cargo-home/git/checkouts/portable-simd-311bd65e6952a0da/c2f5948/crates/core_simd/src/lane_count.rs:15:1
[INFO] [stdout]    |
[INFO] [stdout] 15 | pub trait SupportedLaneCount: Sealed {
[INFO] [stdout]    | ------------------------------------ required by this bound in `SupportedLaneCount`
[INFO] [stdout]    |
[INFO] [stdout]    = note: cannot satisfy `LaneCount<LANES>: SupportedLaneCount`
[INFO] [stdout]    = note: this error originates in the macro `impl_to_bytes` (in Nightly builds, run with -Z macro-backtrace for more info)
[INFO] [stdout] 
[INFO] [stdout] 
[INFO] [stdout] error[E0283]: type annotations needed
[INFO] [stdout]   --> /opt/rustwide/cargo-home/git/checkouts/portable-simd-311bd65e6952a0da/c2f5948/crates/core_simd/src/to_bytes.rs:5:44
[INFO] [stdout]    |
[INFO] [stdout] 5  |             crate::simd::LaneCount<LANES>: crate::simd::SupportedLaneCount,
[INFO] [stdout]    |                                            ^^^^^^^^^^^^^^^^^^^^^^^^^^^^^^^ cannot infer type for struct `LaneCount<LANES>`
[INFO] [stdout] ...
[INFO] [stdout] 32 | impl_to_bytes! { i8, 1 }
[INFO] [stdout]    | ------------------------ in this macro invocation
[INFO] [stdout]    | 
[INFO] [stdout]   ::: /opt/rustwide/cargo-home/git/checkouts/portable-simd-311bd65e6952a0da/c2f5948/crates/core_simd/src/lane_count.rs:15:1
[INFO] [stdout]    |
[INFO] [stdout] 15 | pub trait SupportedLaneCount: Sealed {
[INFO] [stdout]    | ------------------------------------ required by this bound in `SupportedLaneCount`
[INFO] [stdout]    |
[INFO] [stdout]    = note: cannot satisfy `LaneCount<LANES>: SupportedLaneCount`
[INFO] [stdout]    = note: this error originates in the macro `impl_to_bytes` (in Nightly builds, run with -Z macro-backtrace for more info)
[INFO] [stdout] 
[INFO] [stdout] 
[INFO] [stdout] error[E0283]: type annotations needed
[INFO] [stdout]   --> /opt/rustwide/cargo-home/git/checkouts/portable-simd-311bd65e6952a0da/c2f5948/crates/core_simd/src/to_bytes.rs:5:44
[INFO] [stdout]    |
[INFO] [stdout] 5  |             crate::simd::LaneCount<LANES>: crate::simd::SupportedLaneCount,
[INFO] [stdout]    |                                            ^^^^^^^^^^^^^^^^^^^^^^^^^^^^^^^ cannot infer type for struct `LaneCount<LANES>`
[INFO] [stdout] ...
[INFO] [stdout] 33 | impl_to_bytes! { i16, 2 }
[INFO] [stdout]    | ------------------------- in this macro invocation
[INFO] [stdout]    | 
[INFO] [stdout]   ::: /opt/rustwide/cargo-home/git/checkouts/portable-simd-311bd65e6952a0da/c2f5948/crates/core_simd/src/lane_count.rs:15:1
[INFO] [stdout]    |
[INFO] [stdout] 15 | pub trait SupportedLaneCount: Sealed {
[INFO] [stdout]    | ------------------------------------ required by this bound in `SupportedLaneCount`
[INFO] [stdout]    |
[INFO] [stdout]    = note: cannot satisfy `LaneCount<LANES>: SupportedLaneCount`
[INFO] [stdout]    = note: this error originates in the macro `impl_to_bytes` (in Nightly builds, run with -Z macro-backtrace for more info)
[INFO] [stdout] 
[INFO] [stdout] 
[INFO] [stdout] error[E0283]: type annotations needed
[INFO] [stdout]   --> /opt/rustwide/cargo-home/git/checkouts/portable-simd-311bd65e6952a0da/c2f5948/crates/core_simd/src/to_bytes.rs:5:44
[INFO] [stdout]    |
[INFO] [stdout] 5  |             crate::simd::LaneCount<LANES>: crate::simd::SupportedLaneCount,
[INFO] [stdout]    |                                            ^^^^^^^^^^^^^^^^^^^^^^^^^^^^^^^ cannot infer type for struct `LaneCount<LANES>`
[INFO] [stdout] ...
[INFO] [stdout] 34 | impl_to_bytes! { i32, 4 }
[INFO] [stdout]    | ------------------------- in this macro invocation
[INFO] [stdout]    | 
[INFO] [stdout]   ::: /opt/rustwide/cargo-home/git/checkouts/portable-simd-311bd65e6952a0da/c2f5948/crates/core_simd/src/lane_count.rs:15:1
[INFO] [stdout]    |
[INFO] [stdout] 15 | pub trait SupportedLaneCount: Sealed {
[INFO] [stdout]    | ------------------------------------ required by this bound in `SupportedLaneCount`
[INFO] [stdout]    |
[INFO] [stdout]    = note: cannot satisfy `LaneCount<LANES>: SupportedLaneCount`
[INFO] [stdout]    = note: this error originates in the macro `impl_to_bytes` (in Nightly builds, run with -Z macro-backtrace for more info)
[INFO] [stdout] 
[INFO] [stdout] 
[INFO] [stdout] error[E0283]: type annotations needed
[INFO] [stdout]   --> /opt/rustwide/cargo-home/git/checkouts/portable-simd-311bd65e6952a0da/c2f5948/crates/core_simd/src/to_bytes.rs:5:44
[INFO] [stdout]    |
[INFO] [stdout] 5  |             crate::simd::LaneCount<LANES>: crate::simd::SupportedLaneCount,
[INFO] [stdout]    |                                            ^^^^^^^^^^^^^^^^^^^^^^^^^^^^^^^ cannot infer type for struct `LaneCount<LANES>`
[INFO] [stdout] ...
[INFO] [stdout] 35 | impl_to_bytes! { i64, 8 }
[INFO] [stdout]    | ------------------------- in this macro invocation
[INFO] [stdout]    | 
[INFO] [stdout]   ::: /opt/rustwide/cargo-home/git/checkouts/portable-simd-311bd65e6952a0da/c2f5948/crates/core_simd/src/lane_count.rs:15:1
[INFO] [stdout]    |
[INFO] [stdout] 15 | pub trait SupportedLaneCount: Sealed {
[INFO] [stdout]    | ------------------------------------ required by this bound in `SupportedLaneCount`
[INFO] [stdout]    |
[INFO] [stdout]    = note: cannot satisfy `LaneCount<LANES>: SupportedLaneCount`
[INFO] [stdout]    = note: this error originates in the macro `impl_to_bytes` (in Nightly builds, run with -Z macro-backtrace for more info)
[INFO] [stdout] 
[INFO] [stdout] 
[INFO] [stdout] error[E0283]: type annotations needed
[INFO] [stdout]   --> /opt/rustwide/cargo-home/git/checkouts/portable-simd-311bd65e6952a0da/c2f5948/crates/core_simd/src/to_bytes.rs:5:44
[INFO] [stdout]    |
[INFO] [stdout] 5  |             crate::simd::LaneCount<LANES>: crate::simd::SupportedLaneCount,
[INFO] [stdout]    |                                            ^^^^^^^^^^^^^^^^^^^^^^^^^^^^^^^ cannot infer type for struct `LaneCount<LANES>`
[INFO] [stdout] ...
[INFO] [stdout] 39 | impl_to_bytes! { isize, 8 }
[INFO] [stdout]    | --------------------------- in this macro invocation
[INFO] [stdout]    | 
[INFO] [stdout]   ::: /opt/rustwide/cargo-home/git/checkouts/portable-simd-311bd65e6952a0da/c2f5948/crates/core_simd/src/lane_count.rs:15:1
[INFO] [stdout]    |
[INFO] [stdout] 15 | pub trait SupportedLaneCount: Sealed {
[INFO] [stdout]    | ------------------------------------ required by this bound in `SupportedLaneCount`
[INFO] [stdout]    |
[INFO] [stdout]    = note: cannot satisfy `LaneCount<LANES>: SupportedLaneCount`
[INFO] [stdout]    = note: this error originates in the macro `impl_to_bytes` (in Nightly builds, run with -Z macro-backtrace for more info)
[INFO] [stdout] 
[INFO] [stdout] 
[INFO] [stdout] error[E0747]: unresolved item provided when a constant was expected
[INFO] [stdout]    --> /opt/rustwide/cargo-home/git/checkouts/portable-simd-311bd65e6952a0da/c2f5948/crates/core_simd/src/masks/full_masks.rs:107:49
[INFO] [stdout]     |
[INFO] [stdout] 107 |     pub fn to_bitmask(self) -> [u8; LaneCount::<LANES>::BITMASK_LEN] {
[INFO] [stdout]     |                                                 ^^^^^
[INFO] [stdout]     |
[INFO] [stdout] help: if this generic argument was intended as a const parameter, surround it with braces
[INFO] [stdout]     |
[INFO] [stdout] 107 |     pub fn to_bitmask(self) -> [u8; LaneCount::<{ LANES }>::BITMASK_LEN] {
[INFO] [stdout]     |                                                 ^       ^
[INFO] [stdout] 
[INFO] [stdout] 
[INFO] [stdout] error[E0747]: unresolved item provided when a constant was expected
[INFO] [stdout]    --> /opt/rustwide/cargo-home/git/checkouts/portable-simd-311bd65e6952a0da/c2f5948/crates/core_simd/src/masks/full_masks.rs:134:55
[INFO] [stdout]     |
[INFO] [stdout] 134 |     pub fn from_bitmask(mut bitmask: [u8; LaneCount::<LANES>::BITMASK_LEN]) -> Self {
[INFO] [stdout]     |                                                       ^^^^^
[INFO] [stdout]     |
[INFO] [stdout] help: if this generic argument was intended as a const parameter, surround it with braces
[INFO] [stdout]     |
[INFO] [stdout] 134 |     pub fn from_bitmask(mut bitmask: [u8; LaneCount::<{ LANES }>::BITMASK_LEN]) -> Self {
[INFO] [stdout]     |                                                       ^       ^
[INFO] [stdout] 
[INFO] [stdout] 
[INFO] [stdout] error[E0747]: unresolved item provided when a constant was expected
[INFO] [stdout]    --> /opt/rustwide/cargo-home/git/checkouts/portable-simd-311bd65e6952a0da/c2f5948/crates/core_simd/src/masks.rs:184:49
[INFO] [stdout]     |
[INFO] [stdout] 184 |     pub fn to_bitmask(self) -> [u8; LaneCount::<LANES>::BITMASK_LEN] {
[INFO] [stdout]     |                                                 ^^^^^
[INFO] [stdout]     |
[INFO] [stdout] help: if this generic argument was intended as a const parameter, surround it with braces
[INFO] [stdout]     |
[INFO] [stdout] 184 |     pub fn to_bitmask(self) -> [u8; LaneCount::<{ LANES }>::BITMASK_LEN] {
[INFO] [stdout]     |                                                 ^       ^
[INFO] [stdout] 
[INFO] [stdout] 
[INFO] [stdout] error[E0747]: unresolved item provided when a constant was expected
[INFO] [stdout]    --> /opt/rustwide/cargo-home/git/checkouts/portable-simd-311bd65e6952a0da/c2f5948/crates/core_simd/src/masks.rs:190:51
[INFO] [stdout]     |
[INFO] [stdout] 190 |     pub fn from_bitmask(bitmask: [u8; LaneCount::<LANES>::BITMASK_LEN]) -> Self {
[INFO] [stdout]     |                                                   ^^^^^
[INFO] [stdout]     |
[INFO] [stdout] help: if this generic argument was intended as a const parameter, surround it with braces
[INFO] [stdout]     |
[INFO] [stdout] 190 |     pub fn from_bitmask(bitmask: [u8; LaneCount::<{ LANES }>::BITMASK_LEN]) -> Self {
[INFO] [stdout]     |                                                   ^       ^
[INFO] [stdout] 
[INFO] [stdout] 
[INFO] [stdout] error: `[u32; 2]` is forbidden as the type of a const generic parameter
[INFO] [stdout]    --> /opt/rustwide/cargo-home/git/checkouts/portable-simd-311bd65e6952a0da/c2f5948/crates/core_simd/src/permute.rs:30:39
[INFO] [stdout]     |
[INFO] [stdout] 30  |             pub fn shuffle<const IDX: [u32; $n]>(self, second: Self) -> Self {
[INFO] [stdout]     |                                       ^^^^^^^^^
[INFO] [stdout] ...
[INFO] [stdout] 150 | impl_shuffle_lane! { simd_shuffle2, 2 }
[INFO] [stdout]     | --------------------------------------- in this macro invocation
[INFO] [stdout]     |
[INFO] [stdout]     = note: the only supported types are integers, `bool` and `char`
[INFO] [stdout]     = note: this error originates in the macro `impl_shuffle_lane` (in Nightly builds, run with -Z macro-backtrace for more info)
[INFO] [stdout] 
[INFO] [stdout] 
[INFO] [stdout] error: `[u32; 4]` is forbidden as the type of a const generic parameter
[INFO] [stdout]    --> /opt/rustwide/cargo-home/git/checkouts/portable-simd-311bd65e6952a0da/c2f5948/crates/core_simd/src/permute.rs:30:39
[INFO] [stdout]     |
[INFO] [stdout] 30  |             pub fn shuffle<const IDX: [u32; $n]>(self, second: Self) -> Self {
[INFO] [stdout]     |                                       ^^^^^^^^^
[INFO] [stdout] ...
[INFO] [stdout] 151 | impl_shuffle_lane! { simd_shuffle4, 4 }
[INFO] [stdout]     | --------------------------------------- in this macro invocation
[INFO] [stdout]     |
[INFO] [stdout]     = note: the only supported types are integers, `bool` and `char`
[INFO] [stdout]     = note: this error originates in the macro `impl_shuffle_lane` (in Nightly builds, run with -Z macro-backtrace for more info)
[INFO] [stdout] 
[INFO] [stdout] 
[INFO] [stdout] error: `[u32; 8]` is forbidden as the type of a const generic parameter
[INFO] [stdout]    --> /opt/rustwide/cargo-home/git/checkouts/portable-simd-311bd65e6952a0da/c2f5948/crates/core_simd/src/permute.rs:30:39
[INFO] [stdout]     |
[INFO] [stdout] 30  |             pub fn shuffle<const IDX: [u32; $n]>(self, second: Self) -> Self {
[INFO] [stdout]     |                                       ^^^^^^^^^
[INFO] [stdout] ...
[INFO] [stdout] 152 | impl_shuffle_lane! { simd_shuffle8, 8 }
[INFO] [stdout]     | --------------------------------------- in this macro invocation
[INFO] [stdout]     |
[INFO] [stdout]     = note: the only supported types are integers, `bool` and `char`
[INFO] [stdout]     = note: this error originates in the macro `impl_shuffle_lane` (in Nightly builds, run with -Z macro-backtrace for more info)
[INFO] [stdout] 
[INFO] [stdout] 
[INFO] [stdout] error: `[u32; 16]` is forbidden as the type of a const generic parameter
[INFO] [stdout]    --> /opt/rustwide/cargo-home/git/checkouts/portable-simd-311bd65e6952a0da/c2f5948/crates/core_simd/src/permute.rs:30:39
[INFO] [stdout]     |
[INFO] [stdout] 30  |             pub fn shuffle<const IDX: [u32; $n]>(self, second: Self) -> Self {
[INFO] [stdout]     |                                       ^^^^^^^^^
[INFO] [stdout] ...
[INFO] [stdout] 153 | impl_shuffle_lane! { simd_shuffle16, 16 }
[INFO] [stdout]     | ----------------------------------------- in this macro invocation
[INFO] [stdout]     |
[INFO] [stdout]     = note: the only supported types are integers, `bool` and `char`
[INFO] [stdout]     = note: this error originates in the macro `impl_shuffle_lane` (in Nightly builds, run with -Z macro-backtrace for more info)
[INFO] [stdout] 
[INFO] [stdout] 
[INFO] [stdout] error: `[u32; 32]` is forbidden as the type of a const generic parameter
[INFO] [stdout]    --> /opt/rustwide/cargo-home/git/checkouts/portable-simd-311bd65e6952a0da/c2f5948/crates/core_simd/src/permute.rs:30:39
[INFO] [stdout]     |
[INFO] [stdout] 30  |             pub fn shuffle<const IDX: [u32; $n]>(self, second: Self) -> Self {
[INFO] [stdout]     |                                       ^^^^^^^^^
[INFO] [stdout] ...
[INFO] [stdout] 154 | impl_shuffle_lane! { simd_shuffle32, 32 }
[INFO] [stdout]     | ----------------------------------------- in this macro invocation
[INFO] [stdout]     |
[INFO] [stdout]     = note: the only supported types are integers, `bool` and `char`
[INFO] [stdout]     = note: this error originates in the macro `impl_shuffle_lane` (in Nightly builds, run with -Z macro-backtrace for more info)
[INFO] [stdout] 
[INFO] [stdout] 
[INFO] [stdout] error: aborting due to 56 previous errors
[INFO] [stdout] 
[INFO] [stdout] 
[INFO] [stdout] Some errors have detailed explanations: E0283, E0554, E0747.
[INFO] [stdout] 
[INFO] [stdout] For more information about an error, try `rustc --explain E0283`.
[INFO] [stdout] 
[INFO] [stderr] error: could not compile `core_simd` due to 57 previous errors
[INFO] [stderr] warning: build failed, waiting for other jobs to finish...
[INFO] [stderr] error: build failed
[INFO] running `Command { std: "docker" "inspect" "5d22238c53a74ba4c223fe1c1b32559f1273a18562b3ed13750e155b90c66d46", kill_on_drop: false }`
[INFO] running `Command { std: "docker" "rm" "-f" "5d22238c53a74ba4c223fe1c1b32559f1273a18562b3ed13750e155b90c66d46", kill_on_drop: false }`
[INFO] [stdout] 5d22238c53a74ba4c223fe1c1b32559f1273a18562b3ed13750e155b90c66d46
