[INFO] cloning repository https://github.com/Awsomv30/arab-memes-pros
[INFO] running `Command { std: "git" "-c" "credential.helper=" "-c" "credential.helper=/workspace/cargo-home/bin/git-credential-null" "clone" "--bare" "https://github.com/Awsomv30/arab-memes-pros" "/workspace/cache/git-repos/https%3A%2F%2Fgithub.com%2FAwsomv30%2Farab-memes-pros", kill_on_drop: false }`
[INFO] [stderr] Cloning into bare repository '/workspace/cache/git-repos/https%3A%2F%2Fgithub.com%2FAwsomv30%2Farab-memes-pros'...
[INFO] running `Command { std: "git" "rev-parse" "HEAD", kill_on_drop: false }`
[INFO] [stdout] f6cdaeff1bfce945f3953bcd15b7b7b26fdb2272
[INFO] checking Awsomv30/arab-memes-pros against 1.55.0 for beta-1.56-3
[INFO] running `Command { std: "git" "clone" "/workspace/cache/git-repos/https%3A%2F%2Fgithub.com%2FAwsomv30%2Farab-memes-pros" "/workspace/builds/worker-2/source", kill_on_drop: false }`
[INFO] [stderr] Cloning into '/workspace/builds/worker-2/source'...
[INFO] [stderr] done.
[INFO] validating manifest of git repo https://github.com/Awsomv30/arab-memes-pros on toolchain 1.55.0
[INFO] running `Command { std: "/workspace/cargo-home/bin/cargo" "+1.55.0" "metadata" "--manifest-path" "Cargo.toml" "--no-deps", kill_on_drop: false }`
[INFO] started tweaking git repo https://github.com/Awsomv30/arab-memes-pros
[INFO] finished tweaking git repo https://github.com/Awsomv30/arab-memes-pros
[INFO] tweaked toml for git repo https://github.com/Awsomv30/arab-memes-pros written to /workspace/builds/worker-2/source/Cargo.toml
[INFO] crate git repo https://github.com/Awsomv30/arab-memes-pros already has a lockfile, it will not be regenerated
[INFO] running `Command { std: "/workspace/cargo-home/bin/cargo" "+1.55.0" "fetch" "--manifest-path" "Cargo.toml", kill_on_drop: false }`
[INFO] [stderr]     Blocking waiting for file lock on package cache
[INFO] [stderr]  Downloading crates ...
[INFO] [stderr]   Downloaded dtoa v0.4.1
[INFO] [stderr]   Downloaded hyper-native-tls v0.2.4
[INFO] [stderr]   Downloaded chrono v0.4.0
[INFO] [stderr]   Downloaded num-integer v0.1.34
[INFO] [stderr]   Downloaded num-iter v0.1.33
[INFO] [stderr]   Downloaded approx v0.1.1
[INFO] [stderr]   Downloaded generic-array v0.2.1
[INFO] [stderr]   Downloaded nalgebra v0.11.2
[INFO] [stderr]   Downloaded env_logger v0.4.3
[INFO] [stderr]   Downloaded image v0.14.0
[INFO] [stderr]   Downloaded inflate v0.2.0
[INFO] [stderr]   Downloaded png v0.8.0
[INFO] [stderr]   Downloaded byteorder v1.0.0
[INFO] [stderr]   Downloaded base64 v0.5.2
[INFO] [stderr]   Downloaded scoped_threadpool v0.1.7
[INFO] [stderr]   Downloaded sha1 v0.2.0
[INFO] [stderr]   Downloaded linked-hash-map v0.0.10
[INFO] [stderr]   Downloaded rusttype v0.2.1
[INFO] [stderr]   Downloaded adler32 v1.0.0
[INFO] [stderr]   Downloaded scopeguard v0.3.2
[INFO] [stderr]   Downloaded rayon-core v1.2.1
[INFO] [stderr]   Downloaded typenum v1.9.0
[INFO] [stderr]   Downloaded serde_derive_internals v0.15.1
[INFO] [stderr]   Downloaded itoa v0.3.1
[INFO] [stderr]   Downloaded serde_json v1.0.2
[INFO] [stderr]   Downloaded time v0.1.37
[INFO] [stderr]   Downloaded libc v0.2.24
[INFO] [stderr]   Downloaded openssl-sys v0.9.14
[INFO] [stderr]   Downloaded num v0.1.39
[INFO] [stderr]   Downloaded flate2 v0.2.19
[INFO] [stderr]   Downloaded either v1.1.0
[INFO] [stderr]   Downloaded alga v0.5.1
[INFO] [stderr]   Downloaded num-traits v0.1.39
[INFO] [stderr]   Downloaded mime_guess v1.8.1
[INFO] [stderr]   Downloaded deflate v0.7.12
[INFO] [stderr]   Downloaded num-rational v0.1.38
[INFO] [stderr]   Downloaded version_check v0.1.2
[INFO] [stderr]   Downloaded arrayvec v0.3.23
[INFO] [stderr]   Downloaded toml v0.4.2
[INFO] [stderr]   Downloaded idna v0.1.2
[INFO] [stderr]   Downloaded serde_derive v1.0.9
[INFO] [stderr]   Downloaded itertools v0.6.0
[INFO] [stderr]   Downloaded textwrap v0.6.0
[INFO] [stderr]   Downloaded serde v1.0.9
[INFO] [stderr]   Downloaded openssl v0.9.14
[INFO] [stderr]   Downloaded num-complex v0.1.38
[INFO] [stderr]   Downloaded redox_syscall v0.1.19
[INFO] [stderr]   Downloaded unicode-bidi v0.3.3
[INFO] [stderr]   Downloaded multipart v0.13.1
[INFO] [stderr]   Downloaded websocket v0.20.2
[INFO] [stderr]   Downloaded num-bigint v0.1.39
[INFO] [stderr]   Downloaded miniz-sys v0.1.9
[INFO] [stderr]   Downloaded hyper v0.10.12
[INFO] running `Command { std: "docker" "create" "-v" "/var/lib/crater-agent-workspace/builds/worker-2/target:/opt/rustwide/target:rw,Z" "-v" "/var/lib/crater-agent-workspace/builds/worker-2/source:/opt/rustwide/workdir:ro,Z" "-v" "/var/lib/crater-agent-workspace/cargo-home:/opt/rustwide/cargo-home:ro,Z" "-v" "/var/lib/crater-agent-workspace/rustup-home:/opt/rustwide/rustup-home:ro,Z" "-e" "SOURCE_DIR=/opt/rustwide/workdir" "-e" "CARGO_TARGET_DIR=/opt/rustwide/target" "-e" "CARGO_HOME=/opt/rustwide/cargo-home" "-e" "RUSTUP_HOME=/opt/rustwide/rustup-home" "-w" "/opt/rustwide/workdir" "-m" "1610612736" "--user" "0:0" "--network" "none" "ghcr.io/rust-lang/crates-build-env/linux@sha256:a89201d6b5b9fd45c15d5952ece0a0129e7e80cb26ec023fd59cf09bc26f1604" "/opt/rustwide/cargo-home/bin/cargo" "+1.55.0" "metadata" "--no-deps" "--format-version=1", kill_on_drop: false }`
[INFO] [stdout] db09edca1f12c7b3ac7d824d80717b5e810779575ae2c9d2507c254bea0e284e
[INFO] [stderr] WARNING: Your kernel does not support swap limit capabilities or the cgroup is not mounted. Memory limited without swap.
[INFO] running `Command { std: "docker" "start" "-a" "db09edca1f12c7b3ac7d824d80717b5e810779575ae2c9d2507c254bea0e284e", kill_on_drop: false }`
[INFO] running `Command { std: "docker" "inspect" "db09edca1f12c7b3ac7d824d80717b5e810779575ae2c9d2507c254bea0e284e", kill_on_drop: false }`
[INFO] running `Command { std: "docker" "rm" "-f" "db09edca1f12c7b3ac7d824d80717b5e810779575ae2c9d2507c254bea0e284e", kill_on_drop: false }`
[INFO] [stdout] db09edca1f12c7b3ac7d824d80717b5e810779575ae2c9d2507c254bea0e284e
[INFO] running `Command { std: "docker" "create" "-v" "/var/lib/crater-agent-workspace/builds/worker-2/target:/opt/rustwide/target:rw,Z" "-v" "/var/lib/crater-agent-workspace/builds/worker-2/source:/opt/rustwide/workdir:ro,Z" "-v" "/var/lib/crater-agent-workspace/cargo-home:/opt/rustwide/cargo-home:ro,Z" "-v" "/var/lib/crater-agent-workspace/rustup-home:/opt/rustwide/rustup-home:ro,Z" "-e" "SOURCE_DIR=/opt/rustwide/workdir" "-e" "CARGO_TARGET_DIR=/opt/rustwide/target" "-e" "CARGO_INCREMENTAL=0" "-e" "RUST_BACKTRACE=full" "-e" "RUSTFLAGS=--cap-lints=warn" "-e" "CARGO_HOME=/opt/rustwide/cargo-home" "-e" "RUSTUP_HOME=/opt/rustwide/rustup-home" "-w" "/opt/rustwide/workdir" "-m" "1610612736" "--user" "0:0" "--network" "none" "ghcr.io/rust-lang/crates-build-env/linux@sha256:a89201d6b5b9fd45c15d5952ece0a0129e7e80cb26ec023fd59cf09bc26f1604" "/opt/rustwide/cargo-home/bin/cargo" "+1.55.0" "check" "--frozen" "--all" "--all-targets" "--message-format=json", kill_on_drop: false }`
[INFO] [stdout] 1be6a8f90bfaa0c705c10de960428d2759338eccb74b28784dcd297b61b97db0
[INFO] [stderr] WARNING: Your kernel does not support swap limit capabilities or the cgroup is not mounted. Memory limited without swap.
[INFO] running `Command { std: "docker" "start" "-a" "1be6a8f90bfaa0c705c10de960428d2759338eccb74b28784dcd297b61b97db0", kill_on_drop: false }`
[INFO] [stderr]     Checking libc v0.2.24
[INFO] [stderr]    Compiling version_check v0.1.2
[INFO] [stderr]     Checking num-traits v0.1.39
[INFO] [stderr]     Checking lazy_static v0.2.8
[INFO] [stderr]    Compiling gcc v0.3.51
[INFO] [stderr]     Checking byteorder v1.0.0
[INFO] [stderr]     Checking log v0.3.8
[INFO] [stderr]    Compiling pkg-config v0.3.9
[INFO] [stderr]     Checking matches v0.1.6
[INFO] [stderr]     Checking either v1.1.0
[INFO] [stderr]    Compiling siphasher v0.2.2
[INFO] [stderr]    Compiling rayon-core v1.2.1
[INFO] [stderr]     Checking unicode-normalization v0.1.5
[INFO] [stderr]     Checking scopeguard v0.3.2
[INFO] [stderr]    Compiling openssl v0.9.14
[INFO] [stderr]     Checking percent-encoding v1.0.0
[INFO] [stderr]     Checking futures v0.1.14
[INFO] [stderr]     Checking foreign-types v0.2.0
[INFO] [stderr]    Compiling typenum v1.9.0
[INFO] [stderr]     Checking httparse v1.2.3
[INFO] [stderr]     Checking odds v0.2.25
[INFO] [stderr]     Checking adler32 v1.0.0
[INFO] [stderr]     Checking serde v1.0.9
[INFO] [stderr]     Checking byteorder v0.4.2
[INFO] [stderr]     Checking approx v0.1.1
[INFO] [stderr]     Checking color_quant v1.0.0
[INFO] [stderr]     Checking inflate v0.2.0
[INFO] [stderr]     Checking regex-syntax v0.4.1
[INFO] [stderr]     Checking itoa v0.3.1
[INFO] [stderr]     Checking custom_derive v0.1.7
[INFO] [stderr]     Checking scoped_threadpool v0.1.7
[INFO] [stderr]     Checking linked-hash-map v0.0.10
[INFO] [stderr]     Checking dtoa v0.4.1
[INFO] [stderr]     Checking utf8-ranges v1.0.0
[INFO] [stderr]     Checking unicode-width v0.1.4
[INFO] [stderr]     Checking unicode-bidi v0.3.3
[INFO] [stderr]     Checking base64 v0.5.2
[INFO] [stderr]     Checking coco v0.1.1
[INFO] [stderr]     Checking itertools v0.6.0
[INFO] [stderr]     Checking mime v0.2.6
[INFO] [stderr]     Checking base64 v0.6.0
[INFO] [stderr]     Checking num-integer v0.1.34
[INFO] [stderr]     Checking num-complex v0.1.38
[INFO] [stderr]     Checking enum_primitive v0.1.1
[INFO] [stderr]    Compiling rand v0.3.15
[INFO] [stderr]     Checking num_cpus v1.6.2
[INFO] [stderr]     Checking time v0.1.37
[INFO] [stderr]     Checking memchr v0.1.11
[INFO] [stderr]     Checking memchr v1.0.1
[INFO] [stderr]     Checking term_size v0.3.0
[INFO] [stderr]    Compiling unicase v1.4.2
[INFO] [stderr]     Checking deflate v0.7.12
[INFO] [stderr]     Checking stb_truetype v0.2.1
[INFO] [stderr]     Checking nodrop v0.1.9
[INFO] [stderr]     Checking gif v0.9.2
[INFO] [stderr]     Checking conv v0.3.3
[INFO] [stderr]     Checking thread_local v0.3.4
[INFO] [stderr]     Checking idna v0.1.2
[INFO] [stderr]     Checking num-iter v0.1.33
[INFO] [stderr]    Compiling openssl-sys v0.9.14
[INFO] [stderr]    Compiling miniz-sys v0.1.9
[INFO] [stderr]     Checking aho-corasick v0.5.3
[INFO] [stderr]     Checking aho-corasick v0.6.3
[INFO] [stderr]    Compiling serde_derive_internals v0.15.1
[INFO] [stderr]     Checking textwrap v0.6.0
[INFO] [stderr]     Checking alga v0.5.1
[INFO] [stderr]     Checking arrayvec v0.3.23
[INFO] [stderr]     Checking num-bigint v0.1.39
[INFO] [stderr]     Checking tempdir v0.3.5
[INFO] [stderr]     Checking thread-id v2.0.0
[INFO] [stderr]     Checking regex v0.2.2
[INFO] [stderr]     Checking png v0.8.0
[INFO] [stderr]     Checking rusttype v0.2.1
[INFO] [stderr]     Checking thread_local v0.2.7
[INFO] [stderr]     Checking rayon v0.8.2
[INFO] [stderr]     Checking rayon v0.7.1
[INFO] [stderr]     Checking num-rational v0.1.38
[INFO] [stderr]    Compiling phf_shared v0.7.21
[INFO] [stderr]     Checking regex v0.1.80
[INFO] [stderr] error: failed to run custom build command for `openssl-sys v0.9.14`
[INFO] [stderr] 
[INFO] [stderr] Caused by:
[INFO] [stderr]   process didn't exit successfully: `/opt/rustwide/target/debug/build/openssl-sys-29da3ec4a453fcf8/build-script-build` (exit status: 101)
[INFO] [stderr]   --- stdout
[INFO] [stderr]   cargo:rustc-link-lib=ssl
[INFO] [stderr]   cargo:rustc-link-lib=crypto
[INFO] [stderr]   OPT_LEVEL = Some("0")
[INFO] [stderr]   TARGET = Some("x86_64-unknown-linux-gnu")
[INFO] [stderr]   HOST = Some("x86_64-unknown-linux-gnu")
[INFO] [stderr]   TARGET = Some("x86_64-unknown-linux-gnu")
[INFO] [stderr]   TARGET = Some("x86_64-unknown-linux-gnu")
[INFO] [stderr]   HOST = Some("x86_64-unknown-linux-gnu")
[INFO] [stderr]   CC_x86_64-unknown-linux-gnu = None
[INFO] [stderr]   CC_x86_64_unknown_linux_gnu = None
[INFO] [stderr]   HOST_CC = None
[INFO] [stderr]   CC = None
[INFO] [stderr]   HOST = Some("x86_64-unknown-linux-gnu")
[INFO] [stderr]   TARGET = Some("x86_64-unknown-linux-gnu")
[INFO] [stderr]   HOST = Some("x86_64-unknown-linux-gnu")
[INFO] [stderr]   CFLAGS_x86_64-unknown-linux-gnu = None
[INFO] [stderr]   CFLAGS_x86_64_unknown_linux_gnu = None
[INFO] [stderr]   HOST_CFLAGS = None
[INFO] [stderr]   CFLAGS = None
[INFO] [stderr]   PROFILE = Some("debug")
[INFO] [stderr]   running: "cc" "-O0" "-ffunction-sections" "-fdata-sections" "-fPIC" "-g" "-m64" "-E" "/opt/rustwide/target/debug/build/openssl-sys-1be973a21a75941a/out/expando.c"
[INFO] [stderr]   exit status: 0
[INFO] [stderr]   cargo:rustc-cfg=osslconf="OPENSSL_NO_SSL3_METHOD"
[INFO] [stderr]   cargo:conf=OPENSSL_NO_SSL3_METHOD
[INFO] [stderr] 
[INFO] [stderr]   --- stderr
[INFO] [stderr]   thread 'main' panicked at '
[INFO] [stderr] 
[INFO] [stderr]   This crate is only compatible with OpenSSL 1.0.1, 1.0.2, and 1.1.0, or LibreSSL
[INFO] [stderr]   2.5.0, 2.5.1, 2.5.2, 2.5.3, and 2.5.4, but a different version of OpenSSL was
[INFO] [stderr]   found. The build is now aborting due to this version mismatch.
[INFO] [stderr] 
[INFO] [stderr]   ', /opt/rustwide/cargo-home/registry/src/github.com-1ecc6299db9ec823/openssl-sys-0.9.14/build.rs:372:9
[INFO] [stderr]   stack backtrace:
[INFO] [stderr]      0:     0x56037fea6b00 - std::backtrace_rs::backtrace::libunwind::trace::ha0ad43e8a952bfe7
[INFO] [stderr]                                  at /rustc/c8dfcfe046a7680554bf4eb612bad840e7631c4b/library/std/src/../../backtrace/src/backtrace/libunwind.rs:90:5
[INFO] [stderr]      1:     0x56037fea6b00 - std::backtrace_rs::backtrace::trace_unsynchronized::h6830419c0c4130dc
[INFO] [stderr]                                  at /rustc/c8dfcfe046a7680554bf4eb612bad840e7631c4b/library/std/src/../../backtrace/src/backtrace/mod.rs:66:5
[INFO] [stderr]      2:     0x56037fea6b00 - std::sys_common::backtrace::_print_fmt::h8f3516631ffa1ef5
[INFO] [stderr]                                  at /rustc/c8dfcfe046a7680554bf4eb612bad840e7631c4b/library/std/src/sys_common/backtrace.rs:67:5
[INFO] [stderr]      3:     0x56037fea6b00 - <std::sys_common::backtrace::_print::DisplayBacktrace as core::fmt::Display>::fmt::he1640d5f0d93f618
[INFO] [stderr]                                  at /rustc/c8dfcfe046a7680554bf4eb612bad840e7631c4b/library/std/src/sys_common/backtrace.rs:46:22
[INFO] [stderr]      4:     0x56037fec577c - core::fmt::write::h88012e1f01caeebf
[INFO] [stderr]                                  at /rustc/c8dfcfe046a7680554bf4eb612bad840e7631c4b/library/core/src/fmt/mod.rs:1115:17
[INFO] [stderr]      5:     0x56037fea3e45 - std::io::Write::write_fmt::h360fa85b30182555
[INFO] [stderr]                                  at /rustc/c8dfcfe046a7680554bf4eb612bad840e7631c4b/library/std/src/io/mod.rs:1665:15
[INFO] [stderr]      6:     0x56037fea8b9b - std::sys_common::backtrace::_print::ha1f00492f406a015
[INFO] [stderr]                                  at /rustc/c8dfcfe046a7680554bf4eb612bad840e7631c4b/library/std/src/sys_common/backtrace.rs:49:5
[INFO] [stderr]      7:     0x56037fea8b9b - std::sys_common::backtrace::print::hd54561b13feb6af3
[INFO] [stderr]                                  at /rustc/c8dfcfe046a7680554bf4eb612bad840e7631c4b/library/std/src/sys_common/backtrace.rs:36:9
[INFO] [stderr]      8:     0x56037fea8b9b - std::panicking::default_hook::{{closure}}::h84fe124cd0864662
[INFO] [stderr]                                  at /rustc/c8dfcfe046a7680554bf4eb612bad840e7631c4b/library/std/src/panicking.rs:208:50
[INFO] [stderr]      9:     0x56037fea8671 - std::panicking::default_hook::h5a8e74a76ce290a7
[INFO] [stderr]                                  at /rustc/c8dfcfe046a7680554bf4eb612bad840e7631c4b/library/std/src/panicking.rs:225:9
[INFO] [stderr]     10:     0x56037fea9264 - std::panicking::rust_panic_with_hook::h67c812a4fe9d4c91
[INFO] [stderr]                                  at /rustc/c8dfcfe046a7680554bf4eb612bad840e7631c4b/library/std/src/panicking.rs:622:17
[INFO] [stderr]     11:     0x56037fe903a3 - std::panicking::begin_panic::{{closure}}::hd3e4733c07ad67a0
[INFO] [stderr]                                  at /rustc/c8dfcfe046a7680554bf4eb612bad840e7631c4b/library/std/src/panicking.rs:542:9
[INFO] [stderr]     12:     0x56037fe90229 - std::sys_common::backtrace::__rust_end_short_backtrace::h2c52af0ca682b42b
[INFO] [stderr]                                  at /rustc/c8dfcfe046a7680554bf4eb612bad840e7631c4b/library/std/src/sys_common/backtrace.rs:141:18
[INFO] [stderr]     13:     0x56037fe902d9 - std::panicking::begin_panic::hf7507bea2b29822b
[INFO] [stderr]                                  at /rustc/c8dfcfe046a7680554bf4eb612bad840e7631c4b/library/std/src/panicking.rs:541:12
[INFO] [stderr]     14:     0x56037fe3c121 - build_script_build::validate_headers::hd6dfcd9b631b1c9c
[INFO] [stderr]                                  at /opt/rustwide/cargo-home/registry/src/github.com-1ecc6299db9ec823/openssl-sys-0.9.14/build.rs:372:9
[INFO] [stderr]     15:     0x56037fe3a8fb - build_script_build::try_pkg_config::h496b8403a50329b2
[INFO] [stderr]                                  at /opt/rustwide/cargo-home/registry/src/github.com-1ecc6299db9ec823/openssl-sys-0.9.14/build.rs:207:5
[INFO] [stderr]     16:     0x56037fe39a30 - build_script_build::find_openssl_dir::h6343ea6c9742254e
[INFO] [stderr]                                  at /opt/rustwide/cargo-home/registry/src/github.com-1ecc6299db9ec823/openssl-sys-0.9.14/build.rs:100:5
[INFO] [stderr]     17:     0x56037fe396b3 - build_script_build::main::{{closure}}::h7ec11276813abb58
[INFO] [stderr]                                  at /opt/rustwide/cargo-home/registry/src/github.com-1ecc6299db9ec823/openssl-sys-0.9.14/build.rs:42:72
[INFO] [stderr]     18:     0x56037fe4401d - core::option::Option<T>::unwrap_or_else::h2672aee54cf6e665
[INFO] [stderr]                                  at /rustc/c8dfcfe046a7680554bf4eb612bad840e7631c4b/library/core/src/option.rs:763:21
[INFO] [stderr]     19:     0x56037fe385fa - build_script_build::main::h24a3fc3fdad0ead2
[INFO] [stderr]                                  at /opt/rustwide/cargo-home/registry/src/github.com-1ecc6299db9ec823/openssl-sys-0.9.14/build.rs:42:27
[INFO] [stderr]     20:     0x56037fe40fbb - core::ops::function::FnOnce::call_once::h7f6b26905acd3eb8
[INFO] [stderr]                                  at /rustc/c8dfcfe046a7680554bf4eb612bad840e7631c4b/library/core/src/ops/function.rs:227:5
[INFO] [stderr]     21:     0x56037fe4809e - std::sys_common::backtrace::__rust_begin_short_backtrace::h7d70fff90704ffc6
[INFO] [stderr]                                  at /rustc/c8dfcfe046a7680554bf4eb612bad840e7631c4b/library/std/src/sys_common/backtrace.rs:125:18
[INFO] [stderr]     22:     0x56037fe450f1 - std::rt::lang_start::{{closure}}::h67f02fefdbae44ff
[INFO] [stderr]                                  at /rustc/c8dfcfe046a7680554bf4eb612bad840e7631c4b/library/std/src/rt.rs:63:18
[INFO] [stderr]     23:     0x56037fea976a - core::ops::function::impls::<impl core::ops::function::FnOnce<A> for &F>::call_once::ha9408abe89f69dc4
[INFO] [stderr]                                  at /rustc/c8dfcfe046a7680554bf4eb612bad840e7631c4b/library/core/src/ops/function.rs:259:13
[INFO] [stderr]     24:     0x56037fea976a - std::panicking::try::do_call::h5b0cc9e9102acb65
[INFO] [stderr]                                  at /rustc/c8dfcfe046a7680554bf4eb612bad840e7631c4b/library/std/src/panicking.rs:401:40
[INFO] [stderr]     25:     0x56037fea976a - std::panicking::try::hddc7f8229138b3ba
[INFO] [stderr]                                  at /rustc/c8dfcfe046a7680554bf4eb612bad840e7631c4b/library/std/src/panicking.rs:365:19
[INFO] [stderr]     26:     0x56037fea976a - std::panic::catch_unwind::hfa401ff8bab2986e
[INFO] [stderr]                                  at /rustc/c8dfcfe046a7680554bf4eb612bad840e7631c4b/library/std/src/panic.rs:434:14
[INFO] [stderr]     27:     0x56037fea976a - std::rt::lang_start_internal::{{closure}}::h8163422320d11405
[INFO] [stderr]                                  at /rustc/c8dfcfe046a7680554bf4eb612bad840e7631c4b/library/std/src/rt.rs:45:48
[INFO] [stderr]     28:     0x56037fea976a - std::panicking::try::do_call::hc742cc7bb4f0fb20
[INFO] [stderr]                                  at /rustc/c8dfcfe046a7680554bf4eb612bad840e7631c4b/library/std/src/panicking.rs:401:40
[INFO] [stderr]     29:     0x56037fea976a - std::panicking::try::ha37d8d2dd1acf7d3
[INFO] [stderr]                                  at /rustc/c8dfcfe046a7680554bf4eb612bad840e7631c4b/library/std/src/panicking.rs:365:19
[INFO] [stderr]     30:     0x56037fea976a - std::panic::catch_unwind::h8a5381d5ecf437bc
[INFO] [stderr]                                  at /rustc/c8dfcfe046a7680554bf4eb612bad840e7631c4b/library/std/src/panic.rs:434:14
[INFO] [stderr]     31:     0x56037fea976a - std::rt::lang_start_internal::h7e2cee8c90d4a4d3
[INFO] [stderr]                                  at /rustc/c8dfcfe046a7680554bf4eb612bad840e7631c4b/library/std/src/rt.rs:45:20
[INFO] [stderr]     32:     0x56037fe450c0 - std::rt::lang_start::h481a401a5632f34c
[INFO] [stderr]                                  at /rustc/c8dfcfe046a7680554bf4eb612bad840e7631c4b/library/std/src/rt.rs:62:5
[INFO] [stderr]     33:     0x56037fe3cf9c - main
[INFO] [stderr]     34:     0x7fb5bd0d30b3 - __libc_start_main
[INFO] [stderr]     35:     0x56037fe34a4e - _start
[INFO] [stderr]     36:                0x0 - <unknown>
[INFO] [stderr] warning: build failed, waiting for other jobs to finish...
[INFO] [stdout] error[E0311]: the parameter type `K` may not live long enough
[INFO] [stdout]   --> /opt/rustwide/cargo-home/registry/src/github.com-1ecc6299db9ec823/rusttype-0.2.1/src/support/bst/map.rs:81:19
[INFO] [stdout]    |
[INFO] [stdout] 81 |             match node.force() {
[INFO] [stdout]    |                   ^^^^
[INFO] [stdout]    |
[INFO] [stdout] note: the parameter type `K` must be valid for the anonymous lifetime defined on the function body at 78:37...
[INFO] [stdout]   --> /opt/rustwide/cargo-home/registry/src/github.com-1ecc6299db9ec823/rusttype-0.2.1/src/support/bst/map.rs:78:37
[INFO] [stdout]    |
[INFO] [stdout] 78 |                 node: node::NodeRef<marker::Immut, K, V, marker::LeafOrInternal>)
[INFO] [stdout]    |                                     ^^^^^^^^^^^^^
[INFO] [stdout] 
[INFO] [stdout] 
[INFO] [stdout] error[E0311]: the parameter type `V` may not live long enough
[INFO] [stdout]   --> /opt/rustwide/cargo-home/registry/src/github.com-1ecc6299db9ec823/rusttype-0.2.1/src/support/bst/map.rs:81:19
[INFO] [stdout]    |
[INFO] [stdout] 81 |             match node.force() {
[INFO] [stdout]    |                   ^^^^
[INFO] [stdout]    |
[INFO] [stdout] note: the parameter type `V` must be valid for the anonymous lifetime defined on the function body at 78:37...
[INFO] [stdout]   --> /opt/rustwide/cargo-home/registry/src/github.com-1ecc6299db9ec823/rusttype-0.2.1/src/support/bst/map.rs:78:37
[INFO] [stdout]    |
[INFO] [stdout] 78 |                 node: node::NodeRef<marker::Immut, K, V, marker::LeafOrInternal>)
[INFO] [stdout]    |                                     ^^^^^^^^^^^^^
[INFO] [stdout] 
[INFO] [stdout] 
[INFO] [stdout] error: aborting due to 2 previous errors
[INFO] [stdout] 
[INFO] [stdout] 
[INFO] [stderr] error: build failed
[INFO] running `Command { std: "docker" "inspect" "1be6a8f90bfaa0c705c10de960428d2759338eccb74b28784dcd297b61b97db0", kill_on_drop: false }`
[INFO] running `Command { std: "docker" "rm" "-f" "1be6a8f90bfaa0c705c10de960428d2759338eccb74b28784dcd297b61b97db0", kill_on_drop: false }`
[INFO] [stdout] 1be6a8f90bfaa0c705c10de960428d2759338eccb74b28784dcd297b61b97db0
