[INFO] cloning repository https://github.com/AurevoirXavier/darwinia-builder
[INFO] running `Command { std: "git" "-c" "credential.helper=" "-c" "credential.helper=/workspace/cargo-home/bin/git-credential-null" "clone" "--bare" "https://github.com/AurevoirXavier/darwinia-builder" "/workspace/cache/git-repos/https%3A%2F%2Fgithub.com%2FAurevoirXavier%2Fdarwinia-builder", kill_on_drop: false }`
[INFO] [stderr] Cloning into bare repository '/workspace/cache/git-repos/https%3A%2F%2Fgithub.com%2FAurevoirXavier%2Fdarwinia-builder'...
[INFO] running `Command { std: "git" "rev-parse" "HEAD", kill_on_drop: false }`
[INFO] [stdout] e77cde69a3ceb55c24afa43cafaa4309f09a385e
[INFO] checking AurevoirXavier/darwinia-builder against beta-2021-10-15 for beta-1.56-3
[INFO] running `Command { std: "git" "clone" "/workspace/cache/git-repos/https%3A%2F%2Fgithub.com%2FAurevoirXavier%2Fdarwinia-builder" "/workspace/builds/worker-7/source", kill_on_drop: false }`
[INFO] [stderr] Cloning into '/workspace/builds/worker-7/source'...
[INFO] [stderr] done.
[INFO] validating manifest of git repo https://github.com/AurevoirXavier/darwinia-builder on toolchain beta-2021-10-15
[INFO] running `Command { std: "/workspace/cargo-home/bin/cargo" "+beta-2021-10-15" "metadata" "--manifest-path" "Cargo.toml" "--no-deps", kill_on_drop: false }`
[INFO] started tweaking git repo https://github.com/AurevoirXavier/darwinia-builder
[INFO] finished tweaking git repo https://github.com/AurevoirXavier/darwinia-builder
[INFO] tweaked toml for git repo https://github.com/AurevoirXavier/darwinia-builder written to /workspace/builds/worker-7/source/Cargo.toml
[INFO] running `Command { std: "/workspace/cargo-home/bin/cargo" "+beta-2021-10-15" "generate-lockfile" "--manifest-path" "Cargo.toml" "-Zno-index-update", kill_on_drop: false }`
[INFO] running `Command { std: "/workspace/cargo-home/bin/cargo" "+beta-2021-10-15" "fetch" "--manifest-path" "Cargo.toml", kill_on_drop: false }`
[INFO] [stderr]  Downloading crates ...
[INFO] [stderr]   Downloaded core-foundation v0.9.2
[INFO] [stderr]   Downloaded core-foundation-sys v0.8.3
[INFO] [stderr]   Downloaded dirs v4.0.0
[INFO] [stderr]   Downloaded unicode-bidi v0.3.7
[INFO] [stderr]   Downloaded reqwest v0.11.5
[INFO] [stderr]   Downloaded console v0.15.0
[INFO] [stderr]   Downloaded os_info v3.0.7
[INFO] [stderr]   Downloaded tracing v0.1.29
[INFO] running `Command { std: "docker" "create" "-v" "/var/lib/crater-agent-workspace/builds/worker-7/target:/opt/rustwide/target:rw,Z" "-v" "/var/lib/crater-agent-workspace/builds/worker-7/source:/opt/rustwide/workdir:ro,Z" "-v" "/var/lib/crater-agent-workspace/cargo-home:/opt/rustwide/cargo-home:ro,Z" "-v" "/var/lib/crater-agent-workspace/rustup-home:/opt/rustwide/rustup-home:ro,Z" "-e" "SOURCE_DIR=/opt/rustwide/workdir" "-e" "CARGO_TARGET_DIR=/opt/rustwide/target" "-e" "CARGO_HOME=/opt/rustwide/cargo-home" "-e" "RUSTUP_HOME=/opt/rustwide/rustup-home" "-w" "/opt/rustwide/workdir" "-m" "1610612736" "--user" "0:0" "--network" "none" "ghcr.io/rust-lang/crates-build-env/linux@sha256:a89201d6b5b9fd45c15d5952ece0a0129e7e80cb26ec023fd59cf09bc26f1604" "/opt/rustwide/cargo-home/bin/cargo" "+beta-2021-10-15" "metadata" "--no-deps" "--format-version=1", kill_on_drop: false }`
[INFO] [stderr] WARNING: Your kernel does not support swap limit capabilities or the cgroup is not mounted. Memory limited without swap.
[INFO] [stdout] e21ef0e1a2fcd71d1967b80ac4c061dca24286455141e3b22d5affb3b46cccc6
[INFO] running `Command { std: "docker" "start" "-a" "e21ef0e1a2fcd71d1967b80ac4c061dca24286455141e3b22d5affb3b46cccc6", kill_on_drop: false }`
[INFO] running `Command { std: "docker" "inspect" "e21ef0e1a2fcd71d1967b80ac4c061dca24286455141e3b22d5affb3b46cccc6", kill_on_drop: false }`
[INFO] running `Command { std: "docker" "rm" "-f" "e21ef0e1a2fcd71d1967b80ac4c061dca24286455141e3b22d5affb3b46cccc6", kill_on_drop: false }`
[INFO] [stdout] e21ef0e1a2fcd71d1967b80ac4c061dca24286455141e3b22d5affb3b46cccc6
[INFO] running `Command { std: "docker" "create" "-v" "/var/lib/crater-agent-workspace/builds/worker-7/target:/opt/rustwide/target:rw,Z" "-v" "/var/lib/crater-agent-workspace/builds/worker-7/source:/opt/rustwide/workdir:ro,Z" "-v" "/var/lib/crater-agent-workspace/cargo-home:/opt/rustwide/cargo-home:ro,Z" "-v" "/var/lib/crater-agent-workspace/rustup-home:/opt/rustwide/rustup-home:ro,Z" "-e" "SOURCE_DIR=/opt/rustwide/workdir" "-e" "CARGO_TARGET_DIR=/opt/rustwide/target" "-e" "CARGO_INCREMENTAL=0" "-e" "RUST_BACKTRACE=full" "-e" "RUSTFLAGS=--cap-lints=warn" "-e" "CARGO_HOME=/opt/rustwide/cargo-home" "-e" "RUSTUP_HOME=/opt/rustwide/rustup-home" "-w" "/opt/rustwide/workdir" "-m" "1610612736" "--user" "0:0" "--network" "none" "ghcr.io/rust-lang/crates-build-env/linux@sha256:a89201d6b5b9fd45c15d5952ece0a0129e7e80cb26ec023fd59cf09bc26f1604" "/opt/rustwide/cargo-home/bin/cargo" "+beta-2021-10-15" "check" "--frozen" "--all" "--all-targets" "--message-format=json", kill_on_drop: false }`
[INFO] [stdout] 69c82ca7e26d925cac31147e2dcf19c3d8246a34ec0940037945421b63b8b908
[INFO] [stderr] WARNING: Your kernel does not support swap limit capabilities or the cgroup is not mounted. Memory limited without swap.
[INFO] running `Command { std: "docker" "start" "-a" "69c82ca7e26d925cac31147e2dcf19c3d8246a34ec0940037945421b63b8b908", kill_on_drop: false }`
[INFO] [stderr]    Compiling libc v0.2.104
[INFO] [stderr]     Checking os_info v3.0.7
[INFO] [stderr]     Checking mio v0.7.13
[INFO] [stderr]     Checking openssl-sys v0.9.67
[INFO] [stderr]     Checking socket2 v0.4.2
[INFO] [stderr]     Checking terminal_size v0.1.17
[INFO] [stderr]     Checking atty v0.2.14
[INFO] [stderr]     Checking dirs-sys v0.3.6
[INFO] [stderr]     Checking clap v2.33.3
[INFO] [stderr]     Checking colored v2.0.0
[INFO] [stderr]     Checking dirs v4.0.0
[INFO] [stderr]     Checking console v0.15.0
[INFO] [stderr]     Checking tokio v1.12.0
[INFO] [stderr]     Checking indicatif v0.16.2
[INFO] [stderr]     Checking openssl v0.10.36
[INFO] [stderr]     Checking native-tls v0.2.8
[INFO] [stderr]     Checking tokio-util v0.6.8
[INFO] [stderr]     Checking tokio-native-tls v0.3.0
[INFO] [stderr]     Checking h2 v0.3.6
[INFO] [stderr]     Checking hyper v0.14.13
[INFO] [stderr]     Checking hyper-tls v0.5.0
[INFO] [stderr]     Checking reqwest v0.11.5
[INFO] [stderr]     Checking darwinia-builder v0.7.8 (/opt/rustwide/workdir)
[INFO] [stdout] error[E0599]: no method named `danger_accept_invalid_hostnames` found for struct `ClientBuilder` in the current scope
[INFO] [stdout]    --> src/main.rs:929:4
[INFO] [stdout]     |
[INFO] [stdout] 929 |         .danger_accept_invalid_hostnames(true)
[INFO] [stdout]     |          ^^^^^^^^^^^^^^^^^^^^^^^^^^^^^^^ help: there is an associated function with a similar name: `danger_accept_invalid_certs`
[INFO] [stdout] 
[INFO] [stdout] 
[INFO] [stdout] error[E0599]: no variant or associated item named `Centos` found for enum `Type` in the current scope
[INFO] [stdout]    --> src/main.rs:114:19
[INFO] [stdout]     |
[INFO] [stdout] 114 |             os_info::Type::Centos => OS::Linux(LinuxDistribution::CentOS),
[INFO] [stdout]     |                            ^^^^^^
[INFO] [stdout]     |                            |
[INFO] [stdout]     |                            variant or associated item not found in `Type`
[INFO] [stdout]     |                            help: there is a variant with a similar name (notice the capitalization): `CentOS`
[INFO] [stdout] 
[INFO] [stdout] 
[INFO] [stdout] error: aborting due to 2 previous errors
[INFO] [stdout] 
[INFO] [stdout] 
[INFO] [stdout] For more information about this error, try `rustc --explain E0599`.
[INFO] [stdout] 
[INFO] [stderr] error: could not compile `darwinia-builder` due to 3 previous errors
[INFO] [stderr] warning: build failed, waiting for other jobs to finish...
[INFO] [stdout] error[E0599]: no method named `danger_accept_invalid_hostnames` found for struct `ClientBuilder` in the current scope
[INFO] [stdout]    --> src/main.rs:929:4
[INFO] [stdout]     |
[INFO] [stdout] 929 |         .danger_accept_invalid_hostnames(true)
[INFO] [stdout]     |          ^^^^^^^^^^^^^^^^^^^^^^^^^^^^^^^ help: there is an associated function with a similar name: `danger_accept_invalid_certs`
[INFO] [stdout] 
[INFO] [stdout] 
[INFO] [stdout] error[E0599]: no variant or associated item named `Centos` found for enum `Type` in the current scope
[INFO] [stdout]    --> src/main.rs:114:19
[INFO] [stdout]     |
[INFO] [stdout] 114 |             os_info::Type::Centos => OS::Linux(LinuxDistribution::CentOS),
[INFO] [stdout]     |                            ^^^^^^
[INFO] [stdout]     |                            |
[INFO] [stdout]     |                            variant or associated item not found in `Type`
[INFO] [stdout]     |                            help: there is a variant with a similar name (notice the capitalization): `CentOS`
[INFO] [stdout] 
[INFO] [stdout] 
[INFO] [stdout] error: aborting due to 2 previous errors
[INFO] [stdout] 
[INFO] [stdout] 
[INFO] [stdout] For more information about this error, try `rustc --explain E0599`.
[INFO] [stdout] 
[INFO] [stderr] error: build failed
[INFO] running `Command { std: "docker" "inspect" "69c82ca7e26d925cac31147e2dcf19c3d8246a34ec0940037945421b63b8b908", kill_on_drop: false }`
[INFO] running `Command { std: "docker" "rm" "-f" "69c82ca7e26d925cac31147e2dcf19c3d8246a34ec0940037945421b63b8b908", kill_on_drop: false }`
[INFO] [stdout] 69c82ca7e26d925cac31147e2dcf19c3d8246a34ec0940037945421b63b8b908
